[INFO] cloning repository https://github.com/AtharvaAmritkar/suru
[INFO] running `Command { std: "git" "-c" "credential.helper=" "-c" "credential.helper=/workspace/cargo-home/bin/git-credential-null" "clone" "--bare" "https://github.com/AtharvaAmritkar/suru" "/workspace/cache/git-repos/https%3A%2F%2Fgithub.com%2FAtharvaAmritkar%2Fsuru", kill_on_drop: false }`
[INFO] [stderr] Cloning into bare repository '/workspace/cache/git-repos/https%3A%2F%2Fgithub.com%2FAtharvaAmritkar%2Fsuru'...
[INFO] running `Command { std: "git" "rev-parse" "HEAD", kill_on_drop: false }`
[INFO] [stdout] 327c772dcacc74000ee5c660a9e5dc84775c4cda
[INFO] checking AtharvaAmritkar/suru against beta-2021-10-15 for beta-1.56-3
[INFO] running `Command { std: "git" "clone" "/workspace/cache/git-repos/https%3A%2F%2Fgithub.com%2FAtharvaAmritkar%2Fsuru" "/workspace/builds/worker-1/source", kill_on_drop: false }`
[INFO] [stderr] Cloning into '/workspace/builds/worker-1/source'...
[INFO] [stderr] done.
[INFO] validating manifest of git repo https://github.com/AtharvaAmritkar/suru on toolchain beta-2021-10-15
[INFO] running `Command { std: "/workspace/cargo-home/bin/cargo" "+beta-2021-10-15" "metadata" "--manifest-path" "Cargo.toml" "--no-deps", kill_on_drop: false }`
[INFO] started tweaking git repo https://github.com/AtharvaAmritkar/suru
[INFO] finished tweaking git repo https://github.com/AtharvaAmritkar/suru
[INFO] tweaked toml for git repo https://github.com/AtharvaAmritkar/suru written to /workspace/builds/worker-1/source/Cargo.toml
[INFO] crate git repo https://github.com/AtharvaAmritkar/suru already has a lockfile, it will not be regenerated
[INFO] running `Command { std: "/workspace/cargo-home/bin/cargo" "+beta-2021-10-15" "fetch" "--manifest-path" "Cargo.toml", kill_on_drop: false }`
[INFO] [stderr]     Updating crates.io index
[INFO] running `Command { std: "docker" "create" "-v" "/var/lib/crater-agent-workspace/builds/worker-1/target:/opt/rustwide/target:rw,Z" "-v" "/var/lib/crater-agent-workspace/builds/worker-1/source:/opt/rustwide/workdir:ro,Z" "-v" "/var/lib/crater-agent-workspace/cargo-home:/opt/rustwide/cargo-home:ro,Z" "-v" "/var/lib/crater-agent-workspace/rustup-home:/opt/rustwide/rustup-home:ro,Z" "-e" "SOURCE_DIR=/opt/rustwide/workdir" "-e" "CARGO_TARGET_DIR=/opt/rustwide/target" "-e" "CARGO_HOME=/opt/rustwide/cargo-home" "-e" "RUSTUP_HOME=/opt/rustwide/rustup-home" "-w" "/opt/rustwide/workdir" "-m" "1610612736" "--user" "0:0" "--network" "none" "ghcr.io/rust-lang/crates-build-env/linux@sha256:a89201d6b5b9fd45c15d5952ece0a0129e7e80cb26ec023fd59cf09bc26f1604" "/opt/rustwide/cargo-home/bin/cargo" "+beta-2021-10-15" "metadata" "--no-deps" "--format-version=1", kill_on_drop: false }`
[INFO] [stderr] WARNING: Your kernel does not support swap limit capabilities or the cgroup is not mounted. Memory limited without swap.
[INFO] [stdout] 0c759b037c7f5a89ccff010080b077aba9165bdcdbb8be1726333fa05d24ad6d
[INFO] running `Command { std: "docker" "start" "-a" "0c759b037c7f5a89ccff010080b077aba9165bdcdbb8be1726333fa05d24ad6d", kill_on_drop: false }`
[INFO] running `Command { std: "docker" "inspect" "0c759b037c7f5a89ccff010080b077aba9165bdcdbb8be1726333fa05d24ad6d", kill_on_drop: false }`
[INFO] running `Command { std: "docker" "rm" "-f" "0c759b037c7f5a89ccff010080b077aba9165bdcdbb8be1726333fa05d24ad6d", kill_on_drop: false }`
[INFO] [stdout] 0c759b037c7f5a89ccff010080b077aba9165bdcdbb8be1726333fa05d24ad6d
[INFO] running `Command { std: "docker" "create" "-v" "/var/lib/crater-agent-workspace/builds/worker-1/target:/opt/rustwide/target:rw,Z" "-v" "/var/lib/crater-agent-workspace/builds/worker-1/source:/opt/rustwide/workdir:ro,Z" "-v" "/var/lib/crater-agent-workspace/cargo-home:/opt/rustwide/cargo-home:ro,Z" "-v" "/var/lib/crater-agent-workspace/rustup-home:/opt/rustwide/rustup-home:ro,Z" "-e" "SOURCE_DIR=/opt/rustwide/workdir" "-e" "CARGO_TARGET_DIR=/opt/rustwide/target" "-e" "CARGO_INCREMENTAL=0" "-e" "RUST_BACKTRACE=full" "-e" "RUSTFLAGS=--cap-lints=warn" "-e" "CARGO_HOME=/opt/rustwide/cargo-home" "-e" "RUSTUP_HOME=/opt/rustwide/rustup-home" "-w" "/opt/rustwide/workdir" "-m" "1610612736" "--user" "0:0" "--network" "none" "ghcr.io/rust-lang/crates-build-env/linux@sha256:a89201d6b5b9fd45c15d5952ece0a0129e7e80cb26ec023fd59cf09bc26f1604" "/opt/rustwide/cargo-home/bin/cargo" "+beta-2021-10-15" "check" "--frozen" "--all" "--all-targets" "--message-format=json", kill_on_drop: false }`
[INFO] [stdout] e9177b2c8136c4927999b9104d92b74f5c914b4faf49aefd075e0e675f077fb9
[INFO] [stderr] WARNING: Your kernel does not support swap limit capabilities or the cgroup is not mounted. Memory limited without swap.
[INFO] running `Command { std: "docker" "start" "-a" "e9177b2c8136c4927999b9104d92b74f5c914b4faf49aefd075e0e675f077fb9", kill_on_drop: false }`
[INFO] [stderr]    Compiling libc v0.2.104
[INFO] [stderr]     Checking atty v0.2.14
[INFO] [stderr]     Checking clap v2.33.3
[INFO] [stderr]     Checking suru v0.1.0 (/opt/rustwide/workdir)
[INFO] [stdout] error: `self` parameter is only allowed in associated functions
[INFO] [stdout]   --> src/main.rs:31:10
[INFO] [stdout]    |
[INFO] [stdout] 31 | fn print(&self) {
[INFO] [stdout]    |          ^^^^^ not semantically valid as function parameter
[INFO] [stdout]    |
[INFO] [stdout]    = note: associated functions are those in `impl` or `trait` definitions
[INFO] [stdout] 
[INFO] [stdout] 
[INFO] [stdout] error[E0599]: no method named `add_to_list` found for struct `TodoList` in the current scope
[INFO] [stdout]   --> src/main.rs:41:15
[INFO] [stdout]    |
[INFO] [stdout] 17 | struct TodoList {
[INFO] [stdout]    | --------------- method `add_to_list` not found for this
[INFO] [stdout] ...
[INFO] [stdout] 41 |     todo_list.add_to_list("Ohayo Senpai🦞".to_string());
[INFO] [stdout]    |               ^^^^^^^^^^^ method not found in `TodoList`
[INFO] [stdout] 
[INFO] [stdout] 
[INFO] [stdout] error[E0599]: no method named `add_to_list` found for struct `TodoList` in the current scope
[INFO] [stdout]   --> src/main.rs:42:15
[INFO] [stdout]    |
[INFO] [stdout] 17 | struct TodoList {
[INFO] [stdout]    | --------------- method `add_to_list` not found for this
[INFO] [stdout] ...
[INFO] [stdout] 42 |     todo_list.add_to_list("Please complete your tasks".to_string());
[INFO] [stdout]    |               ^^^^^^^^^^^ method not found in `TodoList`
[INFO] [stdout] 
[INFO] [stdout] 
[INFO] [stdout] error[E0599]: no method named `print` found for struct `TodoList` in the current scope
[INFO] [stdout]   --> src/main.rs:45:19
[INFO] [stdout]    |
[INFO] [stdout] 17 | struct TodoList {
[INFO] [stdout]    | --------------- method `print` not found for this
[INFO] [stdout] ...
[INFO] [stdout] 45 |         todo_list.print();
[INFO] [stdout]    |                   ^^^^^ method not found in `TodoList`
[INFO] [stdout] 
[INFO] [stdout] 
[INFO] [stdout] error[E0599]: no method named `add_to_list` found for struct `TodoList` in the current scope
[INFO] [stdout]   --> src/main.rs:48:19
[INFO] [stdout]    |
[INFO] [stdout] 17 | struct TodoList {
[INFO] [stdout]    | --------------- method `add_to_list` not found for this
[INFO] [stdout] ...
[INFO] [stdout] 48 |         todo_list.add_to_list(task);
[INFO] [stdout]    |                   ^^^^^^^^^^^ method not found in `TodoList`
[INFO] [stdout] 
[INFO] [stdout] 
[INFO] [stdout] error[E0599]: no method named `print` found for struct `TodoList` in the current scope
[INFO] [stdout]   --> src/main.rs:49:19
[INFO] [stdout]    |
[INFO] [stdout] 17 | struct TodoList {
[INFO] [stdout]    | --------------- method `print` not found for this
[INFO] [stdout] ...
[INFO] [stdout] 49 |         todo_list.print();
[INFO] [stdout]    |                   ^^^^^ method not found in `TodoList`
[INFO] [stdout] 
[INFO] [stdout] 
[INFO] [stdout] error: aborting due to 6 previous errors
[INFO] [stdout] 
[INFO] [stdout] 
[INFO] [stdout] For more information about this error, try `rustc --explain E0599`.
[INFO] [stdout] 
[INFO] [stderr] error: could not compile `suru` due to 7 previous errors
[INFO] [stderr] warning: build failed, waiting for other jobs to finish...
[INFO] [stdout] error: `self` parameter is only allowed in associated functions
[INFO] [stdout]   --> src/main.rs:31:10
[INFO] [stdout]    |
[INFO] [stdout] 31 | fn print(&self) {
[INFO] [stdout]    |          ^^^^^ not semantically valid as function parameter
[INFO] [stdout]    |
[INFO] [stdout]    = note: associated functions are those in `impl` or `trait` definitions
[INFO] [stdout] 
[INFO] [stdout] 
[INFO] [stdout] error[E0599]: no method named `add_to_list` found for struct `TodoList` in the current scope
[INFO] [stdout]   --> src/main.rs:41:15
[INFO] [stdout]    |
[INFO] [stdout] 17 | struct TodoList {
[INFO] [stdout]    | --------------- method `add_to_list` not found for this
[INFO] [stdout] ...
[INFO] [stdout] 41 |     todo_list.add_to_list("Ohayo Senpai🦞".to_string());
[INFO] [stdout]    |               ^^^^^^^^^^^ method not found in `TodoList`
[INFO] [stdout] 
[INFO] [stdout] 
[INFO] [stdout] error[E0599]: no method named `add_to_list` found for struct `TodoList` in the current scope
[INFO] [stdout]   --> src/main.rs:42:15
[INFO] [stdout]    |
[INFO] [stdout] 17 | struct TodoList {
[INFO] [stdout]    | --------------- method `add_to_list` not found for this
[INFO] [stdout] ...
[INFO] [stdout] 42 |     todo_list.add_to_list("Please complete your tasks".to_string());
[INFO] [stdout]    |               ^^^^^^^^^^^ method not found in `TodoList`
[INFO] [stdout] 
[INFO] [stdout] 
[INFO] [stdout] error[E0599]: no method named `print` found for struct `TodoList` in the current scope
[INFO] [stdout]   --> src/main.rs:45:19
[INFO] [stdout]    |
[INFO] [stdout] 17 | struct TodoList {
[INFO] [stdout]    | --------------- method `print` not found for this
[INFO] [stdout] ...
[INFO] [stdout] 45 |         todo_list.print();
[INFO] [stdout]    |                   ^^^^^ method not found in `TodoList`
[INFO] [stdout] 
[INFO] [stdout] 
[INFO] [stdout] error[E0599]: no method named `add_to_list` found for struct `TodoList` in the current scope
[INFO] [stdout]   --> src/main.rs:48:19
[INFO] [stdout]    |
[INFO] [stdout] 17 | struct TodoList {
[INFO] [stdout]    | --------------- method `add_to_list` not found for this
[INFO] [stdout] ...
[INFO] [stdout] 48 |         todo_list.add_to_list(task);
[INFO] [stdout]    |                   ^^^^^^^^^^^ method not found in `TodoList`
[INFO] [stdout] 
[INFO] [stdout] 
[INFO] [stdout] error[E0599]: no method named `print` found for struct `TodoList` in the current scope
[INFO] [stdout]   --> src/main.rs:49:19
[INFO] [stdout]    |
[INFO] [stdout] 17 | struct TodoList {
[INFO] [stdout]    | --------------- method `print` not found for this
[INFO] [stdout] ...
[INFO] [stdout] 49 |         todo_list.print();
[INFO] [stdout]    |                   ^^^^^ method not found in `TodoList`
[INFO] [stdout] 
[INFO] [stdout] 
[INFO] [stdout] error: aborting due to 6 previous errors
[INFO] [stdout] 
[INFO] [stdout] 
[INFO] [stdout] For more information about this error, try `rustc --explain E0599`.
[INFO] [stdout] 
[INFO] [stderr] error: build failed
[INFO] running `Command { std: "docker" "inspect" "e9177b2c8136c4927999b9104d92b74f5c914b4faf49aefd075e0e675f077fb9", kill_on_drop: false }`
[INFO] running `Command { std: "docker" "rm" "-f" "e9177b2c8136c4927999b9104d92b74f5c914b4faf49aefd075e0e675f077fb9", kill_on_drop: false }`
[INFO] [stdout] e9177b2c8136c4927999b9104d92b74f5c914b4faf49aefd075e0e675f077fb9
