[INFO] cloning repository https://github.com/Artemka374/notes
[INFO] running `Command { std: "git" "-c" "credential.helper=" "-c" "credential.helper=/workspace/cargo-home/bin/git-credential-null" "clone" "--bare" "https://github.com/Artemka374/notes" "/workspace/cache/git-repos/https%3A%2F%2Fgithub.com%2FArtemka374%2Fnotes", kill_on_drop: false }`
[INFO] [stderr] Cloning into bare repository '/workspace/cache/git-repos/https%3A%2F%2Fgithub.com%2FArtemka374%2Fnotes'...
[INFO] running `Command { std: "git" "rev-parse" "HEAD", kill_on_drop: false }`
[INFO] [stdout] fce0d7e120c715fc0e528720a33797e39a898a2a
[INFO] checking Artemka374/notes against 1.55.0 for beta-1.56-3
[INFO] running `Command { std: "git" "clone" "/workspace/cache/git-repos/https%3A%2F%2Fgithub.com%2FArtemka374%2Fnotes" "/workspace/builds/worker-4/source", kill_on_drop: false }`
[INFO] [stderr] Cloning into '/workspace/builds/worker-4/source'...
[INFO] [stderr] done.
[INFO] validating manifest of git repo https://github.com/Artemka374/notes on toolchain 1.55.0
[INFO] running `Command { std: "/workspace/cargo-home/bin/cargo" "+1.55.0" "metadata" "--manifest-path" "Cargo.toml" "--no-deps", kill_on_drop: false }`
[INFO] started tweaking git repo https://github.com/Artemka374/notes
[INFO] finished tweaking git repo https://github.com/Artemka374/notes
[INFO] tweaked toml for git repo https://github.com/Artemka374/notes written to /workspace/builds/worker-4/source/Cargo.toml
[INFO] crate git repo https://github.com/Artemka374/notes already has a lockfile, it will not be regenerated
[INFO] running `Command { std: "/workspace/cargo-home/bin/cargo" "+1.55.0" "fetch" "--manifest-path" "Cargo.toml", kill_on_drop: false }`
[INFO] running `Command { std: "docker" "create" "-v" "/var/lib/crater-agent-workspace/builds/worker-4/target:/opt/rustwide/target:rw,Z" "-v" "/var/lib/crater-agent-workspace/builds/worker-4/source:/opt/rustwide/workdir:ro,Z" "-v" "/var/lib/crater-agent-workspace/cargo-home:/opt/rustwide/cargo-home:ro,Z" "-v" "/var/lib/crater-agent-workspace/rustup-home:/opt/rustwide/rustup-home:ro,Z" "-e" "SOURCE_DIR=/opt/rustwide/workdir" "-e" "CARGO_TARGET_DIR=/opt/rustwide/target" "-e" "CARGO_HOME=/opt/rustwide/cargo-home" "-e" "RUSTUP_HOME=/opt/rustwide/rustup-home" "-w" "/opt/rustwide/workdir" "-m" "1610612736" "--user" "0:0" "--network" "none" "ghcr.io/rust-lang/crates-build-env/linux@sha256:a89201d6b5b9fd45c15d5952ece0a0129e7e80cb26ec023fd59cf09bc26f1604" "/opt/rustwide/cargo-home/bin/cargo" "+1.55.0" "metadata" "--no-deps" "--format-version=1", kill_on_drop: false }`
[INFO] [stdout] c6de1ea31a379972f8d7049fa758d7a7a4fa57c26fe1adf9e0f2dfdc1818ce2e
[INFO] [stderr] WARNING: Your kernel does not support swap limit capabilities or the cgroup is not mounted. Memory limited without swap.
[INFO] running `Command { std: "docker" "start" "-a" "c6de1ea31a379972f8d7049fa758d7a7a4fa57c26fe1adf9e0f2dfdc1818ce2e", kill_on_drop: false }`
[INFO] running `Command { std: "docker" "inspect" "c6de1ea31a379972f8d7049fa758d7a7a4fa57c26fe1adf9e0f2dfdc1818ce2e", kill_on_drop: false }`
[INFO] running `Command { std: "docker" "rm" "-f" "c6de1ea31a379972f8d7049fa758d7a7a4fa57c26fe1adf9e0f2dfdc1818ce2e", kill_on_drop: false }`
[INFO] [stdout] c6de1ea31a379972f8d7049fa758d7a7a4fa57c26fe1adf9e0f2dfdc1818ce2e
[INFO] running `Command { std: "docker" "create" "-v" "/var/lib/crater-agent-workspace/builds/worker-4/target:/opt/rustwide/target:rw,Z" "-v" "/var/lib/crater-agent-workspace/builds/worker-4/source:/opt/rustwide/workdir:ro,Z" "-v" "/var/lib/crater-agent-workspace/cargo-home:/opt/rustwide/cargo-home:ro,Z" "-v" "/var/lib/crater-agent-workspace/rustup-home:/opt/rustwide/rustup-home:ro,Z" "-e" "SOURCE_DIR=/opt/rustwide/workdir" "-e" "CARGO_TARGET_DIR=/opt/rustwide/target" "-e" "CARGO_INCREMENTAL=0" "-e" "RUST_BACKTRACE=full" "-e" "RUSTFLAGS=--cap-lints=warn" "-e" "CARGO_HOME=/opt/rustwide/cargo-home" "-e" "RUSTUP_HOME=/opt/rustwide/rustup-home" "-w" "/opt/rustwide/workdir" "-m" "1610612736" "--user" "0:0" "--network" "none" "ghcr.io/rust-lang/crates-build-env/linux@sha256:a89201d6b5b9fd45c15d5952ece0a0129e7e80cb26ec023fd59cf09bc26f1604" "/opt/rustwide/cargo-home/bin/cargo" "+1.55.0" "check" "--frozen" "--all" "--all-targets" "--message-format=json", kill_on_drop: false }`
[INFO] [stdout] 606b23d22535e6edf96c020d2af3771bfa7e89722d80ebf66bf836d1c3f17e73
[INFO] [stderr] WARNING: Your kernel does not support swap limit capabilities or the cgroup is not mounted. Memory limited without swap.
[INFO] running `Command { std: "docker" "start" "-a" "606b23d22535e6edf96c020d2af3771bfa7e89722d80ebf66bf836d1c3f17e73", kill_on_drop: false }`
[INFO] [stderr]    Compiling syn v1.0.74
[INFO] [stderr]    Compiling once_cell v1.8.0
[INFO] [stderr]    Compiling serde v1.0.127
[INFO] [stderr]    Compiling build_const v0.2.2
[INFO] [stderr]    Compiling serde_json v1.0.66
[INFO] [stderr]    Compiling futures-sink v0.3.16
[INFO] [stderr]    Compiling whoami v1.1.2
[INFO] [stderr]    Compiling slab v0.4.3
[INFO] [stderr]    Compiling futures-io v0.3.16
[INFO] [stderr]    Compiling cpufeatures v0.1.5
[INFO] [stderr]    Compiling byteorder v1.4.3
[INFO] [stderr]    Compiling dotenv v0.15.0
[INFO] [stderr]    Compiling tokio v1.9.0
[INFO] [stderr]    Compiling syntex_fmt_macros v0.5.0
[INFO] [stderr]    Compiling lock_api v0.4.4
[INFO] [stderr]    Compiling tinyvec v1.3.1
[INFO] [stderr]    Compiling futures-core v0.3.16
[INFO] [stderr]    Compiling futures-task v0.3.16
[INFO] [stderr]    Compiling crossbeam-utils v0.8.5
[INFO] [stderr]    Compiling jobserver v0.1.23
[INFO] [stderr]    Compiling getrandom v0.2.3
[INFO] [stderr]    Compiling parking_lot_core v0.8.3
[INFO] [stderr]    Compiling num_cpus v1.13.0
[INFO] [stderr]    Compiling signal-hook-registry v1.4.0
[INFO] [stderr]     Checking socket2 v0.4.1
[INFO] [stderr]     Checking aho-corasick v0.6.10
[INFO] [stderr]     Checking mio v0.7.13
[INFO] [stderr]     Checking actix-service v2.0.0
[INFO] [stderr]    Compiling lexical-core v0.7.6
[INFO] [stderr]    Compiling crc v1.8.1
[INFO] [stderr]     Checking stringprep v0.1.2
[INFO] [stderr]     Checking ahash v0.7.4
[INFO] [stderr]     Checking dirs v3.0.2
[INFO] [stderr]    Compiling futures-channel v0.3.16
[INFO] [stderr]     Checking crypto-mac v0.10.1
[INFO] [stderr]    Compiling digest v0.9.0
[INFO] [stderr]    Compiling block-buffer v0.9.0
[INFO] [stderr]    Compiling atoi v0.4.0
[INFO] [stderr]    Compiling rand_core v0.6.3
[INFO] [stderr]    Compiling cc v1.0.69
[INFO] [stderr]    Compiling parking_lot v0.11.1
[INFO] [stderr]     Checking url v2.2.2
[INFO] [stderr]    Compiling crossbeam-queue v0.3.2
[INFO] [stderr]    Compiling crossbeam-channel v0.5.1
[INFO] [stderr]    Compiling syn v0.14.9
[INFO] [stderr]     Checking regex v0.2.11
[INFO] [stderr]     Checking md-5 v0.9.1
[INFO] [stderr]     Checking sqlformat v0.1.6
[INFO] [stderr]    Compiling unicode-normalization v0.1.19
[INFO] [stderr]     Checking hashbrown v0.11.2
[INFO] [stderr]     Checking hmac v0.10.1
[INFO] [stderr]    Compiling sha-1 v0.9.7
[INFO] [stderr]    Compiling sha2 v0.9.5
[INFO] [stderr]    Compiling rand_chacha v0.3.1
[INFO] [stderr]     Checking indexmap v1.7.0
[INFO] [stderr]     Checking hashlink v0.7.0
[INFO] [stderr]    Compiling rand v0.8.4
[INFO] [stderr]    Compiling nom v6.1.2
[INFO] [stderr]    Compiling ring v0.16.20
[INFO] [stderr]    Compiling zstd-sys v1.5.0+zstd.1.4.9
[INFO] [stderr]    Compiling brotli-sys v0.3.2
[INFO] [stderr]    Compiling backtrace v0.3.61
[INFO] [stderr]    Compiling idna v0.2.3
[INFO] [stderr]     Checking error-chain v0.11.0
[INFO] [stderr]     Checking brotli2 v0.3.2
[INFO] [stderr]    Compiling webpki v0.21.4
[INFO] [stderr]    Compiling sct v0.6.1
[INFO] [stderr]    Compiling webpki-roots v0.21.1
[INFO] [stderr]    Compiling rustls v0.19.1
[INFO] [stderr]    Compiling derive-error-chain v0.11.2
[INFO] [stderr]    Compiling tokio-macros v1.3.0
[INFO] [stderr]    Compiling serde_derive v1.0.127
[INFO] [stderr]    Compiling futures-macro v0.3.16
[INFO] [stderr]    Compiling thiserror-impl v1.0.26
[INFO] [stderr]    Compiling actix-macros v0.2.1
[INFO] [stderr]    Compiling time-macros-impl v0.1.2
[INFO] [stderr]    Compiling pin-project-internal v1.0.8
[INFO] [stderr]    Compiling derive_more v0.99.16
[INFO] [stderr]    Compiling actix-web-codegen v0.5.0-beta.3
[INFO] [stderr]     Checking dotenv v0.11.0
[INFO] [stderr]     Checking time-macros v0.1.1
[INFO] [stderr]     Checking futures-util v0.3.16
[INFO] [stderr]     Checking time v0.2.27
[INFO] [stderr]    Compiling thiserror v1.0.26
[INFO] [stderr]     Checking pin-project v1.0.8
[INFO] [stderr]     Checking cookie v0.15.1
[INFO] [stderr]     Checking local-channel v0.1.2
[INFO] [stderr]     Checking tokio-util v0.6.7
[INFO] [stderr]     Checking actix-rt v2.2.0
[INFO] [stderr]     Checking tokio-rustls v0.22.0
[INFO] [stderr]     Checking tokio-stream v0.1.7
[INFO] [stderr]    Compiling futures-executor v0.3.16
[INFO] [stderr]    Compiling futures v0.3.16
[INFO] [stderr]     Checking sqlx-rt v0.5.5
[INFO] [stderr]     Checking actix-server v2.0.0-beta.5
[INFO] [stderr]     Checking actix-codec v0.4.0
[INFO] [stderr]     Checking h2 v0.3.3
[INFO] [stderr]     Checking actix-tls v3.0.0-beta.5
[INFO] [stderr]     Checking actix-router v0.2.7
[INFO] [stderr]     Checking serde_urlencoded v0.7.0
[INFO] [stderr]     Checking sqlx-core v0.5.5
[INFO] [stderr]    Compiling zstd-safe v3.1.0+zstd.1.4.9
[INFO] [stderr]     Checking zstd v0.7.0+zstd.1.4.9
[INFO] [stderr]     Checking actix-http v3.0.0-beta.8
[INFO] [stderr]    Compiling sqlx-macros v0.5.5
[INFO] [stderr]     Checking actix-web v4.0.0-beta.8
[INFO] [stderr]     Checking sqlx v0.5.5
[INFO] [stderr]     Checking project v0.1.0 (/opt/rustwide/workdir)
[INFO] [stdout] error: error communicating with the server: Cannot assign requested address (os error 99)
[INFO] [stdout]   --> src/db.rs:30:24
[INFO] [stdout]    |
[INFO] [stdout] 30 |       let sql_response = sqlx::query!(
[INFO] [stdout]    |  ________________________^
[INFO] [stdout] 31 | |         r#"
[INFO] [stdout] 32 | |         INSERT INTO notes (name, text) VALUES ($1, $2)
[INFO] [stdout] 33 | |         RETURNING id"#,
[INFO] [stdout] 34 | |         note.name,
[INFO] [stdout] 35 | |         note.text
[INFO] [stdout] 36 | |     )
[INFO] [stdout]    | |_____^
[INFO] [stdout]    |
[INFO] [stdout]    = note: this error originates in the macro `$crate::sqlx_macros::expand_query` (in Nightly builds, run with -Z macro-backtrace for more info)
[INFO] [stdout] 
[INFO] [stdout] 
[INFO] [stdout] error: error communicating with the server: Cannot assign requested address (os error 99)
[INFO] [stdout]   --> src/db.rs:30:24
[INFO] [stdout]    |
[INFO] [stdout] 30 |       let sql_response = sqlx::query!(
[INFO] [stdout]    |  ________________________^
[INFO] [stdout] 31 | |         r#"
[INFO] [stdout] 32 | |         INSERT INTO notes (name, text) VALUES ($1, $2)
[INFO] [stdout] 33 | |         RETURNING id"#,
[INFO] [stdout] 34 | |         note.name,
[INFO] [stdout] 35 | |         note.text
[INFO] [stdout] 36 | |     )
[INFO] [stdout]    | |_____^
[INFO] [stdout]    |
[INFO] [stdout]    = note: this error originates in the macro `$crate::sqlx_macros::expand_query` (in Nightly builds, run with -Z macro-backtrace for more info)
[INFO] [stdout] 
[INFO] [stdout] 
[INFO] [stdout] error: error communicating with the server: Cannot assign requested address (os error 99)
[INFO] [stdout]   --> src/db.rs:56:24
[INFO] [stdout]    |
[INFO] [stdout] 56 |       let sql_response = sqlx::query!(
[INFO] [stdout]    |  ________________________^
[INFO] [stdout] 57 | |         r#"
[INFO] [stdout] 58 | |             SELECT id, name, text
[INFO] [stdout] 59 | |             FROM notes
[INFO] [stdout] ...  |
[INFO] [stdout] 67 | |         limit
[INFO] [stdout] 68 | |     )
[INFO] [stdout]    | |_____^
[INFO] [stdout]    |
[INFO] [stdout]    = note: this error originates in the macro `$crate::sqlx_macros::expand_query` (in Nightly builds, run with -Z macro-backtrace for more info)
[INFO] [stdout] 
[INFO] [stdout] 
[INFO] [stdout] error: error communicating with the server: Cannot assign requested address (os error 99)
[INFO] [stdout]   --> src/db.rs:56:24
[INFO] [stdout]    |
[INFO] [stdout] 56 |       let sql_response = sqlx::query!(
[INFO] [stdout]    |  ________________________^
[INFO] [stdout] 57 | |         r#"
[INFO] [stdout] 58 | |             SELECT id, name, text
[INFO] [stdout] 59 | |             FROM notes
[INFO] [stdout] ...  |
[INFO] [stdout] 67 | |         limit
[INFO] [stdout] 68 | |     )
[INFO] [stdout]    | |_____^
[INFO] [stdout]    |
[INFO] [stdout]    = note: this error originates in the macro `$crate::sqlx_macros::expand_query` (in Nightly builds, run with -Z macro-backtrace for more info)
[INFO] [stdout] 
[INFO] [stdout] 
[INFO] [stdout] error: error communicating with the server: Cannot assign requested address (os error 99)
[INFO] [stdout]   --> src/db.rs:86:24
[INFO] [stdout]    |
[INFO] [stdout] 86 |       let sql_response = sqlx::query!(
[INFO] [stdout]    |  ________________________^
[INFO] [stdout] 87 | |         r#"
[INFO] [stdout] 88 | |         DELETE FROM notes
[INFO] [stdout] 89 | |         WHERE id = $1
[INFO] [stdout] 90 | |         RETURNING id;"#,
[INFO] [stdout] 91 | |         id
[INFO] [stdout] 92 | |     )
[INFO] [stdout]    | |_____^
[INFO] [stdout]    |
[INFO] [stdout]    = note: this error originates in the macro `$crate::sqlx_macros::expand_query` (in Nightly builds, run with -Z macro-backtrace for more info)
[INFO] [stdout] 
[INFO] [stdout] 
[INFO] [stdout] error: error communicating with the server: Cannot assign requested address (os error 99)
[INFO] [stdout]   --> src/db.rs:86:24
[INFO] [stdout]    |
[INFO] [stdout] 86 |       let sql_response = sqlx::query!(
[INFO] [stdout]    |  ________________________^
[INFO] [stdout] 87 | |         r#"
[INFO] [stdout] 88 | |         DELETE FROM notes
[INFO] [stdout] 89 | |         WHERE id = $1
[INFO] [stdout] 90 | |         RETURNING id;"#,
[INFO] [stdout] 91 | |         id
[INFO] [stdout] 92 | |     )
[INFO] [stdout]    | |_____^
[INFO] [stdout]    |
[INFO] [stdout]    = note: this error originates in the macro `$crate::sqlx_macros::expand_query` (in Nightly builds, run with -Z macro-backtrace for more info)
[INFO] [stdout] 
[INFO] [stdout] 
[INFO] [stdout] error: error communicating with the server: Cannot assign requested address (os error 99)
[INFO] [stdout]    --> src/db.rs:103:24
[INFO] [stdout]     |
[INFO] [stdout] 103 |       let sql_response = sqlx::query!(
[INFO] [stdout]     |  ________________________^
[INFO] [stdout] 104 | |         r#"
[INFO] [stdout] 105 | |         UPDATE notes
[INFO] [stdout] 106 | |         SET (name, text) = ($1, $2)
[INFO] [stdout] ...   |
[INFO] [stdout] 111 | |         id
[INFO] [stdout] 112 | |     )
[INFO] [stdout]     | |_____^
[INFO] [stdout]     |
[INFO] [stdout]     = note: this error originates in the macro `$crate::sqlx_macros::expand_query` (in Nightly builds, run with -Z macro-backtrace for more info)
[INFO] [stdout] 
[INFO] [stdout] 
[INFO] [stdout] error: error communicating with the server: Cannot assign requested address (os error 99)
[INFO] [stdout]    --> src/db.rs:120:24
[INFO] [stdout]     |
[INFO] [stdout] 120 |       let sql_response = sqlx::query!(
[INFO] [stdout]     |  ________________________^
[INFO] [stdout] 121 | |         r#"
[INFO] [stdout] 122 | |         SELECT name, text
[INFO] [stdout] 123 | |         FROM notes
[INFO] [stdout] 124 | |         WHERE id = $1;"#,
[INFO] [stdout] 125 | |         id
[INFO] [stdout] 126 | |     )
[INFO] [stdout]     | |_____^
[INFO] [stdout]     |
[INFO] [stdout]     = note: this error originates in the macro `$crate::sqlx_macros::expand_query` (in Nightly builds, run with -Z macro-backtrace for more info)
[INFO] [stdout] 
[INFO] [stdout] 
[INFO] [stdout] error: error communicating with the server: Cannot assign requested address (os error 99)
[INFO] [stdout]    --> src/db.rs:103:24
[INFO] [stdout]     |
[INFO] [stdout] 103 |       let sql_response = sqlx::query!(
[INFO] [stdout]     |  ________________________^
[INFO] [stdout] 104 | |         r#"
[INFO] [stdout] 105 | |         UPDATE notes
[INFO] [stdout] 106 | |         SET (name, text) = ($1, $2)
[INFO] [stdout] ...   |
[INFO] [stdout] 111 | |         id
[INFO] [stdout] 112 | |     )
[INFO] [stdout]     | |_____^
[INFO] [stdout]     |
[INFO] [stdout]     = note: this error originates in the macro `$crate::sqlx_macros::expand_query` (in Nightly builds, run with -Z macro-backtrace for more info)
[INFO] [stdout] 
[INFO] [stdout] 
[INFO] [stdout] error: error communicating with the server: Cannot assign requested address (os error 99)
[INFO] [stdout]    --> src/db.rs:120:24
[INFO] [stdout]     |
[INFO] [stdout] 120 |       let sql_response = sqlx::query!(
[INFO] [stdout]     |  ________________________^
[INFO] [stdout] 121 | |         r#"
[INFO] [stdout] 122 | |         SELECT name, text
[INFO] [stdout] 123 | |         FROM notes
[INFO] [stdout] 124 | |         WHERE id = $1;"#,
[INFO] [stdout] 125 | |         id
[INFO] [stdout] 126 | |     )
[INFO] [stdout]     | |_____^
[INFO] [stdout]     |
[INFO] [stdout]     = note: this error originates in the macro `$crate::sqlx_macros::expand_query` (in Nightly builds, run with -Z macro-backtrace for more info)
[INFO] [stdout] 
[INFO] [stdout] 
[INFO] [stdout] warning: use of deprecated associated function `actix_web::App::<T, B>::data`: Use `.app_data(Data::new(val))` instead.
[INFO] [stdout]   --> src/main.rs:21:14
[INFO] [stdout]    |
[INFO] [stdout] 21 |             .data(PgPoolData { pool: pool.clone() })
[INFO] [stdout]    |              ^^^^
[INFO] [stdout]    |
[INFO] [stdout]    = note: `#[warn(deprecated)]` on by default
[INFO] [stdout] 
[INFO] [stdout] 
[INFO] [stdout] warning: use of deprecated associated function `actix_web::App::<T, B>::data`: Use `.app_data(Data::new(val))` instead.
[INFO] [stdout]   --> src/main.rs:21:14
[INFO] [stdout]    |
[INFO] [stdout] 21 |             .data(PgPoolData { pool: pool.clone() })
[INFO] [stdout]    |              ^^^^
[INFO] [stdout]    |
[INFO] [stdout]    = note: `#[warn(deprecated)]` on by default
[INFO] [stdout] 
[INFO] [stdout] 
[INFO] [stdout] error: aborting due to 5 previous errors; 1 warning emitted
[INFO] [stdout] 
[INFO] [stdout] 
[INFO] [stderr] error: could not compile `project` due to 6 previous errors; 1 warning emitted
[INFO] [stderr] warning: build failed, waiting for other jobs to finish...
[INFO] [stdout] error: aborting due to 5 previous errors; 1 warning emitted
[INFO] [stdout] 
[INFO] [stdout] 
[INFO] [stderr] error: build failed
[INFO] running `Command { std: "docker" "inspect" "606b23d22535e6edf96c020d2af3771bfa7e89722d80ebf66bf836d1c3f17e73", kill_on_drop: false }`
[INFO] running `Command { std: "docker" "rm" "-f" "606b23d22535e6edf96c020d2af3771bfa7e89722d80ebf66bf836d1c3f17e73", kill_on_drop: false }`
[INFO] [stdout] 606b23d22535e6edf96c020d2af3771bfa7e89722d80ebf66bf836d1c3f17e73
