[INFO] cloning repository https://github.com/Arsukeey/the-king-of-the-three-hundred
[INFO] running `Command { std: "git" "-c" "credential.helper=" "-c" "credential.helper=/workspace/cargo-home/bin/git-credential-null" "clone" "--bare" "https://github.com/Arsukeey/the-king-of-the-three-hundred" "/workspace/cache/git-repos/https%3A%2F%2Fgithub.com%2FArsukeey%2Fthe-king-of-the-three-hundred", kill_on_drop: false }`
[INFO] [stderr] Cloning into bare repository '/workspace/cache/git-repos/https%3A%2F%2Fgithub.com%2FArsukeey%2Fthe-king-of-the-three-hundred'...
[INFO] running `Command { std: "git" "rev-parse" "HEAD", kill_on_drop: false }`
[INFO] [stdout] ac18116a49df2a31981f7ce6b13e04977690576e
[INFO] checking Arsukeey/the-king-of-the-three-hundred against 1.55.0 for beta-1.56-3
[INFO] running `Command { std: "git" "clone" "/workspace/cache/git-repos/https%3A%2F%2Fgithub.com%2FArsukeey%2Fthe-king-of-the-three-hundred" "/workspace/builds/worker-14/source", kill_on_drop: false }`
[INFO] [stderr] Cloning into '/workspace/builds/worker-14/source'...
[INFO] [stderr] done.
[INFO] [stderr] Updating files:  43% (21/48)
Updating files:  45% (22/48)
Updating files:  47% (23/48)
Updating files:  50% (24/48)
Updating files:  52% (25/48)
Updating files:  54% (26/48)
Updating files:  56% (27/48)
Updating files:  58% (28/48)
Updating files:  60% (29/48)
Updating files:  62% (30/48)
Updating files:  64% (31/48)
Updating files:  66% (32/48)
Updating files:  68% (33/48)
Updating files:  70% (34/48)
Updating files:  72% (35/48)
Updating files:  75% (36/48)
Updating files:  77% (37/48)
Updating files:  79% (38/48)
Updating files:  81% (39/48)
Updating files:  83% (40/48)
Updating files:  85% (41/48)
Updating files:  87% (42/48)
Updating files:  89% (43/48)
Updating files:  91% (44/48)
Updating files:  93% (45/48)
Updating files:  95% (46/48)
Updating files:  97% (47/48)
Updating files: 100% (48/48)
Updating files: 100% (48/48), done.
[INFO] validating manifest of git repo https://github.com/Arsukeey/the-king-of-the-three-hundred on toolchain 1.55.0
[INFO] running `Command { std: "/workspace/cargo-home/bin/cargo" "+1.55.0" "metadata" "--manifest-path" "Cargo.toml" "--no-deps", kill_on_drop: false }`
[INFO] started tweaking git repo https://github.com/Arsukeey/the-king-of-the-three-hundred
[INFO] finished tweaking git repo https://github.com/Arsukeey/the-king-of-the-three-hundred
[INFO] tweaked toml for git repo https://github.com/Arsukeey/the-king-of-the-three-hundred written to /workspace/builds/worker-14/source/Cargo.toml
[INFO] crate git repo https://github.com/Arsukeey/the-king-of-the-three-hundred already has a lockfile, it will not be regenerated
[INFO] running `Command { std: "/workspace/cargo-home/bin/cargo" "+1.55.0" "fetch" "--manifest-path" "Cargo.toml", kill_on_drop: false }`
[INFO] [stderr]  Downloading crates ...
[INFO] [stderr]   Downloaded halton v0.2.1
[INFO] running `Command { std: "docker" "create" "-v" "/var/lib/crater-agent-workspace/builds/worker-14/target:/opt/rustwide/target:rw,Z" "-v" "/var/lib/crater-agent-workspace/builds/worker-14/source:/opt/rustwide/workdir:ro,Z" "-v" "/var/lib/crater-agent-workspace/cargo-home:/opt/rustwide/cargo-home:ro,Z" "-v" "/var/lib/crater-agent-workspace/rustup-home:/opt/rustwide/rustup-home:ro,Z" "-e" "SOURCE_DIR=/opt/rustwide/workdir" "-e" "CARGO_TARGET_DIR=/opt/rustwide/target" "-e" "CARGO_HOME=/opt/rustwide/cargo-home" "-e" "RUSTUP_HOME=/opt/rustwide/rustup-home" "-w" "/opt/rustwide/workdir" "-m" "1610612736" "--user" "0:0" "--network" "none" "ghcr.io/rust-lang/crates-build-env/linux@sha256:a89201d6b5b9fd45c15d5952ece0a0129e7e80cb26ec023fd59cf09bc26f1604" "/opt/rustwide/cargo-home/bin/cargo" "+1.55.0" "metadata" "--no-deps" "--format-version=1", kill_on_drop: false }`
[INFO] [stdout] b3a6b8b797235b141859be5034f7a75402a2e21a8bd0c794c05d1d05b054adaf
[INFO] [stderr] WARNING: Your kernel does not support swap limit capabilities or the cgroup is not mounted. Memory limited without swap.
[INFO] running `Command { std: "docker" "start" "-a" "b3a6b8b797235b141859be5034f7a75402a2e21a8bd0c794c05d1d05b054adaf", kill_on_drop: false }`
[INFO] running `Command { std: "docker" "inspect" "b3a6b8b797235b141859be5034f7a75402a2e21a8bd0c794c05d1d05b054adaf", kill_on_drop: false }`
[INFO] running `Command { std: "docker" "rm" "-f" "b3a6b8b797235b141859be5034f7a75402a2e21a8bd0c794c05d1d05b054adaf", kill_on_drop: false }`
[INFO] [stdout] b3a6b8b797235b141859be5034f7a75402a2e21a8bd0c794c05d1d05b054adaf
[INFO] running `Command { std: "docker" "create" "-v" "/var/lib/crater-agent-workspace/builds/worker-14/target:/opt/rustwide/target:rw,Z" "-v" "/var/lib/crater-agent-workspace/builds/worker-14/source:/opt/rustwide/workdir:ro,Z" "-v" "/var/lib/crater-agent-workspace/cargo-home:/opt/rustwide/cargo-home:ro,Z" "-v" "/var/lib/crater-agent-workspace/rustup-home:/opt/rustwide/rustup-home:ro,Z" "-e" "SOURCE_DIR=/opt/rustwide/workdir" "-e" "CARGO_TARGET_DIR=/opt/rustwide/target" "-e" "CARGO_INCREMENTAL=0" "-e" "RUST_BACKTRACE=full" "-e" "RUSTFLAGS=--cap-lints=warn" "-e" "CARGO_HOME=/opt/rustwide/cargo-home" "-e" "RUSTUP_HOME=/opt/rustwide/rustup-home" "-w" "/opt/rustwide/workdir" "-m" "1610612736" "--user" "0:0" "--network" "none" "ghcr.io/rust-lang/crates-build-env/linux@sha256:a89201d6b5b9fd45c15d5952ece0a0129e7e80cb26ec023fd59cf09bc26f1604" "/opt/rustwide/cargo-home/bin/cargo" "+1.55.0" "check" "--frozen" "--all" "--all-targets" "--message-format=json", kill_on_drop: false }`
[INFO] [stdout] 51a02122f43ab05e76d93779af60f36c23920348240ba7ceb2858697152dfb50
[INFO] [stderr] WARNING: Your kernel does not support swap limit capabilities or the cgroup is not mounted. Memory limited without swap.
[INFO] running `Command { std: "docker" "start" "-a" "51a02122f43ab05e76d93779af60f36c23920348240ba7ceb2858697152dfb50", kill_on_drop: false }`
[INFO] [stderr]    Compiling const_fn v0.4.4
[INFO] [stderr]     Checking bytemuck v1.5.0
[INFO] [stderr]     Checking halton v0.2.1
[INFO] [stderr]     Checking num_cpus v1.13.0
[INFO] [stderr]     Checking getrandom v0.2.0
[INFO] [stderr]     Checking deflate v0.8.6
[INFO] [stderr]     Checking deflate v0.7.20
[INFO] [stderr]    Compiling syn v1.0.60
[INFO] [stderr]     Checking serde_json v1.0.61
[INFO] [stderr]     Checking num-rational v0.2.4
[INFO] [stderr]     Checking tiff v0.2.2
[INFO] [stderr]     Checking rand_core v0.6.0
[INFO] [stderr]     Checking png v0.14.1
[INFO] [stderr]     Checking rand_chacha v0.3.0
[INFO] [stderr]     Checking png v0.16.8
[INFO] [stderr]     Checking rand v0.8.0
[INFO] [stderr]     Checking crossbeam-epoch v0.9.1
[INFO] [stderr]     Checking crossbeam-deque v0.8.0
[INFO] [stderr]     Checking rayon-core v1.9.0
[INFO] [stderr]     Checking rayon v1.5.0
[INFO] [stderr]    Compiling gltf-derive v0.15.2
[INFO] [stderr]    Compiling serde_derive v1.0.123
[INFO] [stderr]     Checking jpeg-decoder v0.1.20
[INFO] [stderr]     Checking image v0.23.12
[INFO] [stderr]     Checking image v0.21.3
[INFO] [stderr]     Checking gltf-json v0.15.2
[INFO] [stderr]     Checking gltf v0.15.2
[INFO] [stderr]     Checking rei-treicem v0.1.0 (/opt/rustwide/workdir)
[INFO] [stdout] warning: unused imports: `ReadOutputs`, `Reader`
[INFO] [stdout]  --> src/gltf.rs:2:29
[INFO] [stdout]   |
[INFO] [stdout] 2 | use gltf::animation::util::{ReadOutputs, Reader};
[INFO] [stdout]   |                             ^^^^^^^^^^^  ^^^^^^
[INFO] [stdout]   |
[INFO] [stdout]   = note: `#[warn(unused_imports)]` on by default
[INFO] [stdout] 
[INFO] [stdout] 
[INFO] [stdout] warning: unused import: `gltf::buffer::Buffer`
[INFO] [stdout]  --> src/gltf.rs:3:5
[INFO] [stdout]   |
[INFO] [stdout] 3 | use gltf::buffer::Buffer;
[INFO] [stdout]   |     ^^^^^^^^^^^^^^^^^^^^
[INFO] [stdout] 
[INFO] [stdout] 
[INFO] [stdout] warning: unused import: `crate::material::*`
[INFO] [stdout]  --> src/gltf.rs:7:5
[INFO] [stdout]   |
[INFO] [stdout] 7 | use crate::material::*;
[INFO] [stdout]   |     ^^^^^^^^^^^^^^^^^^
[INFO] [stdout] 
[INFO] [stdout] 
[INFO] [stdout] warning: unused import: `std::sync::Arc`
[INFO] [stdout]  --> src/gltf.rs:8:5
[INFO] [stdout]   |
[INFO] [stdout] 8 | use std::sync::Arc;
[INFO] [stdout]   |     ^^^^^^^^^^^^^^
[INFO] [stdout] 
[INFO] [stdout] 
[INFO] [stdout] warning: unused import: `rand::Rng`
[INFO] [stdout]   --> src/scenes.rs:15:5
[INFO] [stdout]    |
[INFO] [stdout] 15 | use rand::Rng;
[INFO] [stdout]    |     ^^^^^^^^^
[INFO] [stdout] 
[INFO] [stdout] 
[INFO] [stdout] warning: unused imports: `ReadOutputs`, `Reader`
[INFO] [stdout]  --> src/gltf.rs:2:29
[INFO] [stdout]   |
[INFO] [stdout] 2 | use gltf::animation::util::{ReadOutputs, Reader};
[INFO] [stdout]   |                             ^^^^^^^^^^^  ^^^^^^
[INFO] [stdout]   |
[INFO] [stdout]   = note: `#[warn(unused_imports)]` on by default
[INFO] [stdout] 
[INFO] [stdout] 
[INFO] [stdout] warning: unused import: `gltf::buffer::Buffer`
[INFO] [stdout]  --> src/gltf.rs:3:5
[INFO] [stdout]   |
[INFO] [stdout] 3 | use gltf::buffer::Buffer;
[INFO] [stdout]   |     ^^^^^^^^^^^^^^^^^^^^
[INFO] [stdout] 
[INFO] [stdout] 
[INFO] [stdout] warning: unused import: `crate::material::*`
[INFO] [stdout]  --> src/gltf.rs:7:5
[INFO] [stdout]   |
[INFO] [stdout] 7 | use crate::material::*;
[INFO] [stdout]   |     ^^^^^^^^^^^^^^^^^^
[INFO] [stdout] 
[INFO] [stdout] 
[INFO] [stdout] warning: unused import: `std::sync::Arc`
[INFO] [stdout]  --> src/gltf.rs:8:5
[INFO] [stdout]   |
[INFO] [stdout] 8 | use std::sync::Arc;
[INFO] [stdout]   |     ^^^^^^^^^^^^^^
[INFO] [stdout] 
[INFO] [stdout] 
[INFO] [stdout] warning: unused import: `rand::Rng`
[INFO] [stdout]   --> src/scenes.rs:15:5
[INFO] [stdout]    |
[INFO] [stdout] 15 | use rand::Rng;
[INFO] [stdout]    |     ^^^^^^^^^
[INFO] [stdout] 
[INFO] [stdout] 
[INFO] [stdout] error[E0599]: no method named `nodes` found for enum `Option` in the current scope
[INFO] [stdout]    --> src/gltf.rs:119:75
[INFO] [stdout]     |
[INFO] [stdout] 119 |         meshes.extend(process_meshes(document.scenes().into_iter().next().nodes()[node.index], buffers).unwrap());
[INFO] [stdout]     |                                                                           ^^^^^ method not found in `Option<gltf::Scene<'_>>`
[INFO] [stdout] 
[INFO] [stdout] 
[INFO] [stdout] error[E0609]: no field `global_transform` on type `&gltf::Node<'_>`
[INFO] [stdout]    --> src/gltf.rs:177:37
[INFO] [stdout]     |
[INFO] [stdout] 177 |                     transform: node.global_transform,
[INFO] [stdout]     |                                     ^^^^^^^^^^^^^^^^ unknown field
[INFO] [stdout] 
[INFO] [stdout] 
[INFO] [stdout] error[E0599]: no method named `nodes` found for enum `Option` in the current scope
[INFO] [stdout]    --> src/gltf.rs:119:75
[INFO] [stdout]     |
[INFO] [stdout] 119 |         meshes.extend(process_meshes(document.scenes().into_iter().next().nodes()[node.index], buffers).unwrap());
[INFO] [stdout]     |                                                                           ^^^^^ method not found in `Option<gltf::Scene<'_>>`
[INFO] [stdout] 
[INFO] [stdout] 
[INFO] [stdout] error[E0609]: no field `global_transform` on type `&gltf::Node<'_>`
[INFO] [stdout]    --> src/gltf.rs:177:37
[INFO] [stdout]     |
[INFO] [stdout] 177 |                     transform: node.global_transform,
[INFO] [stdout]     |                                     ^^^^^^^^^^^^^^^^ unknown field
[INFO] [stdout] 
[INFO] [stdout] 
[INFO] [stdout] error: aborting due to 2 previous errors; 5 warnings emitted
[INFO] [stdout] 
[INFO] [stdout] 
[INFO] [stdout] Some errors have detailed explanations: E0599, E0609.
[INFO] [stdout] 
[INFO] [stdout] For more information about an error, try `rustc --explain E0599`.
[INFO] [stdout] 
[INFO] [stderr] error: could not compile `rei-treicem` due to 3 previous errors; 5 warnings emitted
[INFO] [stderr] warning: build failed, waiting for other jobs to finish...
[INFO] [stdout] error: aborting due to 2 previous errors; 5 warnings emitted
[INFO] [stdout] 
[INFO] [stdout] 
[INFO] [stdout] Some errors have detailed explanations: E0599, E0609.
[INFO] [stdout] 
[INFO] [stdout] For more information about an error, try `rustc --explain E0599`.
[INFO] [stdout] 
[INFO] [stderr] error: build failed
[INFO] running `Command { std: "docker" "inspect" "51a02122f43ab05e76d93779af60f36c23920348240ba7ceb2858697152dfb50", kill_on_drop: false }`
[INFO] running `Command { std: "docker" "rm" "-f" "51a02122f43ab05e76d93779af60f36c23920348240ba7ceb2858697152dfb50", kill_on_drop: false }`
[INFO] [stdout] 51a02122f43ab05e76d93779af60f36c23920348240ba7ceb2858697152dfb50
