[INFO] cloning repository https://github.com/AngelVI13/crust
[INFO] running `Command { std: "git" "-c" "credential.helper=" "-c" "credential.helper=/workspace/cargo-home/bin/git-credential-null" "clone" "--bare" "https://github.com/AngelVI13/crust" "/workspace/cache/git-repos/https%3A%2F%2Fgithub.com%2FAngelVI13%2Fcrust", kill_on_drop: false }`
[INFO] [stderr] Cloning into bare repository '/workspace/cache/git-repos/https%3A%2F%2Fgithub.com%2FAngelVI13%2Fcrust'...
[INFO] running `Command { std: "git" "rev-parse" "HEAD", kill_on_drop: false }`
[INFO] [stdout] 62cd9b4183521e8c840d79c10081def9b0cac64c
[INFO] checking AngelVI13/crust against 1.55.0 for beta-1.56-3
[INFO] running `Command { std: "git" "clone" "/workspace/cache/git-repos/https%3A%2F%2Fgithub.com%2FAngelVI13%2Fcrust" "/workspace/builds/worker-4/source", kill_on_drop: false }`
[INFO] [stderr] Cloning into '/workspace/builds/worker-4/source'...
[INFO] [stderr] done.
[INFO] validating manifest of git repo https://github.com/AngelVI13/crust on toolchain 1.55.0
[INFO] running `Command { std: "/workspace/cargo-home/bin/cargo" "+1.55.0" "metadata" "--manifest-path" "Cargo.toml" "--no-deps", kill_on_drop: false }`
[INFO] started tweaking git repo https://github.com/AngelVI13/crust
[INFO] finished tweaking git repo https://github.com/AngelVI13/crust
[INFO] tweaked toml for git repo https://github.com/AngelVI13/crust written to /workspace/builds/worker-4/source/Cargo.toml
[INFO] crate git repo https://github.com/AngelVI13/crust already has a lockfile, it will not be regenerated
[INFO] running `Command { std: "/workspace/cargo-home/bin/cargo" "+1.55.0" "fetch" "--manifest-path" "Cargo.toml", kill_on_drop: false }`
[INFO] [stderr]     Blocking waiting for file lock on package cache
[INFO] running `Command { std: "docker" "create" "-v" "/var/lib/crater-agent-workspace/builds/worker-4/target:/opt/rustwide/target:rw,Z" "-v" "/var/lib/crater-agent-workspace/builds/worker-4/source:/opt/rustwide/workdir:ro,Z" "-v" "/var/lib/crater-agent-workspace/cargo-home:/opt/rustwide/cargo-home:ro,Z" "-v" "/var/lib/crater-agent-workspace/rustup-home:/opt/rustwide/rustup-home:ro,Z" "-e" "SOURCE_DIR=/opt/rustwide/workdir" "-e" "CARGO_TARGET_DIR=/opt/rustwide/target" "-e" "CARGO_HOME=/opt/rustwide/cargo-home" "-e" "RUSTUP_HOME=/opt/rustwide/rustup-home" "-w" "/opt/rustwide/workdir" "-m" "1610612736" "--user" "0:0" "--network" "none" "ghcr.io/rust-lang/crates-build-env/linux@sha256:a89201d6b5b9fd45c15d5952ece0a0129e7e80cb26ec023fd59cf09bc26f1604" "/opt/rustwide/cargo-home/bin/cargo" "+1.55.0" "metadata" "--no-deps" "--format-version=1", kill_on_drop: false }`
[INFO] [stdout] bad1502c97c349b16595e5dd07958611c2a287e38e97fcdd012e0e1fa21d3d37
[INFO] [stderr] WARNING: Your kernel does not support swap limit capabilities or the cgroup is not mounted. Memory limited without swap.
[INFO] running `Command { std: "docker" "start" "-a" "bad1502c97c349b16595e5dd07958611c2a287e38e97fcdd012e0e1fa21d3d37", kill_on_drop: false }`
[INFO] running `Command { std: "docker" "inspect" "bad1502c97c349b16595e5dd07958611c2a287e38e97fcdd012e0e1fa21d3d37", kill_on_drop: false }`
[INFO] running `Command { std: "docker" "rm" "-f" "bad1502c97c349b16595e5dd07958611c2a287e38e97fcdd012e0e1fa21d3d37", kill_on_drop: false }`
[INFO] [stdout] bad1502c97c349b16595e5dd07958611c2a287e38e97fcdd012e0e1fa21d3d37
[INFO] running `Command { std: "docker" "create" "-v" "/var/lib/crater-agent-workspace/builds/worker-4/target:/opt/rustwide/target:rw,Z" "-v" "/var/lib/crater-agent-workspace/builds/worker-4/source:/opt/rustwide/workdir:ro,Z" "-v" "/var/lib/crater-agent-workspace/cargo-home:/opt/rustwide/cargo-home:ro,Z" "-v" "/var/lib/crater-agent-workspace/rustup-home:/opt/rustwide/rustup-home:ro,Z" "-e" "SOURCE_DIR=/opt/rustwide/workdir" "-e" "CARGO_TARGET_DIR=/opt/rustwide/target" "-e" "CARGO_INCREMENTAL=0" "-e" "RUST_BACKTRACE=full" "-e" "RUSTFLAGS=--cap-lints=warn" "-e" "CARGO_HOME=/opt/rustwide/cargo-home" "-e" "RUSTUP_HOME=/opt/rustwide/rustup-home" "-w" "/opt/rustwide/workdir" "-m" "1610612736" "--user" "0:0" "--network" "none" "ghcr.io/rust-lang/crates-build-env/linux@sha256:a89201d6b5b9fd45c15d5952ece0a0129e7e80cb26ec023fd59cf09bc26f1604" "/opt/rustwide/cargo-home/bin/cargo" "+1.55.0" "check" "--frozen" "--all" "--all-targets" "--message-format=json", kill_on_drop: false }`
[INFO] [stdout] b800cc783a649a7ef71f49e85ee3e602ae156fbb365157f4c63739af83c9dfcb
[INFO] [stderr] WARNING: Your kernel does not support swap limit capabilities or the cgroup is not mounted. Memory limited without swap.
[INFO] running `Command { std: "docker" "start" "-a" "b800cc783a649a7ef71f49e85ee3e602ae156fbb365157f4c63739af83c9dfcb", kill_on_drop: false }`
[INFO] [stderr]     Checking crust v0.1.0 (/opt/rustwide/workdir)
[INFO] [stdout] error: visibility `pub` is not followed by an item
[INFO] [stdout]    --> src/defines.rs:159:1
[INFO] [stdout]     |
[INFO] [stdout] 159 | pub let mut Sq120ToSq64: [u8; BOARD_SQUARE_NUM];
[INFO] [stdout]     | ^^^ the visibility
[INFO] [stdout]     |
[INFO] [stdout]     = help: you likely meant to define an item, e.g., `pub fn foo() {}`
[INFO] [stdout] 
[INFO] [stdout] 
[INFO] [stdout] error: expected item, found keyword `let`
[INFO] [stdout]    --> src/defines.rs:159:5
[INFO] [stdout]     |
[INFO] [stdout] 159 | pub let mut Sq120ToSq64: [u8; BOARD_SQUARE_NUM];
[INFO] [stdout]     |     ^^^ expected item
[INFO] [stdout] 
[INFO] [stdout] 
[INFO] [stdout] error: visibility `pub` is not followed by an item
[INFO] [stdout]    --> src/defines.rs:159:1
[INFO] [stdout]     |
[INFO] [stdout] 159 | pub let mut Sq120ToSq64: [u8; BOARD_SQUARE_NUM];
[INFO] [stdout]     | ^^^ the visibility
[INFO] [stdout]     |
[INFO] [stdout]     = help: you likely meant to define an item, e.g., `pub fn foo() {}`
[INFO] [stdout] 
[INFO] [stdout] 
[INFO] [stdout] error: expected item, found keyword `let`
[INFO] [stdout]    --> src/defines.rs:159:5
[INFO] [stdout]     |
[INFO] [stdout] 159 | pub let mut Sq120ToSq64: [u8; BOARD_SQUARE_NUM];
[INFO] [stdout]     |     ^^^ expected item
[INFO] [stdout] 
[INFO] [stdout] 
[INFO] [stdout] error[E0412]: cannot find type `PieceType` in this scope
[INFO] [stdout]  --> src/board.rs:5:14
[INFO] [stdout]   |
[INFO] [stdout] 5 |     pieces: [PieceType; BOARD_SQUARE_NUM],
[INFO] [stdout]   |              ^^^^^^^^^ not found in this scope
[INFO] [stdout] 
[INFO] [stdout] 
[INFO] [stdout] error[E0425]: cannot find value `BOARD_SQUARE_NUM` in this scope
[INFO] [stdout]  --> src/board.rs:5:25
[INFO] [stdout]   |
[INFO] [stdout] 5 |     pieces: [PieceType; BOARD_SQUARE_NUM],
[INFO] [stdout]   |                         ^^^^^^^^^^^^^^^^ not found in this scope
[INFO] [stdout] 
[INFO] [stdout] 
[INFO] [stdout] error[E0425]: cannot find value `PieceType` in this scope
[INFO] [stdout]   --> src/board.rs:12:19
[INFO] [stdout]    |
[INFO] [stdout] 12 |             pos: [PieceType.Empty; BOARD_SIZE],
[INFO] [stdout]    |                   ^^^^^^^^^ not found in this scope
[INFO] [stdout] 
[INFO] [stdout] 
[INFO] [stdout] error[E0425]: cannot find value `BOARD_SIZE` in this scope
[INFO] [stdout]   --> src/board.rs:12:36
[INFO] [stdout]    |
[INFO] [stdout] 12 |             pos: [PieceType.Empty; BOARD_SIZE],
[INFO] [stdout]    |                                    ^^^^^^^^^^ not found in this scope
[INFO] [stdout] 
[INFO] [stdout] 
[INFO] [stdout] warning: unused import: `crate::defines::*`
[INFO] [stdout]  --> src/board.rs:1:5
[INFO] [stdout]   |
[INFO] [stdout] 1 | use crate::defines::*;
[INFO] [stdout]   |     ^^^^^^^^^^^^^^^^^
[INFO] [stdout]   |
[INFO] [stdout]   = note: `#[warn(unused_imports)]` on by default
[INFO] [stdout] 
[INFO] [stdout] 
[INFO] [stdout] warning: unused import: `defines::*`
[INFO] [stdout]  --> src/main.rs:4:5
[INFO] [stdout]   |
[INFO] [stdout] 4 | use defines::*;
[INFO] [stdout]   |     ^^^^^^^^^^
[INFO] [stdout] 
[INFO] [stdout] 
[INFO] [stdout] error[E0412]: cannot find type `PieceType` in this scope
[INFO] [stdout]  --> src/board.rs:5:14
[INFO] [stdout]   |
[INFO] [stdout] 5 |     pieces: [PieceType; BOARD_SQUARE_NUM],
[INFO] [stdout]   |              ^^^^^^^^^ not found in this scope
[INFO] [stdout] 
[INFO] [stdout] 
[INFO] [stdout] error[E0425]: cannot find value `BOARD_SQUARE_NUM` in this scope
[INFO] [stdout]  --> src/board.rs:5:25
[INFO] [stdout]   |
[INFO] [stdout] 5 |     pieces: [PieceType; BOARD_SQUARE_NUM],
[INFO] [stdout]   |                         ^^^^^^^^^^^^^^^^ not found in this scope
[INFO] [stdout] 
[INFO] [stdout] 
[INFO] [stdout] error[E0425]: cannot find value `PieceType` in this scope
[INFO] [stdout]   --> src/board.rs:12:19
[INFO] [stdout]    |
[INFO] [stdout] 12 |             pos: [PieceType.Empty; BOARD_SIZE],
[INFO] [stdout]    |                   ^^^^^^^^^ not found in this scope
[INFO] [stdout] 
[INFO] [stdout] 
[INFO] [stdout] error[E0425]: cannot find value `BOARD_SIZE` in this scope
[INFO] [stdout]   --> src/board.rs:12:36
[INFO] [stdout]    |
[INFO] [stdout] 12 |             pos: [PieceType.Empty; BOARD_SIZE],
[INFO] [stdout]    |                                    ^^^^^^^^^^ not found in this scope
[INFO] [stdout] 
[INFO] [stdout] 
[INFO] [stdout] warning: unused import: `crate::defines::*`
[INFO] [stdout]  --> src/board.rs:1:5
[INFO] [stdout]   |
[INFO] [stdout] 1 | use crate::defines::*;
[INFO] [stdout]   |     ^^^^^^^^^^^^^^^^^
[INFO] [stdout]   |
[INFO] [stdout]   = note: `#[warn(unused_imports)]` on by default
[INFO] [stdout] 
[INFO] [stdout] 
[INFO] [stdout] warning: unused import: `defines::*`
[INFO] [stdout]  --> src/main.rs:4:5
[INFO] [stdout]   |
[INFO] [stdout] 4 | use defines::*;
[INFO] [stdout]   |     ^^^^^^^^^^
[INFO] [stdout] 
[INFO] [stdout] 
[INFO] [stdout] error[E0560]: struct `Board` has no field named `pos`
[INFO] [stdout]   --> src/board.rs:12:13
[INFO] [stdout]    |
[INFO] [stdout] 12 |             pos: [PieceType.Empty; BOARD_SIZE],
[INFO] [stdout]    |             ^^^ `Board` does not have this field
[INFO] [stdout]    |
[INFO] [stdout]    = note: available fields are: `pieces`
[INFO] [stdout] 
[INFO] [stdout] 
[INFO] [stdout] error: aborting due to 7 previous errors; 2 warnings emitted
[INFO] [stdout] 
[INFO] [stdout] 
[INFO] [stdout] Some errors have detailed explanations: E0412, E0425, E0560.
[INFO] [stdout] 
[INFO] [stdout] For more information about an error, try `rustc --explain E0412`.
[INFO] [stdout] 
[INFO] [stderr] error: could not compile `crust` due to 8 previous errors; 2 warnings emitted
[INFO] [stderr] warning: build failed, waiting for other jobs to finish...
[INFO] [stdout] error[E0560]: struct `Board` has no field named `pos`
[INFO] [stdout]   --> src/board.rs:12:13
[INFO] [stdout]    |
[INFO] [stdout] 12 |             pos: [PieceType.Empty; BOARD_SIZE],
[INFO] [stdout]    |             ^^^ `Board` does not have this field
[INFO] [stdout]    |
[INFO] [stdout]    = note: available fields are: `pieces`
[INFO] [stdout] 
[INFO] [stdout] 
[INFO] [stdout] error: aborting due to 7 previous errors; 2 warnings emitted
[INFO] [stdout] 
[INFO] [stdout] 
[INFO] [stdout] Some errors have detailed explanations: E0412, E0425, E0560.
[INFO] [stdout] 
[INFO] [stdout] For more information about an error, try `rustc --explain E0412`.
[INFO] [stdout] 
[INFO] [stderr] error: build failed
[INFO] running `Command { std: "docker" "inspect" "b800cc783a649a7ef71f49e85ee3e602ae156fbb365157f4c63739af83c9dfcb", kill_on_drop: false }`
[INFO] running `Command { std: "docker" "rm" "-f" "b800cc783a649a7ef71f49e85ee3e602ae156fbb365157f4c63739af83c9dfcb", kill_on_drop: false }`
[INFO] [stdout] b800cc783a649a7ef71f49e85ee3e602ae156fbb365157f4c63739af83c9dfcb
