[INFO] cloning repository https://github.com/Andersonfrfilho/rust-backend-actix
[INFO] running `Command { std: "git" "-c" "credential.helper=" "-c" "credential.helper=/workspace/cargo-home/bin/git-credential-null" "clone" "--bare" "https://github.com/Andersonfrfilho/rust-backend-actix" "/workspace/cache/git-repos/https%3A%2F%2Fgithub.com%2FAndersonfrfilho%2Frust-backend-actix", kill_on_drop: false }`
[INFO] [stderr] Cloning into bare repository '/workspace/cache/git-repos/https%3A%2F%2Fgithub.com%2FAndersonfrfilho%2Frust-backend-actix'...
[INFO] running `Command { std: "git" "rev-parse" "HEAD", kill_on_drop: false }`
[INFO] [stdout] 488ea7dd9366f955b32d1e54ce08d0888bb39b3e
[INFO] checking Andersonfrfilho/rust-backend-actix against beta-2021-10-15 for beta-1.56-3
[INFO] running `Command { std: "git" "clone" "/workspace/cache/git-repos/https%3A%2F%2Fgithub.com%2FAndersonfrfilho%2Frust-backend-actix" "/workspace/builds/worker-5/source", kill_on_drop: false }`
[INFO] [stderr] Cloning into '/workspace/builds/worker-5/source'...
[INFO] [stderr] done.
[INFO] validating manifest of git repo https://github.com/Andersonfrfilho/rust-backend-actix on toolchain beta-2021-10-15
[INFO] running `Command { std: "/workspace/cargo-home/bin/cargo" "+beta-2021-10-15" "metadata" "--manifest-path" "Cargo.toml" "--no-deps", kill_on_drop: false }`
[INFO] started tweaking git repo https://github.com/Andersonfrfilho/rust-backend-actix
[INFO] finished tweaking git repo https://github.com/Andersonfrfilho/rust-backend-actix
[INFO] tweaked toml for git repo https://github.com/Andersonfrfilho/rust-backend-actix written to /workspace/builds/worker-5/source/Cargo.toml
[INFO] crate git repo https://github.com/Andersonfrfilho/rust-backend-actix already has a lockfile, it will not be regenerated
[INFO] running `Command { std: "/workspace/cargo-home/bin/cargo" "+beta-2021-10-15" "fetch" "--manifest-path" "Cargo.toml", kill_on_drop: false }`
[INFO] [stderr]  Downloading crates ...
[INFO] [stderr]   Downloaded log v0.4.13
[INFO] [stderr]   Downloaded sha-1 v0.9.2
[INFO] [stderr]   Downloaded standback v0.2.14
[INFO] [stderr]   Downloaded crypto-mac v0.10.0
[INFO] [stderr]   Downloaded hmac v0.10.1
[INFO] [stderr]   Downloaded actix-router v0.2.6
[INFO] [stderr]   Downloaded aesni v0.10.0
[INFO] [stderr]   Downloaded actix-session v0.4.0
[INFO] [stderr]   Downloaded v_escape v0.15.0
[INFO] [stderr]   Downloaded ghash v0.3.1
[INFO] [stderr]   Downloaded aes v0.6.0
[INFO] [stderr]   Downloaded v_escape_derive v0.8.4
[INFO] [stderr]   Downloaded buf-min v0.4.0
[INFO] [stderr]   Downloaded pem v0.8.2
[INFO] [stderr]   Downloaded blowfish v0.7.0
[INFO] [stderr]   Downloaded pin-project-internal v1.0.4
[INFO] [stderr]   Downloaded hkdf v0.10.0
[INFO] [stderr]   Downloaded dotenv v0.15.0
[INFO] [stderr]   Downloaded url v2.2.0
[INFO] [stderr]   Downloaded bumpalo v3.5.0
[INFO] [stderr]   Downloaded actix-web-httpauth v0.5.0
[INFO] [stderr]   Downloaded web-sys v0.3.47
[INFO] [stderr]   Downloaded actix-cors v0.5.4
[INFO] [stderr]   Downloaded encoding_rs v0.8.26
[INFO] [stderr]   Downloaded cipher v0.2.5
[INFO] [stderr]   Downloaded serde_json v1.0.61
[INFO] [stderr]   Downloaded bcrypt v0.9.0
[INFO] [stderr]   Downloaded thread_local v1.1.2
[INFO] [stderr]   Downloaded env_logger v0.8.2
[INFO] [stderr]   Downloaded js-sys v0.3.47
[INFO] [stderr]   Downloaded simple_asn1 v0.4.1
[INFO] [stderr]   Downloaded jsonwebtoken v7.2.0
[INFO] [stderr]   Downloaded getrandom v0.2.2
[INFO] [stderr]   Downloaded actix-files v0.5.0
[INFO] [stderr]   Downloaded aead v0.3.2
[INFO] [stderr]   Downloaded aes-soft v0.6.4
[INFO] [stderr]   Downloaded cpuid-bool v0.2.0
[INFO] [stderr]   Downloaded universal-hash v0.4.0
[INFO] [stderr]   Downloaded polyval v0.4.5
[INFO] [stderr]   Downloaded aes-gcm v0.8.0
[INFO] [stderr]   Downloaded v_htmlescape v0.12.0
[INFO] [stderr]   Downloaded tokio v0.2.24
[INFO] [stderr]   Downloaded ctr v0.6.0
[INFO] [stderr]   Downloaded flate2 v1.0.19
[INFO] [stderr]   Downloaded tracing-futures v0.2.4
[INFO] [stderr]   Downloaded pin-project v1.0.4
[INFO] running `Command { std: "docker" "create" "-v" "/var/lib/crater-agent-workspace/builds/worker-5/target:/opt/rustwide/target:rw,Z" "-v" "/var/lib/crater-agent-workspace/builds/worker-5/source:/opt/rustwide/workdir:ro,Z" "-v" "/var/lib/crater-agent-workspace/cargo-home:/opt/rustwide/cargo-home:ro,Z" "-v" "/var/lib/crater-agent-workspace/rustup-home:/opt/rustwide/rustup-home:ro,Z" "-e" "SOURCE_DIR=/opt/rustwide/workdir" "-e" "CARGO_TARGET_DIR=/opt/rustwide/target" "-e" "CARGO_HOME=/opt/rustwide/cargo-home" "-e" "RUSTUP_HOME=/opt/rustwide/rustup-home" "-w" "/opt/rustwide/workdir" "-m" "1610612736" "--user" "0:0" "--network" "none" "ghcr.io/rust-lang/crates-build-env/linux@sha256:a89201d6b5b9fd45c15d5952ece0a0129e7e80cb26ec023fd59cf09bc26f1604" "/opt/rustwide/cargo-home/bin/cargo" "+beta-2021-10-15" "metadata" "--no-deps" "--format-version=1", kill_on_drop: false }`
[INFO] [stdout] 880f1ff6832047e8ed8a5282d98c0f77deedbfeb65414ed7651115918bede5cc
[INFO] [stderr] WARNING: Your kernel does not support swap limit capabilities or the cgroup is not mounted. Memory limited without swap.
[INFO] running `Command { std: "docker" "start" "-a" "880f1ff6832047e8ed8a5282d98c0f77deedbfeb65414ed7651115918bede5cc", kill_on_drop: false }`
[INFO] running `Command { std: "docker" "inspect" "880f1ff6832047e8ed8a5282d98c0f77deedbfeb65414ed7651115918bede5cc", kill_on_drop: false }`
[INFO] running `Command { std: "docker" "rm" "-f" "880f1ff6832047e8ed8a5282d98c0f77deedbfeb65414ed7651115918bede5cc", kill_on_drop: false }`
[INFO] [stdout] 880f1ff6832047e8ed8a5282d98c0f77deedbfeb65414ed7651115918bede5cc
[INFO] running `Command { std: "docker" "create" "-v" "/var/lib/crater-agent-workspace/builds/worker-5/target:/opt/rustwide/target:rw,Z" "-v" "/var/lib/crater-agent-workspace/builds/worker-5/source:/opt/rustwide/workdir:ro,Z" "-v" "/var/lib/crater-agent-workspace/cargo-home:/opt/rustwide/cargo-home:ro,Z" "-v" "/var/lib/crater-agent-workspace/rustup-home:/opt/rustwide/rustup-home:ro,Z" "-e" "SOURCE_DIR=/opt/rustwide/workdir" "-e" "CARGO_TARGET_DIR=/opt/rustwide/target" "-e" "CARGO_INCREMENTAL=0" "-e" "RUST_BACKTRACE=full" "-e" "RUSTFLAGS=--cap-lints=warn" "-e" "CARGO_HOME=/opt/rustwide/cargo-home" "-e" "RUSTUP_HOME=/opt/rustwide/rustup-home" "-w" "/opt/rustwide/workdir" "-m" "1610612736" "--user" "0:0" "--network" "none" "ghcr.io/rust-lang/crates-build-env/linux@sha256:a89201d6b5b9fd45c15d5952ece0a0129e7e80cb26ec023fd59cf09bc26f1604" "/opt/rustwide/cargo-home/bin/cargo" "+beta-2021-10-15" "check" "--frozen" "--all" "--all-targets" "--message-format=json", kill_on_drop: false }`
[INFO] [stderr] WARNING: Your kernel does not support swap limit capabilities or the cgroup is not mounted. Memory limited without swap.
[INFO] [stdout] 24819bb6c58adfb07e3c7e31ae6b4391ef17bdcf8bb09240fc79eb144a81168e
[INFO] running `Command { std: "docker" "start" "-a" "24819bb6c58adfb07e3c7e31ae6b4391ef17bdcf8bb09240fc79eb144a81168e", kill_on_drop: false }`
[INFO] [stderr]    Compiling cookie v0.14.3
[INFO] [stderr]    Compiling ring v0.16.20
[INFO] [stderr]     Checking iovec v0.1.4
[INFO] [stderr]     Checking net2 v0.2.37
[INFO] [stderr]     Checking signal-hook-registry v1.3.0
[INFO] [stderr]     Checking parking_lot_core v0.8.2
[INFO] [stderr]     Checking num_cpus v1.13.0
[INFO] [stderr]     Checking getrandom v0.1.16
[INFO] [stderr]     Checking hostname v0.3.1
[INFO] [stderr]     Checking atty v0.2.14
[INFO] [stderr]     Checking tracing v0.1.22
[INFO] [stderr]     Checking getrandom v0.2.2
[INFO] [stderr]     Checking brotli-sys v0.3.2
[INFO] [stderr]    Compiling nom v4.2.3
[INFO] [stderr]     Checking backtrace v0.3.56
[INFO] [stderr]     Checking flate2 v1.0.19
[INFO] [stderr]     Checking pem v0.8.2
[INFO] [stderr]     Checking blowfish v0.7.0
[INFO] [stderr]     Checking resolv-conf v0.7.0
[INFO] [stderr]     Checking chrono v0.4.19
[INFO] [stderr]     Checking env_logger v0.8.2
[INFO] [stderr]     Checking brotli2 v0.3.2
[INFO] [stderr]     Checking threadpool v1.8.1
[INFO] [stderr]     Checking actix-router v0.2.6
[INFO] [stderr]     Checking time v0.2.25
[INFO] [stderr]     Checking rand_core v0.5.1
[INFO] [stderr]     Checking parking_lot v0.11.1
[INFO] [stderr]     Checking mio v0.6.23
[INFO] [stderr]     Checking tracing-futures v0.2.4
[INFO] [stderr]     Checking bcrypt v0.9.0
[INFO] [stderr]     Checking rand_chacha v0.2.2
[INFO] [stderr]     Checking actix-threadpool v0.3.3
[INFO] [stderr]    Compiling v_escape_derive v0.8.4
[INFO] [stderr]     Checking rand v0.7.3
[INFO] [stderr]     Checking mio-uds v0.6.8
[INFO] [stderr]     Checking tokio v0.2.24
[INFO] [stderr]     Checking simple_asn1 v0.4.1
[INFO] [stderr]     Checking jsonwebtoken v7.2.0
[INFO] [stderr]     Checking v_escape v0.15.0
[INFO] [stderr]     Checking v_htmlescape v0.12.0
[INFO] [stderr]     Checking tokio-util v0.3.1
[INFO] [stderr]     Checking actix-rt v1.1.1
[INFO] [stderr]     Checking trust-dns-proto v0.19.6
[INFO] [stderr]     Checking actix-codec v0.3.0
[INFO] [stderr]     Checking h2 v0.2.7
[INFO] [stderr]     Checking actix-utils v2.0.0
[INFO] [stderr]     Checking actix-server v1.0.4
[INFO] [stderr]     Checking actix-tls v2.0.0
[INFO] [stderr]     Checking actix-testing v1.0.1
[INFO] [stderr]     Checking trust-dns-resolver v0.19.6
[INFO] [stderr]     Checking actix-connect v2.0.0
[INFO] [stderr]     Checking actix-http v2.2.0
[INFO] [stderr]     Checking awc v2.0.3
[INFO] [stderr]     Checking actix-web v3.3.2
[INFO] [stderr]     Checking actix-web-httpauth v0.5.0
[INFO] [stderr]     Checking actix-cors v0.5.4
[INFO] [stderr]     Checking actix-files v0.5.0
[INFO] [stderr]     Checking actix-session v0.4.0
[INFO] [stderr]     Checking actixtest v0.1.0 (/opt/rustwide/workdir)
[INFO] [stdout] warning: unused imports: `App`, `get`
[INFO] [stdout]  --> src/errors/custom.rs:2:38
[INFO] [stdout]   |
[INFO] [stdout] 2 |     dev::HttpResponseBuilder, error, get, http::header, http::StatusCode, App, HttpResponse,
[INFO] [stdout]   |                                      ^^^                                  ^^^
[INFO] [stdout]   |
[INFO] [stdout]   = note: `#[warn(unused_imports)]` on by default
[INFO] [stdout] 
[INFO] [stdout] 
[INFO] [stdout] warning: unused imports: `App`, `Error`, `HttpResponse`, `dev::HttpResponseBuilder`, `error`, `get`, `http::StatusCode`, `http::header`
[INFO] [stdout]  --> src/middlewares/auth.rs:2:5
[INFO] [stdout]   |
[INFO] [stdout] 2 |     dev::HttpResponseBuilder, dev::ServiceRequest, error, get, http::header, http::StatusCode, App,
[INFO] [stdout]   |     ^^^^^^^^^^^^^^^^^^^^^^^^                       ^^^^^  ^^^  ^^^^^^^^^^^^  ^^^^^^^^^^^^^^^^  ^^^
[INFO] [stdout] 3 |     Error, HttpResponse,
[INFO] [stdout]   |     ^^^^^  ^^^^^^^^^^^^
[INFO] [stdout] 
[INFO] [stdout] 
[INFO] [stdout] warning: unused import: `actix_web_httpauth::extractors::AuthenticationError`
[INFO] [stdout]  --> src/middlewares/auth.rs:6:5
[INFO] [stdout]   |
[INFO] [stdout] 6 | use actix_web_httpauth::extractors::AuthenticationError;
[INFO] [stdout]   |     ^^^^^^^^^^^^^^^^^^^^^^^^^^^^^^^^^^^^^^^^^^^^^^^^^^^
[INFO] [stdout] 
[INFO] [stdout] 
[INFO] [stdout] warning: unused imports: `Display`, `Error`
[INFO] [stdout]  --> src/middlewares/auth.rs:7:19
[INFO] [stdout]   |
[INFO] [stdout] 7 | use derive_more::{Display, Error};
[INFO] [stdout]   |                   ^^^^^^^  ^^^^^
[INFO] [stdout] 
[INFO] [stdout] 
[INFO] [stdout] warning: unused import: `jsonwebtoken::errors::ErrorKind`
[INFO] [stdout]  --> src/middlewares/auth.rs:8:5
[INFO] [stdout]   |
[INFO] [stdout] 8 | use jsonwebtoken::errors::ErrorKind;
[INFO] [stdout]   |     ^^^^^^^^^^^^^^^^^^^^^^^^^^^^^^^
[INFO] [stdout] 
[INFO] [stdout] 
[INFO] [stdout] warning: unused imports: `Result`, `error`
[INFO] [stdout]  --> src/routes/session.rs:1:26
[INFO] [stdout]   |
[INFO] [stdout] 1 | use actix_web::{web,http,error,Result, Responder,HttpRequest, HttpResponse};
[INFO] [stdout]   |                          ^^^^^ ^^^^^^
[INFO] [stdout] 
[INFO] [stdout] 
[INFO] [stdout] warning: unused imports: `Display`, `Error`
[INFO] [stdout]  --> src/routes/session.rs:4:19
[INFO] [stdout]   |
[INFO] [stdout] 4 | use derive_more::{Display, Error};
[INFO] [stdout]   |                   ^^^^^^^  ^^^^^
[INFO] [stdout] 
[INFO] [stdout] 
[INFO] [stdout] warning: unused import: `Session`
[INFO] [stdout]  --> src/routes/session.rs:5:21
[INFO] [stdout]   |
[INFO] [stdout] 5 | use actix_session::{Session};
[INFO] [stdout]   |                     ^^^^^^^
[INFO] [stdout] 
[INFO] [stdout] 
[INFO] [stdout] warning: unused import: `log::debug`
[INFO] [stdout]  --> src/routes/session.rs:6:5
[INFO] [stdout]   |
[INFO] [stdout] 6 | use log::debug;
[INFO] [stdout]   |     ^^^^^^^^^^
[INFO] [stdout] 
[INFO] [stdout] 
[INFO] [stdout] warning: unused import: `actix_files as fs`
[INFO] [stdout]  --> src/routes/session.rs:9:5
[INFO] [stdout]   |
[INFO] [stdout] 9 | use actix_files as fs;
[INFO] [stdout]   |     ^^^^^^^^^^^^^^^^^
[INFO] [stdout] 
[INFO] [stdout] 
[INFO] [stdout] warning: unused imports: `ContentDisposition`, `DispositionType`
[INFO] [stdout]   --> src/routes/session.rs:10:31
[INFO] [stdout]    |
[INFO] [stdout] 10 | use actix_web::http::header::{ContentDisposition, DispositionType};
[INFO] [stdout]    |                               ^^^^^^^^^^^^^^^^^^  ^^^^^^^^^^^^^^^
[INFO] [stdout] 
[INFO] [stdout] 
[INFO] [stdout] error[E0433]: failed to resolve: use of undeclared type `App`
[INFO] [stdout]    --> src/routes/users.rs:180:42
[INFO] [stdout]     |
[INFO] [stdout] 180 |         let mut app = test::init_service(App::new().route("/", web::get().to(index_for_test))).await;
[INFO] [stdout]     |                                          ^^^ not found in this scope
[INFO] [stdout]     |
[INFO] [stdout] help: consider importing one of these items
[INFO] [stdout]     |
[INFO] [stdout] 161 |     use actix_web::App;
[INFO] [stdout]     |
[INFO] [stdout] 161 |     use crate::App;
[INFO] [stdout]     |
[INFO] [stdout] 
[INFO] [stdout] 
[INFO] [stdout] error[E0433]: failed to resolve: use of undeclared type `App`
[INFO] [stdout]    --> src/routes/users.rs:188:42
[INFO] [stdout]     |
[INFO] [stdout] 188 |         let mut app = test::init_service(App::new().route("/", web::get().to(index_for_test))).await;
[INFO] [stdout]     |                                          ^^^ not found in this scope
[INFO] [stdout]     |
[INFO] [stdout] help: consider importing one of these items
[INFO] [stdout]     |
[INFO] [stdout] 161 |     use actix_web::App;
[INFO] [stdout]     |
[INFO] [stdout] 161 |     use crate::App;
[INFO] [stdout]     |
[INFO] [stdout] 
[INFO] [stdout] 
[INFO] [stdout] error[E0433]: failed to resolve: use of undeclared type `App`
[INFO] [stdout]    --> src/routes/session.rs:183:42
[INFO] [stdout]     |
[INFO] [stdout] 183 |         let mut app = test::init_service(App::new().route("/", web::get().to(index_for_test))).await;
[INFO] [stdout]     |                                          ^^^ not found in this scope
[INFO] [stdout]     |
[INFO] [stdout] help: consider importing one of these items
[INFO] [stdout]     |
[INFO] [stdout] 164 |     use actix_web::App;
[INFO] [stdout]     |
[INFO] [stdout] 164 |     use crate::App;
[INFO] [stdout]     |
[INFO] [stdout] 
[INFO] [stdout] 
[INFO] [stdout] error[E0433]: failed to resolve: use of undeclared type `App`
[INFO] [stdout]    --> src/routes/session.rs:191:42
[INFO] [stdout]     |
[INFO] [stdout] 191 |         let mut app = test::init_service(App::new().route("/", web::get().to(index_for_test))).await;
[INFO] [stdout]     |                                          ^^^ not found in this scope
[INFO] [stdout]     |
[INFO] [stdout] help: consider importing one of these items
[INFO] [stdout]     |
[INFO] [stdout] 164 |     use actix_web::App;
[INFO] [stdout]     |
[INFO] [stdout] 164 |     use crate::App;
[INFO] [stdout]     |
[INFO] [stdout] 
[INFO] [stdout] 
[INFO] [stdout] warning: unused imports: `App`, `get`
[INFO] [stdout]  --> src/errors/custom.rs:2:38
[INFO] [stdout]   |
[INFO] [stdout] 2 |     dev::HttpResponseBuilder, error, get, http::header, http::StatusCode, App, HttpResponse,
[INFO] [stdout]   |                                      ^^^                                  ^^^
[INFO] [stdout]   |
[INFO] [stdout]   = note: `#[warn(unused_imports)]` on by default
[INFO] [stdout] 
[INFO] [stdout] 
[INFO] [stdout] warning: unused imports: `App`, `Error`, `HttpResponse`, `dev::HttpResponseBuilder`, `error`, `get`, `http::StatusCode`, `http::header`
[INFO] [stdout]  --> src/middlewares/auth.rs:2:5
[INFO] [stdout]   |
[INFO] [stdout] 2 |     dev::HttpResponseBuilder, dev::ServiceRequest, error, get, http::header, http::StatusCode, App,
[INFO] [stdout]   |     ^^^^^^^^^^^^^^^^^^^^^^^^                       ^^^^^  ^^^  ^^^^^^^^^^^^  ^^^^^^^^^^^^^^^^  ^^^
[INFO] [stdout] 3 |     Error, HttpResponse,
[INFO] [stdout]   |     ^^^^^  ^^^^^^^^^^^^
[INFO] [stdout] 
[INFO] [stdout] 
[INFO] [stdout] warning: unused import: `actix_web_httpauth::extractors::AuthenticationError`
[INFO] [stdout]  --> src/middlewares/auth.rs:6:5
[INFO] [stdout]   |
[INFO] [stdout] 6 | use actix_web_httpauth::extractors::AuthenticationError;
[INFO] [stdout]   |     ^^^^^^^^^^^^^^^^^^^^^^^^^^^^^^^^^^^^^^^^^^^^^^^^^^^
[INFO] [stdout] 
[INFO] [stdout] 
[INFO] [stdout] warning: unused imports: `Display`, `Error`
[INFO] [stdout]  --> src/middlewares/auth.rs:7:19
[INFO] [stdout]   |
[INFO] [stdout] 7 | use derive_more::{Display, Error};
[INFO] [stdout]   |                   ^^^^^^^  ^^^^^
[INFO] [stdout] 
[INFO] [stdout] 
[INFO] [stdout] warning: unused import: `jsonwebtoken::errors::ErrorKind`
[INFO] [stdout]  --> src/middlewares/auth.rs:8:5
[INFO] [stdout]   |
[INFO] [stdout] 8 | use jsonwebtoken::errors::ErrorKind;
[INFO] [stdout]   |     ^^^^^^^^^^^^^^^^^^^^^^^^^^^^^^^
[INFO] [stdout] 
[INFO] [stdout] 
[INFO] [stdout] warning: unused imports: `Result`, `error`
[INFO] [stdout]  --> src/routes/session.rs:1:26
[INFO] [stdout]   |
[INFO] [stdout] 1 | use actix_web::{web,http,error,Result, Responder,HttpRequest, HttpResponse};
[INFO] [stdout]   |                          ^^^^^ ^^^^^^
[INFO] [stdout] 
[INFO] [stdout] 
[INFO] [stdout] warning: unused imports: `Display`, `Error`
[INFO] [stdout]  --> src/routes/session.rs:4:19
[INFO] [stdout]   |
[INFO] [stdout] 4 | use derive_more::{Display, Error};
[INFO] [stdout]   |                   ^^^^^^^  ^^^^^
[INFO] [stdout] 
[INFO] [stdout] 
[INFO] [stdout] warning: unused import: `Session`
[INFO] [stdout]  --> src/routes/session.rs:5:21
[INFO] [stdout]   |
[INFO] [stdout] 5 | use actix_session::{Session};
[INFO] [stdout]   |                     ^^^^^^^
[INFO] [stdout] 
[INFO] [stdout] 
[INFO] [stdout] warning: unused import: `log::debug`
[INFO] [stdout]  --> src/routes/session.rs:6:5
[INFO] [stdout]   |
[INFO] [stdout] 6 | use log::debug;
[INFO] [stdout]   |     ^^^^^^^^^^
[INFO] [stdout] 
[INFO] [stdout] 
[INFO] [stdout] warning: unused import: `actix_files as fs`
[INFO] [stdout]  --> src/routes/session.rs:9:5
[INFO] [stdout]   |
[INFO] [stdout] 9 | use actix_files as fs;
[INFO] [stdout]   |     ^^^^^^^^^^^^^^^^^
[INFO] [stdout] 
[INFO] [stdout] 
[INFO] [stdout] warning: unused imports: `ContentDisposition`, `DispositionType`
[INFO] [stdout]   --> src/routes/session.rs:10:31
[INFO] [stdout]    |
[INFO] [stdout] 10 | use actix_web::http::header::{ContentDisposition, DispositionType};
[INFO] [stdout]    |                               ^^^^^^^^^^^^^^^^^^  ^^^^^^^^^^^^^^^
[INFO] [stdout] 
[INFO] [stdout] 
[INFO] [stdout] warning: variable does not need to be mutable
[INFO] [stdout]   --> src/routes/session.rs:49:7
[INFO] [stdout]    |
[INFO] [stdout] 49 |   let mut header = Header::new(Algorithm::HS512);
[INFO] [stdout]    |       ----^^^^^^
[INFO] [stdout]    |       |
[INFO] [stdout]    |       help: remove this `mut`
[INFO] [stdout]    |
[INFO] [stdout]    = note: `#[warn(unused_mut)]` on by default
[INFO] [stdout] 
[INFO] [stdout] 
[INFO] [stdout] warning: variable does not need to be mutable
[INFO] [stdout]   --> src/routes/session.rs:49:7
[INFO] [stdout]    |
[INFO] [stdout] 49 |   let mut header = Header::new(Algorithm::HS512);
[INFO] [stdout]    |       ----^^^^^^
[INFO] [stdout]    |       |
[INFO] [stdout]    |       help: remove this `mut`
[INFO] [stdout]    |
[INFO] [stdout]    = note: `#[warn(unused_mut)]` on by default
[INFO] [stdout] 
[INFO] [stdout] 
[INFO] [stdout] error[E0271]: type mismatch resolving `<impl futures::Future as futures::Future>::Output == Result<ServiceRequest, actix_web::Error>`
[INFO] [stdout]    --> src/main.rs:40:27
[INFO] [stdout]     |
[INFO] [stdout] 40  |                     .wrap(HttpAuthentication::bearer(middlewares::auth::validator)),
[INFO] [stdout]     |                           ^^^^^^^^^^^^^^^^^^^^^^^^^^ expected struct `actix_web::Error`, found enum `custom::MyError`
[INFO] [stdout]     |
[INFO] [stdout]     = note: expected enum `Result<_, actix_web::Error>`
[INFO] [stdout]                found enum `Result<_, custom::MyError>`
[INFO] [stdout] note: required by `HttpAuthentication::<BearerAuth, F>::bearer`
[INFO] [stdout]    --> /opt/rustwide/cargo-home/registry/src/github.com-1ecc6299db9ec823/actix-web-httpauth-0.5.0/src/middleware.rs:120:5
[INFO] [stdout]     |
[INFO] [stdout] 120 |     pub fn bearer(process_fn: F) -> Self {
[INFO] [stdout]     |     ^^^^^^^^^^^^^^^^^^^^^^^^^^^^^^^^^^^^
[INFO] [stdout] 
[INFO] [stdout] 
[INFO] [stdout] error[E0271]: type mismatch resolving `<impl futures::Future as futures::Future>::Output == Result<ServiceRequest, actix_web::Error>`
[INFO] [stdout]   --> src/main.rs:40:22
[INFO] [stdout]    |
[INFO] [stdout] 40 |                     .wrap(HttpAuthentication::bearer(middlewares::auth::validator)),
[INFO] [stdout]    |                      ^^^^ expected enum `custom::MyError`, found struct `actix_web::Error`
[INFO] [stdout]    |
[INFO] [stdout]    = note: expected enum `Result<_, custom::MyError>`
[INFO] [stdout]               found enum `Result<_, actix_web::Error>`
[INFO] [stdout]    = note: required because of the requirements on the impl of `Transform<actix_web::scope::ScopeService>` for `HttpAuthentication<BearerAuth, fn(ServiceRequest, BearerAuth) -> impl futures::Future {validator}>`
[INFO] [stdout] 
[INFO] [stdout] 
[INFO] [stdout] error: aborting due to 2 previous errors; 12 warnings emitted
[INFO] [stdout] 
[INFO] [stdout] 
[INFO] [stdout] For more information about this error, try `rustc --explain E0271`.
[INFO] [stdout] 
[INFO] [stderr] error: could not compile `actixtest` due to 3 previous errors; 12 warnings emitted
[INFO] [stderr] warning: build failed, waiting for other jobs to finish...
[INFO] [stdout] error[E0271]: type mismatch resolving `<impl futures::Future as futures::Future>::Output == Result<ServiceRequest, actix_web::Error>`
[INFO] [stdout]    --> src/main.rs:40:27
[INFO] [stdout]     |
[INFO] [stdout] 40  |                     .wrap(HttpAuthentication::bearer(middlewares::auth::validator)),
[INFO] [stdout]     |                           ^^^^^^^^^^^^^^^^^^^^^^^^^^ expected struct `actix_web::Error`, found enum `custom::MyError`
[INFO] [stdout]     |
[INFO] [stdout]     = note: expected enum `Result<_, actix_web::Error>`
[INFO] [stdout]                found enum `Result<_, custom::MyError>`
[INFO] [stdout] note: required by `HttpAuthentication::<BearerAuth, F>::bearer`
[INFO] [stdout]    --> /opt/rustwide/cargo-home/registry/src/github.com-1ecc6299db9ec823/actix-web-httpauth-0.5.0/src/middleware.rs:120:5
[INFO] [stdout]     |
[INFO] [stdout] 120 |     pub fn bearer(process_fn: F) -> Self {
[INFO] [stdout]     |     ^^^^^^^^^^^^^^^^^^^^^^^^^^^^^^^^^^^^
[INFO] [stdout] 
[INFO] [stdout] 
[INFO] [stdout] error[E0271]: type mismatch resolving `<impl futures::Future as futures::Future>::Output == Result<ServiceRequest, actix_web::Error>`
[INFO] [stdout]   --> src/main.rs:40:22
[INFO] [stdout]    |
[INFO] [stdout] 40 |                     .wrap(HttpAuthentication::bearer(middlewares::auth::validator)),
[INFO] [stdout]    |                      ^^^^ expected enum `custom::MyError`, found struct `actix_web::Error`
[INFO] [stdout]    |
[INFO] [stdout]    = note: expected enum `Result<_, custom::MyError>`
[INFO] [stdout]               found enum `Result<_, actix_web::Error>`
[INFO] [stdout]    = note: required because of the requirements on the impl of `Transform<actix_web::scope::ScopeService>` for `HttpAuthentication<BearerAuth, fn(ServiceRequest, BearerAuth) -> impl futures::Future {validator}>`
[INFO] [stdout] 
[INFO] [stdout] 
[INFO] [stdout] error: aborting due to 6 previous errors; 12 warnings emitted
[INFO] [stdout] 
[INFO] [stdout] 
[INFO] [stdout] Some errors have detailed explanations: E0271, E0433.
[INFO] [stdout] 
[INFO] [stdout] For more information about an error, try `rustc --explain E0271`.
[INFO] [stdout] 
[INFO] [stderr] error: build failed
[INFO] running `Command { std: "docker" "inspect" "24819bb6c58adfb07e3c7e31ae6b4391ef17bdcf8bb09240fc79eb144a81168e", kill_on_drop: false }`
[INFO] running `Command { std: "docker" "rm" "-f" "24819bb6c58adfb07e3c7e31ae6b4391ef17bdcf8bb09240fc79eb144a81168e", kill_on_drop: false }`
[INFO] [stdout] 24819bb6c58adfb07e3c7e31ae6b4391ef17bdcf8bb09240fc79eb144a81168e
