[INFO] cloning repository https://github.com/AnderEnder/webhdfs-rs
[INFO] running `Command { std: "git" "-c" "credential.helper=" "-c" "credential.helper=/workspace/cargo-home/bin/git-credential-null" "clone" "--bare" "https://github.com/AnderEnder/webhdfs-rs" "/workspace/cache/git-repos/https%3A%2F%2Fgithub.com%2FAnderEnder%2Fwebhdfs-rs", kill_on_drop: false }`
[INFO] [stderr] Cloning into bare repository '/workspace/cache/git-repos/https%3A%2F%2Fgithub.com%2FAnderEnder%2Fwebhdfs-rs'...
[INFO] running `Command { std: "git" "rev-parse" "HEAD", kill_on_drop: false }`
[INFO] [stdout] bacbfe2d18b02836118511376630565a42669ba3
[INFO] checking AnderEnder/webhdfs-rs against beta-2021-10-15 for beta-1.56-3
[INFO] running `Command { std: "git" "clone" "/workspace/cache/git-repos/https%3A%2F%2Fgithub.com%2FAnderEnder%2Fwebhdfs-rs" "/workspace/builds/worker-14/source", kill_on_drop: false }`
[INFO] [stderr] Cloning into '/workspace/builds/worker-14/source'...
[INFO] [stderr] done.
[INFO] validating manifest of git repo https://github.com/AnderEnder/webhdfs-rs on toolchain beta-2021-10-15
[INFO] running `Command { std: "/workspace/cargo-home/bin/cargo" "+beta-2021-10-15" "metadata" "--manifest-path" "Cargo.toml" "--no-deps", kill_on_drop: false }`
[INFO] started tweaking git repo https://github.com/AnderEnder/webhdfs-rs
[INFO] finished tweaking git repo https://github.com/AnderEnder/webhdfs-rs
[INFO] tweaked toml for git repo https://github.com/AnderEnder/webhdfs-rs written to /workspace/builds/worker-14/source/Cargo.toml
[INFO] crate git repo https://github.com/AnderEnder/webhdfs-rs already has a lockfile, it will not be regenerated
[INFO] running `Command { std: "/workspace/cargo-home/bin/cargo" "+beta-2021-10-15" "fetch" "--manifest-path" "Cargo.toml", kill_on_drop: false }`
[INFO] [stderr]  Downloading crates ...
[INFO] [stderr]   Downloaded tokio-udp v0.1.3
[INFO] [stderr]   Downloaded hyper-tls v0.4.3
[INFO] [stderr]   Downloaded tokio-tls v0.3.1
[INFO] [stderr]   Downloaded native-tls v0.2.2
[INFO] [stderr]   Downloaded openssl v0.10.16
[INFO] [stderr]   Downloaded tracing v0.1.16
[INFO] [stderr]   Downloaded pin-project v0.4.22
[INFO] [stderr]   Downloaded once_cell v1.3.1
[INFO] [stderr]   Downloaded tracing-core v0.1.11
[INFO] [stderr]   Downloaded tokio-current-thread v0.1.4
[INFO] [stderr]   Downloaded crossbeam v0.6.0
[INFO] [stderr]   Downloaded itoa v0.4.3
[INFO] [stderr]   Downloaded tokio-uds v0.2.5
[INFO] [stderr]   Downloaded tokio v0.1.15
[INFO] [stderr]   Downloaded tokio-timer v0.2.10
[INFO] [stderr]   Downloaded libc v0.2.70
[INFO] [stderr]   Downloaded MacTypes-sys v2.1.0
[INFO] [stderr]   Downloaded tokio-fs v0.1.5
[INFO] [stderr]   Downloaded tokio-sync v0.1.1
[INFO] [stderr]   Downloaded tempfile v3.0.6
[INFO] [stderr]   Downloaded tokio-executor v0.1.6
[INFO] [stderr]   Downloaded tokio-threadpool v0.1.11
[INFO] [stderr]   Downloaded tokio-codec v0.1.1
[INFO] [stderr]   Downloaded bytes v0.4.11
[INFO] [stderr]   Downloaded tokio-io v0.1.11
[INFO] [stderr]   Downloaded tokio-reactor v0.1.8
[INFO] [stderr]   Downloaded openssl-sys v0.9.40
[INFO] [stderr]   Downloaded pin-project-internal v0.4.22
[INFO] [stderr]   Downloaded core-foundation v0.5.1
[INFO] [stderr]   Downloaded futures v0.1.29
[INFO] [stderr]   Downloaded cc v1.0.29
[INFO] [stderr]   Downloaded hyper v0.13.7
[INFO] [stderr]   Downloaded security-framework v0.2.2
[INFO] [stderr]   Downloaded schannel v0.1.14
[INFO] [stderr]   Downloaded security-framework-sys v0.2.3
[INFO] [stderr]   Downloaded pin-project-lite v0.1.5
[INFO] [stderr]   Downloaded rand_jitter v0.1.3
[INFO] [stderr]   Downloaded serde_json v1.0.57
[INFO] [stderr]   Downloaded rand_os v0.1.2
[INFO] [stderr]   Downloaded syn v1.0.33
[INFO] running `Command { std: "docker" "create" "-v" "/var/lib/crater-agent-workspace/builds/worker-14/target:/opt/rustwide/target:rw,Z" "-v" "/var/lib/crater-agent-workspace/builds/worker-14/source:/opt/rustwide/workdir:ro,Z" "-v" "/var/lib/crater-agent-workspace/cargo-home:/opt/rustwide/cargo-home:ro,Z" "-v" "/var/lib/crater-agent-workspace/rustup-home:/opt/rustwide/rustup-home:ro,Z" "-e" "SOURCE_DIR=/opt/rustwide/workdir" "-e" "CARGO_TARGET_DIR=/opt/rustwide/target" "-e" "CARGO_HOME=/opt/rustwide/cargo-home" "-e" "RUSTUP_HOME=/opt/rustwide/rustup-home" "-w" "/opt/rustwide/workdir" "-m" "1610612736" "--user" "0:0" "--network" "none" "ghcr.io/rust-lang/crates-build-env/linux@sha256:a89201d6b5b9fd45c15d5952ece0a0129e7e80cb26ec023fd59cf09bc26f1604" "/opt/rustwide/cargo-home/bin/cargo" "+beta-2021-10-15" "metadata" "--no-deps" "--format-version=1", kill_on_drop: false }`
[INFO] [stdout] 55b50e22e04d47c3ed1161b0bfbcc8f3ac68db907993969bd03a36f75b7334d7
[INFO] [stderr] WARNING: Your kernel does not support swap limit capabilities or the cgroup is not mounted. Memory limited without swap.
[INFO] running `Command { std: "docker" "start" "-a" "55b50e22e04d47c3ed1161b0bfbcc8f3ac68db907993969bd03a36f75b7334d7", kill_on_drop: false }`
[INFO] running `Command { std: "docker" "inspect" "55b50e22e04d47c3ed1161b0bfbcc8f3ac68db907993969bd03a36f75b7334d7", kill_on_drop: false }`
[INFO] running `Command { std: "docker" "rm" "-f" "55b50e22e04d47c3ed1161b0bfbcc8f3ac68db907993969bd03a36f75b7334d7", kill_on_drop: false }`
[INFO] [stdout] 55b50e22e04d47c3ed1161b0bfbcc8f3ac68db907993969bd03a36f75b7334d7
[INFO] running `Command { std: "docker" "create" "-v" "/var/lib/crater-agent-workspace/builds/worker-14/target:/opt/rustwide/target:rw,Z" "-v" "/var/lib/crater-agent-workspace/builds/worker-14/source:/opt/rustwide/workdir:ro,Z" "-v" "/var/lib/crater-agent-workspace/cargo-home:/opt/rustwide/cargo-home:ro,Z" "-v" "/var/lib/crater-agent-workspace/rustup-home:/opt/rustwide/rustup-home:ro,Z" "-e" "SOURCE_DIR=/opt/rustwide/workdir" "-e" "CARGO_TARGET_DIR=/opt/rustwide/target" "-e" "CARGO_INCREMENTAL=0" "-e" "RUST_BACKTRACE=full" "-e" "RUSTFLAGS=--cap-lints=warn" "-e" "CARGO_HOME=/opt/rustwide/cargo-home" "-e" "RUSTUP_HOME=/opt/rustwide/rustup-home" "-w" "/opt/rustwide/workdir" "-m" "1610612736" "--user" "0:0" "--network" "none" "ghcr.io/rust-lang/crates-build-env/linux@sha256:a89201d6b5b9fd45c15d5952ece0a0129e7e80cb26ec023fd59cf09bc26f1604" "/opt/rustwide/cargo-home/bin/cargo" "+beta-2021-10-15" "check" "--frozen" "--all" "--all-targets" "--message-format=json", kill_on_drop: false }`
[INFO] [stdout] 8d497cd4c38772086ca7b72088230ac2d2e919b0da393fea38a27c377ecbd7de
[INFO] [stderr] WARNING: Your kernel does not support swap limit capabilities or the cgroup is not mounted. Memory limited without swap.
[INFO] running `Command { std: "docker" "start" "-a" "8d497cd4c38772086ca7b72088230ac2d2e919b0da393fea38a27c377ecbd7de", kill_on_drop: false }`
[INFO] [stderr]     Blocking waiting for file lock on package cache
[INFO] [stderr]    Compiling libc v0.2.70
[INFO] [stderr]     Checking lazy_static v1.2.0
[INFO] [stderr]    Compiling syn v1.0.33
[INFO] [stderr]    Compiling cc v1.0.29
[INFO] [stderr]    Compiling pin-project-internal v0.4.22
[INFO] [stderr]     Checking once_cell v1.3.1
[INFO] [stderr]     Checking pin-project-lite v0.1.5
[INFO] [stderr]    Compiling openssl v0.10.16
[INFO] [stderr]    Compiling native-tls v0.2.2
[INFO] [stderr]     Checking log v0.4.6
[INFO] [stderr]     Checking tokio-sync v0.1.1
[INFO] [stderr]     Checking http v0.2.1
[INFO] [stderr]    Compiling quote v1.0.4
[INFO] [stderr]     Checking unicode-normalization v0.1.8
[INFO] [stderr]     Checking crossbeam-utils v0.6.5
[INFO] [stderr]     Checking tracing-core v0.1.11
[INFO] [stderr]     Checking want v0.3.0
[INFO] [stderr]     Checking futures-task v0.3.5
[INFO] [stderr]     Checking tokio-executor v0.1.6
[INFO] [stderr]     Checking crossbeam-epoch v0.7.1
[INFO] [stderr]     Checking crossbeam-channel v0.3.8
[INFO] [stderr]     Checking tracing v0.1.16
[INFO] [stderr]     Checking tokio-current-thread v0.1.4
[INFO] [stderr]     Checking tokio-timer v0.2.10
[INFO] [stderr]    Compiling openssl-sys v0.9.40
[INFO] [stderr]     Checking crossbeam-deque v0.6.3
[INFO] [stderr]     Checking idna v0.2.0
[INFO] [stderr]     Checking iovec v0.1.4
[INFO] [stderr]     Checking net2 v0.2.33
[INFO] [stderr]     Checking rand_os v0.1.2
[INFO] [stderr]     Checking num_cpus v1.9.0
[INFO] [stderr]     Checking time v0.1.42
[INFO] [stderr]     Checking socket2 v0.3.12
[INFO] [stderr]     Checking bytes v0.4.11
[INFO] [stderr]     Checking rand v0.6.5
[INFO] [stderr]     Checking mio v0.6.22
[INFO] [stderr]     Checking url v2.1.1
[INFO] [stderr]     Checking tokio-io v0.1.11
[INFO] [stderr]     Checking http-body v0.3.1
[INFO] [stderr]     Checking tokio v0.2.20
[INFO] [stderr]     Checking mio-uds v0.6.7
[INFO] [stderr]     Checking tokio-codec v0.1.1
[INFO] [stderr]     Checking parking_lot_core v0.4.0
[INFO] [stderr]     Checking parking_lot v0.7.1
[INFO] [stderr]     Checking tokio-reactor v0.1.8
[INFO] [stderr]     Checking crossbeam v0.6.0
[INFO] [stderr]     Checking tokio-threadpool v0.1.11
[INFO] [stderr]     Checking tokio-udp v0.1.3
[INFO] [stderr]     Checking tokio-uds v0.2.5
[INFO] [stderr]     Checking tokio-tcp v0.1.3
[INFO] [stderr]     Checking tokio-fs v0.1.5
[INFO] [stderr]     Checking tokio v0.1.15
[INFO] [stderr]     Checking tokio-core v0.1.17
[INFO] [stderr]     Checking tokio-util v0.3.1
[INFO] [stderr]     Checking tokio-tls v0.3.1
[INFO] [stderr]    Compiling futures-macro v0.3.5
[INFO] [stderr]    Compiling serde_derive v1.0.116
[INFO] [stderr]     Checking pin-project v0.4.22
[INFO] [stderr]     Checking futures-util v0.3.5
[INFO] [stderr]     Checking serde v1.0.116
[INFO] [stderr]     Checking h2 v0.2.5
[INFO] [stderr]     Checking futures-executor v0.3.5
[INFO] [stderr]     Checking futures v0.3.5
[INFO] [stderr]     Checking hyper v0.13.7
[INFO] [stderr]     Checking serde_json v1.0.57
[INFO] [stderr]     Checking hyper-tls v0.4.3
[INFO] [stderr]     Checking webhdfs v0.1.0 (/opt/rustwide/workdir)
[INFO] [stdout] error[E0061]: this function takes 0 arguments but 1 argument was supplied
[INFO] [stdout]   --> src/api.rs:41:29
[INFO] [stdout]    |
[INFO] [stdout] 41 |             let connector = HttpsConnector::new(4).unwrap();
[INFO] [stdout]    |                             ^^^^^^^^^^^^^^^^^^^ - supplied 1 argument
[INFO] [stdout]    |                             |
[INFO] [stdout]    |                             expected 0 arguments
[INFO] [stdout]    |
[INFO] [stdout] note: associated function defined here
[INFO] [stdout]   --> /opt/rustwide/cargo-home/registry/src/github.com-1ecc6299db9ec823/hyper-tls-0.4.3/src/client.rs:42:12
[INFO] [stdout]    |
[INFO] [stdout] 42 |     pub fn new() -> Self {
[INFO] [stdout]    |            ^^^
[INFO] [stdout] 
[INFO] [stdout] 
[INFO] [stdout] error[E0061]: this function takes 0 arguments but 1 argument was supplied
[INFO] [stdout]   --> src/api.rs:41:29
[INFO] [stdout]    |
[INFO] [stdout] 41 |             let connector = HttpsConnector::new(4).unwrap();
[INFO] [stdout]    |                             ^^^^^^^^^^^^^^^^^^^ - supplied 1 argument
[INFO] [stdout]    |                             |
[INFO] [stdout]    |                             expected 0 arguments
[INFO] [stdout]    |
[INFO] [stdout] note: associated function defined here
[INFO] [stdout]   --> /opt/rustwide/cargo-home/registry/src/github.com-1ecc6299db9ec823/hyper-tls-0.4.3/src/client.rs:42:12
[INFO] [stdout]    |
[INFO] [stdout] 42 |     pub fn new() -> Self {
[INFO] [stdout]    |            ^^^
[INFO] [stdout] 
[INFO] [stdout] 
[INFO] [stdout] error[E0599]: no method named `unwrap` found for struct `HttpsConnector` in the current scope
[INFO] [stdout]   --> src/api.rs:41:52
[INFO] [stdout]    |
[INFO] [stdout] 41 |             let connector = HttpsConnector::new(4).unwrap();
[INFO] [stdout]    |                                                    ^^^^^^ method not found in `HttpsConnector<HttpConnector>`
[INFO] [stdout] 
[INFO] [stdout] 
[INFO] [stdout] error: aborting due to 2 previous errors
[INFO] [stdout] 
[INFO] [stdout] 
[INFO] [stdout] error[E0599]: no method named `unwrap` found for struct `HttpsConnector` in the current scope
[INFO] [stdout]   --> src/api.rs:41:52
[INFO] [stdout]    |
[INFO] [stdout] 41 |             let connector = HttpsConnector::new(4).unwrap();
[INFO] [stdout]    |                                                    ^^^^^^ method not found in `HttpsConnector<HttpConnector>`
[INFO] [stdout] 
[INFO] [stdout] 
[INFO] [stdout] Some errors have detailed explanations: E0061, E0599.
[INFO] [stdout] 
[INFO] [stdout] For more information about an error, try `rustc --explain E0061`.
[INFO] [stdout] 
[INFO] [stderr] error: could not compile `webhdfs` due to 3 previous errors
[INFO] [stderr] warning: build failed, waiting for other jobs to finish...
[INFO] [stdout] error: aborting due to 2 previous errors
[INFO] [stdout] 
[INFO] [stdout] 
[INFO] [stdout] Some errors have detailed explanations: E0061, E0599.
[INFO] [stdout] 
[INFO] [stdout] For more information about an error, try `rustc --explain E0061`.
[INFO] [stdout] 
[INFO] [stderr] error: build failed
[INFO] running `Command { std: "docker" "inspect" "8d497cd4c38772086ca7b72088230ac2d2e919b0da393fea38a27c377ecbd7de", kill_on_drop: false }`
[INFO] running `Command { std: "docker" "rm" "-f" "8d497cd4c38772086ca7b72088230ac2d2e919b0da393fea38a27c377ecbd7de", kill_on_drop: false }`
[INFO] [stdout] 8d497cd4c38772086ca7b72088230ac2d2e919b0da393fea38a27c377ecbd7de
