[INFO] cloning repository https://github.com/AndWass/uio
[INFO] running `Command { std: "git" "-c" "credential.helper=" "-c" "credential.helper=/workspace/cargo-home/bin/git-credential-null" "clone" "--bare" "https://github.com/AndWass/uio" "/workspace/cache/git-repos/https%3A%2F%2Fgithub.com%2FAndWass%2Fuio", kill_on_drop: false }`
[INFO] [stderr] Cloning into bare repository '/workspace/cache/git-repos/https%3A%2F%2Fgithub.com%2FAndWass%2Fuio'...
[INFO] running `Command { std: "git" "rev-parse" "HEAD", kill_on_drop: false }`
[INFO] [stdout] 6ad782f9b18953f7e713404f1aebff9b1d0db5f1
[INFO] checking AndWass/uio against 1.55.0 for beta-1.56-3
[INFO] running `Command { std: "git" "clone" "/workspace/cache/git-repos/https%3A%2F%2Fgithub.com%2FAndWass%2Fuio" "/workspace/builds/worker-3/source", kill_on_drop: false }`
[INFO] [stderr] Cloning into '/workspace/builds/worker-3/source'...
[INFO] [stderr] done.
[INFO] validating manifest of git repo https://github.com/AndWass/uio on toolchain 1.55.0
[INFO] running `Command { std: "/workspace/cargo-home/bin/cargo" "+1.55.0" "metadata" "--manifest-path" "Cargo.toml" "--no-deps", kill_on_drop: false }`
[INFO] started tweaking git repo https://github.com/AndWass/uio
[INFO] finished tweaking git repo https://github.com/AndWass/uio
[INFO] tweaked toml for git repo https://github.com/AndWass/uio written to /workspace/builds/worker-3/source/Cargo.toml
[INFO] crate git repo https://github.com/AndWass/uio already has a lockfile, it will not be regenerated
[INFO] running `Command { std: "/workspace/cargo-home/bin/cargo" "+1.55.0" "fetch" "--manifest-path" "Cargo.toml", kill_on_drop: false }`
[INFO] running `Command { std: "docker" "create" "-v" "/var/lib/crater-agent-workspace/builds/worker-3/target:/opt/rustwide/target:rw,Z" "-v" "/var/lib/crater-agent-workspace/builds/worker-3/source:/opt/rustwide/workdir:ro,Z" "-v" "/var/lib/crater-agent-workspace/cargo-home:/opt/rustwide/cargo-home:ro,Z" "-v" "/var/lib/crater-agent-workspace/rustup-home:/opt/rustwide/rustup-home:ro,Z" "-e" "SOURCE_DIR=/opt/rustwide/workdir" "-e" "CARGO_TARGET_DIR=/opt/rustwide/target" "-e" "CARGO_HOME=/opt/rustwide/cargo-home" "-e" "RUSTUP_HOME=/opt/rustwide/rustup-home" "-w" "/opt/rustwide/workdir" "-m" "1610612736" "--user" "0:0" "--network" "none" "ghcr.io/rust-lang/crates-build-env/linux@sha256:a89201d6b5b9fd45c15d5952ece0a0129e7e80cb26ec023fd59cf09bc26f1604" "/opt/rustwide/cargo-home/bin/cargo" "+1.55.0" "metadata" "--no-deps" "--format-version=1", kill_on_drop: false }`
[INFO] [stderr] WARNING: Your kernel does not support swap limit capabilities or the cgroup is not mounted. Memory limited without swap.
[INFO] [stdout] dcceb216aafe8dcd109cfc62c59cc83735221ca1b124114c229908a64f75f6b8
[INFO] running `Command { std: "docker" "start" "-a" "dcceb216aafe8dcd109cfc62c59cc83735221ca1b124114c229908a64f75f6b8", kill_on_drop: false }`
[INFO] running `Command { std: "docker" "inspect" "dcceb216aafe8dcd109cfc62c59cc83735221ca1b124114c229908a64f75f6b8", kill_on_drop: false }`
[INFO] running `Command { std: "docker" "rm" "-f" "dcceb216aafe8dcd109cfc62c59cc83735221ca1b124114c229908a64f75f6b8", kill_on_drop: false }`
[INFO] [stdout] dcceb216aafe8dcd109cfc62c59cc83735221ca1b124114c229908a64f75f6b8
[INFO] running `Command { std: "docker" "create" "-v" "/var/lib/crater-agent-workspace/builds/worker-3/target:/opt/rustwide/target:rw,Z" "-v" "/var/lib/crater-agent-workspace/builds/worker-3/source:/opt/rustwide/workdir:ro,Z" "-v" "/var/lib/crater-agent-workspace/cargo-home:/opt/rustwide/cargo-home:ro,Z" "-v" "/var/lib/crater-agent-workspace/rustup-home:/opt/rustwide/rustup-home:ro,Z" "-e" "SOURCE_DIR=/opt/rustwide/workdir" "-e" "CARGO_TARGET_DIR=/opt/rustwide/target" "-e" "CARGO_INCREMENTAL=0" "-e" "RUST_BACKTRACE=full" "-e" "RUSTFLAGS=--cap-lints=warn" "-e" "CARGO_HOME=/opt/rustwide/cargo-home" "-e" "RUSTUP_HOME=/opt/rustwide/rustup-home" "-w" "/opt/rustwide/workdir" "-m" "1610612736" "--user" "0:0" "--network" "none" "ghcr.io/rust-lang/crates-build-env/linux@sha256:a89201d6b5b9fd45c15d5952ece0a0129e7e80cb26ec023fd59cf09bc26f1604" "/opt/rustwide/cargo-home/bin/cargo" "+1.55.0" "check" "--frozen" "--all" "--all-targets" "--message-format=json", kill_on_drop: false }`
[INFO] [stderr] WARNING: Your kernel does not support swap limit capabilities or the cgroup is not mounted. Memory limited without swap.
[INFO] [stdout] ef00b81f95d79d265acbdb435e8e5f3cf6725a32c3793fd770656cf4fb703d65
[INFO] running `Command { std: "docker" "start" "-a" "ef00b81f95d79d265acbdb435e8e5f3cf6725a32c3793fd770656cf4fb703d65", kill_on_drop: false }`
[INFO] [stderr]    Compiling num-traits v0.2.12
[INFO] [stderr]    Compiling num-integer v0.1.43
[INFO] [stderr]    Compiling num-iter v0.1.41
[INFO] [stderr]     Checking hash32 v0.1.1
[INFO] [stderr]     Checking getrandom v0.1.14
[INFO] [stderr]     Checking as-slice v0.1.4
[INFO] [stderr]     Checking rand_core v0.5.1
[INFO] [stderr]     Checking rand_chacha v0.2.2
[INFO] [stderr]     Checking heapless v0.5.6
[INFO] [stderr]     Checking rand v0.7.3
[INFO] [stderr]     Checking num-complex v0.3.0
[INFO] [stderr]     Checking num-rational v0.3.0
[INFO] [stderr]     Checking num v0.3.0
[INFO] [stderr]     Checking embedded-time v0.10.0
[INFO] [stdout] error[E0284]: type annotations needed: cannot satisfy `<<Clock as Clock>::T as Div<_>>::Output == <Clock as Clock>::T`
[INFO] [stdout]    --> /opt/rustwide/cargo-home/registry/src/github.com-1ecc6299db9ec823/embedded-time-0.10.0/./src/instant.rs:182:66
[INFO] [stdout]     |
[INFO] [stdout] 182 |         if add_ticks <= (<Clock::T as num::Bounded>::max_value() / 2.into()) {
[INFO] [stdout]     |                                                                  ^ cannot satisfy `<<Clock as Clock>::T as Div<_>>::Output == <Clock as Clock>::T`
[INFO] [stdout] 
[INFO] [stdout] 
[INFO] [stdout] error[E0284]: type annotations needed: cannot satisfy `<<Clock as Clock>::T as Div<_>>::Output == <Clock as Clock>::T`
[INFO] [stdout]    --> /opt/rustwide/cargo-home/registry/src/github.com-1ecc6299db9ec823/embedded-time-0.10.0/./src/instant.rs:220:66
[INFO] [stdout]     |
[INFO] [stdout] 220 |         if sub_ticks <= (<Clock::T as num::Bounded>::max_value() / 2.into()) {
[INFO] [stdout]     |                                                                  ^ cannot satisfy `<<Clock as Clock>::T as Div<_>>::Output == <Clock as Clock>::T`
[INFO] [stdout] 
[INFO] [stdout] 
[INFO] [stdout] error[E0284]: type annotations needed: cannot satisfy `<<Clock as Clock>::T as Div<_>>::Output == <Clock as Clock>::T`
[INFO] [stdout]    --> /opt/rustwide/cargo-home/registry/src/github.com-1ecc6299db9ec823/embedded-time-0.10.0/./src/instant.rs:273:60
[INFO] [stdout]     |
[INFO] [stdout] 273 |             .cmp(&(<Clock::T as num::Bounded>::max_value() / 2.into()))
[INFO] [stdout]     |                                                            ^ cannot satisfy `<<Clock as Clock>::T as Div<_>>::Output == <Clock as Clock>::T`
[INFO] [stdout] 
[INFO] [stdout] 
[INFO] [stdout] error: aborting due to 3 previous errors
[INFO] [stdout] 
[INFO] [stdout] 
[INFO] [stdout] For more information about this error, try `rustc --explain E0284`.
[INFO] [stdout] 
[INFO] [stderr] error: could not compile `embedded-time` due to 4 previous errors
[INFO] running `Command { std: "docker" "inspect" "ef00b81f95d79d265acbdb435e8e5f3cf6725a32c3793fd770656cf4fb703d65", kill_on_drop: false }`
[INFO] running `Command { std: "docker" "rm" "-f" "ef00b81f95d79d265acbdb435e8e5f3cf6725a32c3793fd770656cf4fb703d65", kill_on_drop: false }`
[INFO] [stdout] ef00b81f95d79d265acbdb435e8e5f3cf6725a32c3793fd770656cf4fb703d65
