[INFO] cloning repository https://github.com/Aloento/RustySpine
[INFO] running `Command { std: "git" "-c" "credential.helper=" "-c" "credential.helper=/workspace/cargo-home/bin/git-credential-null" "clone" "--bare" "https://github.com/Aloento/RustySpine" "/workspace/cache/git-repos/https%3A%2F%2Fgithub.com%2FAloento%2FRustySpine", kill_on_drop: false }`
[INFO] [stderr] Cloning into bare repository '/workspace/cache/git-repos/https%3A%2F%2Fgithub.com%2FAloento%2FRustySpine'...
[INFO] running `Command { std: "git" "rev-parse" "HEAD", kill_on_drop: false }`
[INFO] [stdout] b2ca13b1b37628e4a951e17a6ab7a9fd511f492f
[INFO] checking Aloento/RustySpine against 1.55.0 for beta-1.56-3
[INFO] running `Command { std: "git" "clone" "/workspace/cache/git-repos/https%3A%2F%2Fgithub.com%2FAloento%2FRustySpine" "/workspace/builds/worker-10/source", kill_on_drop: false }`
[INFO] [stderr] Cloning into '/workspace/builds/worker-10/source'...
[INFO] [stderr] done.
[INFO] validating manifest of git repo https://github.com/Aloento/RustySpine on toolchain 1.55.0
[INFO] running `Command { std: "/workspace/cargo-home/bin/cargo" "+1.55.0" "metadata" "--manifest-path" "Cargo.toml" "--no-deps", kill_on_drop: false }`
[INFO] started tweaking git repo https://github.com/Aloento/RustySpine
[INFO] finished tweaking git repo https://github.com/Aloento/RustySpine
[INFO] tweaked toml for git repo https://github.com/Aloento/RustySpine written to /workspace/builds/worker-10/source/Cargo.toml
[INFO] crate git repo https://github.com/Aloento/RustySpine already has a lockfile, it will not be regenerated
[INFO] running `Command { std: "/workspace/cargo-home/bin/cargo" "+1.55.0" "fetch" "--manifest-path" "Cargo.toml", kill_on_drop: false }`
[INFO] running `Command { std: "docker" "create" "-v" "/var/lib/crater-agent-workspace/builds/worker-10/target:/opt/rustwide/target:rw,Z" "-v" "/var/lib/crater-agent-workspace/builds/worker-10/source:/opt/rustwide/workdir:ro,Z" "-v" "/var/lib/crater-agent-workspace/cargo-home:/opt/rustwide/cargo-home:ro,Z" "-v" "/var/lib/crater-agent-workspace/rustup-home:/opt/rustwide/rustup-home:ro,Z" "-e" "SOURCE_DIR=/opt/rustwide/workdir" "-e" "CARGO_TARGET_DIR=/opt/rustwide/target" "-e" "CARGO_HOME=/opt/rustwide/cargo-home" "-e" "RUSTUP_HOME=/opt/rustwide/rustup-home" "-w" "/opt/rustwide/workdir" "-m" "1610612736" "--user" "0:0" "--network" "none" "ghcr.io/rust-lang/crates-build-env/linux@sha256:a89201d6b5b9fd45c15d5952ece0a0129e7e80cb26ec023fd59cf09bc26f1604" "/opt/rustwide/cargo-home/bin/cargo" "+1.55.0" "metadata" "--no-deps" "--format-version=1", kill_on_drop: false }`
[INFO] [stdout] 990c9e44f6af6695cffecaac08a89d220d5b7c65d7c4a5135412db3625c7798b
[INFO] [stderr] WARNING: Your kernel does not support swap limit capabilities or the cgroup is not mounted. Memory limited without swap.
[INFO] running `Command { std: "docker" "start" "-a" "990c9e44f6af6695cffecaac08a89d220d5b7c65d7c4a5135412db3625c7798b", kill_on_drop: false }`
[INFO] running `Command { std: "docker" "inspect" "990c9e44f6af6695cffecaac08a89d220d5b7c65d7c4a5135412db3625c7798b", kill_on_drop: false }`
[INFO] running `Command { std: "docker" "rm" "-f" "990c9e44f6af6695cffecaac08a89d220d5b7c65d7c4a5135412db3625c7798b", kill_on_drop: false }`
[INFO] [stdout] 990c9e44f6af6695cffecaac08a89d220d5b7c65d7c4a5135412db3625c7798b
[INFO] running `Command { std: "docker" "create" "-v" "/var/lib/crater-agent-workspace/builds/worker-10/target:/opt/rustwide/target:rw,Z" "-v" "/var/lib/crater-agent-workspace/builds/worker-10/source:/opt/rustwide/workdir:ro,Z" "-v" "/var/lib/crater-agent-workspace/cargo-home:/opt/rustwide/cargo-home:ro,Z" "-v" "/var/lib/crater-agent-workspace/rustup-home:/opt/rustwide/rustup-home:ro,Z" "-e" "SOURCE_DIR=/opt/rustwide/workdir" "-e" "CARGO_TARGET_DIR=/opt/rustwide/target" "-e" "CARGO_INCREMENTAL=0" "-e" "RUST_BACKTRACE=full" "-e" "RUSTFLAGS=--cap-lints=warn" "-e" "CARGO_HOME=/opt/rustwide/cargo-home" "-e" "RUSTUP_HOME=/opt/rustwide/rustup-home" "-w" "/opt/rustwide/workdir" "-m" "1610612736" "--user" "0:0" "--network" "none" "ghcr.io/rust-lang/crates-build-env/linux@sha256:a89201d6b5b9fd45c15d5952ece0a0129e7e80cb26ec023fd59cf09bc26f1604" "/opt/rustwide/cargo-home/bin/cargo" "+1.55.0" "check" "--frozen" "--all" "--all-targets" "--message-format=json", kill_on_drop: false }`
[INFO] [stdout] 479aef62eaddf21c26e76c0f603852253afb4a112ee0a817bddff445c3f4f51a
[INFO] [stderr] WARNING: Your kernel does not support swap limit capabilities or the cgroup is not mounted. Memory limited without swap.
[INFO] running `Command { std: "docker" "start" "-a" "479aef62eaddf21c26e76c0f603852253afb4a112ee0a817bddff445c3f4f51a", kill_on_drop: false }`
[INFO] [stderr]     Checking parking_lot_core v0.7.2
[INFO] [stderr]     Checking parking_lot v0.10.2
[INFO] [stderr]     Checking object-pool v0.5.3
[INFO] [stderr]     Checking RustySpine v0.1.0 (/opt/rustwide/workdir)
[INFO] [stdout] error: expected one of `!`, `.`, `::`, `;`, `?`, `{`, `}`, or an operator, found `,`
[INFO] [stdout]    --> src/animation_state.rs:116:25
[INFO] [stdout]     |
[INFO] [stdout] 116 |         self.next = None,
[INFO] [stdout]     |                         ^ expected one of 8 possible tokens
[INFO] [stdout] 
[INFO] [stdout] 
[INFO] [stdout] error: expected one of `!`, `.`, `::`, `;`, `?`, `{`, `}`, or an operator, found `,`
[INFO] [stdout]    --> src/animation_state.rs:116:25
[INFO] [stdout]     |
[INFO] [stdout] 116 |         self.next = None,
[INFO] [stdout]     |                         ^ expected one of 8 possible tokens
[INFO] [stdout] 
[INFO] [stdout] 
[INFO] [stdout] error[E0412]: cannot find type `Format` in this scope
[INFO] [stdout]   --> src/attachments/texture_atlas.rs:49:13
[INFO] [stdout]    |
[INFO] [stdout] 49 |     format: Format,
[INFO] [stdout]    |             ^^^^^^ not found in this scope
[INFO] [stdout] 
[INFO] [stdout] 
[INFO] [stdout] error[E0554]: `#![feature]` may not be used on the stable release channel
[INFO] [stdout]  --> src/lib.rs:2:1
[INFO] [stdout]   |
[INFO] [stdout] 2 | #![feature(assoc_char_funcs)]
[INFO] [stdout]   | ^^^^^^^^^^^^^^^^^^^^^^^^^^^^^
[INFO] [stdout] 
[INFO] [stdout] 
[INFO] [stdout] error[E0554]: `#![feature]` may not be used on the stable release channel
[INFO] [stdout]  --> src/lib.rs:3:1
[INFO] [stdout]   |
[INFO] [stdout] 3 | #![feature(allocator_api)]
[INFO] [stdout]   | ^^^^^^^^^^^^^^^^^^^^^^^^^^
[INFO] [stdout] 
[INFO] [stdout] 
[INFO] [stdout] error[E0726]: implicit elided lifetime not allowed here
[INFO] [stdout]   --> src/attachments/path_attachment.rs:12:6
[INFO] [stdout]    |
[INFO] [stdout] 12 | impl PathAttachment {
[INFO] [stdout]    |      ^^^^^^^^^^^^^^- help: indicate the anonymous lifetime: `<'_>`
[INFO] [stdout]    |
[INFO] [stdout]    = note: assuming a `'static` lifetime...
[INFO] [stdout] 
[INFO] [stdout] 
[INFO] [stdout] error[E0726]: implicit elided lifetime not allowed here
[INFO] [stdout]   --> src/attachments/vertex_attachment.rs:13:6
[INFO] [stdout]    |
[INFO] [stdout] 13 | impl VertexAttachment {
[INFO] [stdout]    |      ^^^^^^^^^^^^^^^^- help: indicate the anonymous lifetime: `<'_>`
[INFO] [stdout]    |
[INFO] [stdout]    = note: assuming a `'static` lifetime...
[INFO] [stdout] 
[INFO] [stdout] 
[INFO] [stdout] error[E0726]: implicit elided lifetime not allowed here
[INFO] [stdout]   --> src/animation_state.rs:79:6
[INFO] [stdout]    |
[INFO] [stdout] 79 | impl TrackEntry {
[INFO] [stdout]    |      ^^^^^^^^^^- help: indicate the anonymous lifetime: `<'_>`
[INFO] [stdout]    |
[INFO] [stdout]    = note: assuming a `'static` lifetime...
[INFO] [stdout] 
[INFO] [stdout] 
[INFO] [stdout] warning: unused import: `std::borrow::Borrow`
[INFO] [stdout]  --> src/skeleton.rs:1:5
[INFO] [stdout]   |
[INFO] [stdout] 1 | use std::borrow::Borrow;
[INFO] [stdout]   |     ^^^^^^^^^^^^^^^^^^^
[INFO] [stdout]   |
[INFO] [stdout]   = note: `#[warn(unused_imports)]` on by default
[INFO] [stdout] 
[INFO] [stdout] 
[INFO] [stdout] error[E0106]: missing lifetime specifier
[INFO] [stdout]   --> src/animation_state.rs:19:17
[INFO] [stdout]    |
[INFO] [stdout] 19 |     events: Vec<Event>,
[INFO] [stdout]    |                 ^^^^^ expected named lifetime parameter
[INFO] [stdout]    |
[INFO] [stdout] help: consider using the `'a` lifetime
[INFO] [stdout]    |
[INFO] [stdout] 19 |     events: Vec<Event<'a>>,
[INFO] [stdout]    |                 ^^^^^^^^^
[INFO] [stdout] 
[INFO] [stdout] 
[INFO] [stdout] error: aborting due to 8 previous errors; 1 warning emitted
[INFO] [stdout] 
[INFO] [stdout] 
[INFO] [stdout] Some errors have detailed explanations: E0106, E0412, E0554.
[INFO] [stdout] 
[INFO] [stdout] For more information about an error, try `rustc --explain E0106`.
[INFO] [stdout] 
[INFO] [stderr] error: could not compile `RustySpine` due to 9 previous errors; 1 warning emitted
[INFO] [stderr] warning: build failed, waiting for other jobs to finish...
[INFO] [stdout] error[E0412]: cannot find type `Format` in this scope
[INFO] [stdout]   --> src/attachments/texture_atlas.rs:49:13
[INFO] [stdout]    |
[INFO] [stdout] 49 |     format: Format,
[INFO] [stdout]    |             ^^^^^^ not found in this scope
[INFO] [stdout] 
[INFO] [stdout] 
[INFO] [stdout] error[E0554]: `#![feature]` may not be used on the stable release channel
[INFO] [stdout]  --> src/lib.rs:2:1
[INFO] [stdout]   |
[INFO] [stdout] 2 | #![feature(assoc_char_funcs)]
[INFO] [stdout]   | ^^^^^^^^^^^^^^^^^^^^^^^^^^^^^
[INFO] [stdout] 
[INFO] [stdout] 
[INFO] [stdout] error[E0554]: `#![feature]` may not be used on the stable release channel
[INFO] [stdout]  --> src/lib.rs:3:1
[INFO] [stdout]   |
[INFO] [stdout] 3 | #![feature(allocator_api)]
[INFO] [stdout]   | ^^^^^^^^^^^^^^^^^^^^^^^^^^
[INFO] [stdout] 
[INFO] [stdout] 
[INFO] [stdout] error[E0726]: implicit elided lifetime not allowed here
[INFO] [stdout]   --> src/attachments/path_attachment.rs:12:6
[INFO] [stdout]    |
[INFO] [stdout] 12 | impl PathAttachment {
[INFO] [stdout]    |      ^^^^^^^^^^^^^^- help: indicate the anonymous lifetime: `<'_>`
[INFO] [stdout]    |
[INFO] [stdout]    = note: assuming a `'static` lifetime...
[INFO] [stdout] 
[INFO] [stdout] 
[INFO] [stdout] error[E0726]: implicit elided lifetime not allowed here
[INFO] [stdout]   --> src/attachments/vertex_attachment.rs:13:6
[INFO] [stdout]    |
[INFO] [stdout] 13 | impl VertexAttachment {
[INFO] [stdout]    |      ^^^^^^^^^^^^^^^^- help: indicate the anonymous lifetime: `<'_>`
[INFO] [stdout]    |
[INFO] [stdout]    = note: assuming a `'static` lifetime...
[INFO] [stdout] 
[INFO] [stdout] 
[INFO] [stdout] error[E0726]: implicit elided lifetime not allowed here
[INFO] [stdout]   --> src/animation_state.rs:79:6
[INFO] [stdout]    |
[INFO] [stdout] 79 | impl TrackEntry {
[INFO] [stdout]    |      ^^^^^^^^^^- help: indicate the anonymous lifetime: `<'_>`
[INFO] [stdout]    |
[INFO] [stdout]    = note: assuming a `'static` lifetime...
[INFO] [stdout] 
[INFO] [stdout] 
[INFO] [stdout] warning: unused import: `std::borrow::Borrow`
[INFO] [stdout]  --> src/skeleton.rs:1:5
[INFO] [stdout]   |
[INFO] [stdout] 1 | use std::borrow::Borrow;
[INFO] [stdout]   |     ^^^^^^^^^^^^^^^^^^^
[INFO] [stdout]   |
[INFO] [stdout]   = note: `#[warn(unused_imports)]` on by default
[INFO] [stdout] 
[INFO] [stdout] 
[INFO] [stdout] error[E0106]: missing lifetime specifier
[INFO] [stdout]   --> src/animation_state.rs:19:17
[INFO] [stdout]    |
[INFO] [stdout] 19 |     events: Vec<Event>,
[INFO] [stdout]    |                 ^^^^^ expected named lifetime parameter
[INFO] [stdout]    |
[INFO] [stdout] help: consider using the `'a` lifetime
[INFO] [stdout]    |
[INFO] [stdout] 19 |     events: Vec<Event<'a>>,
[INFO] [stdout]    |                 ^^^^^^^^^
[INFO] [stdout] 
[INFO] [stdout] 
[INFO] [stdout] error: aborting due to 8 previous errors; 1 warning emitted
[INFO] [stdout] 
[INFO] [stdout] 
[INFO] [stdout] Some errors have detailed explanations: E0106, E0412, E0554.
[INFO] [stdout] 
[INFO] [stdout] For more information about an error, try `rustc --explain E0106`.
[INFO] [stdout] 
[INFO] [stderr] error: build failed
[INFO] running `Command { std: "docker" "inspect" "479aef62eaddf21c26e76c0f603852253afb4a112ee0a817bddff445c3f4f51a", kill_on_drop: false }`
[INFO] running `Command { std: "docker" "rm" "-f" "479aef62eaddf21c26e76c0f603852253afb4a112ee0a817bddff445c3f4f51a", kill_on_drop: false }`
[INFO] [stdout] 479aef62eaddf21c26e76c0f603852253afb4a112ee0a817bddff445c3f4f51a
