[INFO] cloning repository https://github.com/Alex6323/iota-address-finder
[INFO] running `Command { std: "git" "-c" "credential.helper=" "-c" "credential.helper=/workspace/cargo-home/bin/git-credential-null" "clone" "--bare" "https://github.com/Alex6323/iota-address-finder" "/workspace/cache/git-repos/https%3A%2F%2Fgithub.com%2FAlex6323%2Fiota-address-finder", kill_on_drop: false }`
[INFO] [stderr] Cloning into bare repository '/workspace/cache/git-repos/https%3A%2F%2Fgithub.com%2FAlex6323%2Fiota-address-finder'...
[INFO] running `Command { std: "git" "rev-parse" "HEAD", kill_on_drop: false }`
[INFO] [stdout] a9d10c384b28cb6c8a14702cae2ccfbcdc0b95ff
[INFO] checking Alex6323/iota-address-finder against beta-2021-10-15 for beta-1.56-3
[INFO] running `Command { std: "git" "clone" "/workspace/cache/git-repos/https%3A%2F%2Fgithub.com%2FAlex6323%2Fiota-address-finder" "/workspace/builds/worker-11/source", kill_on_drop: false }`
[INFO] [stderr] Cloning into '/workspace/builds/worker-11/source'...
[INFO] [stderr] done.
[INFO] validating manifest of git repo https://github.com/Alex6323/iota-address-finder on toolchain beta-2021-10-15
[INFO] running `Command { std: "/workspace/cargo-home/bin/cargo" "+beta-2021-10-15" "metadata" "--manifest-path" "Cargo.toml" "--no-deps", kill_on_drop: false }`
[INFO] started tweaking git repo https://github.com/Alex6323/iota-address-finder
[INFO] finished tweaking git repo https://github.com/Alex6323/iota-address-finder
[INFO] tweaked toml for git repo https://github.com/Alex6323/iota-address-finder written to /workspace/builds/worker-11/source/Cargo.toml
[INFO] crate git repo https://github.com/Alex6323/iota-address-finder already has a lockfile, it will not be regenerated
[INFO] running `Command { std: "/workspace/cargo-home/bin/cargo" "+beta-2021-10-15" "fetch" "--manifest-path" "Cargo.toml", kill_on_drop: false }`
[INFO] [stderr]  Downloading crates ...
[INFO] [stderr]   Downloaded variance v0.1.3
[INFO] [stderr]   Downloaded scopeguard v0.1.2
[INFO] [stderr]   Downloaded crossbeam v0.2.12
[INFO] [stderr]   Downloaded serde v1.0.92
[INFO] [stderr]   Downloaded string v0.2.0
[INFO] [stderr]   Downloaded reqwest v0.9.18
[INFO] [stderr]   Downloaded futures-executor-preview v0.3.0-alpha.16
[INFO] [stderr]   Downloaded futures-util-preview v0.3.0-alpha.16
[INFO] [stderr]   Downloaded scoped-pool v1.0.0
[INFO] [stderr]   Downloaded futures-async-runtime-preview v0.2.3
[INFO] [stderr]   Downloaded regex-syntax v0.6.7
[INFO] [stderr]   Downloaded futures-sink-preview v0.3.0-alpha.16
[INFO] [stderr]   Downloaded tokio v0.1.21
[INFO] [stderr]   Downloaded futures-util-preview v0.2.2
[INFO] [stderr]   Downloaded futures-executor-preview v0.2.2
[INFO] [stderr]   Downloaded futures-stable-preview v0.2.3
[INFO] [stderr]   Downloaded futures-io-preview v0.2.2
[INFO] [stderr]   Downloaded futures-channel-preview v0.2.2
[INFO] [stderr]   Downloaded futures-core-preview v0.2.3
[INFO] [stderr]   Downloaded futures-sink-preview v0.2.2
[INFO] [stderr]   Downloaded futures-preview v0.2.2
[INFO] [stderr]   Downloaded futures-channel-preview v0.3.0-alpha.16
[INFO] [stderr]   Downloaded serde_derive v1.0.92
[INFO] [stderr]   Downloaded structopt-derive v0.2.16
[INFO] [stderr]   Downloaded futures-io-preview v0.3.0-alpha.16
[INFO] [stderr]   Downloaded futures-core-preview v0.3.0-alpha.16
[INFO] [stderr]   Downloaded backtrace v0.3.30
[INFO] [stderr]   Downloaded hyper v0.12.30
[INFO] [stderr]   Downloaded tokio-trace-core v0.2.0
[INFO] [stderr]   Downloaded regex v1.1.7
[INFO] [stderr]   Downloaded structopt v0.2.16
[INFO] [stderr]   Downloaded h2 v0.1.23
[INFO] [stderr]   Downloaded syn v0.15.36
[INFO] [stderr]   Downloaded iota-lib-rs v0.1.3
[INFO] [stderr]   Downloaded futures-preview v0.3.0-alpha.16
[INFO] running `Command { std: "docker" "create" "-v" "/var/lib/crater-agent-workspace/builds/worker-11/target:/opt/rustwide/target:rw,Z" "-v" "/var/lib/crater-agent-workspace/builds/worker-11/source:/opt/rustwide/workdir:ro,Z" "-v" "/var/lib/crater-agent-workspace/cargo-home:/opt/rustwide/cargo-home:ro,Z" "-v" "/var/lib/crater-agent-workspace/rustup-home:/opt/rustwide/rustup-home:ro,Z" "-e" "SOURCE_DIR=/opt/rustwide/workdir" "-e" "CARGO_TARGET_DIR=/opt/rustwide/target" "-e" "CARGO_HOME=/opt/rustwide/cargo-home" "-e" "RUSTUP_HOME=/opt/rustwide/rustup-home" "-w" "/opt/rustwide/workdir" "-m" "1610612736" "--user" "0:0" "--network" "none" "ghcr.io/rust-lang/crates-build-env/linux@sha256:a89201d6b5b9fd45c15d5952ece0a0129e7e80cb26ec023fd59cf09bc26f1604" "/opt/rustwide/cargo-home/bin/cargo" "+beta-2021-10-15" "metadata" "--no-deps" "--format-version=1", kill_on_drop: false }`
[INFO] [stdout] 72d08b4f60e3d9e64652a0ee6d93cdf07a26591705ff2ff5a2d01343fcadfe35
[INFO] [stderr] WARNING: Your kernel does not support swap limit capabilities or the cgroup is not mounted. Memory limited without swap.
[INFO] running `Command { std: "docker" "start" "-a" "72d08b4f60e3d9e64652a0ee6d93cdf07a26591705ff2ff5a2d01343fcadfe35", kill_on_drop: false }`
[INFO] running `Command { std: "docker" "inspect" "72d08b4f60e3d9e64652a0ee6d93cdf07a26591705ff2ff5a2d01343fcadfe35", kill_on_drop: false }`
[INFO] running `Command { std: "docker" "rm" "-f" "72d08b4f60e3d9e64652a0ee6d93cdf07a26591705ff2ff5a2d01343fcadfe35", kill_on_drop: false }`
[INFO] [stdout] 72d08b4f60e3d9e64652a0ee6d93cdf07a26591705ff2ff5a2d01343fcadfe35
[INFO] running `Command { std: "docker" "create" "-v" "/var/lib/crater-agent-workspace/builds/worker-11/target:/opt/rustwide/target:rw,Z" "-v" "/var/lib/crater-agent-workspace/builds/worker-11/source:/opt/rustwide/workdir:ro,Z" "-v" "/var/lib/crater-agent-workspace/cargo-home:/opt/rustwide/cargo-home:ro,Z" "-v" "/var/lib/crater-agent-workspace/rustup-home:/opt/rustwide/rustup-home:ro,Z" "-e" "SOURCE_DIR=/opt/rustwide/workdir" "-e" "CARGO_TARGET_DIR=/opt/rustwide/target" "-e" "CARGO_INCREMENTAL=0" "-e" "RUST_BACKTRACE=full" "-e" "RUSTFLAGS=--cap-lints=warn" "-e" "CARGO_HOME=/opt/rustwide/cargo-home" "-e" "RUSTUP_HOME=/opt/rustwide/rustup-home" "-w" "/opt/rustwide/workdir" "-m" "1610612736" "--user" "0:0" "--network" "none" "ghcr.io/rust-lang/crates-build-env/linux@sha256:a89201d6b5b9fd45c15d5952ece0a0129e7e80cb26ec023fd59cf09bc26f1604" "/opt/rustwide/cargo-home/bin/cargo" "+beta-2021-10-15" "check" "--frozen" "--all" "--all-targets" "--message-format=json", kill_on_drop: false }`
[INFO] [stdout] c78737d73ee4de4154d51706f77d71d463944cbde2f59d1914bf3695b7aaee13
[INFO] [stderr] WARNING: Your kernel does not support swap limit capabilities or the cgroup is not mounted. Memory limited without swap.
[INFO] running `Command { std: "docker" "start" "-a" "c78737d73ee4de4154d51706f77d71d463944cbde2f59d1914bf3695b7aaee13", kill_on_drop: false }`
[INFO] [stderr]    Compiling syn v0.15.36
[INFO] [stderr]    Compiling serde v1.0.92
[INFO] [stderr]     Checking futures-core-preview v0.3.0-alpha.16
[INFO] [stderr]    Compiling regex v1.1.7
[INFO] [stderr]     Checking utf8-ranges v1.0.3
[INFO] [stderr]     Checking scopeguard v0.1.2
[INFO] [stderr]     Checking variance v0.1.3
[INFO] [stderr]     Checking futures-core-preview v0.2.3
[INFO] [stderr]    Compiling backtrace v0.3.30
[INFO] [stderr]     Checking tokio-trace-core v0.2.0
[INFO] [stderr]    Compiling num-traits v0.2.8
[INFO] [stderr]    Compiling num-integer v0.1.41
[INFO] [stderr]     Checking tokio-sync v0.1.6
[INFO] [stderr]     Checking regex-syntax v0.6.7
[INFO] [stderr]    Compiling libc v0.2.58
[INFO] [stderr]     Checking crossbeam-channel v0.3.8
[INFO] [stderr]     Checking want v0.0.6
[INFO] [stderr]    Compiling openssl-sys v0.9.47
[INFO] [stderr]     Checking iovec v0.1.2
[INFO] [stderr]     Checking num_cpus v1.10.1
[INFO] [stderr]     Checking net2 v0.2.33
[INFO] [stderr]     Checking time v0.1.42
[INFO] [stderr]     Checking rand v0.5.6
[INFO] [stderr]     Checking atty v0.2.11
[INFO] [stderr]     Checking rand_chacha v0.1.1
[INFO] [stderr]    Compiling rand_pcg v0.1.2
[INFO] [stderr]     Checking backtrace-sys v0.1.28
[INFO] [stderr]     Checking scoped-pool v1.0.0
[INFO] [stderr]     Checking crossbeam-epoch v0.7.1
[INFO] [stderr]     Checking crossbeam-epoch v0.6.1
[INFO] [stderr]     Checking aho-corasick v0.7.3
[INFO] [stderr]     Checking futures-channel-preview v0.3.0-alpha.16
[INFO] [stderr]     Checking futures-io-preview v0.3.0-alpha.16
[INFO] [stderr]     Checking futures-channel-preview v0.2.2
[INFO] [stderr]    Compiling openssl v0.10.23
[INFO] [stderr]    Compiling native-tls v0.2.3
[INFO] [stderr]     Checking futures-cpupool v0.1.8
[INFO] [stderr]     Checking bytes v0.4.12
[INFO] [stderr]     Checking futures-io-preview v0.2.2
[INFO] [stderr]    Compiling rand_os v0.1.3
[INFO] [stderr]     Checking miniz_oxide_c_api v0.2.1
[INFO] [stderr]     Checking clap v2.33.0
[INFO] [stderr]     Checking mio v0.6.19
[INFO] [stderr]     Checking rand v0.6.5
[INFO] [stderr]     Checking cookie v0.12.0
[INFO] [stderr]     Checking futures-sink-preview v0.3.0-alpha.16
[INFO] [stderr]     Checking crossbeam-deque v0.7.1
[INFO] [stderr]     Checking crossbeam-deque v0.6.3
[INFO] [stderr]     Checking futures-sink-preview v0.2.2
[INFO] [stderr]     Checking tokio-io v0.1.12
[INFO] [stderr]     Checking http v0.1.17
[INFO] [stderr]     Checking tokio-buf v0.1.1
[INFO] [stderr]     Checking string v0.2.0
[INFO] [stderr]     Checking parking_lot_core v0.3.1
[INFO] [stderr]     Checking futures-util-preview v0.3.0-alpha.16
[INFO] [stderr]     Checking flate2 v1.0.7
[INFO] [stderr]     Checking error-chain v0.12.1
[INFO] [stderr]     Checking futures-util-preview v0.2.2
[INFO] [stderr]     Checking parking_lot v0.6.4
[INFO] [stderr]     Checking parking_lot_core v0.4.0
[INFO] [stderr]     Checking tokio-threadpool v0.1.14
[INFO] [stderr]     Checking uuid v0.7.4
[INFO] [stderr]     Checking crossbeam v0.5.0
[INFO] [stderr]     Checking parking_lot v0.7.1
[INFO] [stderr]    Compiling phf_generator v0.7.24
[INFO] [stderr]     Checking chrono v0.4.6
[INFO] [stderr]     Checking tokio-reactor v0.1.9
[INFO] [stderr]     Checking futures-executor-preview v0.2.2
[INFO] [stderr]    Compiling phf_codegen v0.7.24
[INFO] [stderr]    Compiling mime_guess v2.0.0-alpha.6
[INFO] [stderr]     Checking futures-stable-preview v0.2.3
[INFO] [stderr]     Checking publicsuffix v1.5.2
[INFO] [stderr]     Checking futures-async-runtime-preview v0.2.3
[INFO] [stderr]     Checking tokio-tcp v0.1.3
[INFO] [stderr]     Checking futures-preview v0.2.2
[INFO] [stderr]     Checking h2 v0.1.23
[INFO] [stderr]     Checking http-body v0.1.0
[INFO] [stderr]     Checking futures-executor-preview v0.3.0-alpha.16
[INFO] [stderr]     Checking tokio v0.1.21
[INFO] [stderr]     Checking futures-preview v0.3.0-alpha.16
[INFO] [stderr]    Compiling synstructure v0.10.2
[INFO] [stderr]    Compiling serde_derive v1.0.92
[INFO] [stderr]    Compiling structopt-derive v0.2.16
[INFO] [stderr]    Compiling failure_derive v0.1.5
[INFO] [stderr]     Checking hyper v0.12.30
[INFO] [stderr]     Checking failure v0.1.5
[INFO] [stderr]     Checking structopt v0.2.16
[INFO] [stderr]     Checking hyper-tls v0.3.2
[INFO] [stderr]     Checking serde_json v1.0.39
[INFO] [stderr]     Checking serde_urlencoded v0.5.5
[INFO] [stderr]     Checking cookie_store v0.7.0
[INFO] [stderr]     Checking reqwest v0.9.18
[INFO] [stderr]     Checking iota-lib-rs v0.1.3
[INFO] [stdout] error[E0557]: feature has been removed
[INFO] [stdout]   --> /opt/rustwide/cargo-home/registry/src/github.com-1ecc6299db9ec823/iota-lib-rs-0.1.3/src/lib.rs:58:12
[INFO] [stdout]    |
[INFO] [stdout] 58 | #![feature(await_macro)]
[INFO] [stdout]    |            ^^^^^^^^^^^ feature has been removed
[INFO] [stdout]    |
[INFO] [stdout]    = note: subsumed by `.await` syntax
[INFO] [stdout] 
[INFO] [stdout] 
[INFO] [stdout] error: incorrect use of `await`
[INFO] [stdout]   --> /opt/rustwide/cargo-home/registry/src/github.com-1ecc6299db9ec823/iota-lib-rs-0.1.3/src/iota_api.rs:94:35
[INFO] [stdout]    |
[INFO] [stdout] 94 |                     let address = await!(new_address(&seed, security, i, checksum))?;
[INFO] [stdout]    |                                   ^^^^^^^^^^^^^^^^^^^^^^^^^^^^^^^^^^^^^^^^^^^^^^^^^ help: `await` is a postfix operation: `new_address(&seed, security, i, checksum).await`
[INFO] [stdout] 
[INFO] [stdout] 
[INFO] [stdout] error: incorrect use of `await`
[INFO] [stdout]    --> /opt/rustwide/cargo-home/registry/src/github.com-1ecc6299db9ec823/iota-lib-rs-0.1.3/src/iota_api.rs:100:35
[INFO] [stdout]     |
[INFO] [stdout] 100 |                 let new_address = await!(new_address(&seed, security, index, checksum))?;
[INFO] [stdout]     |                                   ^^^^^^^^^^^^^^^^^^^^^^^^^^^^^^^^^^^^^^^^^^^^^^^^^^^^^ help: `await` is a postfix operation: `new_address(&seed, security, index, checksum).await`
[INFO] [stdout] 
[INFO] [stdout] 
[INFO] [stdout] error: incorrect use of `await`
[INFO] [stdout]    --> /opt/rustwide/cargo-home/registry/src/github.com-1ecc6299db9ec823/iota-lib-rs-0.1.3/src/iota_api.rs:153:26
[INFO] [stdout]     |
[INFO] [stdout] 153 |           let to_approve = await!(iri_api::get_transactions_to_approve(
[INFO] [stdout]     |  __________________________^
[INFO] [stdout] 154 | |             &self.client,
[INFO] [stdout] 155 | |             self.uri.clone(),
[INFO] [stdout] 156 | |             depth,
[INFO] [stdout] 157 | |             options.reference,
[INFO] [stdout] 158 | |         ))?;
[INFO] [stdout]     | |__________^
[INFO] [stdout]     |
[INFO] [stdout] help: `await` is a postfix operation
[INFO] [stdout]     |
[INFO] [stdout] 153 ~         let to_approve = iri_api::get_transactions_to_approve(
[INFO] [stdout] 154 +             &self.client,
[INFO] [stdout] 155 +             self.uri.clone(),
[INFO] [stdout] 156 +             depth,
[INFO] [stdout] 157 +             options.reference,
[INFO] [stdout] 158 ~         ).await?;
[INFO] [stdout]     |
[INFO] [stdout] 
[INFO] [stdout] 
[INFO] [stdout] error: incorrect use of `await`
[INFO] [stdout]    --> /opt/rustwide/cargo-home/registry/src/github.com-1ecc6299db9ec823/iota-lib-rs-0.1.3/src/iota_api.rs:160:23
[INFO] [stdout]     |
[INFO] [stdout] 160 |               let res = await!(iri_api::attach_to_tangle_local(
[INFO] [stdout]     |  _______________________^
[INFO] [stdout] 161 | |                 options.threads,
[INFO] [stdout] 162 | |                 to_approve.trunk_transaction().unwrap(),
[INFO] [stdout] 163 | |                 to_approve.branch_transaction().unwrap(),
[INFO] [stdout] 164 | |                 min_weight_magnitude,
[INFO] [stdout] 165 | |                 trytes.to_vec(),
[INFO] [stdout] 166 | |             ))?;
[INFO] [stdout]     | |______________^
[INFO] [stdout]     |
[INFO] [stdout] help: `await` is a postfix operation
[INFO] [stdout]     |
[INFO] [stdout] 160 ~             let res = iri_api::attach_to_tangle_local(
[INFO] [stdout] 161 +                 options.threads,
[INFO] [stdout] 162 +                 to_approve.trunk_transaction().unwrap(),
[INFO] [stdout] 163 +                 to_approve.branch_transaction().unwrap(),
[INFO] [stdout] 164 +                 min_weight_magnitude,
[INFO] [stdout] 165 +                 trytes.to_vec(),
[INFO] [stdout]   ...
[INFO] [stdout] 
[INFO] [stdout] 
[INFO] [stdout] error: incorrect use of `await`
[INFO] [stdout]    --> /opt/rustwide/cargo-home/registry/src/github.com-1ecc6299db9ec823/iota-lib-rs-0.1.3/src/iota_api.rs:169:28
[INFO] [stdout]     |
[INFO] [stdout] 169 |               let attached = await!(iri_api::attach_to_tangle(
[INFO] [stdout]     |  ____________________________^
[INFO] [stdout] 170 | |                 self.client.clone(),
[INFO] [stdout] 171 | |                 self.uri.clone(),
[INFO] [stdout] 172 | |                 to_approve.trunk_transaction().unwrap(),
[INFO] [stdout] ...   |
[INFO] [stdout] 175 | |                 trytes.to_vec(),
[INFO] [stdout] 176 | |             ))?;
[INFO] [stdout]     | |______________^
[INFO] [stdout]     |
[INFO] [stdout] help: `await` is a postfix operation
[INFO] [stdout]     |
[INFO] [stdout] 169 ~             let attached = iri_api::attach_to_tangle(
[INFO] [stdout] 170 +                 self.client.clone(),
[INFO] [stdout] 171 +                 self.uri.clone(),
[INFO] [stdout] 172 +                 to_approve.trunk_transaction().unwrap(),
[INFO] [stdout] 173 +                 to_approve.branch_transaction().unwrap(),
[INFO] [stdout] 174 +                 min_weight_magnitude,
[INFO] [stdout]   ...
[INFO] [stdout] 
[INFO] [stdout] 
[INFO] [stdout] error: incorrect use of `await`
[INFO] [stdout]    --> /opt/rustwide/cargo-home/registry/src/github.com-1ecc6299db9ec823/iota-lib-rs-0.1.3/src/iota_api.rs:179:9
[INFO] [stdout]     |
[INFO] [stdout] 179 |         await!(self.store_and_broadcast(trytes_list.clone()))?;
[INFO] [stdout]     |         ^^^^^^^^^^^^^^^^^^^^^^^^^^^^^^^^^^^^^^^^^^^^^^^^^^^^^ help: `await` is a postfix operation: `self.store_and_broadcast(trytes_list.clone()).await`
[INFO] [stdout] 
[INFO] [stdout] 
[INFO] [stdout] error: incorrect use of `await`
[INFO] [stdout]    --> /opt/rustwide/cargo-home/registry/src/github.com-1ecc6299db9ec823/iota-lib-rs-0.1.3/src/iota_api.rs:191:9
[INFO] [stdout]     |
[INFO] [stdout] 191 | /         await!(iri_api::store_transactions(
[INFO] [stdout] 192 | |             self.client.clone(),
[INFO] [stdout] 193 | |             self.uri.clone(),
[INFO] [stdout] 194 | |             trytes.clone()
[INFO] [stdout] 195 | |         ))?;
[INFO] [stdout]     | |__________^
[INFO] [stdout]     |
[INFO] [stdout] help: `await` is a postfix operation
[INFO] [stdout]     |
[INFO] [stdout] 191 ~         iri_api::store_transactions(
[INFO] [stdout] 192 +             self.client.clone(),
[INFO] [stdout] 193 +             self.uri.clone(),
[INFO] [stdout] 194 +             trytes.clone()
[INFO] [stdout] 195 ~         ).await?;
[INFO] [stdout]     |
[INFO] [stdout] 
[INFO] [stdout] 
[INFO] [stdout] error: incorrect use of `await`
[INFO] [stdout]    --> /opt/rustwide/cargo-home/registry/src/github.com-1ecc6299db9ec823/iota-lib-rs-0.1.3/src/iota_api.rs:196:9
[INFO] [stdout]     |
[INFO] [stdout] 196 | /         await!(iri_api::broadcast_transactions(
[INFO] [stdout] 197 | |             self.client.clone(),
[INFO] [stdout] 198 | |             self.uri.clone(),
[INFO] [stdout] 199 | |             trytes
[INFO] [stdout] 200 | |         ))?;
[INFO] [stdout]     | |__________^
[INFO] [stdout]     |
[INFO] [stdout] help: `await` is a postfix operation
[INFO] [stdout]     |
[INFO] [stdout] 196 ~         iri_api::broadcast_transactions(
[INFO] [stdout] 197 +             self.client.clone(),
[INFO] [stdout] 198 +             self.uri.clone(),
[INFO] [stdout] 199 +             trytes
[INFO] [stdout] 200 ~         ).await?;
[INFO] [stdout]     |
[INFO] [stdout] 
[INFO] [stdout] 
[INFO] [stdout] error: incorrect use of `await`
[INFO] [stdout]    --> /opt/rustwide/cargo-home/registry/src/github.com-1ecc6299db9ec823/iota-lib-rs-0.1.3/src/iota_api.rs:221:36
[INFO] [stdout]     |
[INFO] [stdout] 221 |                 all_addresses.push(await!(new_address(&seed, security, i, false))?);
[INFO] [stdout]     |                                    ^^^^^^^^^^^^^^^^^^^^^^^^^^^^^^^^^^^^^^^^^^^^^^ help: `await` is a postfix operation: `new_address(&seed, security, i, false).await`
[INFO] [stdout] 
[INFO] [stdout] 
[INFO] [stdout] error: incorrect use of `await`
[INFO] [stdout]    --> /opt/rustwide/cargo-home/registry/src/github.com-1ecc6299db9ec823/iota-lib-rs-0.1.3/src/iota_api.rs:225:31
[INFO] [stdout]     |
[INFO] [stdout] 225 |               let new_address = await!(self.get_new_address(
[INFO] [stdout]     |  _______________________________^
[INFO] [stdout] 226 | |                 seed,
[INFO] [stdout] 227 | |                 false,
[INFO] [stdout] 228 | |                 true,
[INFO] [stdout] ...   |
[INFO] [stdout] 233 | |                 }
[INFO] [stdout] 234 | |             ))?;
[INFO] [stdout]     | |______________^
[INFO] [stdout]     |
[INFO] [stdout] help: `await` is a postfix operation
[INFO] [stdout]     |
[INFO] [stdout] 225 ~             let new_address = self.get_new_address(
[INFO] [stdout] 226 +                 seed,
[INFO] [stdout] 227 +                 false,
[INFO] [stdout] 228 +                 true,
[INFO] [stdout] 229 +                 GetNewAddressOptions {
[INFO] [stdout] 230 +                     security: Some(security),
[INFO] [stdout]   ...
[INFO] [stdout] 
[INFO] [stdout] 
[INFO] [stdout] error: incorrect use of `await`
[INFO] [stdout]    --> /opt/rustwide/cargo-home/registry/src/github.com-1ecc6299db9ec823/iota-lib-rs-0.1.3/src/iota_api.rs:363:32
[INFO] [stdout]     |
[INFO] [stdout] 363 |                       let resp = await!(iri_api::get_balances(
[INFO] [stdout]     |  ________________________________^
[INFO] [stdout] 364 | |                         self.client.clone(),
[INFO] [stdout] 365 | |                         self.uri.clone(),
[INFO] [stdout] 366 | |                         input_addresses,
[INFO] [stdout] 367 | |                         100,
[INFO] [stdout] 368 | |                         None
[INFO] [stdout] 369 | |                     ))?;
[INFO] [stdout]     | |______________________^
[INFO] [stdout]     |
[INFO] [stdout] help: `await` is a postfix operation
[INFO] [stdout]     |
[INFO] [stdout] 363 ~                     let resp = iri_api::get_balances(
[INFO] [stdout] 364 +                         self.client.clone(),
[INFO] [stdout] 365 +                         self.uri.clone(),
[INFO] [stdout] 366 +                         input_addresses,
[INFO] [stdout] 367 +                         100,
[INFO] [stdout] 368 +                         None
[INFO] [stdout]   ...
[INFO] [stdout] 
[INFO] [stdout] 
[INFO] [stdout] error: incorrect use of `await`
[INFO] [stdout]    --> /opt/rustwide/cargo-home/registry/src/github.com-1ecc6299db9ec823/iota-lib-rs-0.1.3/src/iota_api.rs:403:34
[INFO] [stdout]     |
[INFO] [stdout] 403 |                       let inputs = await!(self.get_inputs(
[INFO] [stdout]     |  __________________________________^
[INFO] [stdout] 404 | |                         seed.clone(),
[INFO] [stdout] 405 | |                         GetInputsOptions {
[INFO] [stdout] 406 | |                             start: None,
[INFO] [stdout] ...   |
[INFO] [stdout] 410 | |                         },
[INFO] [stdout] 411 | |                     ))?;
[INFO] [stdout]     | |______________________^
[INFO] [stdout]     |
[INFO] [stdout] help: `await` is a postfix operation
[INFO] [stdout]     |
[INFO] [stdout] 403 ~                     let inputs = self.get_inputs(
[INFO] [stdout] 404 +                         seed.clone(),
[INFO] [stdout] 405 +                         GetInputsOptions {
[INFO] [stdout] 406 +                             start: None,
[INFO] [stdout] 407 +                             end: None,
[INFO] [stdout] 408 +                             threshold: Some(total_value),
[INFO] [stdout]   ...
[INFO] [stdout] 
[INFO] [stdout] 
[INFO] [stdout] error: incorrect use of `await`
[INFO] [stdout]    --> /opt/rustwide/cargo-home/registry/src/github.com-1ecc6299db9ec823/iota-lib-rs-0.1.3/src/iota_api.rs:456:22
[INFO] [stdout]     |
[INFO] [stdout] 456 |           let trytes = await!(self.prepare_transfers(
[INFO] [stdout]     |  ______________________^
[INFO] [stdout] 457 | |             seed,
[INFO] [stdout] 458 | |             transfers,
[INFO] [stdout] 459 | |             PrepareTransfersOptions {
[INFO] [stdout] ...   |
[INFO] [stdout] 464 | |             },
[INFO] [stdout] 465 | |         ))?;
[INFO] [stdout]     | |__________^
[INFO] [stdout]     |
[INFO] [stdout] help: `await` is a postfix operation
[INFO] [stdout]     |
[INFO] [stdout] 456 ~         let trytes = self.prepare_transfers(
[INFO] [stdout] 457 +             seed,
[INFO] [stdout] 458 +             transfers,
[INFO] [stdout] 459 +             PrepareTransfersOptions {
[INFO] [stdout] 460 +                 inputs: options.inputs,
[INFO] [stdout] 461 +                 remainder_address: options.remainder_address,
[INFO] [stdout]   ...
[INFO] [stdout] 
[INFO] [stdout] 
[INFO] [stdout] error: incorrect use of `await`
[INFO] [stdout]    --> /opt/rustwide/cargo-home/registry/src/github.com-1ecc6299db9ec823/iota-lib-rs-0.1.3/src/iota_api.rs:466:17
[INFO] [stdout]     |
[INFO] [stdout] 466 |           let t = await!(self.send_trytes(
[INFO] [stdout]     |  _________________^
[INFO] [stdout] 467 | |             trytes,
[INFO] [stdout] 468 | |             depth,
[INFO] [stdout] 469 | |             min_weight_magnitude,
[INFO] [stdout] ...   |
[INFO] [stdout] 474 | |             },
[INFO] [stdout] 475 | |         ))?;
[INFO] [stdout]     | |__________^
[INFO] [stdout]     |
[INFO] [stdout] help: `await` is a postfix operation
[INFO] [stdout]     |
[INFO] [stdout] 466 ~         let t = self.send_trytes(
[INFO] [stdout] 467 +             trytes,
[INFO] [stdout] 468 +             depth,
[INFO] [stdout] 469 +             min_weight_magnitude,
[INFO] [stdout] 470 +             local_pow,
[INFO] [stdout] 471 +             SendTrytesOptions {
[INFO] [stdout]   ...
[INFO] [stdout] 
[INFO] [stdout] 
[INFO] [stdout] error: incorrect use of `await`
[INFO] [stdout]    --> /opt/rustwide/cargo-home/registry/src/github.com-1ecc6299db9ec823/iota-lib-rs-0.1.3/src/iri_api/attach_to_tangle.rs:132:13
[INFO] [stdout]     |
[INFO] [stdout] 132 |             await!(pearl_diver.search(tx_trits, min_weight_magnitude, threads.into()))?;
[INFO] [stdout]     |             ^^^^^^^^^^^^^^^^^^^^^^^^^^^^^^^^^^^^^^^^^^^^^^^^^^^^^^^^^^^^^^^^^^^^^^^^^^ help: `await` is a postfix operation: `pearl_diver.search(tx_trits, min_weight_magnitude, threads.into()).await`
[INFO] [stdout] 
[INFO] [stdout] 
[INFO] [stdout] error[E0554]: `#![feature]` may not be used on the beta release channel
[INFO] [stdout]   --> /opt/rustwide/cargo-home/registry/src/github.com-1ecc6299db9ec823/iota-lib-rs-0.1.3/src/lib.rs:56:1
[INFO] [stdout]    |
[INFO] [stdout] 56 | #![feature(futures_api)]
[INFO] [stdout]    | ^^^^^^^^^^^^^^^^^^^^^^^^
[INFO] [stdout] 
[INFO] [stdout] 
[INFO] [stdout] error[E0554]: `#![feature]` may not be used on the beta release channel
[INFO] [stdout]   --> /opt/rustwide/cargo-home/registry/src/github.com-1ecc6299db9ec823/iota-lib-rs-0.1.3/src/lib.rs:57:1
[INFO] [stdout]    |
[INFO] [stdout] 57 | #![feature(async_await)]
[INFO] [stdout]    | ^^^^^^^^^^^^^^^^^^^^^^^^ help: remove the attribute
[INFO] [stdout]    |
[INFO] [stdout]    = help: the feature `async_await` has been stable since 1.39.0 and no longer requires an attribute to enable
[INFO] [stdout] 
[INFO] [stdout] 
[INFO] [stdout] error[E0554]: `#![feature]` may not be used on the beta release channel
[INFO] [stdout]   --> /opt/rustwide/cargo-home/registry/src/github.com-1ecc6299db9ec823/iota-lib-rs-0.1.3/src/lib.rs:58:1
[INFO] [stdout]    |
[INFO] [stdout] 58 | #![feature(await_macro)]
[INFO] [stdout]    | ^^^^^^^^^^^^^^^^^^^^^^^^
[INFO] [stdout] 
[INFO] [stdout] 
[INFO] [stdout] error[E0554]: `#![feature]` may not be used on the beta release channel
[INFO] [stdout]   --> /opt/rustwide/cargo-home/registry/src/github.com-1ecc6299db9ec823/iota-lib-rs-0.1.3/src/lib.rs:59:1
[INFO] [stdout]    |
[INFO] [stdout] 59 | #![feature(nll)]
[INFO] [stdout]    | ^^^^^^^^^^^^^^^^
[INFO] [stdout] 
[INFO] [stdout] 
[INFO] [stdout] error: aborting due to 20 previous errors
[INFO] [stdout] 
[INFO] [stdout] 
[INFO] [stdout] Some errors have detailed explanations: E0554, E0557.
[INFO] [stdout] 
[INFO] [stdout] For more information about an error, try `rustc --explain E0554`.
[INFO] [stdout] 
[INFO] [stderr] error: could not compile `iota-lib-rs` due to 21 previous errors
[INFO] running `Command { std: "docker" "inspect" "c78737d73ee4de4154d51706f77d71d463944cbde2f59d1914bf3695b7aaee13", kill_on_drop: false }`
[INFO] running `Command { std: "docker" "rm" "-f" "c78737d73ee4de4154d51706f77d71d463944cbde2f59d1914bf3695b7aaee13", kill_on_drop: false }`
[INFO] [stdout] c78737d73ee4de4154d51706f77d71d463944cbde2f59d1914bf3695b7aaee13
