[INFO] cloning repository https://github.com/AlejandroPenacho/svg-tools
[INFO] running `Command { std: "git" "-c" "credential.helper=" "-c" "credential.helper=/workspace/cargo-home/bin/git-credential-null" "clone" "--bare" "https://github.com/AlejandroPenacho/svg-tools" "/workspace/cache/git-repos/https%3A%2F%2Fgithub.com%2FAlejandroPenacho%2Fsvg-tools", kill_on_drop: false }`
[INFO] [stderr] Cloning into bare repository '/workspace/cache/git-repos/https%3A%2F%2Fgithub.com%2FAlejandroPenacho%2Fsvg-tools'...
[INFO] running `Command { std: "git" "rev-parse" "HEAD", kill_on_drop: false }`
[INFO] [stdout] 80d10c2f7bc279d51059ac0be89bd5dd53d14ee1
[INFO] checking AlejandroPenacho/svg-tools against beta-2021-10-15 for beta-1.56-3
[INFO] running `Command { std: "git" "clone" "/workspace/cache/git-repos/https%3A%2F%2Fgithub.com%2FAlejandroPenacho%2Fsvg-tools" "/workspace/builds/worker-13/source", kill_on_drop: false }`
[INFO] [stderr] Cloning into '/workspace/builds/worker-13/source'...
[INFO] [stderr] done.
[INFO] validating manifest of git repo https://github.com/AlejandroPenacho/svg-tools on toolchain beta-2021-10-15
[INFO] running `Command { std: "/workspace/cargo-home/bin/cargo" "+beta-2021-10-15" "metadata" "--manifest-path" "Cargo.toml" "--no-deps", kill_on_drop: false }`
[INFO] started tweaking git repo https://github.com/AlejandroPenacho/svg-tools
[INFO] finished tweaking git repo https://github.com/AlejandroPenacho/svg-tools
[INFO] tweaked toml for git repo https://github.com/AlejandroPenacho/svg-tools written to /workspace/builds/worker-13/source/Cargo.toml
[INFO] crate git repo https://github.com/AlejandroPenacho/svg-tools already has a lockfile, it will not be regenerated
[INFO] running `Command { std: "/workspace/cargo-home/bin/cargo" "+beta-2021-10-15" "fetch" "--manifest-path" "Cargo.toml", kill_on_drop: false }`
[INFO] running `Command { std: "docker" "create" "-v" "/var/lib/crater-agent-workspace/builds/worker-13/target:/opt/rustwide/target:rw,Z" "-v" "/var/lib/crater-agent-workspace/builds/worker-13/source:/opt/rustwide/workdir:ro,Z" "-v" "/var/lib/crater-agent-workspace/cargo-home:/opt/rustwide/cargo-home:ro,Z" "-v" "/var/lib/crater-agent-workspace/rustup-home:/opt/rustwide/rustup-home:ro,Z" "-e" "SOURCE_DIR=/opt/rustwide/workdir" "-e" "CARGO_TARGET_DIR=/opt/rustwide/target" "-e" "CARGO_HOME=/opt/rustwide/cargo-home" "-e" "RUSTUP_HOME=/opt/rustwide/rustup-home" "-w" "/opt/rustwide/workdir" "-m" "1610612736" "--user" "0:0" "--network" "none" "ghcr.io/rust-lang/crates-build-env/linux@sha256:a89201d6b5b9fd45c15d5952ece0a0129e7e80cb26ec023fd59cf09bc26f1604" "/opt/rustwide/cargo-home/bin/cargo" "+beta-2021-10-15" "metadata" "--no-deps" "--format-version=1", kill_on_drop: false }`
[INFO] [stdout] d7a67e4e7707b649c1ff202edab35d145d936add7bad4b9e2859ce3307463de9
[INFO] [stderr] WARNING: Your kernel does not support swap limit capabilities or the cgroup is not mounted. Memory limited without swap.
[INFO] running `Command { std: "docker" "start" "-a" "d7a67e4e7707b649c1ff202edab35d145d936add7bad4b9e2859ce3307463de9", kill_on_drop: false }`
[INFO] running `Command { std: "docker" "inspect" "d7a67e4e7707b649c1ff202edab35d145d936add7bad4b9e2859ce3307463de9", kill_on_drop: false }`
[INFO] running `Command { std: "docker" "rm" "-f" "d7a67e4e7707b649c1ff202edab35d145d936add7bad4b9e2859ce3307463de9", kill_on_drop: false }`
[INFO] [stdout] d7a67e4e7707b649c1ff202edab35d145d936add7bad4b9e2859ce3307463de9
[INFO] running `Command { std: "docker" "create" "-v" "/var/lib/crater-agent-workspace/builds/worker-13/target:/opt/rustwide/target:rw,Z" "-v" "/var/lib/crater-agent-workspace/builds/worker-13/source:/opt/rustwide/workdir:ro,Z" "-v" "/var/lib/crater-agent-workspace/cargo-home:/opt/rustwide/cargo-home:ro,Z" "-v" "/var/lib/crater-agent-workspace/rustup-home:/opt/rustwide/rustup-home:ro,Z" "-e" "SOURCE_DIR=/opt/rustwide/workdir" "-e" "CARGO_TARGET_DIR=/opt/rustwide/target" "-e" "CARGO_INCREMENTAL=0" "-e" "RUST_BACKTRACE=full" "-e" "RUSTFLAGS=--cap-lints=warn" "-e" "CARGO_HOME=/opt/rustwide/cargo-home" "-e" "RUSTUP_HOME=/opt/rustwide/rustup-home" "-w" "/opt/rustwide/workdir" "-m" "1610612736" "--user" "0:0" "--network" "none" "ghcr.io/rust-lang/crates-build-env/linux@sha256:a89201d6b5b9fd45c15d5952ece0a0129e7e80cb26ec023fd59cf09bc26f1604" "/opt/rustwide/cargo-home/bin/cargo" "+beta-2021-10-15" "check" "--frozen" "--all" "--all-targets" "--message-format=json", kill_on_drop: false }`
[INFO] [stdout] 6bc250ae63f305b5a437fa2c14f07d5eada9656b0b22f400817c331cde9a0f67
[INFO] [stderr] WARNING: Your kernel does not support swap limit capabilities or the cgroup is not mounted. Memory limited without swap.
[INFO] running `Command { std: "docker" "start" "-a" "6bc250ae63f305b5a437fa2c14f07d5eada9656b0b22f400817c331cde9a0f67", kill_on_drop: false }`
[INFO] [stderr]     Checking svg-tools v0.1.0 (/opt/rustwide/workdir)
[INFO] [stdout] warning: variant `element` should have an upper camel case name
[INFO] [stdout]  --> src/svg/svg_structs.rs:4:5
[INFO] [stdout]   |
[INFO] [stdout] 4 |     element,
[INFO] [stdout]   |     ^^^^^^^ help: convert the identifier to upper camel case: `Element`
[INFO] [stdout]   |
[INFO] [stdout]   = note: `#[warn(non_camel_case_types)]` on by default
[INFO] [stdout] 
[INFO] [stdout] 
[INFO] [stdout] warning: variant `closure` should have an upper camel case name
[INFO] [stdout]  --> src/svg/svg_structs.rs:5:5
[INFO] [stdout]   |
[INFO] [stdout] 5 |     closure
[INFO] [stdout]   |     ^^^^^^^ help: convert the identifier to upper camel case (notice the capitalization): `Closure`
[INFO] [stdout] 
[INFO] [stdout] 
[INFO] [stdout] warning: variant `element` should have an upper camel case name
[INFO] [stdout]  --> src/svg/svg_structs.rs:4:5
[INFO] [stdout]   |
[INFO] [stdout] 4 |     element,
[INFO] [stdout]   |     ^^^^^^^ help: convert the identifier to upper camel case: `Element`
[INFO] [stdout]   |
[INFO] [stdout]   = note: `#[warn(non_camel_case_types)]` on by default
[INFO] [stdout] 
[INFO] [stdout] 
[INFO] [stdout] warning: variant `closure` should have an upper camel case name
[INFO] [stdout]  --> src/svg/svg_structs.rs:5:5
[INFO] [stdout]   |
[INFO] [stdout] 5 |     closure
[INFO] [stdout]   |     ^^^^^^^ help: convert the identifier to upper camel case (notice the capitalization): `Closure`
[INFO] [stdout] 
[INFO] [stdout] 
[INFO] [stdout] error[E0308]: mismatched types
[INFO] [stdout]   --> src/svg/svg_reader.rs:17:5
[INFO] [stdout]    |
[INFO] [stdout] 13 | pub fn read_svg(file: &mut BufReader<File>) -> svg_structs::SVGgroup {
[INFO] [stdout]    |                                                --------------------- expected `SVGgroup` because of return type
[INFO] [stdout] ...
[INFO] [stdout] 17 |     main_block
[INFO] [stdout]    |     ^^^^^^^^^^ expected struct `SVGgroup`, found enum `svg_reader::BlockReturn`
[INFO] [stdout] 
[INFO] [stdout] 
[INFO] [stdout] error[E0599]: no variant or associated item named `element` found for enum `svg_reader::BlockReturn` in the current scope
[INFO] [stdout]   --> src/svg/svg_reader.rs:28:52
[INFO] [stdout]    |
[INFO] [stdout] 8  | enum BlockReturn {
[INFO] [stdout]    | ---------------- variant or associated item `element` not found here
[INFO] [stdout] ...
[INFO] [stdout] 28 |     let mut returnType: BlockReturn = BlockReturn::element;
[INFO] [stdout]    |                                                    ^^^^^^^
[INFO] [stdout]    |                                                    |
[INFO] [stdout]    |                                                    variant or associated item not found in `svg_reader::BlockReturn`
[INFO] [stdout]    |                                                    help: there is a variant with a similar name: `Element`
[INFO] [stdout] 
[INFO] [stdout] 
[INFO] [stdout] error[E0599]: no variant or associated item named `closure` found for enum `svg_reader::BlockReturn` in the current scope
[INFO] [stdout]   --> src/svg/svg_reader.rs:43:35
[INFO] [stdout]    |
[INFO] [stdout] 8  | enum BlockReturn {
[INFO] [stdout]    | ---------------- variant or associated item `closure` not found here
[INFO] [stdout] ...
[INFO] [stdout] 43 |         returnType = BlockReturn::closure;
[INFO] [stdout]    |                                   ^^^^^^^
[INFO] [stdout]    |                                   |
[INFO] [stdout]    |                                   variant or associated item not found in `svg_reader::BlockReturn`
[INFO] [stdout]    |                                   help: there is a variant with a similar name (notice the capitalization): `Closure`
[INFO] [stdout] 
[INFO] [stdout] 
[INFO] [stdout] error[E0308]: mismatched types
[INFO] [stdout]   --> src/svg/svg_reader.rs:47:5
[INFO] [stdout]    |
[INFO] [stdout] 25 | pub fn obtain_block(file: &mut BufReader<File>) -> BlockReturn {
[INFO] [stdout]    |                                                    ----------- expected `svg_reader::BlockReturn` because of return type
[INFO] [stdout] ...
[INFO] [stdout] 47 |     svg_structs::SVGgroup::new(name, parse_data(data))
[INFO] [stdout]    |     ^^^^^^^^^^^^^^^^^^^^^^^^^^^^^^^^^^^^^^^^^^^^^^^^^^
[INFO] [stdout]    |     |
[INFO] [stdout]    |     expected enum `svg_reader::BlockReturn`, found struct `SVGgroup`
[INFO] [stdout]    |     help: try using a variant of the expected enum: `svg::svg_reader::BlockReturn::Element(svg_structs::SVGgroup::new(name, parse_data(data)))`
[INFO] [stdout] 
[INFO] [stdout] 
[INFO] [stdout] error: aborting due to 4 previous errors; 2 warnings emitted
[INFO] [stdout] 
[INFO] [stdout] 
[INFO] [stdout] Some errors have detailed explanations: E0308, E0599.
[INFO] [stdout] 
[INFO] [stdout] For more information about an error, try `rustc --explain E0308`.
[INFO] [stdout] 
[INFO] [stderr] error: could not compile `svg-tools` due to 5 previous errors; 2 warnings emitted
[INFO] [stderr] warning: build failed, waiting for other jobs to finish...
[INFO] [stdout] error[E0308]: mismatched types
[INFO] [stdout]   --> src/svg/svg_reader.rs:17:5
[INFO] [stdout]    |
[INFO] [stdout] 13 | pub fn read_svg(file: &mut BufReader<File>) -> svg_structs::SVGgroup {
[INFO] [stdout]    |                                                --------------------- expected `SVGgroup` because of return type
[INFO] [stdout] ...
[INFO] [stdout] 17 |     main_block
[INFO] [stdout]    |     ^^^^^^^^^^ expected struct `SVGgroup`, found enum `svg_reader::BlockReturn`
[INFO] [stdout] 
[INFO] [stdout] 
[INFO] [stdout] error[E0599]: no variant or associated item named `element` found for enum `svg_reader::BlockReturn` in the current scope
[INFO] [stdout]   --> src/svg/svg_reader.rs:28:52
[INFO] [stdout]    |
[INFO] [stdout] 8  | enum BlockReturn {
[INFO] [stdout]    | ---------------- variant or associated item `element` not found here
[INFO] [stdout] ...
[INFO] [stdout] 28 |     let mut returnType: BlockReturn = BlockReturn::element;
[INFO] [stdout]    |                                                    ^^^^^^^
[INFO] [stdout]    |                                                    |
[INFO] [stdout]    |                                                    variant or associated item not found in `svg_reader::BlockReturn`
[INFO] [stdout]    |                                                    help: there is a variant with a similar name: `Element`
[INFO] [stdout] 
[INFO] [stdout] 
[INFO] [stdout] error[E0599]: no variant or associated item named `closure` found for enum `svg_reader::BlockReturn` in the current scope
[INFO] [stdout]   --> src/svg/svg_reader.rs:43:35
[INFO] [stdout]    |
[INFO] [stdout] 8  | enum BlockReturn {
[INFO] [stdout]    | ---------------- variant or associated item `closure` not found here
[INFO] [stdout] ...
[INFO] [stdout] 43 |         returnType = BlockReturn::closure;
[INFO] [stdout]    |                                   ^^^^^^^
[INFO] [stdout]    |                                   |
[INFO] [stdout]    |                                   variant or associated item not found in `svg_reader::BlockReturn`
[INFO] [stdout]    |                                   help: there is a variant with a similar name (notice the capitalization): `Closure`
[INFO] [stdout] 
[INFO] [stdout] 
[INFO] [stdout] error[E0308]: mismatched types
[INFO] [stdout]   --> src/svg/svg_reader.rs:47:5
[INFO] [stdout]    |
[INFO] [stdout] 25 | pub fn obtain_block(file: &mut BufReader<File>) -> BlockReturn {
[INFO] [stdout]    |                                                    ----------- expected `svg_reader::BlockReturn` because of return type
[INFO] [stdout] ...
[INFO] [stdout] 47 |     svg_structs::SVGgroup::new(name, parse_data(data))
[INFO] [stdout]    |     ^^^^^^^^^^^^^^^^^^^^^^^^^^^^^^^^^^^^^^^^^^^^^^^^^^
[INFO] [stdout]    |     |
[INFO] [stdout]    |     expected enum `svg_reader::BlockReturn`, found struct `SVGgroup`
[INFO] [stdout]    |     help: try using a variant of the expected enum: `svg::svg_reader::BlockReturn::Element(svg_structs::SVGgroup::new(name, parse_data(data)))`
[INFO] [stdout] 
[INFO] [stdout] 
[INFO] [stdout] error: aborting due to 4 previous errors; 2 warnings emitted
[INFO] [stdout] 
[INFO] [stdout] 
[INFO] [stdout] Some errors have detailed explanations: E0308, E0599.
[INFO] [stdout] 
[INFO] [stdout] For more information about an error, try `rustc --explain E0308`.
[INFO] [stdout] 
[INFO] [stderr] error: build failed
[INFO] running `Command { std: "docker" "inspect" "6bc250ae63f305b5a437fa2c14f07d5eada9656b0b22f400817c331cde9a0f67", kill_on_drop: false }`
[INFO] running `Command { std: "docker" "rm" "-f" "6bc250ae63f305b5a437fa2c14f07d5eada9656b0b22f400817c331cde9a0f67", kill_on_drop: false }`
[INFO] [stdout] 6bc250ae63f305b5a437fa2c14f07d5eada9656b0b22f400817c331cde9a0f67
