[INFO] cloning repository https://github.com/Alec-Sampaleanu/rlox
[INFO] running `Command { std: "git" "-c" "credential.helper=" "-c" "credential.helper=/workspace/cargo-home/bin/git-credential-null" "clone" "--bare" "https://github.com/Alec-Sampaleanu/rlox" "/workspace/cache/git-repos/https%3A%2F%2Fgithub.com%2FAlec-Sampaleanu%2Frlox", kill_on_drop: false }`
[INFO] [stderr] Cloning into bare repository '/workspace/cache/git-repos/https%3A%2F%2Fgithub.com%2FAlec-Sampaleanu%2Frlox'...
[INFO] running `Command { std: "git" "rev-parse" "HEAD", kill_on_drop: false }`
[INFO] [stdout] e8db895389500b7c5139c2316ba5bc4296f2eec7
[INFO] checking Alec-Sampaleanu/rlox against 1.55.0 for beta-1.56-3
[INFO] running `Command { std: "git" "clone" "/workspace/cache/git-repos/https%3A%2F%2Fgithub.com%2FAlec-Sampaleanu%2Frlox" "/workspace/builds/worker-2/source", kill_on_drop: false }`
[INFO] [stderr] Cloning into '/workspace/builds/worker-2/source'...
[INFO] [stderr] done.
[INFO] validating manifest of git repo https://github.com/Alec-Sampaleanu/rlox on toolchain 1.55.0
[INFO] running `Command { std: "/workspace/cargo-home/bin/cargo" "+1.55.0" "metadata" "--manifest-path" "Cargo.toml" "--no-deps", kill_on_drop: false }`
[INFO] started tweaking git repo https://github.com/Alec-Sampaleanu/rlox
[INFO] finished tweaking git repo https://github.com/Alec-Sampaleanu/rlox
[INFO] tweaked toml for git repo https://github.com/Alec-Sampaleanu/rlox written to /workspace/builds/worker-2/source/Cargo.toml
[INFO] crate git repo https://github.com/Alec-Sampaleanu/rlox already has a lockfile, it will not be regenerated
[INFO] running `Command { std: "/workspace/cargo-home/bin/cargo" "+1.55.0" "fetch" "--manifest-path" "Cargo.toml", kill_on_drop: false }`
[INFO] running `Command { std: "docker" "create" "-v" "/var/lib/crater-agent-workspace/builds/worker-2/target:/opt/rustwide/target:rw,Z" "-v" "/var/lib/crater-agent-workspace/builds/worker-2/source:/opt/rustwide/workdir:ro,Z" "-v" "/var/lib/crater-agent-workspace/cargo-home:/opt/rustwide/cargo-home:ro,Z" "-v" "/var/lib/crater-agent-workspace/rustup-home:/opt/rustwide/rustup-home:ro,Z" "-e" "SOURCE_DIR=/opt/rustwide/workdir" "-e" "CARGO_TARGET_DIR=/opt/rustwide/target" "-e" "CARGO_HOME=/opt/rustwide/cargo-home" "-e" "RUSTUP_HOME=/opt/rustwide/rustup-home" "-w" "/opt/rustwide/workdir" "-m" "1610612736" "--user" "0:0" "--network" "none" "ghcr.io/rust-lang/crates-build-env/linux@sha256:a89201d6b5b9fd45c15d5952ece0a0129e7e80cb26ec023fd59cf09bc26f1604" "/opt/rustwide/cargo-home/bin/cargo" "+1.55.0" "metadata" "--no-deps" "--format-version=1", kill_on_drop: false }`
[INFO] [stderr] WARNING: Your kernel does not support swap limit capabilities or the cgroup is not mounted. Memory limited without swap.
[INFO] [stdout] a3f70e161c916483a0b28dd881b312f639083a2e0732a738e472bcf33b3295dd
[INFO] running `Command { std: "docker" "start" "-a" "a3f70e161c916483a0b28dd881b312f639083a2e0732a738e472bcf33b3295dd", kill_on_drop: false }`
[INFO] running `Command { std: "docker" "inspect" "a3f70e161c916483a0b28dd881b312f639083a2e0732a738e472bcf33b3295dd", kill_on_drop: false }`
[INFO] running `Command { std: "docker" "rm" "-f" "a3f70e161c916483a0b28dd881b312f639083a2e0732a738e472bcf33b3295dd", kill_on_drop: false }`
[INFO] [stdout] a3f70e161c916483a0b28dd881b312f639083a2e0732a738e472bcf33b3295dd
[INFO] running `Command { std: "docker" "create" "-v" "/var/lib/crater-agent-workspace/builds/worker-2/target:/opt/rustwide/target:rw,Z" "-v" "/var/lib/crater-agent-workspace/builds/worker-2/source:/opt/rustwide/workdir:ro,Z" "-v" "/var/lib/crater-agent-workspace/cargo-home:/opt/rustwide/cargo-home:ro,Z" "-v" "/var/lib/crater-agent-workspace/rustup-home:/opt/rustwide/rustup-home:ro,Z" "-e" "SOURCE_DIR=/opt/rustwide/workdir" "-e" "CARGO_TARGET_DIR=/opt/rustwide/target" "-e" "CARGO_INCREMENTAL=0" "-e" "RUST_BACKTRACE=full" "-e" "RUSTFLAGS=--cap-lints=warn" "-e" "CARGO_HOME=/opt/rustwide/cargo-home" "-e" "RUSTUP_HOME=/opt/rustwide/rustup-home" "-w" "/opt/rustwide/workdir" "-m" "1610612736" "--user" "0:0" "--network" "none" "ghcr.io/rust-lang/crates-build-env/linux@sha256:a89201d6b5b9fd45c15d5952ece0a0129e7e80cb26ec023fd59cf09bc26f1604" "/opt/rustwide/cargo-home/bin/cargo" "+1.55.0" "check" "--frozen" "--all" "--all-targets" "--message-format=json", kill_on_drop: false }`
[INFO] [stderr] WARNING: Your kernel does not support swap limit capabilities or the cgroup is not mounted. Memory limited without swap.
[INFO] [stdout] 2e34e457738c00feb736f4fd48a0861251dbe5f04dff6687c859adaba21e95df
[INFO] running `Command { std: "docker" "start" "-a" "2e34e457738c00feb736f4fd48a0861251dbe5f04dff6687c859adaba21e95df", kill_on_drop: false }`
[INFO] [stderr]     Checking dirs-sys-next v0.1.0
[INFO] [stderr]     Checking dirs-next v1.0.1
[INFO] [stderr]     Checking rustyline v6.2.0
[INFO] [stderr]     Checking rlox v0.1.0 (/opt/rustwide/workdir)
[INFO] [stdout] error[E0726]: implicit elided lifetime not allowed here
[INFO] [stdout]   --> src/scanner.rs:64:6
[INFO] [stdout]    |
[INFO] [stdout] 64 | impl Scanner {
[INFO] [stdout]    |      ^^^^^^^- help: indicate the anonymous lifetime: `<'_>`
[INFO] [stdout]    |
[INFO] [stdout]    = note: assuming a `'static` lifetime...
[INFO] [stdout] 
[INFO] [stdout] 
[INFO] [stdout] warning: unused import: `crate::chunk::OpCode::*`
[INFO] [stdout]  --> src/lib.rs:4:5
[INFO] [stdout]   |
[INFO] [stdout] 4 | use crate::chunk::OpCode::*;
[INFO] [stdout]   |     ^^^^^^^^^^^^^^^^^^^^^^^
[INFO] [stdout]   |
[INFO] [stdout]   = note: `#[warn(unused_imports)]` on by default
[INFO] [stdout] 
[INFO] [stdout] 
[INFO] [stdout] error[E0106]: missing lifetime specifier
[INFO] [stdout]   --> src/scanner.rs:65:36
[INFO] [stdout]    |
[INFO] [stdout] 65 |     pub fn init(source: String) -> Scanner {
[INFO] [stdout]    |                                    ^^^^^^^ expected named lifetime parameter
[INFO] [stdout]    |
[INFO] [stdout]    = help: this function's return type contains a borrowed value with an elided lifetime, but the lifetime cannot be derived from the arguments
[INFO] [stdout] help: consider using the `'static` lifetime
[INFO] [stdout]    |
[INFO] [stdout] 65 |     pub fn init(source: String) -> Scanner<'static> {
[INFO] [stdout]    |                                    ^^^^^^^^^^^^^^^^
[INFO] [stdout] 
[INFO] [stdout] 
[INFO] [stdout] error: aborting due to 2 previous errors; 1 warning emitted
[INFO] [stdout] 
[INFO] [stdout] 
[INFO] [stdout] For more information about this error, try `rustc --explain E0106`.
[INFO] [stdout] 
[INFO] [stderr] error: could not compile `rlox` due to 3 previous errors; 1 warning emitted
[INFO] [stderr] warning: build failed, waiting for other jobs to finish...
[INFO] [stdout] error[E0726]: implicit elided lifetime not allowed here
[INFO] [stdout]   --> src/scanner.rs:64:6
[INFO] [stdout]    |
[INFO] [stdout] 64 | impl Scanner {
[INFO] [stdout]    |      ^^^^^^^- help: indicate the anonymous lifetime: `<'_>`
[INFO] [stdout]    |
[INFO] [stdout]    = note: assuming a `'static` lifetime...
[INFO] [stdout] 
[INFO] [stdout] 
[INFO] [stdout] warning: unused import: `crate::chunk::OpCode::*`
[INFO] [stdout]  --> src/lib.rs:4:5
[INFO] [stdout]   |
[INFO] [stdout] 4 | use crate::chunk::OpCode::*;
[INFO] [stdout]   |     ^^^^^^^^^^^^^^^^^^^^^^^
[INFO] [stdout]   |
[INFO] [stdout]   = note: `#[warn(unused_imports)]` on by default
[INFO] [stdout] 
[INFO] [stdout] 
[INFO] [stdout] error[E0106]: missing lifetime specifier
[INFO] [stdout]   --> src/scanner.rs:65:36
[INFO] [stdout]    |
[INFO] [stdout] 65 |     pub fn init(source: String) -> Scanner {
[INFO] [stdout]    |                                    ^^^^^^^ expected named lifetime parameter
[INFO] [stdout]    |
[INFO] [stdout]    = help: this function's return type contains a borrowed value with an elided lifetime, but the lifetime cannot be derived from the arguments
[INFO] [stdout] help: consider using the `'static` lifetime
[INFO] [stdout]    |
[INFO] [stdout] 65 |     pub fn init(source: String) -> Scanner<'static> {
[INFO] [stdout]    |                                    ^^^^^^^^^^^^^^^^
[INFO] [stdout] 
[INFO] [stdout] 
[INFO] [stdout] error: aborting due to 2 previous errors; 1 warning emitted
[INFO] [stdout] 
[INFO] [stdout] 
[INFO] [stdout] For more information about this error, try `rustc --explain E0106`.
[INFO] [stdout] 
[INFO] [stderr] error: build failed
[INFO] running `Command { std: "docker" "inspect" "2e34e457738c00feb736f4fd48a0861251dbe5f04dff6687c859adaba21e95df", kill_on_drop: false }`
[INFO] running `Command { std: "docker" "rm" "-f" "2e34e457738c00feb736f4fd48a0861251dbe5f04dff6687c859adaba21e95df", kill_on_drop: false }`
[INFO] [stdout] 2e34e457738c00feb736f4fd48a0861251dbe5f04dff6687c859adaba21e95df
