[INFO] cloning repository https://github.com/Aelto/rust-actix-maud-webview-template
[INFO] running `Command { std: "git" "-c" "credential.helper=" "-c" "credential.helper=/workspace/cargo-home/bin/git-credential-null" "clone" "--bare" "https://github.com/Aelto/rust-actix-maud-webview-template" "/workspace/cache/git-repos/https%3A%2F%2Fgithub.com%2FAelto%2Frust-actix-maud-webview-template", kill_on_drop: false }`
[INFO] [stderr] Cloning into bare repository '/workspace/cache/git-repos/https%3A%2F%2Fgithub.com%2FAelto%2Frust-actix-maud-webview-template'...
[INFO] running `Command { std: "git" "rev-parse" "HEAD", kill_on_drop: false }`
[INFO] [stdout] 1458269f429e583a51816601b987b495ad8529e8
[INFO] checking Aelto/rust-actix-maud-webview-template against beta-2021-10-15 for beta-1.56-3
[INFO] running `Command { std: "git" "clone" "/workspace/cache/git-repos/https%3A%2F%2Fgithub.com%2FAelto%2Frust-actix-maud-webview-template" "/workspace/builds/worker-10/source", kill_on_drop: false }`
[INFO] [stderr] Cloning into '/workspace/builds/worker-10/source'...
[INFO] [stderr] done.
[INFO] validating manifest of git repo https://github.com/Aelto/rust-actix-maud-webview-template on toolchain beta-2021-10-15
[INFO] running `Command { std: "/workspace/cargo-home/bin/cargo" "+beta-2021-10-15" "metadata" "--manifest-path" "Cargo.toml" "--no-deps", kill_on_drop: false }`
[INFO] started tweaking git repo https://github.com/Aelto/rust-actix-maud-webview-template
[INFO] finished tweaking git repo https://github.com/Aelto/rust-actix-maud-webview-template
[INFO] tweaked toml for git repo https://github.com/Aelto/rust-actix-maud-webview-template written to /workspace/builds/worker-10/source/Cargo.toml
[INFO] crate git repo https://github.com/Aelto/rust-actix-maud-webview-template already has a lockfile, it will not be regenerated
[INFO] running `Command { std: "/workspace/cargo-home/bin/cargo" "+beta-2021-10-15" "fetch" "--manifest-path" "Cargo.toml", kill_on_drop: false }`
[INFO] [stderr]     Blocking waiting for file lock on package cache
[INFO] running `Command { std: "docker" "create" "-v" "/var/lib/crater-agent-workspace/builds/worker-10/target:/opt/rustwide/target:rw,Z" "-v" "/var/lib/crater-agent-workspace/builds/worker-10/source:/opt/rustwide/workdir:ro,Z" "-v" "/var/lib/crater-agent-workspace/cargo-home:/opt/rustwide/cargo-home:ro,Z" "-v" "/var/lib/crater-agent-workspace/rustup-home:/opt/rustwide/rustup-home:ro,Z" "-e" "SOURCE_DIR=/opt/rustwide/workdir" "-e" "CARGO_TARGET_DIR=/opt/rustwide/target" "-e" "CARGO_HOME=/opt/rustwide/cargo-home" "-e" "RUSTUP_HOME=/opt/rustwide/rustup-home" "-w" "/opt/rustwide/workdir" "-m" "1610612736" "--user" "0:0" "--network" "none" "ghcr.io/rust-lang/crates-build-env/linux@sha256:a89201d6b5b9fd45c15d5952ece0a0129e7e80cb26ec023fd59cf09bc26f1604" "/opt/rustwide/cargo-home/bin/cargo" "+beta-2021-10-15" "metadata" "--no-deps" "--format-version=1", kill_on_drop: false }`
[INFO] [stdout] 39d2ca0a6b386322435efde1d982ff5e95cf74fc9294ccebf89b0bc0f9e019c9
[INFO] [stderr] WARNING: Your kernel does not support swap limit capabilities or the cgroup is not mounted. Memory limited without swap.
[INFO] running `Command { std: "docker" "start" "-a" "39d2ca0a6b386322435efde1d982ff5e95cf74fc9294ccebf89b0bc0f9e019c9", kill_on_drop: false }`
[INFO] running `Command { std: "docker" "inspect" "39d2ca0a6b386322435efde1d982ff5e95cf74fc9294ccebf89b0bc0f9e019c9", kill_on_drop: false }`
[INFO] running `Command { std: "docker" "rm" "-f" "39d2ca0a6b386322435efde1d982ff5e95cf74fc9294ccebf89b0bc0f9e019c9", kill_on_drop: false }`
[INFO] [stdout] 39d2ca0a6b386322435efde1d982ff5e95cf74fc9294ccebf89b0bc0f9e019c9
[INFO] running `Command { std: "docker" "create" "-v" "/var/lib/crater-agent-workspace/builds/worker-10/target:/opt/rustwide/target:rw,Z" "-v" "/var/lib/crater-agent-workspace/builds/worker-10/source:/opt/rustwide/workdir:ro,Z" "-v" "/var/lib/crater-agent-workspace/cargo-home:/opt/rustwide/cargo-home:ro,Z" "-v" "/var/lib/crater-agent-workspace/rustup-home:/opt/rustwide/rustup-home:ro,Z" "-e" "SOURCE_DIR=/opt/rustwide/workdir" "-e" "CARGO_TARGET_DIR=/opt/rustwide/target" "-e" "CARGO_INCREMENTAL=0" "-e" "RUST_BACKTRACE=full" "-e" "RUSTFLAGS=--cap-lints=warn" "-e" "CARGO_HOME=/opt/rustwide/cargo-home" "-e" "RUSTUP_HOME=/opt/rustwide/rustup-home" "-w" "/opt/rustwide/workdir" "-m" "1610612736" "--user" "0:0" "--network" "none" "ghcr.io/rust-lang/crates-build-env/linux@sha256:a89201d6b5b9fd45c15d5952ece0a0129e7e80cb26ec023fd59cf09bc26f1604" "/opt/rustwide/cargo-home/bin/cargo" "+beta-2021-10-15" "check" "--frozen" "--all" "--all-targets" "--message-format=json", kill_on_drop: false }`
[INFO] [stdout] d759ed712d90a27ec524013bda3b3553bd82049908350247adc2d9858e4169b0
[INFO] [stderr] WARNING: Your kernel does not support swap limit capabilities or the cgroup is not mounted. Memory limited without swap.
[INFO] running `Command { std: "docker" "start" "-a" "d759ed712d90a27ec524013bda3b3553bd82049908350247adc2d9858e4169b0", kill_on_drop: false }`
[INFO] [stderr]    Compiling maud_htmlescape v0.17.0
[INFO] [stderr]     Checking unchecked-index v0.2.2
[INFO] [stderr]    Compiling webkit2gtk-sys v0.12.0
[INFO] [stderr]    Compiling webview-sys v0.6.2
[INFO] [stderr]    Compiling tinyfiledialogs v3.8.3
[INFO] [stderr]    Compiling libc v0.2.95
[INFO] [stderr]     Checking tracing v0.1.26
[INFO] [stderr]     Checking rand_os v0.1.3
[INFO] [stderr]     Checking javascriptcore-rs-sys v0.2.0
[INFO] [stderr]     Checking mio v0.6.23
[INFO] [stderr]     Checking bytes v0.4.12
[INFO] [stderr]     Checking flate2 v1.0.20
[INFO] [stderr]     Checking url v2.2.2
[INFO] [stderr]     Checking url v1.7.2
[INFO] [stderr]    Compiling strum_macros v0.18.0
[INFO] [stderr]    Compiling actix-web-codegen v0.1.3
[INFO] [stderr]     Checking tokio-timer v0.2.13
[INFO] [stderr]     Checking parking_lot_core v0.6.2
[INFO] [stderr]     Checking chrono v0.4.19
[INFO] [stderr]    Compiling derive_more v0.15.0
[INFO] [stderr]    Compiling enum-as-inner v0.2.1
[INFO] [stderr]    Compiling serde v1.0.126
[INFO] [stderr]    Compiling thiserror v1.0.25
[INFO] [stderr]     Checking futures-util v0.3.15
[INFO] [stderr]     Checking actix-threadpool v0.3.3
[INFO] [stderr]     Checking twoway v0.2.2
[INFO] [stderr]     Checking rand v0.6.5
[INFO] [stderr]    Compiling maud_macros v0.21.0
[INFO] [stderr]     Checking tokio-io v0.1.13
[INFO] [stderr]     Checking http v0.1.21
[INFO] [stderr]     Checking string v0.2.1
[INFO] [stderr]     Checking serde_json v1.0.64
[INFO] [stderr]     Checking actix-router v0.2.7
[INFO] [stderr]     Checking tracing-futures v0.2.5
[INFO] [stdout] error[E0554]: `#![feature]` may not be used on the beta release channel
[INFO] [stdout]  --> /opt/rustwide/cargo-home/registry/src/github.com-1ecc6299db9ec823/maud_macros-0.21.0/src/lib.rs:1:1
[INFO] [stdout]   |
[INFO] [stdout] 1 | #![feature(proc_macro_def_site)]
[INFO] [stdout]   | ^^^^^^^^^^^^^^^^^^^^^^^^^^^^^^^^
[INFO] [stdout] 
[INFO] [stdout] 
[INFO] [stdout] error[E0554]: `#![feature]` may not be used on the beta release channel
[INFO] [stdout]  --> /opt/rustwide/cargo-home/registry/src/github.com-1ecc6299db9ec823/maud_macros-0.21.0/src/lib.rs:2:1
[INFO] [stdout]   |
[INFO] [stdout] 2 | #![feature(proc_macro_diagnostic)]
[INFO] [stdout]   | ^^^^^^^^^^^^^^^^^^^^^^^^^^^^^^^^^^
[INFO] [stdout] 
[INFO] [stdout] 
[INFO] [stdout] error[E0554]: `#![feature]` may not be used on the beta release channel
[INFO] [stdout]  --> /opt/rustwide/cargo-home/registry/src/github.com-1ecc6299db9ec823/maud_macros-0.21.0/src/lib.rs:3:1
[INFO] [stdout]   |
[INFO] [stdout] 3 | #![feature(proc_macro_hygiene)]
[INFO] [stdout]   | ^^^^^^^^^^^^^^^^^^^^^^^^^^^^^^^
[INFO] [stdout] 
[INFO] [stdout] 
[INFO] [stdout] error[E0554]: `#![feature]` may not be used on the beta release channel
[INFO] [stdout]  --> /opt/rustwide/cargo-home/registry/src/github.com-1ecc6299db9ec823/maud_macros-0.21.0/src/lib.rs:4:1
[INFO] [stdout]   |
[INFO] [stdout] 4 | #![feature(proc_macro_quote)]
[INFO] [stdout]   | ^^^^^^^^^^^^^^^^^^^^^^^^^^^^^
[INFO] [stdout] 
[INFO] [stdout] 
[INFO] [stdout] error[E0554]: `#![feature]` may not be used on the beta release channel
[INFO] [stdout]  --> /opt/rustwide/cargo-home/registry/src/github.com-1ecc6299db9ec823/maud_macros-0.21.0/src/lib.rs:5:1
[INFO] [stdout]   |
[INFO] [stdout] 5 | #![feature(proc_macro_span)]
[INFO] [stdout]   | ^^^^^^^^^^^^^^^^^^^^^^^^^^^^
[INFO] [stdout] 
[INFO] [stdout] 
[INFO] [stdout] error: aborting due to 5 previous errors
[INFO] [stdout] 
[INFO] [stdout] 
[INFO] [stdout] For more information about this error, try `rustc --explain E0554`.
[INFO] [stdout] 
[INFO] [stderr] error: could not compile `maud_macros` due to 6 previous errors
[INFO] [stderr] warning: build failed, waiting for other jobs to finish...
[INFO] [stderr] error: build failed
[INFO] running `Command { std: "docker" "inspect" "d759ed712d90a27ec524013bda3b3553bd82049908350247adc2d9858e4169b0", kill_on_drop: false }`
[INFO] running `Command { std: "docker" "rm" "-f" "d759ed712d90a27ec524013bda3b3553bd82049908350247adc2d9858e4169b0", kill_on_drop: false }`
[INFO] [stdout] d759ed712d90a27ec524013bda3b3553bd82049908350247adc2d9858e4169b0
