[INFO] cloning repository https://github.com/AdrienDML/blog
[INFO] running `Command { std: "git" "-c" "credential.helper=" "-c" "credential.helper=/workspace/cargo-home/bin/git-credential-null" "clone" "--bare" "https://github.com/AdrienDML/blog" "/workspace/cache/git-repos/https%3A%2F%2Fgithub.com%2FAdrienDML%2Fblog", kill_on_drop: false }`
[INFO] [stderr] Cloning into bare repository '/workspace/cache/git-repos/https%3A%2F%2Fgithub.com%2FAdrienDML%2Fblog'...
[INFO] running `Command { std: "git" "rev-parse" "HEAD", kill_on_drop: false }`
[INFO] [stdout] 83570955044e72157a3dab26a792c4aa1c4ab6d4
[INFO] checking AdrienDML/blog against beta-2021-10-15 for beta-1.56-3
[INFO] running `Command { std: "git" "clone" "/workspace/cache/git-repos/https%3A%2F%2Fgithub.com%2FAdrienDML%2Fblog" "/workspace/builds/worker-0/source", kill_on_drop: false }`
[INFO] [stderr] Cloning into '/workspace/builds/worker-0/source'...
[INFO] [stderr] done.
[INFO] validating manifest of git repo https://github.com/AdrienDML/blog on toolchain beta-2021-10-15
[INFO] running `Command { std: "/workspace/cargo-home/bin/cargo" "+beta-2021-10-15" "metadata" "--manifest-path" "Cargo.toml" "--no-deps", kill_on_drop: false }`
[INFO] started tweaking git repo https://github.com/AdrienDML/blog
[INFO] finished tweaking git repo https://github.com/AdrienDML/blog
[INFO] tweaked toml for git repo https://github.com/AdrienDML/blog written to /workspace/builds/worker-0/source/Cargo.toml
[INFO] crate git repo https://github.com/AdrienDML/blog already has a lockfile, it will not be regenerated
[INFO] running `Command { std: "/workspace/cargo-home/bin/cargo" "+beta-2021-10-15" "fetch" "--manifest-path" "Cargo.toml", kill_on_drop: false }`
[INFO] [stderr]  Downloading crates ...
[INFO] [stderr]   Downloaded yew-macro v0.17.0
[INFO] [stderr]   Downloaded css-in-rust v0.5.0
[INFO] [stderr]   Downloaded yew v0.17.4
[INFO] running `Command { std: "docker" "create" "-v" "/var/lib/crater-agent-workspace/builds/worker-0/target:/opt/rustwide/target:rw,Z" "-v" "/var/lib/crater-agent-workspace/builds/worker-0/source:/opt/rustwide/workdir:ro,Z" "-v" "/var/lib/crater-agent-workspace/cargo-home:/opt/rustwide/cargo-home:ro,Z" "-v" "/var/lib/crater-agent-workspace/rustup-home:/opt/rustwide/rustup-home:ro,Z" "-e" "SOURCE_DIR=/opt/rustwide/workdir" "-e" "CARGO_TARGET_DIR=/opt/rustwide/target" "-e" "CARGO_HOME=/opt/rustwide/cargo-home" "-e" "RUSTUP_HOME=/opt/rustwide/rustup-home" "-w" "/opt/rustwide/workdir" "-m" "1610612736" "--user" "0:0" "--network" "none" "ghcr.io/rust-lang/crates-build-env/linux@sha256:a89201d6b5b9fd45c15d5952ece0a0129e7e80cb26ec023fd59cf09bc26f1604" "/opt/rustwide/cargo-home/bin/cargo" "+beta-2021-10-15" "metadata" "--no-deps" "--format-version=1", kill_on_drop: false }`
[INFO] [stdout] d509de2bf11261c548189f9d4b385462bde3637f106e696c74dac6af48f47eb0
[INFO] [stderr] WARNING: Your kernel does not support swap limit capabilities or the cgroup is not mounted. Memory limited without swap.
[INFO] running `Command { std: "docker" "start" "-a" "d509de2bf11261c548189f9d4b385462bde3637f106e696c74dac6af48f47eb0", kill_on_drop: false }`
[INFO] running `Command { std: "docker" "inspect" "d509de2bf11261c548189f9d4b385462bde3637f106e696c74dac6af48f47eb0", kill_on_drop: false }`
[INFO] running `Command { std: "docker" "rm" "-f" "d509de2bf11261c548189f9d4b385462bde3637f106e696c74dac6af48f47eb0", kill_on_drop: false }`
[INFO] [stdout] d509de2bf11261c548189f9d4b385462bde3637f106e696c74dac6af48f47eb0
[INFO] running `Command { std: "docker" "create" "-v" "/var/lib/crater-agent-workspace/builds/worker-0/target:/opt/rustwide/target:rw,Z" "-v" "/var/lib/crater-agent-workspace/builds/worker-0/source:/opt/rustwide/workdir:ro,Z" "-v" "/var/lib/crater-agent-workspace/cargo-home:/opt/rustwide/cargo-home:ro,Z" "-v" "/var/lib/crater-agent-workspace/rustup-home:/opt/rustwide/rustup-home:ro,Z" "-e" "SOURCE_DIR=/opt/rustwide/workdir" "-e" "CARGO_TARGET_DIR=/opt/rustwide/target" "-e" "CARGO_INCREMENTAL=0" "-e" "RUST_BACKTRACE=full" "-e" "RUSTFLAGS=--cap-lints=warn" "-e" "CARGO_HOME=/opt/rustwide/cargo-home" "-e" "RUSTUP_HOME=/opt/rustwide/rustup-home" "-w" "/opt/rustwide/workdir" "-m" "1610612736" "--user" "0:0" "--network" "none" "ghcr.io/rust-lang/crates-build-env/linux@sha256:a89201d6b5b9fd45c15d5952ece0a0129e7e80cb26ec023fd59cf09bc26f1604" "/opt/rustwide/cargo-home/bin/cargo" "+beta-2021-10-15" "check" "--frozen" "--all" "--all-targets" "--message-format=json", kill_on_drop: false }`
[INFO] [stdout] 31be8fcd717f46b046634666a4b03ca4125416ada29b5cc7ecdccf7a28a209c2
[INFO] [stderr] WARNING: Your kernel does not support swap limit capabilities or the cgroup is not mounted. Memory limited without swap.
[INFO] running `Command { std: "docker" "start" "-a" "31be8fcd717f46b046634666a4b03ca4125416ada29b5cc7ecdccf7a28a209c2", kill_on_drop: false }`
[INFO] [stderr]    Compiling syn v1.0.73
[INFO] [stderr]    Compiling wasm-bindgen v0.2.74
[INFO] [stderr]    Compiling yew v0.17.4
[INFO] [stderr]    Compiling css-in-rust v0.5.0
[INFO] [stderr]     Checking getrandom v0.1.16
[INFO] [stderr]     Checking rand_core v0.5.1
[INFO] [stderr]     Checking rand_chacha v0.2.2
[INFO] [stderr]     Checking rand_pcg v0.2.1
[INFO] [stderr]     Checking rand v0.7.3
[INFO] [stderr]    Compiling wasm-bindgen-backend v0.2.74
[INFO] [stderr]    Compiling wasm-bindgen-macro-support v0.2.74
[INFO] [stderr]    Compiling futures-macro v0.3.15
[INFO] [stderr]    Compiling serde_derive v1.0.126
[INFO] [stderr]    Compiling thiserror-impl v1.0.26
[INFO] [stderr]    Compiling yew-macro v0.17.0
[INFO] [stderr]    Compiling wasm-bindgen-macro v0.2.74
[INFO] [stderr]     Checking futures-util v0.3.15
[INFO] [stderr]     Checking thiserror v1.0.26
[INFO] [stderr]     Checking js-sys v0.3.51
[INFO] [stderr]     Checking console_error_panic_hook v0.1.6
[INFO] [stderr]     Checking futures-executor v0.3.15
[INFO] [stderr]     Checking futures v0.3.15
[INFO] [stderr]     Checking serde v1.0.126
[INFO] [stderr]     Checking web-sys v0.3.51
[INFO] [stderr]     Checking wasm-bindgen-futures v0.4.24
[INFO] [stderr]     Checking serde_json v1.0.64
[INFO] [stderr]     Checking bincode v1.3.3
[INFO] [stderr]     Checking gloo-events v0.1.1
[INFO] [stderr]     Checking gloo-timers v0.2.1
[INFO] [stderr]     Checking gloo-console-timer v0.1.0
[INFO] [stderr]     Checking gloo-file v0.1.0
[INFO] [stderr]     Checking gloo v0.2.1
[INFO] [stderr]     Checking monoyewkai v0.1.0 (/opt/rustwide/workdir/monoyewkai)
[INFO] [stdout] error: unexpected end of input, expected expression
[INFO] [stdout]  --> monoyewkai/src/components/button.rs:9:14
[INFO] [stdout]   |
[INFO] [stdout] 9 |     #[prop_or()]
[INFO] [stdout]   |              ^^
[INFO] [stdout] 
[INFO] [stdout] 
[INFO] [stdout] error[E0432]: unresolved import `yew::html::Classes`
[INFO] [stdout]  --> monoyewkai/src/styles.rs:3:5
[INFO] [stdout]   |
[INFO] [stdout] 3 | use yew::html::Classes;
[INFO] [stdout]   |     ^^^^^^^^^^^^^^^^^^ no `Classes` in `html`
[INFO] [stdout] 
[INFO] [stdout] 
[INFO] [stdout] warning: unused import: `yew::prelude::*`
[INFO] [stdout]  --> monoyewkai/src/lib.rs:1:5
[INFO] [stdout]   |
[INFO] [stdout] 1 | use yew::prelude::*;
[INFO] [stdout]   |     ^^^^^^^^^^^^^^^
[INFO] [stdout]   |
[INFO] [stdout]   = note: `#[warn(unused_imports)]` on by default
[INFO] [stdout] 
[INFO] [stdout] 
[INFO] [stdout] warning: unused import: `std::io::Write`
[INFO] [stdout]  --> monoyewkai/src/styles.rs:1:5
[INFO] [stdout]   |
[INFO] [stdout] 1 | use std::io::Write;
[INFO] [stdout]   |     ^^^^^^^^^^^^^^
[INFO] [stdout] 
[INFO] [stdout] 
[INFO] [stdout] error: unexpected end of input, expected expression
[INFO] [stdout]  --> monoyewkai/src/components/button.rs:9:14
[INFO] [stdout]   |
[INFO] [stdout] 9 |     #[prop_or()]
[INFO] [stdout]   |              ^^
[INFO] [stdout] 
[INFO] [stdout] 
[INFO] [stdout] error[E0432]: unresolved import `yew::html::Classes`
[INFO] [stdout]  --> monoyewkai/src/styles.rs:3:5
[INFO] [stdout]   |
[INFO] [stdout] 3 | use yew::html::Classes;
[INFO] [stdout]   |     ^^^^^^^^^^^^^^^^^^ no `Classes` in `html`
[INFO] [stdout] 
[INFO] [stdout] 
[INFO] [stdout] warning: unused import: `yew::prelude::*`
[INFO] [stdout]  --> monoyewkai/src/lib.rs:1:5
[INFO] [stdout]   |
[INFO] [stdout] 1 | use yew::prelude::*;
[INFO] [stdout]   |     ^^^^^^^^^^^^^^^
[INFO] [stdout]   |
[INFO] [stdout]   = note: `#[warn(unused_imports)]` on by default
[INFO] [stdout] 
[INFO] [stdout] 
[INFO] [stdout] warning: unused import: `std::io::Write`
[INFO] [stdout]  --> monoyewkai/src/styles.rs:1:5
[INFO] [stdout]   |
[INFO] [stdout] 1 | use std::io::Write;
[INFO] [stdout]   |     ^^^^^^^^^^^^^^
[INFO] [stdout] 
[INFO] [stdout] 
[INFO] [stdout] error[E0277]: the trait bound `ButtonProps: yew::Properties` is not satisfied
[INFO] [stdout]   --> monoyewkai/src/components/button.rs:56:5
[INFO] [stdout]    |
[INFO] [stdout] 56 |     type Properties = ButtonProps;
[INFO] [stdout]    |     ^^^^^^^^^^^^^^^^^^^^^^^^^^^^^^ the trait `yew::Properties` is not implemented for `ButtonProps`
[INFO] [stdout]    |
[INFO] [stdout] note: required by a bound in `yew::Component::Properties`
[INFO] [stdout]   --> /opt/rustwide/cargo-home/registry/src/github.com-1ecc6299db9ec823/yew-0.17.4/src/html/mod.rs:64:22
[INFO] [stdout]    |
[INFO] [stdout] 64 |     type Properties: Properties;
[INFO] [stdout]    |                      ^^^^^^^^^^ required by this bound in `yew::Component::Properties`
[INFO] [stdout] 
[INFO] [stdout] 
[INFO] [stdout] error[E0277]: the trait bound `Classes: From<Style>` is not satisfied
[INFO] [stdout]    --> monoyewkai/src/components/button.rs:77:9
[INFO] [stdout]     |
[INFO] [stdout] 77  | /         html!{
[INFO] [stdout] 78  | |             <button class=self.style.clone()>{self.props.text}</button>
[INFO] [stdout] 79  | |         }
[INFO] [stdout]     | |_________^ the trait `From<Style>` is not implemented for `Classes`
[INFO] [stdout]     |
[INFO] [stdout]     = help: the following implementations were found:
[INFO] [stdout]               <Classes as From<&Option<T>>>
[INFO] [stdout]               <Classes as From<&String>>
[INFO] [stdout]               <Classes as From<&[T]>>
[INFO] [stdout]               <Classes as From<&str>>
[INFO] [stdout]             and 3 others
[INFO] [stdout]     = note: required because of the requirements on the impl of `Into<Classes>` for `Style`
[INFO] [stdout] note: required by `into`
[INFO] [stdout]     = note: this error originates in the macro `proc_macro_call_0` (in Nightly builds, run with -Z macro-backtrace for more info)
[INFO] [stdout] 
[INFO] [stdout] 
[INFO] [stdout] error[E0277]: the trait bound `ButtonProps: yew::Properties` is not satisfied
[INFO] [stdout]   --> monoyewkai/src/components/button.rs:56:5
[INFO] [stdout]    |
[INFO] [stdout] 56 |     type Properties = ButtonProps;
[INFO] [stdout]    |     ^^^^^^^^^^^^^^^^^^^^^^^^^^^^^^ the trait `yew::Properties` is not implemented for `ButtonProps`
[INFO] [stdout]    |
[INFO] [stdout] note: required by a bound in `yew::Component::Properties`
[INFO] [stdout]   --> /opt/rustwide/cargo-home/registry/src/github.com-1ecc6299db9ec823/yew-0.17.4/src/html/mod.rs:64:22
[INFO] [stdout]    |
[INFO] [stdout] 64 |     type Properties: Properties;
[INFO] [stdout]    |                      ^^^^^^^^^^ required by this bound in `yew::Component::Properties`
[INFO] [stdout] 
[INFO] [stdout] 
[INFO] [stdout] error: aborting due to 4 previous errors; 2 warnings emitted
[INFO] [stdout] 
[INFO] [stdout] 
[INFO] [stdout] Some errors have detailed explanations: E0277, E0432.
[INFO] [stdout] 
[INFO] [stdout] For more information about an error, try `rustc --explain E0277`.
[INFO] [stdout] 
[INFO] [stderr] error: could not compile `monoyewkai` due to 5 previous errors; 2 warnings emitted
[INFO] [stderr] warning: build failed, waiting for other jobs to finish...
[INFO] [stdout] error[E0277]: the trait bound `Classes: From<Style>` is not satisfied
[INFO] [stdout]    --> monoyewkai/src/components/button.rs:77:9
[INFO] [stdout]     |
[INFO] [stdout] 77  | /         html!{
[INFO] [stdout] 78  | |             <button class=self.style.clone()>{self.props.text}</button>
[INFO] [stdout] 79  | |         }
[INFO] [stdout]     | |_________^ the trait `From<Style>` is not implemented for `Classes`
[INFO] [stdout]     |
[INFO] [stdout]     = help: the following implementations were found:
[INFO] [stdout]               <Classes as From<&Option<T>>>
[INFO] [stdout]               <Classes as From<&String>>
[INFO] [stdout]               <Classes as From<&[T]>>
[INFO] [stdout]               <Classes as From<&str>>
[INFO] [stdout]             and 3 others
[INFO] [stdout]     = note: required because of the requirements on the impl of `Into<Classes>` for `Style`
[INFO] [stdout] note: required by `into`
[INFO] [stdout]     = note: this error originates in the macro `proc_macro_call_0` (in Nightly builds, run with -Z macro-backtrace for more info)
[INFO] [stdout] 
[INFO] [stdout] 
[INFO] [stdout] error: aborting due to 4 previous errors; 2 warnings emitted
[INFO] [stdout] 
[INFO] [stdout] 
[INFO] [stdout] Some errors have detailed explanations: E0277, E0432.
[INFO] [stdout] 
[INFO] [stdout] For more information about an error, try `rustc --explain E0277`.
[INFO] [stdout] 
[INFO] [stderr] error: build failed
[INFO] running `Command { std: "docker" "inspect" "31be8fcd717f46b046634666a4b03ca4125416ada29b5cc7ecdccf7a28a209c2", kill_on_drop: false }`
[INFO] running `Command { std: "docker" "rm" "-f" "31be8fcd717f46b046634666a4b03ca4125416ada29b5cc7ecdccf7a28a209c2", kill_on_drop: false }`
[INFO] [stdout] 31be8fcd717f46b046634666a4b03ca4125416ada29b5cc7ecdccf7a28a209c2
