[INFO] cloning repository https://github.com/AdrianDanis/dominion
[INFO] running `Command { std: "git" "-c" "credential.helper=" "-c" "credential.helper=/workspace/cargo-home/bin/git-credential-null" "clone" "--bare" "https://github.com/AdrianDanis/dominion" "/workspace/cache/git-repos/https%3A%2F%2Fgithub.com%2FAdrianDanis%2Fdominion", kill_on_drop: false }`
[INFO] [stderr] Cloning into bare repository '/workspace/cache/git-repos/https%3A%2F%2Fgithub.com%2FAdrianDanis%2Fdominion'...
[INFO] running `Command { std: "git" "rev-parse" "HEAD", kill_on_drop: false }`
[INFO] [stdout] 425f807ba64f852c92b18d7019273ea8cd65f3a0
[INFO] checking AdrianDanis/dominion against beta-2021-10-15 for beta-1.56-3
[INFO] running `Command { std: "git" "clone" "/workspace/cache/git-repos/https%3A%2F%2Fgithub.com%2FAdrianDanis%2Fdominion" "/workspace/builds/worker-9/source", kill_on_drop: false }`
[INFO] [stderr] Cloning into '/workspace/builds/worker-9/source'...
[INFO] [stderr] done.
[INFO] validating manifest of git repo https://github.com/AdrianDanis/dominion on toolchain beta-2021-10-15
[INFO] running `Command { std: "/workspace/cargo-home/bin/cargo" "+beta-2021-10-15" "metadata" "--manifest-path" "Cargo.toml" "--no-deps", kill_on_drop: false }`
[INFO] removed /workspace/builds/worker-9/source/rust-toolchain
[INFO] started tweaking git repo https://github.com/AdrianDanis/dominion
[INFO] finished tweaking git repo https://github.com/AdrianDanis/dominion
[INFO] tweaked toml for git repo https://github.com/AdrianDanis/dominion written to /workspace/builds/worker-9/source/Cargo.toml
[INFO] crate git repo https://github.com/AdrianDanis/dominion already has a lockfile, it will not be regenerated
[INFO] running `Command { std: "/workspace/cargo-home/bin/cargo" "+beta-2021-10-15" "fetch" "--manifest-path" "Cargo.toml", kill_on_drop: false }`
[INFO] [stderr]  Downloading crates ...
[INFO] [stderr]   Downloaded enum-map v0.4.1
[INFO] [stderr]   Downloaded enum-map-derive v0.4.0
[INFO] [stderr]   Downloaded reexport-proc-macro v1.0.5
[INFO] [stderr]   Downloaded array-macro v1.0.2
[INFO] running `Command { std: "docker" "create" "-v" "/var/lib/crater-agent-workspace/builds/worker-9/target:/opt/rustwide/target:rw,Z" "-v" "/var/lib/crater-agent-workspace/builds/worker-9/source:/opt/rustwide/workdir:ro,Z" "-v" "/var/lib/crater-agent-workspace/cargo-home:/opt/rustwide/cargo-home:ro,Z" "-v" "/var/lib/crater-agent-workspace/rustup-home:/opt/rustwide/rustup-home:ro,Z" "-e" "SOURCE_DIR=/opt/rustwide/workdir" "-e" "CARGO_TARGET_DIR=/opt/rustwide/target" "-e" "CARGO_HOME=/opt/rustwide/cargo-home" "-e" "RUSTUP_HOME=/opt/rustwide/rustup-home" "-w" "/opt/rustwide/workdir" "-m" "1610612736" "--user" "0:0" "--network" "none" "ghcr.io/rust-lang/crates-build-env/linux@sha256:a89201d6b5b9fd45c15d5952ece0a0129e7e80cb26ec023fd59cf09bc26f1604" "/opt/rustwide/cargo-home/bin/cargo" "+beta-2021-10-15" "metadata" "--no-deps" "--format-version=1", kill_on_drop: false }`
[INFO] [stdout] 67229c78f76a1b05a01f9034fb9d0e7a415e52dd5f65d87105c7db7a280a339d
[INFO] [stderr] WARNING: Your kernel does not support swap limit capabilities or the cgroup is not mounted. Memory limited without swap.
[INFO] running `Command { std: "docker" "start" "-a" "67229c78f76a1b05a01f9034fb9d0e7a415e52dd5f65d87105c7db7a280a339d", kill_on_drop: false }`
[INFO] running `Command { std: "docker" "inspect" "67229c78f76a1b05a01f9034fb9d0e7a415e52dd5f65d87105c7db7a280a339d", kill_on_drop: false }`
[INFO] running `Command { std: "docker" "rm" "-f" "67229c78f76a1b05a01f9034fb9d0e7a415e52dd5f65d87105c7db7a280a339d", kill_on_drop: false }`
[INFO] [stdout] 67229c78f76a1b05a01f9034fb9d0e7a415e52dd5f65d87105c7db7a280a339d
[INFO] running `Command { std: "docker" "create" "-v" "/var/lib/crater-agent-workspace/builds/worker-9/target:/opt/rustwide/target:rw,Z" "-v" "/var/lib/crater-agent-workspace/builds/worker-9/source:/opt/rustwide/workdir:ro,Z" "-v" "/var/lib/crater-agent-workspace/cargo-home:/opt/rustwide/cargo-home:ro,Z" "-v" "/var/lib/crater-agent-workspace/rustup-home:/opt/rustwide/rustup-home:ro,Z" "-e" "SOURCE_DIR=/opt/rustwide/workdir" "-e" "CARGO_TARGET_DIR=/opt/rustwide/target" "-e" "CARGO_INCREMENTAL=0" "-e" "RUST_BACKTRACE=full" "-e" "RUSTFLAGS=--cap-lints=warn" "-e" "CARGO_HOME=/opt/rustwide/cargo-home" "-e" "RUSTUP_HOME=/opt/rustwide/rustup-home" "-w" "/opt/rustwide/workdir" "-m" "1610612736" "--user" "0:0" "--network" "none" "ghcr.io/rust-lang/crates-build-env/linux@sha256:a89201d6b5b9fd45c15d5952ece0a0129e7e80cb26ec023fd59cf09bc26f1604" "/opt/rustwide/cargo-home/bin/cargo" "+beta-2021-10-15" "check" "--frozen" "--all" "--all-targets" "--message-format=json", kill_on_drop: false }`
[INFO] [stderr] WARNING: Your kernel does not support swap limit capabilities or the cgroup is not mounted. Memory limited without swap.
[INFO] [stdout] 1bb98f4480d25350819f7550292a3ffb4acc9a70d4516dd029cb798787ab61d6
[INFO] running `Command { std: "docker" "start" "-a" "1bb98f4480d25350819f7550292a3ffb4acc9a70d4516dd029cb798787ab61d6", kill_on_drop: false }`
[INFO] [stderr]    Compiling proc-macro2 v0.4.13
[INFO] [stderr]     Checking libc v0.2.43
[INFO] [stderr]     Checking array-macro v1.0.2
[INFO] [stderr]     Checking reexport-proc-macro v1.0.5
[INFO] [stderr]     Checking rand_core v0.2.1
[INFO] [stderr]     Checking rand v0.5.5
[INFO] [stderr]    Compiling quote v0.6.8
[INFO] [stderr]    Compiling syn v0.14.9
[INFO] [stderr]    Compiling enum-map-derive v0.4.0
[INFO] [stderr]     Checking enum-map v0.4.1
[INFO] [stderr]     Checking dom_core v0.1.0 (/opt/rustwide/workdir/dom_core)
[INFO] [stdout] error[E0554]: `#![feature]` may not be used on the beta release channel
[INFO] [stdout]  --> dom_core/src/lib.rs:1:1
[INFO] [stdout]   |
[INFO] [stdout] 1 | #![feature(vec_remove_item)]
[INFO] [stdout]   | ^^^^^^^^^^^^^^^^^^^^^^^^^^^^
[INFO] [stdout] 
[INFO] [stdout] 
[INFO] [stdout] error[E0554]: `#![feature]` may not be used on the beta release channel
[INFO] [stdout]  --> dom_core/src/lib.rs:1:1
[INFO] [stdout]   |
[INFO] [stdout] 1 | #![feature(vec_remove_item)]
[INFO] [stdout]   | ^^^^^^^^^^^^^^^^^^^^^^^^^^^^
[INFO] [stdout] 
[INFO] [stdout] 
[INFO] [stdout] error[E0599]: no method named `remove_item` found for struct `Vec<Option<Card>>` in the current scope
[INFO] [stdout]    --> dom_core/src/state.rs:335:32
[INFO] [stdout]     |
[INFO] [stdout] 335 |                 if player.hand.remove_item(&Some(card)).is_none() {
[INFO] [stdout]     |                                ^^^^^^^^^^^ method not found in `Vec<Option<Card>>`
[INFO] [stdout] 
[INFO] [stdout] 
[INFO] [stdout] error[E0599]: no method named `remove_item` found for struct `Vec<Option<Card>>` in the current scope
[INFO] [stdout]    --> dom_core/src/state.rs:336:33
[INFO] [stdout]     |
[INFO] [stdout] 336 |                     player.hand.remove_item(&None)?;
[INFO] [stdout]     |                                 ^^^^^^^^^^^ method not found in `Vec<Option<Card>>`
[INFO] [stdout] 
[INFO] [stdout] 
[INFO] [stdout] error[E0599]: no method named `remove_item` found for struct `Vec<Option<card::Card>>` in the current scope
[INFO] [stdout]    --> dom_core/src/state.rs:335:32
[INFO] [stdout]     |
[INFO] [stdout] 335 |                 if player.hand.remove_item(&Some(card)).is_none() {
[INFO] [stdout]     |                                ^^^^^^^^^^^ method not found in `Vec<Option<card::Card>>`
[INFO] [stdout] 
[INFO] [stdout] 
[INFO] [stdout] error[E0599]: no method named `remove_item` found for struct `Vec<Option<card::Card>>` in the current scope
[INFO] [stdout]    --> dom_core/src/state.rs:336:33
[INFO] [stdout]     |
[INFO] [stdout] 336 |                     player.hand.remove_item(&None)?;
[INFO] [stdout]     |                                 ^^^^^^^^^^^ method not found in `Vec<Option<card::Card>>`
[INFO] [stdout] 
[INFO] [stdout] 
[INFO] [stdout] error: aborting due to 3 previous errors
[INFO] [stdout] 
[INFO] [stdout] 
[INFO] [stdout] Some errors have detailed explanations: E0554, E0599.
[INFO] [stdout] 
[INFO] [stdout] For more information about an error, try `rustc --explain E0554`.
[INFO] [stdout] 
[INFO] [stderr] error: could not compile `dom_core` due to 4 previous errors
[INFO] [stdout] error: aborting due to 3 previous errors
[INFO] [stdout] 
[INFO] [stdout] 
[INFO] [stderr] warning: build failed, waiting for other jobs to finish...
[INFO] [stdout] Some errors have detailed explanations: E0554, E0599.
[INFO] [stdout] 
[INFO] [stdout] For more information about an error, try `rustc --explain E0554`.
[INFO] [stdout] 
[INFO] [stderr] error: build failed
[INFO] running `Command { std: "docker" "inspect" "1bb98f4480d25350819f7550292a3ffb4acc9a70d4516dd029cb798787ab61d6", kill_on_drop: false }`
[INFO] running `Command { std: "docker" "rm" "-f" "1bb98f4480d25350819f7550292a3ffb4acc9a70d4516dd029cb798787ab61d6", kill_on_drop: false }`
[INFO] [stdout] 1bb98f4480d25350819f7550292a3ffb4acc9a70d4516dd029cb798787ab61d6
