[INFO] cloning repository https://github.com/AdamStepan/rust-elf
[INFO] running `Command { std: "git" "-c" "credential.helper=" "-c" "credential.helper=/workspace/cargo-home/bin/git-credential-null" "clone" "--bare" "https://github.com/AdamStepan/rust-elf" "/workspace/cache/git-repos/https%3A%2F%2Fgithub.com%2FAdamStepan%2Frust-elf", kill_on_drop: false }`
[INFO] [stderr] Cloning into bare repository '/workspace/cache/git-repos/https%3A%2F%2Fgithub.com%2FAdamStepan%2Frust-elf'...
[INFO] running `Command { std: "git" "rev-parse" "HEAD", kill_on_drop: false }`
[INFO] [stdout] 9170dcfa2a2300138bab18c130793e1621699bfe
[INFO] checking AdamStepan/rust-elf against beta-2021-10-15 for beta-1.56-3
[INFO] running `Command { std: "git" "clone" "/workspace/cache/git-repos/https%3A%2F%2Fgithub.com%2FAdamStepan%2Frust-elf" "/workspace/builds/worker-3/source", kill_on_drop: false }`
[INFO] [stderr] Cloning into '/workspace/builds/worker-3/source'...
[INFO] [stderr] done.
[INFO] validating manifest of git repo https://github.com/AdamStepan/rust-elf on toolchain beta-2021-10-15
[INFO] running `Command { std: "/workspace/cargo-home/bin/cargo" "+beta-2021-10-15" "metadata" "--manifest-path" "Cargo.toml" "--no-deps", kill_on_drop: false }`
[INFO] started tweaking git repo https://github.com/AdamStepan/rust-elf
[INFO] finished tweaking git repo https://github.com/AdamStepan/rust-elf
[INFO] tweaked toml for git repo https://github.com/AdamStepan/rust-elf written to /workspace/builds/worker-3/source/Cargo.toml
[INFO] running `Command { std: "/workspace/cargo-home/bin/cargo" "+beta-2021-10-15" "generate-lockfile" "--manifest-path" "Cargo.toml" "-Zno-index-update", kill_on_drop: false }`
[INFO] [stderr]     Blocking waiting for file lock on package cache
[INFO] running `Command { std: "/workspace/cargo-home/bin/cargo" "+beta-2021-10-15" "fetch" "--manifest-path" "Cargo.toml", kill_on_drop: false }`
[INFO] [stderr]     Blocking waiting for file lock on package cache
[INFO] [stderr]     Blocking waiting for file lock on package cache
[INFO] running `Command { std: "docker" "create" "-v" "/var/lib/crater-agent-workspace/builds/worker-3/target:/opt/rustwide/target:rw,Z" "-v" "/var/lib/crater-agent-workspace/builds/worker-3/source:/opt/rustwide/workdir:ro,Z" "-v" "/var/lib/crater-agent-workspace/cargo-home:/opt/rustwide/cargo-home:ro,Z" "-v" "/var/lib/crater-agent-workspace/rustup-home:/opt/rustwide/rustup-home:ro,Z" "-e" "SOURCE_DIR=/opt/rustwide/workdir" "-e" "CARGO_TARGET_DIR=/opt/rustwide/target" "-e" "CARGO_HOME=/opt/rustwide/cargo-home" "-e" "RUSTUP_HOME=/opt/rustwide/rustup-home" "-w" "/opt/rustwide/workdir" "-m" "1610612736" "--user" "0:0" "--network" "none" "ghcr.io/rust-lang/crates-build-env/linux@sha256:a89201d6b5b9fd45c15d5952ece0a0129e7e80cb26ec023fd59cf09bc26f1604" "/opt/rustwide/cargo-home/bin/cargo" "+beta-2021-10-15" "metadata" "--no-deps" "--format-version=1", kill_on_drop: false }`
[INFO] [stdout] 41bf49a4f78f8d07ca07f77b441526d0f138aadd7905bf5045e69fcc70f139cb
[INFO] running `Command { std: "docker" "start" "-a" "41bf49a4f78f8d07ca07f77b441526d0f138aadd7905bf5045e69fcc70f139cb", kill_on_drop: false }`
[INFO] running `Command { std: "docker" "inspect" "41bf49a4f78f8d07ca07f77b441526d0f138aadd7905bf5045e69fcc70f139cb", kill_on_drop: false }`
[INFO] running `Command { std: "docker" "rm" "-f" "41bf49a4f78f8d07ca07f77b441526d0f138aadd7905bf5045e69fcc70f139cb", kill_on_drop: false }`
[INFO] [stdout] 41bf49a4f78f8d07ca07f77b441526d0f138aadd7905bf5045e69fcc70f139cb
[INFO] running `Command { std: "docker" "create" "-v" "/var/lib/crater-agent-workspace/builds/worker-3/target:/opt/rustwide/target:rw,Z" "-v" "/var/lib/crater-agent-workspace/builds/worker-3/source:/opt/rustwide/workdir:ro,Z" "-v" "/var/lib/crater-agent-workspace/cargo-home:/opt/rustwide/cargo-home:ro,Z" "-v" "/var/lib/crater-agent-workspace/rustup-home:/opt/rustwide/rustup-home:ro,Z" "-e" "SOURCE_DIR=/opt/rustwide/workdir" "-e" "CARGO_TARGET_DIR=/opt/rustwide/target" "-e" "CARGO_INCREMENTAL=0" "-e" "RUST_BACKTRACE=full" "-e" "RUSTFLAGS=--cap-lints=warn" "-e" "CARGO_HOME=/opt/rustwide/cargo-home" "-e" "RUSTUP_HOME=/opt/rustwide/rustup-home" "-w" "/opt/rustwide/workdir" "-m" "1610612736" "--user" "0:0" "--network" "none" "ghcr.io/rust-lang/crates-build-env/linux@sha256:a89201d6b5b9fd45c15d5952ece0a0129e7e80cb26ec023fd59cf09bc26f1604" "/opt/rustwide/cargo-home/bin/cargo" "+beta-2021-10-15" "check" "--frozen" "--all" "--all-targets" "--message-format=json", kill_on_drop: false }`
[INFO] [stdout] ee9c984e936f069ae667e03fecc02f2acc76db8ac28679d750dc4c863c123787
[INFO] running `Command { std: "docker" "start" "-a" "ee9c984e936f069ae667e03fecc02f2acc76db8ac28679d750dc4c863c123787", kill_on_drop: false }`
[INFO] [stderr]     Blocking waiting for file lock on package cache
[INFO] [stderr]    Compiling proc-macro2 v1.0.30
[INFO] [stderr]    Compiling syn v1.0.80
[INFO] [stderr]    Compiling anyhow v1.0.44
[INFO] [stderr]     Checking paw-raw v1.0.0
[INFO] [stderr]    Compiling proc-macro-error-attr v1.0.4
[INFO] [stderr]    Compiling proc-macro-error v1.0.4
[INFO] [stderr]    Compiling quote v1.0.10
[INFO] [stderr]    Compiling paw-attributes v1.0.2
[INFO] [stderr]    Compiling structopt-derive v0.4.16
[INFO] [stderr]    Compiling thiserror-impl v1.0.30
[INFO] [stderr]     Checking paw v1.0.0
[INFO] [stderr]     Checking thiserror v1.0.30
[INFO] [stderr]     Checking structopt v0.3.23
[INFO] [stderr]     Checking rust-elf v0.1.0 (/opt/rustwide/workdir)
[INFO] [stdout] error[E0583]: file not found for module `elf`
[INFO] [stdout]   --> src/main.rs:12:1
[INFO] [stdout]    |
[INFO] [stdout] 12 | mod elf;
[INFO] [stdout]    | ^^^^^^^^
[INFO] [stdout]    |
[INFO] [stdout]    = help: to create the module `elf`, create file "src/elf.rs" or "src/elf/mod.rs"
[INFO] [stdout] 
[INFO] [stdout] 
[INFO] [stdout] error[E0583]: file not found for module `elf`
[INFO] [stdout]   --> src/main.rs:12:1
[INFO] [stdout]    |
[INFO] [stdout] 12 | mod elf;
[INFO] [stdout]    | ^^^^^^^^
[INFO] [stdout]    |
[INFO] [stdout]    = help: to create the module `elf`, create file "src/elf.rs" or "src/elf/mod.rs"
[INFO] [stdout] 
[INFO] [stdout] 
[INFO] [stdout] error[E0432]: unresolved import `elf::Elf`
[INFO] [stdout]   --> src/main.rs:17:5
[INFO] [stdout]    |
[INFO] [stdout] 17 | use elf::Elf;
[INFO] [stdout]    |     ^^^^^^^^ no `Elf` in `elf`
[INFO] [stdout] 
[INFO] [stdout] 
[INFO] [stdout] error[E0432]: unresolved import `elf::Elf`
[INFO] [stdout]   --> src/main.rs:17:5
[INFO] [stdout]    |
[INFO] [stdout] 17 | use elf::Elf;
[INFO] [stdout]    |     ^^^^^^^^ no `Elf` in `elf`
[INFO] [stdout] 
[INFO] [stdout] 
[INFO] [stdout] error: aborting due to 2 previous errors
[INFO] [stdout] 
[INFO] [stdout] 
[INFO] [stdout] Some errors have detailed explanations: E0432, E0583.
[INFO] [stdout] 
[INFO] [stdout] For more information about an error, try `rustc --explain E0432`.
[INFO] [stdout] 
[INFO] [stderr] error: could not compile `rust-elf` due to 3 previous errors
[INFO] [stderr] warning: build failed, waiting for other jobs to finish...
[INFO] [stdout] error: aborting due to 2 previous errors
[INFO] [stdout] 
[INFO] [stdout] 
[INFO] [stdout] Some errors have detailed explanations: E0432, E0583.
[INFO] [stdout] 
[INFO] [stdout] For more information about an error, try `rustc --explain E0432`.
[INFO] [stdout] 
[INFO] [stderr] error: build failed
[INFO] running `Command { std: "docker" "inspect" "ee9c984e936f069ae667e03fecc02f2acc76db8ac28679d750dc4c863c123787", kill_on_drop: false }`
[INFO] running `Command { std: "docker" "rm" "-f" "ee9c984e936f069ae667e03fecc02f2acc76db8ac28679d750dc4c863c123787", kill_on_drop: false }`
[INFO] [stdout] ee9c984e936f069ae667e03fecc02f2acc76db8ac28679d750dc4c863c123787
