[INFO] cloning repository https://github.com/AJIeKceuD/rust-scp
[INFO] running `Command { std: "git" "-c" "credential.helper=" "-c" "credential.helper=/workspace/cargo-home/bin/git-credential-null" "clone" "--bare" "https://github.com/AJIeKceuD/rust-scp" "/workspace/cache/git-repos/https%3A%2F%2Fgithub.com%2FAJIeKceuD%2Frust-scp", kill_on_drop: false }`
[INFO] [stderr] Cloning into bare repository '/workspace/cache/git-repos/https%3A%2F%2Fgithub.com%2FAJIeKceuD%2Frust-scp'...
[INFO] running `Command { std: "git" "rev-parse" "HEAD", kill_on_drop: false }`
[INFO] [stdout] 6d4ea8bcf4d02ac95f55fd57b3b142ec5cad204b
[INFO] checking AJIeKceuD/rust-scp against beta-2021-10-15 for beta-1.56-3
[INFO] running `Command { std: "git" "clone" "/workspace/cache/git-repos/https%3A%2F%2Fgithub.com%2FAJIeKceuD%2Frust-scp" "/workspace/builds/worker-92/source", kill_on_drop: false }`
[INFO] [stderr] Cloning into '/workspace/builds/worker-92/source'...
[INFO] [stderr] done.
[INFO] validating manifest of git repo https://github.com/AJIeKceuD/rust-scp on toolchain beta-2021-10-15
[INFO] running `Command { std: "/workspace/cargo-home/bin/cargo" "+beta-2021-10-15" "metadata" "--manifest-path" "Cargo.toml" "--no-deps", kill_on_drop: false }`
[INFO] started tweaking git repo https://github.com/AJIeKceuD/rust-scp
[INFO] finished tweaking git repo https://github.com/AJIeKceuD/rust-scp
[INFO] tweaked toml for git repo https://github.com/AJIeKceuD/rust-scp written to /workspace/builds/worker-92/source/Cargo.toml
[INFO] crate git repo https://github.com/AJIeKceuD/rust-scp already has a lockfile, it will not be regenerated
[INFO] running `Command { std: "/workspace/cargo-home/bin/cargo" "+beta-2021-10-15" "fetch" "--manifest-path" "Cargo.toml", kill_on_drop: false }`
[INFO] [stderr]     Blocking waiting for file lock on package cache
[INFO] running `Command { std: "docker" "create" "-v" "/var/lib/crater-agent-workspace/builds/worker-92/target:/opt/rustwide/target:rw,Z" "-v" "/var/lib/crater-agent-workspace/builds/worker-92/source:/opt/rustwide/workdir:ro,Z" "-v" "/var/lib/crater-agent-workspace/cargo-home:/opt/rustwide/cargo-home:ro,Z" "-v" "/var/lib/crater-agent-workspace/rustup-home:/opt/rustwide/rustup-home:ro,Z" "-e" "SOURCE_DIR=/opt/rustwide/workdir" "-e" "CARGO_TARGET_DIR=/opt/rustwide/target" "-e" "CARGO_HOME=/opt/rustwide/cargo-home" "-e" "RUSTUP_HOME=/opt/rustwide/rustup-home" "-w" "/opt/rustwide/workdir" "-m" "1610612736" "--user" "0:0" "--network" "none" "ghcr.io/rust-lang/crates-build-env/linux@sha256:a89201d6b5b9fd45c15d5952ece0a0129e7e80cb26ec023fd59cf09bc26f1604" "/opt/rustwide/cargo-home/bin/cargo" "+beta-2021-10-15" "metadata" "--no-deps" "--format-version=1", kill_on_drop: false }`
[INFO] [stdout] f24b620fafdb6b5679dd37b17560c9d0c5f3323c0afca46ff14695ccdd96eecc
[INFO] running `Command { std: "docker" "start" "-a" "f24b620fafdb6b5679dd37b17560c9d0c5f3323c0afca46ff14695ccdd96eecc", kill_on_drop: false }`
[INFO] running `Command { std: "docker" "inspect" "f24b620fafdb6b5679dd37b17560c9d0c5f3323c0afca46ff14695ccdd96eecc", kill_on_drop: false }`
[INFO] running `Command { std: "docker" "rm" "-f" "f24b620fafdb6b5679dd37b17560c9d0c5f3323c0afca46ff14695ccdd96eecc", kill_on_drop: false }`
[INFO] [stdout] f24b620fafdb6b5679dd37b17560c9d0c5f3323c0afca46ff14695ccdd96eecc
[INFO] running `Command { std: "docker" "create" "-v" "/var/lib/crater-agent-workspace/builds/worker-92/target:/opt/rustwide/target:rw,Z" "-v" "/var/lib/crater-agent-workspace/builds/worker-92/source:/opt/rustwide/workdir:ro,Z" "-v" "/var/lib/crater-agent-workspace/cargo-home:/opt/rustwide/cargo-home:ro,Z" "-v" "/var/lib/crater-agent-workspace/rustup-home:/opt/rustwide/rustup-home:ro,Z" "-e" "SOURCE_DIR=/opt/rustwide/workdir" "-e" "CARGO_TARGET_DIR=/opt/rustwide/target" "-e" "CARGO_INCREMENTAL=0" "-e" "RUST_BACKTRACE=full" "-e" "RUSTFLAGS=--cap-lints=warn" "-e" "CARGO_HOME=/opt/rustwide/cargo-home" "-e" "RUSTUP_HOME=/opt/rustwide/rustup-home" "-w" "/opt/rustwide/workdir" "-m" "1610612736" "--user" "0:0" "--network" "none" "ghcr.io/rust-lang/crates-build-env/linux@sha256:a89201d6b5b9fd45c15d5952ece0a0129e7e80cb26ec023fd59cf09bc26f1604" "/opt/rustwide/cargo-home/bin/cargo" "+beta-2021-10-15" "check" "--frozen" "--all" "--all-targets" "--message-format=json", kill_on_drop: false }`
[INFO] [stdout] 368e0f2500b2ae11e960ea21690dee8dad0560b33a2f129fe7cebdbe0e4ab1b6
[INFO] running `Command { std: "docker" "start" "-a" "368e0f2500b2ae11e960ea21690dee8dad0560b33a2f129fe7cebdbe0e4ab1b6", kill_on_drop: false }`
[INFO] [stderr]     Blocking waiting for file lock on package cache
[INFO] [stderr]     Blocking waiting for file lock on package cache
[INFO] [stderr]    Compiling libc v0.2.101
[INFO] [stderr]    Compiling syn v1.0.76
[INFO] [stderr]    Compiling cc v1.0.70
[INFO] [stderr]    Compiling serde v1.0.130
[INFO] [stderr]    Compiling serde_json v1.0.67
[INFO] [stderr]    Compiling futures-channel v0.3.17
[INFO] [stderr]    Compiling once_cell v1.8.0
[INFO] [stderr]     Checking bytes v1.1.0
[INFO] [stderr]     Checking smallvec v1.6.1
[INFO] [stderr]    Compiling tinyvec_macros v0.1.0
[INFO] [stderr]    Compiling unicode-bidi v0.3.6
[INFO] [stderr]    Compiling matches v0.1.9
[INFO] [stderr]    Compiling itoa v0.4.8
[INFO] [stderr]    Compiling pin-project-lite v0.2.7
[INFO] [stderr]    Compiling spin v0.5.2
[INFO] [stderr]    Compiling untrusted v0.7.1
[INFO] [stderr]    Compiling percent-encoding v2.1.0
[INFO] [stderr]    Compiling scopeguard v1.1.0
[INFO] [stderr]     Checking base64 v0.13.0
[INFO] [stderr]    Compiling pkg-config v0.3.19
[INFO] [stderr]     Checking subtle v2.4.1
[INFO] [stderr]    Compiling crossbeam-queue v0.3.2
[INFO] [stderr]    Compiling whoami v1.1.3
[INFO] [stderr]    Compiling futures-sink v0.3.17
[INFO] [stderr]    Compiling same-file v1.0.6
[INFO] [stderr]    Compiling cookie-factory v0.2.4
[INFO] [stderr]    Compiling slab v0.4.4
[INFO] [stderr]    Compiling opaque-debug v0.3.0
[INFO] [stderr]    Compiling futures-io v0.3.17
[INFO] [stderr]    Compiling pin-utils v0.1.0
[INFO] [stderr]    Compiling minimal-lexical v0.1.3
[INFO] [stderr]    Compiling ppv-lite86 v0.2.10
[INFO] [stderr]    Compiling cpufeatures v0.2.1
[INFO] [stderr]    Compiling either v1.6.1
[INFO] [stderr]    Compiling crc-catalog v1.1.1
[INFO] [stderr]    Compiling unicode-segmentation v1.8.0
[INFO] [stderr]    Compiling unicode_categories v0.1.1
[INFO] [stderr]    Compiling hex v0.4.3
[INFO] [stderr]     Checking siphasher v0.3.7
[INFO] [stderr]     Checking fallible-iterator v0.2.0
[INFO] [stderr]     Checking lazycell v1.3.0
[INFO] [stderr]    Compiling dotenv v0.15.0
[INFO] [stderr]     Checking bytes v0.5.6
[INFO] [stderr]     Checking strum v0.21.0
[INFO] [stderr]     Checking web_controller v0.1.0 (/opt/rustwide/workdir/web_controller)
[INFO] [stderr]    Compiling proc-macro2 v1.0.29
[INFO] [stderr]    Compiling futures-core v0.3.17
[INFO] [stderr]    Compiling tokio v1.11.0
[INFO] [stderr]    Compiling ahash v0.7.4
[INFO] [stderr]    Compiling futures-util v0.3.17
[INFO] [stderr]     Checking tinyvec v1.4.0
[INFO] [stderr]     Checking instant v0.1.10
[INFO] [stderr]    Compiling nom v4.2.3
[INFO] [stderr]    Compiling crossbeam-utils v0.8.5
[INFO] [stderr]     Checking foreign-types v0.3.2
[INFO] [stderr]    Compiling doc-comment v0.3.3
[INFO] [stderr]     Checking tracing-core v0.1.20
[INFO] [stderr]    Compiling httparse v1.5.1
[INFO] [stderr]    Compiling typenum v1.14.0
[INFO] [stderr]    Compiling lock_api v0.4.5
[INFO] [stderr]    Compiling nom v7.0.0
[INFO] [stderr]    Compiling proc-macro-nested v0.1.7
[INFO] [stderr]    Compiling futures-task v0.3.17
[INFO] [stderr]    Compiling indexmap v1.7.0
[INFO] [stderr]    Compiling num-traits v0.2.14
[INFO] [stderr]    Compiling walkdir v2.3.2
[INFO] [stderr]     Checking want v0.3.0
[INFO] [stderr]     Checking num-integer v0.1.44
[INFO] [stderr]     Checking atoi v0.4.0
[INFO] [stderr]     Checking md-5 v0.9.1
[INFO] [stderr]     Checking sha-1 v0.9.8
[INFO] [stderr]    Compiling crc v2.0.0
[INFO] [stderr]    Compiling form_urlencoded v1.0.1
[INFO] [stderr]     Checking crypto-mac v0.10.1
[INFO] [stderr]    Compiling itertools v0.10.1
[INFO] [stderr]     Checking http v0.2.4
[INFO] [stderr]     Checking phf_shared v0.8.0
[INFO] [stderr]     Checking hmac v0.10.1
[INFO] [stderr]    Compiling heck v0.3.3
[INFO] [stderr]     Checking tracing v0.1.26
[INFO] [stderr]     Checking input_buffer v0.3.1
[INFO] [stderr]     Checking crossbeam-channel v0.5.1
[INFO] [stderr]     Checking phf v0.8.0
[INFO] [stderr]    Compiling quote v1.0.9
[INFO] [stderr]    Compiling ring v0.16.20
[INFO] [stderr]    Compiling openssl-sys v0.9.66
[INFO] [stderr]     Checking unicode-normalization v0.1.19
[INFO] [stderr]    Compiling generic-array v0.14.4
[INFO] [stderr]    Compiling getrandom v0.2.3
[INFO] [stderr]    Compiling parking_lot_core v0.8.5
[INFO] [stderr]    Compiling mio v0.7.13
[INFO] [stderr]    Compiling signal-hook-registry v1.4.0
[INFO] [stderr]    Compiling num_cpus v1.13.0
[INFO] [stderr]    Compiling time v0.1.44
[INFO] [stderr]    Compiling dirs-sys v0.3.6
[INFO] [stderr]    Compiling sqlformat v0.1.8
[INFO] [stderr]     Checking iovec v0.1.4
[INFO] [stderr]     Checking net2 v0.2.37
[INFO] [stderr]     Checking socket2 v0.4.1
[INFO] [stderr]     Checking http-body v0.4.3
[INFO] [stderr]    Compiling rand_core v0.6.3
[INFO] [stderr]     Checking dirs v3.0.2
[INFO] [stderr]    Compiling parking_lot v0.11.2
[INFO] [stderr]     Checking mio v0.6.23
[INFO] [stderr]    Compiling chrono v0.4.19
[INFO] [stderr]    Compiling rand_chacha v0.3.1
[INFO] [stderr]    Compiling digest v0.9.0
[INFO] [stderr]    Compiling block-buffer v0.9.0
[INFO] [stderr]    Compiling hashbrown v0.11.2
[INFO] [stderr]    Compiling openssl v0.10.36
[INFO] [stderr]    Compiling native-tls v0.2.8
[INFO] [stderr]    Compiling futures-intrusive v0.4.0
[INFO] [stderr]    Compiling sha2 v0.9.8
[INFO] [stderr]    Compiling rand v0.8.4
[INFO] [stderr]     Checking mio-extras v2.0.6
[INFO] [stderr]    Compiling hashlink v0.7.0
[INFO] [stderr]     Checking stringprep v0.1.2
[INFO] [stderr]     Checking idna v0.1.5
[INFO] [stderr]     Checking idna v0.2.3
[INFO] [stderr]     Checking postgres-protocol v0.6.1
[INFO] [stderr]     Checking url v1.7.2
[INFO] [stderr]     Checking url v2.2.2
[INFO] [stderr]     Checking postgres-types v0.2.1
[INFO] [stderr]     Checking webpki v0.21.4
[INFO] [stderr]     Checking sct v0.6.1
[INFO] [stderr]     Checking rustls v0.19.1
[INFO] [stderr]     Checking webpki-roots v0.21.1
[INFO] [stderr]    Compiling pest_generator v2.1.3
[INFO] [stderr]    Compiling serde_derive v1.0.130
[INFO] [stderr]    Compiling tokio-macros v1.3.0
[INFO] [stderr]    Compiling futures-macro v0.3.17
[INFO] [stderr]    Compiling pest_derive v2.1.0
[INFO] [stderr]    Compiling thiserror-impl v1.0.29
[INFO] [stderr]    Compiling snafu-derive v0.6.10
[INFO] [stderr]    Compiling async-trait v0.1.51
[INFO] [stderr]    Compiling web_controller_derive v0.1.0 (/opt/rustwide/workdir/web_controller/web_controller_derive)
[INFO] [stderr]    Compiling strum_macros v0.21.1
[INFO] [stderr]     Checking snafu v0.6.10
[INFO] [stderr]    Compiling thiserror v1.0.29
[INFO] [stderr]    Compiling futures-executor v0.3.17
[INFO] [stderr]    Compiling futures v0.3.17
[INFO] [stderr]     Checking tokio-rustls v0.22.0
[INFO] [stderr]     Checking tokio-util v0.6.8
[INFO] [stderr]     Checking tokio-stream v0.1.7
[INFO] [stderr]     Checking h2 v0.3.4
[INFO] [stderr]     Checking tokio-postgres v0.7.2
[INFO] [stderr]     Checking sqlx-rt v0.5.7
[INFO] [stderr]    Compiling toml v0.5.8
[INFO] [stderr]    Compiling semver v0.9.0
[INFO] [stderr]     Checking amq-protocol-types v1.2.0
[INFO] [stderr]     Checking handlebars v1.1.0
[INFO] [stderr]     Checking sqlx-core v0.5.7
[INFO] [stderr]    Compiling cargo-lock v4.0.1
[INFO] [stderr]    Compiling built v0.4.4
[INFO] [stderr]     Checking amq-protocol-codegen v1.4.0
[INFO] [stderr]     Checking hyper v0.14.12
[INFO] [stderr]    Compiling amiquip v0.4.0
[INFO] [stderr]    Compiling amq-protocol v1.4.0
[INFO] [stderr]    Compiling sqlx-macros v0.5.7
[INFO] [stderr]     Checking sqlx v0.5.7
[INFO] [stderr]     Checking rust-scp v0.1.0 (/opt/rustwide/workdir)
[INFO] [stdout] error: error communicating with the server: Cannot assign requested address (os error 99)
[INFO] [stdout]   --> src/./controllers/../services/record_register.rs:67:25
[INFO] [stdout]    |
[INFO] [stdout] 67 |         let log_id_fn = log_insert_db!(log, db_pool);
[INFO] [stdout]    |                         ^^^^^^^^^^^^^^^^^^^^^^^^^^^^
[INFO] [stdout]    |
[INFO] [stdout]    = note: this error originates in the macro `$crate::sqlx_macros::expand_query` (in Nightly builds, run with -Z macro-backtrace for more info)
[INFO] [stdout] 
[INFO] [stdout] 
[INFO] [stdout] error: error communicating with the server: Cannot assign requested address (os error 99)
[INFO] [stdout]    --> src/./controllers/../services/record_register.rs:137:9
[INFO] [stdout]     |
[INFO] [stdout] 137 |         log_update_db!(log, db_pool, log_id_fn);
[INFO] [stdout]     |         ^^^^^^^^^^^^^^^^^^^^^^^^^^^^^^^^^^^^^^^^
[INFO] [stdout]     |
[INFO] [stdout]     = note: this error originates in the macro `$crate::sqlx_macros::expand_query` (in Nightly builds, run with -Z macro-backtrace for more info)
[INFO] [stdout] 
[INFO] [stdout] 
[INFO] [stdout] error: error communicating with the server: Cannot assign requested address (os error 99)
[INFO] [stdout]    --> src/./controllers/../services/record_register.rs:158:25
[INFO] [stdout]     |
[INFO] [stdout] 158 |         let log_id_fn = log_insert_db!(log, db_pool);
[INFO] [stdout]     |                         ^^^^^^^^^^^^^^^^^^^^^^^^^^^^
[INFO] [stdout]     |
[INFO] [stdout]     = note: this error originates in the macro `$crate::sqlx_macros::expand_query` (in Nightly builds, run with -Z macro-backtrace for more info)
[INFO] [stdout] 
[INFO] [stdout] 
[INFO] [stdout] error: error communicating with the server: Cannot assign requested address (os error 99)
[INFO] [stdout]    --> src/./controllers/../services/record_register.rs:185:22
[INFO] [stdout]     |
[INFO] [stdout] 185 |         let log_id = log_insert_db!(log, db_pool);
[INFO] [stdout]     |                      ^^^^^^^^^^^^^^^^^^^^^^^^^^^^
[INFO] [stdout]     |
[INFO] [stdout]     = note: this error originates in the macro `$crate::sqlx_macros::expand_query` (in Nightly builds, run with -Z macro-backtrace for more info)
[INFO] [stdout] 
[INFO] [stdout] 
[INFO] [stdout] error: error communicating with the server: Cannot assign requested address (os error 99)
[INFO] [stdout]    --> src/./controllers/../services/record_register.rs:223:9
[INFO] [stdout]     |
[INFO] [stdout] 223 |         log_update_db!(log, db_pool, log_id);
[INFO] [stdout]     |         ^^^^^^^^^^^^^^^^^^^^^^^^^^^^^^^^^^^^^
[INFO] [stdout]     |
[INFO] [stdout]     = note: this error originates in the macro `$crate::sqlx_macros::expand_query` (in Nightly builds, run with -Z macro-backtrace for more info)
[INFO] [stdout] 
[INFO] [stdout] 
[INFO] [stdout] error: error communicating with the server: Cannot assign requested address (os error 99)
[INFO] [stdout]    --> src/./controllers/../services/record_register.rs:233:9
[INFO] [stdout]     |
[INFO] [stdout] 233 |         log_update_db!(log, db_pool, log_id_fn);
[INFO] [stdout]     |         ^^^^^^^^^^^^^^^^^^^^^^^^^^^^^^^^^^^^^^^^
[INFO] [stdout]     |
[INFO] [stdout]     = note: this error originates in the macro `$crate::sqlx_macros::expand_query` (in Nightly builds, run with -Z macro-backtrace for more info)
[INFO] [stdout] 
[INFO] [stdout] 
[INFO] [stdout] error: error communicating with the server: Cannot assign requested address (os error 99)
[INFO] [stdout]   --> src/./controllers/../services/record_register.rs:67:25
[INFO] [stdout]    |
[INFO] [stdout] 67 |         let log_id_fn = log_insert_db!(log, db_pool);
[INFO] [stdout]    |                         ^^^^^^^^^^^^^^^^^^^^^^^^^^^^
[INFO] [stdout]    |
[INFO] [stdout]    = note: this error originates in the macro `$crate::sqlx_macros::expand_query` (in Nightly builds, run with -Z macro-backtrace for more info)
[INFO] [stdout] 
[INFO] [stdout] 
[INFO] [stdout] error: error communicating with the server: Cannot assign requested address (os error 99)
[INFO] [stdout]    --> src/./controllers/../services/record_register.rs:137:9
[INFO] [stdout]     |
[INFO] [stdout] 137 |         log_update_db!(log, db_pool, log_id_fn);
[INFO] [stdout]     |         ^^^^^^^^^^^^^^^^^^^^^^^^^^^^^^^^^^^^^^^^
[INFO] [stdout]     |
[INFO] [stdout]     = note: this error originates in the macro `$crate::sqlx_macros::expand_query` (in Nightly builds, run with -Z macro-backtrace for more info)
[INFO] [stdout] 
[INFO] [stdout] 
[INFO] [stdout] error: error communicating with the server: Cannot assign requested address (os error 99)
[INFO] [stdout]    --> src/./controllers/../services/record_register.rs:158:25
[INFO] [stdout]     |
[INFO] [stdout] 158 |         let log_id_fn = log_insert_db!(log, db_pool);
[INFO] [stdout]     |                         ^^^^^^^^^^^^^^^^^^^^^^^^^^^^
[INFO] [stdout]     |
[INFO] [stdout]     = note: this error originates in the macro `$crate::sqlx_macros::expand_query` (in Nightly builds, run with -Z macro-backtrace for more info)
[INFO] [stdout] 
[INFO] [stdout] 
[INFO] [stdout] error: error communicating with the server: Cannot assign requested address (os error 99)
[INFO] [stdout]    --> src/./controllers/../services/record_register.rs:185:22
[INFO] [stdout]     |
[INFO] [stdout] 185 |         let log_id = log_insert_db!(log, db_pool);
[INFO] [stdout]     |                      ^^^^^^^^^^^^^^^^^^^^^^^^^^^^
[INFO] [stdout]     |
[INFO] [stdout]     = note: this error originates in the macro `$crate::sqlx_macros::expand_query` (in Nightly builds, run with -Z macro-backtrace for more info)
[INFO] [stdout] 
[INFO] [stdout] 
[INFO] [stdout] error: error communicating with the server: Cannot assign requested address (os error 99)
[INFO] [stdout]    --> src/./controllers/../services/record_register.rs:223:9
[INFO] [stdout]     |
[INFO] [stdout] 223 |         log_update_db!(log, db_pool, log_id);
[INFO] [stdout]     |         ^^^^^^^^^^^^^^^^^^^^^^^^^^^^^^^^^^^^^
[INFO] [stdout]     |
[INFO] [stdout]     = note: this error originates in the macro `$crate::sqlx_macros::expand_query` (in Nightly builds, run with -Z macro-backtrace for more info)
[INFO] [stdout] 
[INFO] [stdout] 
[INFO] [stdout] error: error communicating with the server: Cannot assign requested address (os error 99)
[INFO] [stdout]    --> src/./controllers/../services/record_register.rs:233:9
[INFO] [stdout]     |
[INFO] [stdout] 233 |         log_update_db!(log, db_pool, log_id_fn);
[INFO] [stdout]     |         ^^^^^^^^^^^^^^^^^^^^^^^^^^^^^^^^^^^^^^^^
[INFO] [stdout]     |
[INFO] [stdout]     = note: this error originates in the macro `$crate::sqlx_macros::expand_query` (in Nightly builds, run with -Z macro-backtrace for more info)
[INFO] [stdout] 
[INFO] [stdout] 
[INFO] [stdout] error: error communicating with the server: Cannot assign requested address (os error 99)
[INFO] [stdout]   --> src/./middleware/request_id.rs:11:26
[INFO] [stdout]    |
[INFO] [stdout] 11 |         let db_request = sqlx::query!("SELECT nextval('api_request_id_seq') as id;")
[INFO] [stdout]    |                          ^^^^^^^^^^^^^^^^^^^^^^^^^^^^^^^^^^^^^^^^^^^^^^^^^^^^^^^^^^^
[INFO] [stdout]    |
[INFO] [stdout]    = note: this error originates in the macro `$crate::sqlx_macros::expand_query` (in Nightly builds, run with -Z macro-backtrace for more info)
[INFO] [stdout] 
[INFO] [stdout] 
[INFO] [stdout] error: error communicating with the server: Cannot assign requested address (os error 99)
[INFO] [stdout]    --> src/router.rs:117:18
[INFO] [stdout]     |
[INFO] [stdout] 117 |     let log_id = log_insert_db!(log, &server_context.db_pool);
[INFO] [stdout]     |                  ^^^^^^^^^^^^^^^^^^^^^^^^^^^^^^^^^^^^^^^^^^^^
[INFO] [stdout]     |
[INFO] [stdout]     = note: this error originates in the macro `$crate::sqlx_macros::expand_query` (in Nightly builds, run with -Z macro-backtrace for more info)
[INFO] [stdout] 
[INFO] [stdout] 
[INFO] [stdout] error: error communicating with the server: Cannot assign requested address (os error 99)
[INFO] [stdout]   --> src/./middleware/request_id.rs:11:26
[INFO] [stdout]    |
[INFO] [stdout] 11 |         let db_request = sqlx::query!("SELECT nextval('api_request_id_seq') as id;")
[INFO] [stdout]    |                          ^^^^^^^^^^^^^^^^^^^^^^^^^^^^^^^^^^^^^^^^^^^^^^^^^^^^^^^^^^^
[INFO] [stdout]    |
[INFO] [stdout]    = note: this error originates in the macro `$crate::sqlx_macros::expand_query` (in Nightly builds, run with -Z macro-backtrace for more info)
[INFO] [stdout] 
[INFO] [stdout] 
[INFO] [stdout] error: error communicating with the server: Cannot assign requested address (os error 99)
[INFO] [stdout]    --> src/router.rs:232:5
[INFO] [stdout]     |
[INFO] [stdout] 232 |     log_update_db!(log, &server_context.db_pool, log_id);
[INFO] [stdout]     |     ^^^^^^^^^^^^^^^^^^^^^^^^^^^^^^^^^^^^^^^^^^^^^^^^^^^^^
[INFO] [stdout]     |
[INFO] [stdout]     = note: this error originates in the macro `$crate::sqlx_macros::expand_query` (in Nightly builds, run with -Z macro-backtrace for more info)
[INFO] [stdout] 
[INFO] [stdout] 
[INFO] [stdout] error: error communicating with the server: Cannot assign requested address (os error 99)
[INFO] [stdout]    --> src/router.rs:117:18
[INFO] [stdout]     |
[INFO] [stdout] 117 |     let log_id = log_insert_db!(log, &server_context.db_pool);
[INFO] [stdout]     |                  ^^^^^^^^^^^^^^^^^^^^^^^^^^^^^^^^^^^^^^^^^^^^
[INFO] [stdout]     |
[INFO] [stdout]     = note: this error originates in the macro `$crate::sqlx_macros::expand_query` (in Nightly builds, run with -Z macro-backtrace for more info)
[INFO] [stdout] 
[INFO] [stdout] 
[INFO] [stdout] error: error communicating with the server: Cannot assign requested address (os error 99)
[INFO] [stdout]    --> src/router.rs:232:5
[INFO] [stdout]     |
[INFO] [stdout] 232 |     log_update_db!(log, &server_context.db_pool, log_id);
[INFO] [stdout]     |     ^^^^^^^^^^^^^^^^^^^^^^^^^^^^^^^^^^^^^^^^^^^^^^^^^^^^^
[INFO] [stdout]     |
[INFO] [stdout]     = note: this error originates in the macro `$crate::sqlx_macros::expand_query` (in Nightly builds, run with -Z macro-backtrace for more info)
[INFO] [stdout] 
[INFO] [stdout] 
[INFO] [stdout] warning: unused import: `Utc`
[INFO] [stdout]  --> src/router.rs:5:14
[INFO] [stdout]   |
[INFO] [stdout] 5 | use chrono::{Utc, Local};
[INFO] [stdout]   |              ^^^
[INFO] [stdout]   |
[INFO] [stdout]   = note: `#[warn(unused_imports)]` on by default
[INFO] [stdout] 
[INFO] [stdout] 
[INFO] [stdout] warning: unused import: `futures::TryStreamExt as _`
[INFO] [stdout]  --> src/router.rs:9:5
[INFO] [stdout]   |
[INFO] [stdout] 9 | use futures::TryStreamExt as _; // map_ok()
[INFO] [stdout]   |     ^^^^^^^^^^^^^^^^^^^^^^^^^^
[INFO] [stdout] 
[INFO] [stdout] 
[INFO] [stdout] warning: unused imports: `trace`, `warn`
[INFO] [stdout]   --> src/router.rs:11:18
[INFO] [stdout]    |
[INFO] [stdout] 11 | use log::{error, warn, info, debug, trace};
[INFO] [stdout]    |                  ^^^^               ^^^^^
[INFO] [stdout] 
[INFO] [stdout] 
[INFO] [stdout] warning: unused import: `futures::io::ErrorKind`
[INFO] [stdout]  --> src/./controllers/test_async.rs:3:5
[INFO] [stdout]   |
[INFO] [stdout] 3 | use futures::io::ErrorKind;
[INFO] [stdout]   |     ^^^^^^^^^^^^^^^^^^^^^^
[INFO] [stdout] 
[INFO] [stdout] 
[INFO] [stdout] warning: unused imports: `Body`, `HeaderMap`, `Request`, `Response`, `StatusCode`
[INFO] [stdout]  --> src/./controllers/test_async.rs:5:13
[INFO] [stdout]   |
[INFO] [stdout] 5 | use hyper::{Request, Body, Response, HeaderMap, StatusCode};
[INFO] [stdout]   |             ^^^^^^^  ^^^^  ^^^^^^^^  ^^^^^^^^^  ^^^^^^^^^^
[INFO] [stdout] 
[INFO] [stdout] 
[INFO] [stdout] warning: unused import: `hyper::body::Bytes`
[INFO] [stdout]  --> src/./controllers/test_async.rs:6:5
[INFO] [stdout]   |
[INFO] [stdout] 6 | use hyper::body::Bytes;
[INFO] [stdout]   |     ^^^^^^^^^^^^^^^^^^
[INFO] [stdout] 
[INFO] [stdout] 
[INFO] [stdout] warning: unused import: `hyper::http::request::Parts`
[INFO] [stdout]  --> src/./controllers/test_async.rs:7:5
[INFO] [stdout]   |
[INFO] [stdout] 7 | use hyper::http::request::Parts;
[INFO] [stdout]   |     ^^^^^^^^^^^^^^^^^^^^^^^^^^^
[INFO] [stdout] 
[INFO] [stdout] 
[INFO] [stdout] warning: unused imports: `debug`, `error`, `trace`
[INFO] [stdout]   --> src/./controllers/test_async.rs:13:11
[INFO] [stdout]    |
[INFO] [stdout] 13 | use log::{error, warn, info, debug, trace};
[INFO] [stdout]    |           ^^^^^              ^^^^^  ^^^^^
[INFO] [stdout] 
[INFO] [stdout] 
[INFO] [stdout] warning: unused import: `LogModel`
[INFO] [stdout]   --> src/./controllers/test_async.rs:21:33
[INFO] [stdout]    |
[INFO] [stdout] 21 | use crate::router::model::log::{LogModel, RequestId};
[INFO] [stdout]    |                                 ^^^^^^^^
[INFO] [stdout] 
[INFO] [stdout] 
[INFO] [stdout] warning: unused import: `InnerResultRepeat`
[INFO] [stdout]   --> src/./controllers/test_async.rs:24:85
[INFO] [stdout]    |
[INFO] [stdout] 24 | use crate::router::inner_result::{InnerResult, InnerResultElement, InnerResultInfo, InnerResultRepeat};
[INFO] [stdout]    |                                                                                     ^^^^^^^^^^^^^^^^^
[INFO] [stdout] 
[INFO] [stdout] 
[INFO] [stdout] warning: unused import: `Utc`
[INFO] [stdout]  --> src/./controllers/../services/record_register.rs:3:14
[INFO] [stdout]   |
[INFO] [stdout] 3 | use chrono::{Utc, Local};
[INFO] [stdout]   |              ^^^
[INFO] [stdout] 
[INFO] [stdout] 
[INFO] [stdout] warning: unused import: `serde_json::Value`
[INFO] [stdout]  --> src/./controllers/../services/record_register.rs:5:5
[INFO] [stdout]   |
[INFO] [stdout] 5 | use serde_json::Value;
[INFO] [stdout]   |     ^^^^^^^^^^^^^^^^^
[INFO] [stdout] 
[INFO] [stdout] 
[INFO] [stdout] warning: unused import: `sqlx::postgres::PgArguments`
[INFO] [stdout]  --> src/./controllers/../services/record_register.rs:7:5
[INFO] [stdout]   |
[INFO] [stdout] 7 | use sqlx::postgres::PgArguments;
[INFO] [stdout]   |     ^^^^^^^^^^^^^^^^^^^^^^^^^^^
[INFO] [stdout] 
[INFO] [stdout] 
[INFO] [stdout] warning: unused import: `sqlx::postgres::PgRow`
[INFO] [stdout]  --> src/./controllers/../services/record_register.rs:8:5
[INFO] [stdout]   |
[INFO] [stdout] 8 | use sqlx::postgres::PgRow;
[INFO] [stdout]   |     ^^^^^^^^^^^^^^^^^^^^^
[INFO] [stdout] 
[INFO] [stdout] 
[INFO] [stdout] warning: unused imports: `info`, `trace`
[INFO] [stdout]   --> src/./controllers/../services/record_register.rs:11:24
[INFO] [stdout]    |
[INFO] [stdout] 11 | use log::{error, warn, info, debug, trace};
[INFO] [stdout]    |                        ^^^^         ^^^^^
[INFO] [stdout] 
[INFO] [stdout] 
[INFO] [stdout] warning: unused import: `LogModel`
[INFO] [stdout]   --> src/./controllers/../services/record_register.rs:14:33
[INFO] [stdout]    |
[INFO] [stdout] 14 | use crate::router::model::log::{LogModel, LogStage, LogType, LogName, RequestId, LogModelOut, LogModelIn};
[INFO] [stdout]    |                                 ^^^^^^^^
[INFO] [stdout] 
[INFO] [stdout] 
[INFO] [stdout] warning: unused import: `std::str`
[INFO] [stdout]  --> src/./controllers/rabbit.rs:2:5
[INFO] [stdout]   |
[INFO] [stdout] 2 | use std::str;
[INFO] [stdout]   |     ^^^^^^^^
[INFO] [stdout] 
[INFO] [stdout] 
[INFO] [stdout] warning: unused imports: `HeaderMap`, `Request`
[INFO] [stdout]  --> src/./controllers/rabbit.rs:3:13
[INFO] [stdout]   |
[INFO] [stdout] 3 | use hyper::{Request, Body, Response, HeaderMap};
[INFO] [stdout]   |             ^^^^^^^                  ^^^^^^^^^
[INFO] [stdout] 
[INFO] [stdout] 
[INFO] [stdout] warning: unused import: `hyper::body::Bytes`
[INFO] [stdout]  --> src/./controllers/rabbit.rs:4:5
[INFO] [stdout]   |
[INFO] [stdout] 4 | use hyper::body::Bytes;
[INFO] [stdout]   |     ^^^^^^^^^^^^^^^^^^
[INFO] [stdout] 
[INFO] [stdout] 
[INFO] [stdout] warning: unused import: `hyper::http::request::Parts`
[INFO] [stdout]  --> src/./controllers/rabbit.rs:5:5
[INFO] [stdout]   |
[INFO] [stdout] 5 | use hyper::http::request::Parts;
[INFO] [stdout]   |     ^^^^^^^^^^^^^^^^^^^^^^^^^^^
[INFO] [stdout] 
[INFO] [stdout] 
[INFO] [stdout] warning: unused imports: `debug`, `error`, `trace`, `warn`
[INFO] [stdout]  --> src/./controllers/rabbit.rs:6:11
[INFO] [stdout]   |
[INFO] [stdout] 6 | use log::{error, warn, info, debug, trace};
[INFO] [stdout]   |           ^^^^^  ^^^^        ^^^^^  ^^^^^
[INFO] [stdout] 
[INFO] [stdout] 
[INFO] [stdout] warning: unused imports: `LogModel`, `RequestId`
[INFO] [stdout]   --> src/./controllers/rabbit.rs:14:33
[INFO] [stdout]    |
[INFO] [stdout] 14 | use crate::router::model::log::{LogModel, RequestId};
[INFO] [stdout]    |                                 ^^^^^^^^  ^^^^^^^^^
[INFO] [stdout] 
[INFO] [stdout] 
[INFO] [stdout] warning: unused imports: `Exchange`, `Publish`
[INFO] [stdout]   --> src/./controllers/rabbit.rs:16:15
[INFO] [stdout]    |
[INFO] [stdout] 16 | use amiquip::{Exchange, Publish};
[INFO] [stdout]    |               ^^^^^^^^  ^^^^^^^
[INFO] [stdout] 
[INFO] [stdout] 
[INFO] [stdout] warning: unused import: `rabbit_controller::RabbitController`
[INFO] [stdout]   --> src/router.rs:22:5
[INFO] [stdout]    |
[INFO] [stdout] 22 | use rabbit_controller::RabbitController;
[INFO] [stdout]    |     ^^^^^^^^^^^^^^^^^^^^^^^^^^^^^^^^^^^
[INFO] [stdout] 
[INFO] [stdout] 
[INFO] [stdout] warning: unused imports: `info`, `trace`, `warn`
[INFO] [stdout]  --> src/./middleware/request_id.rs:3:18
[INFO] [stdout]   |
[INFO] [stdout] 3 | use log::{error, warn, info, debug, trace};
[INFO] [stdout]   |                  ^^^^  ^^^^         ^^^^^
[INFO] [stdout] 
[INFO] [stdout] 
[INFO] [stdout] warning: unused import: `inner_result::InnerResultRepeat`
[INFO] [stdout]   --> src/router.rs:42:5
[INFO] [stdout]    |
[INFO] [stdout] 42 | use inner_result::InnerResultRepeat;
[INFO] [stdout]    |     ^^^^^^^^^^^^^^^^^^^^^^^^^^^^^^^
[INFO] [stdout] 
[INFO] [stdout] 
[INFO] [stdout] warning: unused imports: `InnerResultElement`, `InnerResultInfo`, `InnerResultRepeat`
[INFO] [stdout]  --> src/./services/mapper/outer_result.rs:2:48
[INFO] [stdout]   |
[INFO] [stdout] 2 | use crate::router::inner_result::{InnerResult, InnerResultInfo, InnerResultElement, InnerResultRepeat};
[INFO] [stdout]   |                                                ^^^^^^^^^^^^^^^  ^^^^^^^^^^^^^^^^^^  ^^^^^^^^^^^^^^^^^
[INFO] [stdout] 
[INFO] [stdout] 
[INFO] [stdout] warning: unused imports: `OuterResultCode`, `OuterResultInfo`, `OuterResultRepeat`
[INFO] [stdout]   --> src/router.rs:46:33
[INFO] [stdout]    |
[INFO] [stdout] 46 | use outer_result::{OuterResult, OuterResultCode, OuterResultInfo, OuterResultRepeat};
[INFO] [stdout]    |                                 ^^^^^^^^^^^^^^^  ^^^^^^^^^^^^^^^  ^^^^^^^^^^^^^^^^^
[INFO] [stdout] 
[INFO] [stdout] 
[INFO] [stdout] warning: unused import: `Utc`
[INFO] [stdout]  --> src/router.rs:5:14
[INFO] [stdout]   |
[INFO] [stdout] 5 | use chrono::{Utc, Local};
[INFO] [stdout]   |              ^^^
[INFO] [stdout]   |
[INFO] [stdout]   = note: `#[warn(unused_imports)]` on by default
[INFO] [stdout] 
[INFO] [stdout] 
[INFO] [stdout] warning: unused import: `futures::TryStreamExt as _`
[INFO] [stdout]  --> src/router.rs:9:5
[INFO] [stdout]   |
[INFO] [stdout] 9 | use futures::TryStreamExt as _; // map_ok()
[INFO] [stdout]   |     ^^^^^^^^^^^^^^^^^^^^^^^^^^
[INFO] [stdout] 
[INFO] [stdout] 
[INFO] [stdout] warning: unused imports: `trace`, `warn`
[INFO] [stdout]   --> src/router.rs:11:18
[INFO] [stdout]    |
[INFO] [stdout] 11 | use log::{error, warn, info, debug, trace};
[INFO] [stdout]    |                  ^^^^               ^^^^^
[INFO] [stdout] 
[INFO] [stdout] 
[INFO] [stdout] warning: unused import: `futures::io::ErrorKind`
[INFO] [stdout]  --> src/./controllers/test_async.rs:3:5
[INFO] [stdout]   |
[INFO] [stdout] 3 | use futures::io::ErrorKind;
[INFO] [stdout]   |     ^^^^^^^^^^^^^^^^^^^^^^
[INFO] [stdout] 
[INFO] [stdout] 
[INFO] [stdout] warning: unused imports: `Body`, `HeaderMap`, `Request`, `Response`, `StatusCode`
[INFO] [stdout]  --> src/./controllers/test_async.rs:5:13
[INFO] [stdout]   |
[INFO] [stdout] 5 | use hyper::{Request, Body, Response, HeaderMap, StatusCode};
[INFO] [stdout]   |             ^^^^^^^  ^^^^  ^^^^^^^^  ^^^^^^^^^  ^^^^^^^^^^
[INFO] [stdout] 
[INFO] [stdout] 
[INFO] [stdout] warning: unused import: `hyper::body::Bytes`
[INFO] [stdout]  --> src/./controllers/test_async.rs:6:5
[INFO] [stdout]   |
[INFO] [stdout] 6 | use hyper::body::Bytes;
[INFO] [stdout]   |     ^^^^^^^^^^^^^^^^^^
[INFO] [stdout] 
[INFO] [stdout] 
[INFO] [stdout] warning: unused import: `hyper::http::request::Parts`
[INFO] [stdout]  --> src/./controllers/test_async.rs:7:5
[INFO] [stdout]   |
[INFO] [stdout] 7 | use hyper::http::request::Parts;
[INFO] [stdout]   |     ^^^^^^^^^^^^^^^^^^^^^^^^^^^
[INFO] [stdout] 
[INFO] [stdout] 
[INFO] [stdout] warning: unused imports: `debug`, `error`, `trace`
[INFO] [stdout]   --> src/./controllers/test_async.rs:13:11
[INFO] [stdout]    |
[INFO] [stdout] 13 | use log::{error, warn, info, debug, trace};
[INFO] [stdout]    |           ^^^^^              ^^^^^  ^^^^^
[INFO] [stdout] 
[INFO] [stdout] 
[INFO] [stdout] warning: unused import: `LogModel`
[INFO] [stdout]   --> src/./controllers/test_async.rs:21:33
[INFO] [stdout]    |
[INFO] [stdout] 21 | use crate::router::model::log::{LogModel, RequestId};
[INFO] [stdout]    |                                 ^^^^^^^^
[INFO] [stdout] 
[INFO] [stdout] 
[INFO] [stdout] warning: unused import: `InnerResultRepeat`
[INFO] [stdout]   --> src/./controllers/test_async.rs:24:85
[INFO] [stdout]    |
[INFO] [stdout] 24 | use crate::router::inner_result::{InnerResult, InnerResultElement, InnerResultInfo, InnerResultRepeat};
[INFO] [stdout]    |                                                                                     ^^^^^^^^^^^^^^^^^
[INFO] [stdout] 
[INFO] [stdout] 
[INFO] [stdout] warning: unused import: `Utc`
[INFO] [stdout]  --> src/./controllers/../services/record_register.rs:3:14
[INFO] [stdout]   |
[INFO] [stdout] 3 | use chrono::{Utc, Local};
[INFO] [stdout]   |              ^^^
[INFO] [stdout] 
[INFO] [stdout] 
[INFO] [stdout] warning: unused import: `serde_json::Value`
[INFO] [stdout]  --> src/./controllers/../services/record_register.rs:5:5
[INFO] [stdout]   |
[INFO] [stdout] 5 | use serde_json::Value;
[INFO] [stdout]   |     ^^^^^^^^^^^^^^^^^
[INFO] [stdout] 
[INFO] [stdout] 
[INFO] [stdout] warning: unused import: `sqlx::postgres::PgArguments`
[INFO] [stdout]  --> src/./controllers/../services/record_register.rs:7:5
[INFO] [stdout]   |
[INFO] [stdout] 7 | use sqlx::postgres::PgArguments;
[INFO] [stdout]   |     ^^^^^^^^^^^^^^^^^^^^^^^^^^^
[INFO] [stdout] 
[INFO] [stdout] 
[INFO] [stdout] warning: unused import: `sqlx::postgres::PgRow`
[INFO] [stdout]  --> src/./controllers/../services/record_register.rs:8:5
[INFO] [stdout]   |
[INFO] [stdout] 8 | use sqlx::postgres::PgRow;
[INFO] [stdout]   |     ^^^^^^^^^^^^^^^^^^^^^
[INFO] [stdout] 
[INFO] [stdout] 
[INFO] [stdout] warning: unused imports: `info`, `trace`
[INFO] [stdout]   --> src/./controllers/../services/record_register.rs:11:24
[INFO] [stdout]    |
[INFO] [stdout] 11 | use log::{error, warn, info, debug, trace};
[INFO] [stdout]    |                        ^^^^         ^^^^^
[INFO] [stdout] 
[INFO] [stdout] 
[INFO] [stdout] warning: unused import: `LogModel`
[INFO] [stdout]   --> src/./controllers/../services/record_register.rs:14:33
[INFO] [stdout]    |
[INFO] [stdout] 14 | use crate::router::model::log::{LogModel, LogStage, LogType, LogName, RequestId, LogModelOut, LogModelIn};
[INFO] [stdout]    |                                 ^^^^^^^^
[INFO] [stdout] 
[INFO] [stdout] 
[INFO] [stdout] warning: unused import: `std::str`
[INFO] [stdout]  --> src/./controllers/rabbit.rs:2:5
[INFO] [stdout]   |
[INFO] [stdout] 2 | use std::str;
[INFO] [stdout]   |     ^^^^^^^^
[INFO] [stdout] 
[INFO] [stdout] 
[INFO] [stdout] warning: unused imports: `HeaderMap`, `Request`
[INFO] [stdout]  --> src/./controllers/rabbit.rs:3:13
[INFO] [stdout]   |
[INFO] [stdout] 3 | use hyper::{Request, Body, Response, HeaderMap};
[INFO] [stdout]   |             ^^^^^^^                  ^^^^^^^^^
[INFO] [stdout] 
[INFO] [stdout] 
[INFO] [stdout] warning: unused import: `hyper::body::Bytes`
[INFO] [stdout]  --> src/./controllers/rabbit.rs:4:5
[INFO] [stdout]   |
[INFO] [stdout] 4 | use hyper::body::Bytes;
[INFO] [stdout]   |     ^^^^^^^^^^^^^^^^^^
[INFO] [stdout] 
[INFO] [stdout] 
[INFO] [stdout] warning: unused import: `hyper::http::request::Parts`
[INFO] [stdout]  --> src/./controllers/rabbit.rs:5:5
[INFO] [stdout]   |
[INFO] [stdout] 5 | use hyper::http::request::Parts;
[INFO] [stdout]   |     ^^^^^^^^^^^^^^^^^^^^^^^^^^^
[INFO] [stdout] 
[INFO] [stdout] 
[INFO] [stdout] warning: unused imports: `debug`, `error`, `trace`, `warn`
[INFO] [stdout]  --> src/./controllers/rabbit.rs:6:11
[INFO] [stdout]   |
[INFO] [stdout] 6 | use log::{error, warn, info, debug, trace};
[INFO] [stdout]   |           ^^^^^  ^^^^        ^^^^^  ^^^^^
[INFO] [stdout] 
[INFO] [stdout] 
[INFO] [stdout] warning: unused imports: `LogModel`, `RequestId`
[INFO] [stdout]   --> src/./controllers/rabbit.rs:14:33
[INFO] [stdout]    |
[INFO] [stdout] 14 | use crate::router::model::log::{LogModel, RequestId};
[INFO] [stdout]    |                                 ^^^^^^^^  ^^^^^^^^^
[INFO] [stdout] 
[INFO] [stdout] 
[INFO] [stdout] warning: unused imports: `Exchange`, `Publish`
[INFO] [stdout]   --> src/./controllers/rabbit.rs:16:15
[INFO] [stdout]    |
[INFO] [stdout] 16 | use amiquip::{Exchange, Publish};
[INFO] [stdout]    |               ^^^^^^^^  ^^^^^^^
[INFO] [stdout] 
[INFO] [stdout] 
[INFO] [stdout] warning: unused import: `rabbit_controller::RabbitController`
[INFO] [stdout]   --> src/router.rs:22:5
[INFO] [stdout]    |
[INFO] [stdout] 22 | use rabbit_controller::RabbitController;
[INFO] [stdout]    |     ^^^^^^^^^^^^^^^^^^^^^^^^^^^^^^^^^^^
[INFO] [stdout] 
[INFO] [stdout] 
[INFO] [stdout] warning: unused imports: `info`, `trace`, `warn`
[INFO] [stdout]  --> src/./middleware/request_id.rs:3:18
[INFO] [stdout]   |
[INFO] [stdout] 3 | use log::{error, warn, info, debug, trace};
[INFO] [stdout]   |                  ^^^^  ^^^^         ^^^^^
[INFO] [stdout] 
[INFO] [stdout] 
[INFO] [stdout] warning: unused import: `inner_result::InnerResultRepeat`
[INFO] [stdout]   --> src/router.rs:42:5
[INFO] [stdout]    |
[INFO] [stdout] 42 | use inner_result::InnerResultRepeat;
[INFO] [stdout]    |     ^^^^^^^^^^^^^^^^^^^^^^^^^^^^^^^
[INFO] [stdout] 
[INFO] [stdout] 
[INFO] [stdout] warning: unused imports: `InnerResultElement`, `InnerResultInfo`, `InnerResultRepeat`
[INFO] [stdout]  --> src/./services/mapper/outer_result.rs:2:48
[INFO] [stdout]   |
[INFO] [stdout] 2 | use crate::router::inner_result::{InnerResult, InnerResultInfo, InnerResultElement, InnerResultRepeat};
[INFO] [stdout]   |                                                ^^^^^^^^^^^^^^^  ^^^^^^^^^^^^^^^^^^  ^^^^^^^^^^^^^^^^^
[INFO] [stdout] 
[INFO] [stdout] 
[INFO] [stdout] warning: unused imports: `OuterResultCode`, `OuterResultInfo`, `OuterResultRepeat`
[INFO] [stdout]   --> src/router.rs:46:33
[INFO] [stdout]    |
[INFO] [stdout] 46 | use outer_result::{OuterResult, OuterResultCode, OuterResultInfo, OuterResultRepeat};
[INFO] [stdout]    |                                 ^^^^^^^^^^^^^^^  ^^^^^^^^^^^^^^^  ^^^^^^^^^^^^^^^^^
[INFO] [stdout] 
[INFO] [stdout] 
[INFO] [stdout] warning: variable does not need to be mutable
[INFO] [stdout]    --> src/main.rs:106:9
[INFO] [stdout]     |
[INFO] [stdout] 106 |     let mut connection = amiquip::Connection::insecure_open(&rabbitmq_url)?;
[INFO] [stdout]     |         ----^^^^^^^^^^
[INFO] [stdout]     |         |
[INFO] [stdout]     |         help: remove this `mut`
[INFO] [stdout]     |
[INFO] [stdout]     = note: `#[warn(unused_mut)]` on by default
[INFO] [stdout] 
[INFO] [stdout] 
[INFO] [stdout] warning: variable does not need to be mutable
[INFO] [stdout]   --> src/./controllers/test_async.rs:80:13
[INFO] [stdout]    |
[INFO] [stdout] 80 |         let mut response_obj ;
[INFO] [stdout]    |             ----^^^^^^^^^^^^
[INFO] [stdout]    |             |
[INFO] [stdout]    |             help: remove this `mut`
[INFO] [stdout] 
[INFO] [stdout] 
[INFO] [stdout] warning: variable does not need to be mutable
[INFO] [stdout]    --> src/main.rs:106:9
[INFO] [stdout]     |
[INFO] [stdout] 106 |     let mut connection = amiquip::Connection::insecure_open(&rabbitmq_url)?;
[INFO] [stdout]     |         ----^^^^^^^^^^
[INFO] [stdout]     |         |
[INFO] [stdout]     |         help: remove this `mut`
[INFO] [stdout]     |
[INFO] [stdout]     = note: `#[warn(unused_mut)]` on by default
[INFO] [stdout] 
[INFO] [stdout] 
[INFO] [stdout] warning: variable does not need to be mutable
[INFO] [stdout]   --> src/./controllers/test_async.rs:80:13
[INFO] [stdout]    |
[INFO] [stdout] 80 |         let mut response_obj ;
[INFO] [stdout]    |             ----^^^^^^^^^^^^
[INFO] [stdout]    |             |
[INFO] [stdout]    |             help: remove this `mut`
[INFO] [stdout] 
[INFO] [stdout] 
[INFO] [stdout] error: aborting due to 9 previous errors; 30 warnings emitted
[INFO] [stdout] 
[INFO] [stdout] 
[INFO] [stderr] error: could not compile `rust-scp` due to 10 previous errors; 30 warnings emitted
[INFO] [stderr] warning: build failed, waiting for other jobs to finish...
[INFO] [stdout] error: aborting due to 9 previous errors; 30 warnings emitted
[INFO] [stdout] 
[INFO] [stdout] 
[INFO] [stderr] error: build failed
[INFO] running `Command { std: "docker" "inspect" "368e0f2500b2ae11e960ea21690dee8dad0560b33a2f129fe7cebdbe0e4ab1b6", kill_on_drop: false }`
[INFO] running `Command { std: "docker" "rm" "-f" "368e0f2500b2ae11e960ea21690dee8dad0560b33a2f129fe7cebdbe0e4ab1b6", kill_on_drop: false }`
[INFO] [stdout] 368e0f2500b2ae11e960ea21690dee8dad0560b33a2f129fe7cebdbe0e4ab1b6
