[INFO] cloning repository https://github.com/89netraM/little_game
[INFO] running `Command { std: "git" "-c" "credential.helper=" "-c" "credential.helper=/workspace/cargo-home/bin/git-credential-null" "clone" "--bare" "https://github.com/89netraM/little_game" "/workspace/cache/git-repos/https%3A%2F%2Fgithub.com%2F89netraM%2Flittle_game", kill_on_drop: false }`
[INFO] [stderr] Cloning into bare repository '/workspace/cache/git-repos/https%3A%2F%2Fgithub.com%2F89netraM%2Flittle_game'...
[INFO] running `Command { std: "git" "rev-parse" "HEAD", kill_on_drop: false }`
[INFO] [stdout] 00f24b817cfe7dbcf2f144a2996af80bf5fc1ac0
[INFO] checking 89netraM/little_game against beta-2021-10-15 for beta-1.56-3
[INFO] running `Command { std: "git" "clone" "/workspace/cache/git-repos/https%3A%2F%2Fgithub.com%2F89netraM%2Flittle_game" "/workspace/builds/worker-113/source", kill_on_drop: false }`
[INFO] [stderr] Cloning into '/workspace/builds/worker-113/source'...
[INFO] [stderr] done.
[INFO] validating manifest of git repo https://github.com/89netraM/little_game on toolchain beta-2021-10-15
[INFO] running `Command { std: "/workspace/cargo-home/bin/cargo" "+beta-2021-10-15" "metadata" "--manifest-path" "Cargo.toml" "--no-deps", kill_on_drop: false }`
[INFO] started tweaking git repo https://github.com/89netraM/little_game
[INFO] finished tweaking git repo https://github.com/89netraM/little_game
[INFO] tweaked toml for git repo https://github.com/89netraM/little_game written to /workspace/builds/worker-113/source/Cargo.toml
[INFO] crate git repo https://github.com/89netraM/little_game already has a lockfile, it will not be regenerated
[INFO] running `Command { std: "/workspace/cargo-home/bin/cargo" "+beta-2021-10-15" "fetch" "--manifest-path" "Cargo.toml", kill_on_drop: false }`
[INFO] [stderr]     Blocking waiting for file lock on package cache
[INFO] [stderr]     Blocking waiting for file lock on package cache
[INFO] running `Command { std: "docker" "create" "-v" "/var/lib/crater-agent-workspace/builds/worker-113/target:/opt/rustwide/target:rw,Z" "-v" "/var/lib/crater-agent-workspace/builds/worker-113/source:/opt/rustwide/workdir:ro,Z" "-v" "/var/lib/crater-agent-workspace/cargo-home:/opt/rustwide/cargo-home:ro,Z" "-v" "/var/lib/crater-agent-workspace/rustup-home:/opt/rustwide/rustup-home:ro,Z" "-e" "SOURCE_DIR=/opt/rustwide/workdir" "-e" "CARGO_TARGET_DIR=/opt/rustwide/target" "-e" "CARGO_HOME=/opt/rustwide/cargo-home" "-e" "RUSTUP_HOME=/opt/rustwide/rustup-home" "-w" "/opt/rustwide/workdir" "-m" "1610612736" "--user" "0:0" "--network" "none" "ghcr.io/rust-lang/crates-build-env/linux@sha256:a89201d6b5b9fd45c15d5952ece0a0129e7e80cb26ec023fd59cf09bc26f1604" "/opt/rustwide/cargo-home/bin/cargo" "+beta-2021-10-15" "metadata" "--no-deps" "--format-version=1", kill_on_drop: false }`
[INFO] [stdout] 2f6f4e2e88c73d41fb2a34e18999fcf4eb12aaf858f24bdec131c30a247cef1f
[INFO] running `Command { std: "docker" "start" "-a" "2f6f4e2e88c73d41fb2a34e18999fcf4eb12aaf858f24bdec131c30a247cef1f", kill_on_drop: false }`
[INFO] running `Command { std: "docker" "inspect" "2f6f4e2e88c73d41fb2a34e18999fcf4eb12aaf858f24bdec131c30a247cef1f", kill_on_drop: false }`
[INFO] running `Command { std: "docker" "rm" "-f" "2f6f4e2e88c73d41fb2a34e18999fcf4eb12aaf858f24bdec131c30a247cef1f", kill_on_drop: false }`
[INFO] [stdout] 2f6f4e2e88c73d41fb2a34e18999fcf4eb12aaf858f24bdec131c30a247cef1f
[INFO] running `Command { std: "docker" "create" "-v" "/var/lib/crater-agent-workspace/builds/worker-113/target:/opt/rustwide/target:rw,Z" "-v" "/var/lib/crater-agent-workspace/builds/worker-113/source:/opt/rustwide/workdir:ro,Z" "-v" "/var/lib/crater-agent-workspace/cargo-home:/opt/rustwide/cargo-home:ro,Z" "-v" "/var/lib/crater-agent-workspace/rustup-home:/opt/rustwide/rustup-home:ro,Z" "-e" "SOURCE_DIR=/opt/rustwide/workdir" "-e" "CARGO_TARGET_DIR=/opt/rustwide/target" "-e" "CARGO_INCREMENTAL=0" "-e" "RUST_BACKTRACE=full" "-e" "RUSTFLAGS=--cap-lints=warn" "-e" "CARGO_HOME=/opt/rustwide/cargo-home" "-e" "RUSTUP_HOME=/opt/rustwide/rustup-home" "-w" "/opt/rustwide/workdir" "-m" "1610612736" "--user" "0:0" "--network" "none" "ghcr.io/rust-lang/crates-build-env/linux@sha256:a89201d6b5b9fd45c15d5952ece0a0129e7e80cb26ec023fd59cf09bc26f1604" "/opt/rustwide/cargo-home/bin/cargo" "+beta-2021-10-15" "check" "--frozen" "--all" "--all-targets" "--message-format=json", kill_on_drop: false }`
[INFO] [stdout] d2daeb0ffdb3350340008ea86b816457056c395dfa4f07cc6ba62c3152f5db21
[INFO] running `Command { std: "docker" "start" "-a" "d2daeb0ffdb3350340008ea86b816457056c395dfa4f07cc6ba62c3152f5db21", kill_on_drop: false }`
[INFO] [stderr]     Blocking waiting for file lock on package cache
[INFO] [stderr]    Compiling libc v0.2.95
[INFO] [stderr]    Compiling xml-rs v0.8.3
[INFO] [stderr]    Compiling syn v1.0.72
[INFO] [stderr]     Checking downcast-rs v1.2.0
[INFO] [stderr]    Compiling khronos_api v3.1.0
[INFO] [stderr]    Compiling memchr v2.4.0
[INFO] [stderr]     Checking rustc-hash v1.1.0
[INFO] [stderr]    Compiling nix v0.18.0
[INFO] [stderr]    Compiling wasm-bindgen-shared v0.2.74
[INFO] [stderr]    Compiling ppv-lite86 v0.2.10
[INFO] [stderr]    Compiling paste v1.0.5
[INFO] [stderr]     Checking rawpointer v0.2.1
[INFO] [stderr]     Checking piston-float v1.0.0
[INFO] [stderr]     Checking weezl v0.1.5
[INFO] [stderr]    Compiling bumpalo v3.7.0
[INFO] [stderr]    Compiling siphasher v0.3.5
[INFO] [stderr]     Checking fixedbitset v0.1.9
[INFO] [stderr]     Checking scoped_threadpool v0.1.9
[INFO] [stderr]    Compiling wasm-bindgen v0.2.74
[INFO] [stderr]     Checking itoa v0.4.7
[INFO] [stderr]     Checking glow v0.7.2
[INFO] [stderr]     Checking webbrowser v0.5.5
[INFO] [stderr]    Compiling crossbeam-epoch v0.8.2
[INFO] [stderr]    Compiling crossbeam-utils v0.8.4
[INFO] [stderr]    Compiling num-bigint v0.2.6
[INFO] [stderr]    Compiling miniz_oxide v0.4.4
[INFO] [stderr]    Compiling num-rational v0.2.4
[INFO] [stderr]    Compiling num-complex v0.2.4
[INFO] [stderr]     Checking libloading v0.6.7
[INFO] [stderr]    Compiling wayland-sys v0.28.5
[INFO] [stderr]     Checking stb_truetype v0.3.1
[INFO] [stderr]    Compiling nom v6.1.2
[INFO] [stderr]    Compiling x11-dl v2.18.5
[INFO] [stderr]     Checking instant v0.1.9
[INFO] [stderr]    Compiling slotmap v1.0.3
[INFO] [stderr]     Checking dlib v0.5.0
[INFO] [stderr]     Checking ordered-float v1.1.1
[INFO] [stderr]     Checking approx v0.3.2
[INFO] [stderr]     Checking line_drawing v0.7.0
[INFO] [stderr]     Checking num-complex v0.3.1
[INFO] [stderr]     Checking approx v0.4.0
[INFO] [stderr]    Compiling wayland-scanner v0.28.5
[INFO] [stderr]    Compiling wayland-scanner v0.23.6
[INFO] [stderr]     Checking petgraph v0.5.1
[INFO] [stderr]     Checking matrixmultiply v0.3.1
[INFO] [stderr]    Compiling phf_shared v0.8.0
[INFO] [stderr]     Checking petgraph v0.4.13
[INFO] [stderr]     Checking dlib v0.4.2
[INFO] [stderr]     Checking piston-viewport v1.0.0
[INFO] [stderr]     Checking daggy v0.5.0
[INFO] [stderr]     Checking gif v0.11.2
[INFO] [stderr]     Checking andrew v0.3.1
[INFO] [stderr]     Checking crossbeam-deque v0.7.3
[INFO] [stderr]     Checking simba v0.4.0
[INFO] [stderr]    Compiling gl_generator v0.14.0
[INFO] [stderr]     Checking wayland-sys v0.23.6
[INFO] [stderr]     Checking crossbeam-epoch v0.9.4
[INFO] [stderr]     Checking crossbeam-channel v0.5.1
[INFO] [stderr]    Compiling getrandom v0.1.16
[INFO] [stderr]    Compiling wayland-client v0.28.5
[INFO] [stderr]    Compiling wayland-protocols v0.28.5
[INFO] [stderr]    Compiling wayland-client v0.23.6
[INFO] [stderr]    Compiling wayland-protocols v0.23.6
[INFO] [stderr]    Compiling xcb v0.9.0
[INFO] [stderr]     Checking num v0.2.1
[INFO] [stderr]    Compiling rand_core v0.5.1
[INFO] [stderr]     Checking crossbeam-deque v0.8.0
[INFO] [stderr]     Checking num_cpus v1.13.0
[INFO] [stderr]     Checking nix v0.20.0
[INFO] [stderr]     Checking nix v0.14.1
[INFO] [stderr]     Checking net2 v0.2.37
[INFO] [stderr]     Checking memmap v0.7.0
[INFO] [stderr]     Checking iovec v0.1.4
[INFO] [stderr]     Checking parking_lot_core v0.8.3
[INFO] [stderr]    Compiling glutin_glx_sys v0.1.7
[INFO] [stderr]    Compiling glutin_egl_sys v0.1.5
[INFO] [stderr]     Checking memmap2 v0.1.0
[INFO] [stderr]     Checking raw-window-handle v0.3.3
[INFO] [stderr]     Checking getrandom v0.2.3
[INFO] [stderr]     Checking shared_library v0.1.9
[INFO] [stderr]    Compiling rand_chacha v0.2.2
[INFO] [stderr]    Compiling rand_pcg v0.2.1
[INFO] [stderr]     Checking parking_lot v0.11.1
[INFO] [stderr]     Checking osmesa-sys v0.1.2
[INFO] [stderr]     Checking rusttype v0.8.3
[INFO] [stderr]     Checking mio v0.6.23
[INFO] [stderr]    Compiling wasm-bindgen-backend v0.2.74
[INFO] [stderr]     Checking rayon-core v1.9.1
[INFO] [stderr]     Checking rand_core v0.6.2
[INFO] [stderr]    Compiling rand v0.7.3
[INFO] [stderr]     Checking xcursor v0.3.3
[INFO] [stderr]     Checking rand_chacha v0.3.0
[INFO] [stderr]     Checking rayon v1.5.1
[INFO] [stderr]     Checking rand v0.8.3
[INFO] [stderr]     Checking mio-extras v2.0.6
[INFO] [stderr]     Checking rusttype v0.7.9
[INFO] [stderr]     Checking andrew v0.2.1
[INFO] [stderr]    Compiling wasm-bindgen-macro-support v0.2.74
[INFO] [stderr]    Compiling phf_generator v0.8.0
[INFO] [stderr]    Compiling serde_derive v1.0.126
[INFO] [stderr]    Compiling conrod_derive v0.71.0
[INFO] [stderr]    Compiling phf_macros v0.8.0
[INFO] [stderr]    Compiling wasm-bindgen-macro v0.2.74
[INFO] [stderr]     Checking wayland-commons v0.23.6
[INFO] [stderr]     Checking jpeg-decoder v0.1.22
[INFO] [stderr]     Checking calloop v0.6.5
[INFO] [stderr]     Checking wayland-commons v0.28.5
[INFO] [stderr]     Checking tiff v0.6.1
[INFO] [stderr]     Checking nalgebra v0.26.2
[INFO] [stderr]     Checking phf v0.8.0
[INFO] [stderr]     Checking image v0.23.14
[INFO] [stderr]     Checking wayland-cursor v0.28.5
[INFO] [stderr]     Checking wayland-egl v0.28.5
[INFO] [stderr]     Checking serde v1.0.126
[INFO] [stderr]     Checking x11-clipboard v0.5.2
[INFO] [stderr]     Checking pistoncore-input v1.0.0
[INFO] [stderr]     Checking serde_json v1.0.64
[INFO] [stderr]     Checking ncollide3d v0.29.0
[INFO] [stderr]     Checking smithay-client-toolkit v0.6.6
[INFO] [stderr]     Checking smithay-client-toolkit v0.12.3
[INFO] [stderr]     Checking smithay-clipboard v0.4.0
[INFO] [stderr]     Checking copypasta v0.6.3
[INFO] [stderr]     Checking conrod_core v0.71.0
[INFO] [stderr]     Checking winit v0.24.0
[INFO] [stderr]     Checking glutin v0.26.0
[INFO] [stderr]     Checking kiss3d v0.31.0
[INFO] [stderr]     Checking little_game v0.1.0 (/opt/rustwide/workdir)
[INFO] [stdout] error[E0554]: `#![feature]` may not be used on the beta release channel
[INFO] [stdout]  --> src/main.rs:1:1
[INFO] [stdout]   |
[INFO] [stdout] 1 | #![feature(hash_drain_filter)]
[INFO] [stdout]   | ^^^^^^^^^^^^^^^^^^^^^^^^^^^^^^
[INFO] [stdout] 
[INFO] [stdout] 
[INFO] [stdout] error[E0554]: `#![feature]` may not be used on the beta release channel
[INFO] [stdout]  --> src/main.rs:1:1
[INFO] [stdout]   |
[INFO] [stdout] 1 | #![feature(hash_drain_filter)]
[INFO] [stdout]   | ^^^^^^^^^^^^^^^^^^^^^^^^^^^^^^
[INFO] [stdout] 
[INFO] [stdout] 
[INFO] [stdout] error[E0554]: `#![feature]` may not be used on the beta release channel
[INFO] [stdout]  --> src/lib.rs:1:1
[INFO] [stdout]   |
[INFO] [stdout] 1 | #![feature(hash_drain_filter)]
[INFO] [stdout]   | ^^^^^^^^^^^^^^^^^^^^^^^^^^^^^^
[INFO] [stdout] 
[INFO] [stdout] 
[INFO] [stdout] error[E0554]: `#![feature]` may not be used on the beta release channel
[INFO] [stdout]  --> src/lib.rs:1:1
[INFO] [stdout]   |
[INFO] [stdout] 1 | #![feature(hash_drain_filter)]
[INFO] [stdout]   | ^^^^^^^^^^^^^^^^^^^^^^^^^^^^^^
[INFO] [stdout] 
[INFO] [stdout] 
[INFO] [stdout] error: aborting due to previous error
[INFO] [stdout] 
[INFO] [stdout] 
[INFO] [stdout] For more information about this error, try `rustc --explain E0554`.
[INFO] [stdout] 
[INFO] [stderr] error: could not compile `little_game` due to 2 previous errors
[INFO] [stderr] warning: build failed, waiting for other jobs to finish...
[INFO] [stdout] error: aborting due to previous error
[INFO] [stdout] 
[INFO] [stdout] 
[INFO] [stdout] For more information about this error, try `rustc --explain E0554`.
[INFO] [stdout] 
[INFO] [stdout] error: aborting due to previous error
[INFO] [stdout] 
[INFO] [stdout] 
[INFO] [stdout] For more information about this error, try `rustc --explain E0554`.
[INFO] [stdout] 
[INFO] [stdout] error: aborting due to previous error
[INFO] [stdout] 
[INFO] [stdout] 
[INFO] [stdout] For more information about this error, try `rustc --explain E0554`.
[INFO] [stdout] 
[INFO] [stderr] error: build failed
[INFO] running `Command { std: "docker" "inspect" "d2daeb0ffdb3350340008ea86b816457056c395dfa4f07cc6ba62c3152f5db21", kill_on_drop: false }`
[INFO] running `Command { std: "docker" "rm" "-f" "d2daeb0ffdb3350340008ea86b816457056c395dfa4f07cc6ba62c3152f5db21", kill_on_drop: false }`
[INFO] [stdout] d2daeb0ffdb3350340008ea86b816457056c395dfa4f07cc6ba62c3152f5db21
