[INFO] cloning repository https://github.com/3andne/trojan-oxide
[INFO] running `Command { std: "git" "-c" "credential.helper=" "-c" "credential.helper=/workspace/cargo-home/bin/git-credential-null" "clone" "--bare" "https://github.com/3andne/trojan-oxide" "/workspace/cache/git-repos/https%3A%2F%2Fgithub.com%2F3andne%2Ftrojan-oxide", kill_on_drop: false }`
[INFO] [stderr] Cloning into bare repository '/workspace/cache/git-repos/https%3A%2F%2Fgithub.com%2F3andne%2Ftrojan-oxide'...
[INFO] running `Command { std: "git" "rev-parse" "HEAD", kill_on_drop: false }`
[INFO] [stdout] e29800174b3db19e2b2466ee52e3be7d07a59d72
[INFO] checking 3andne/trojan-oxide against beta-2021-10-15 for beta-1.56-3
[INFO] running `Command { std: "git" "clone" "/workspace/cache/git-repos/https%3A%2F%2Fgithub.com%2F3andne%2Ftrojan-oxide" "/workspace/builds/worker-53/source", kill_on_drop: false }`
[INFO] [stderr] Cloning into '/workspace/builds/worker-53/source'...
[INFO] [stderr] done.
[INFO] validating manifest of git repo https://github.com/3andne/trojan-oxide on toolchain beta-2021-10-15
[INFO] running `Command { std: "/workspace/cargo-home/bin/cargo" "+beta-2021-10-15" "metadata" "--manifest-path" "Cargo.toml" "--no-deps", kill_on_drop: false }`
[INFO] started tweaking git repo https://github.com/3andne/trojan-oxide
[INFO] finished tweaking git repo https://github.com/3andne/trojan-oxide
[INFO] tweaked toml for git repo https://github.com/3andne/trojan-oxide written to /workspace/builds/worker-53/source/Cargo.toml
[INFO] crate git repo https://github.com/3andne/trojan-oxide already has a lockfile, it will not be regenerated
[INFO] running `Command { std: "/workspace/cargo-home/bin/cargo" "+beta-2021-10-15" "fetch" "--manifest-path" "Cargo.toml", kill_on_drop: false }`
[INFO] [stderr]     Blocking waiting for file lock on package cache
[INFO] [stderr]     Blocking waiting for file lock on package cache
[INFO] [stderr]  Downloading crates ...
[INFO] [stderr]   Downloaded rcgen v0.8.13
[INFO] [stderr]   Downloaded intrusive-collections v0.9.2
[INFO] [stderr]   Downloaded rlimit v0.5.4
[INFO] [stderr]   Downloaded bitmaps v2.1.0
[INFO] [stderr]   Downloaded err-derive v0.3.0
[INFO] [stderr]   Downloaded ahash v0.5.10
[INFO] [stderr]   Downloaded quinn v0.7.2
[INFO] [stderr]   Downloaded buddy-alloc v0.4.1
[INFO] [stderr]   Downloaded quinn-proto v0.7.3
[INFO] [stderr]   Downloaded yasna v0.4.0
[INFO] [stderr]   Downloaded membarrier v0.2.2
[INFO] [stderr]   Downloaded enclose v1.1.8
[INFO] [stderr]   Downloaded glommio v0.6.0
[INFO] running `Command { std: "docker" "create" "-v" "/var/lib/crater-agent-workspace/builds/worker-53/target:/opt/rustwide/target:rw,Z" "-v" "/var/lib/crater-agent-workspace/builds/worker-53/source:/opt/rustwide/workdir:ro,Z" "-v" "/var/lib/crater-agent-workspace/cargo-home:/opt/rustwide/cargo-home:ro,Z" "-v" "/var/lib/crater-agent-workspace/rustup-home:/opt/rustwide/rustup-home:ro,Z" "-e" "SOURCE_DIR=/opt/rustwide/workdir" "-e" "CARGO_TARGET_DIR=/opt/rustwide/target" "-e" "CARGO_HOME=/opt/rustwide/cargo-home" "-e" "RUSTUP_HOME=/opt/rustwide/rustup-home" "-w" "/opt/rustwide/workdir" "-m" "1610612736" "--user" "0:0" "--network" "none" "ghcr.io/rust-lang/crates-build-env/linux@sha256:a89201d6b5b9fd45c15d5952ece0a0129e7e80cb26ec023fd59cf09bc26f1604" "/opt/rustwide/cargo-home/bin/cargo" "+beta-2021-10-15" "metadata" "--no-deps" "--format-version=1", kill_on_drop: false }`
[INFO] [stdout] 786700f79064272ae2eeddc7beb43e6b347576e47090ec07a80e39c1cb6c84dc
[INFO] running `Command { std: "docker" "start" "-a" "786700f79064272ae2eeddc7beb43e6b347576e47090ec07a80e39c1cb6c84dc", kill_on_drop: false }`
[INFO] running `Command { std: "docker" "inspect" "786700f79064272ae2eeddc7beb43e6b347576e47090ec07a80e39c1cb6c84dc", kill_on_drop: false }`
[INFO] running `Command { std: "docker" "rm" "-f" "786700f79064272ae2eeddc7beb43e6b347576e47090ec07a80e39c1cb6c84dc", kill_on_drop: false }`
[INFO] [stdout] 786700f79064272ae2eeddc7beb43e6b347576e47090ec07a80e39c1cb6c84dc
[INFO] running `Command { std: "docker" "create" "-v" "/var/lib/crater-agent-workspace/builds/worker-53/target:/opt/rustwide/target:rw,Z" "-v" "/var/lib/crater-agent-workspace/builds/worker-53/source:/opt/rustwide/workdir:ro,Z" "-v" "/var/lib/crater-agent-workspace/cargo-home:/opt/rustwide/cargo-home:ro,Z" "-v" "/var/lib/crater-agent-workspace/rustup-home:/opt/rustwide/rustup-home:ro,Z" "-e" "SOURCE_DIR=/opt/rustwide/workdir" "-e" "CARGO_TARGET_DIR=/opt/rustwide/target" "-e" "CARGO_INCREMENTAL=0" "-e" "RUST_BACKTRACE=full" "-e" "RUSTFLAGS=--cap-lints=warn" "-e" "CARGO_HOME=/opt/rustwide/cargo-home" "-e" "RUSTUP_HOME=/opt/rustwide/rustup-home" "-w" "/opt/rustwide/workdir" "-m" "1610612736" "--user" "0:0" "--network" "none" "ghcr.io/rust-lang/crates-build-env/linux@sha256:a89201d6b5b9fd45c15d5952ece0a0129e7e80cb26ec023fd59cf09bc26f1604" "/opt/rustwide/cargo-home/bin/cargo" "+beta-2021-10-15" "check" "--frozen" "--all" "--all-targets" "--message-format=json", kill_on_drop: false }`
[INFO] [stdout] 9b4534ff9bb264735b21e3814bcb43e110216c0a5196c41f8ef8e16bea0b1bbd
[INFO] running `Command { std: "docker" "start" "-a" "9b4534ff9bb264735b21e3814bcb43e110216c0a5196c41f8ef8e16bea0b1bbd", kill_on_drop: false }`
[INFO] [stderr]     Blocking waiting for file lock on package cache
[INFO] [stderr]    Compiling libc v0.2.101
[INFO] [stderr]    Compiling syn v1.0.75
[INFO] [stderr]     Checking spin v0.5.2
[INFO] [stderr]     Checking untrusted v0.7.1
[INFO] [stderr]    Compiling futures-core v0.3.17
[INFO] [stderr]    Compiling crossbeam-utils v0.8.5
[INFO] [stderr]    Compiling typenum v1.13.0
[INFO] [stderr]     Checking smallvec v1.6.1
[INFO] [stderr]    Compiling futures-channel v0.3.17
[INFO] [stderr]     Checking regex-syntax v0.6.25
[INFO] [stderr]    Compiling crossbeam-epoch v0.9.5
[INFO] [stderr]    Compiling rustversion v1.0.5
[INFO] [stderr]     Checking futures-sink v0.3.17
[INFO] [stderr]    Compiling crossbeam-queue v0.3.2
[INFO] [stderr]     Checking unicode-width v0.1.8
[INFO] [stderr]    Compiling serde_json v1.0.67
[INFO] [stderr]    Compiling anyhow v1.0.43
[INFO] [stderr]     Checking itoa v0.4.8
[INFO] [stderr]     Checking owned-alloc v0.2.0
[INFO] [stderr]     Checking ansi_term v0.12.1
[INFO] [stderr]     Checking cpufeatures v0.2.1
[INFO] [stderr]     Checking buddy-alloc v0.4.1
[INFO] [stderr]     Checking enclose v1.1.8
[INFO] [stderr]    Compiling ring v0.16.20
[INFO] [stderr]     Checking tracing-core v0.1.19
[INFO] [stderr]    Compiling num-traits v0.2.14
[INFO] [stderr]    Compiling proc-macro-error-attr v1.0.4
[INFO] [stderr]    Compiling num-integer v0.1.44
[INFO] [stderr]    Compiling proc-macro-error v1.0.4
[INFO] [stderr]    Compiling generic-array v0.14.4
[INFO] [stderr]     Checking lock_api v0.4.5
[INFO] [stderr]    Compiling kernel32-sys v0.2.2
[INFO] [stderr]    Compiling libmimalloc-sys v0.1.22
[INFO] [stderr]     Checking tinyvec v1.3.1
[INFO] [stderr]    Compiling glommio v0.6.0
[INFO] [stderr]     Checking itertools v0.10.1
[INFO] [stderr]     Checking sharded-slab v0.1.3
[INFO] [stderr]     Checking thread_local v1.1.3
[INFO] [stderr]    Compiling memoffset v0.5.6
[INFO] [stderr]     Checking textwrap v0.11.0
[INFO] [stderr]     Checking lockfree v0.5.1
[INFO] [stderr]     Checking intrusive-collections v0.9.2
[INFO] [stderr]     Checking tracing-log v0.1.2
[INFO] [stderr]     Checking tracing-serde v0.1.2
[INFO] [stderr]     Checking futures-lite v1.12.0
[INFO] [stderr]     Checking crossbeam-channel v0.5.1
[INFO] [stderr]    Compiling err-derive v0.3.0
[INFO] [stderr]     Checking crossbeam-deque v0.8.1
[INFO] [stderr]     Checking bitmaps v2.1.0
[INFO] [stderr]     Checking mimalloc v0.1.26
[INFO] [stderr]     Checking regex v1.5.4
[INFO] [stderr]     Checking regex-automata v0.1.10
[INFO] [stderr]     Checking crossbeam v0.8.1
[INFO] [stderr]     Checking digest v0.9.0
[INFO] [stderr]     Checking block-buffer v0.9.0
[INFO] [stderr]     Checking getrandom v0.2.3
[INFO] [stderr]     Checking parking_lot_core v0.8.5
[INFO] [stderr]     Checking signal-hook-registry v1.4.0
[INFO] [stderr]     Checking num_cpus v1.13.0
[INFO] [stderr]     Checking mio v0.7.13
[INFO] [stderr]     Checking atty v0.2.14
[INFO] [stderr]     Checking socket2 v0.3.19
[INFO] [stderr]     Checking nix v0.22.1
[INFO] [stderr]     Checking membarrier v0.2.2
[INFO] [stderr]     Checking dirs-sys v0.3.6
[INFO] [stderr]     Checking rlimit v0.5.4
[INFO] [stderr]     Checking chrono v0.4.19
[INFO] [stderr]     Checking sha2 v0.9.6
[INFO] [stderr]     Checking rand_core v0.6.3
[INFO] [stderr]     Checking ahash v0.5.10
[INFO] [stderr]     Checking clap v2.33.3
[INFO] [stderr]     Checking directories v3.0.2
[INFO] [stderr]     Checking parking_lot v0.11.2
[INFO] [stderr]     Checking pem v0.8.3
[INFO] [stderr]     Checking rand_chacha v0.3.1
[INFO] [stderr]     Checking matchers v0.0.1
[INFO] [stderr]     Checking rand v0.8.4
[INFO] [stderr]     Checking yasna v0.4.0
[INFO] [stderr]     Checking sct v0.6.1
[INFO] [stderr]     Checking webpki v0.21.4
[INFO] [stderr]     Checking rcgen v0.8.13
[INFO] [stderr]    Compiling synstructure v0.12.5
[INFO] [stderr]     Checking ct-logs v0.8.0
[INFO] [stderr]     Checking rustls v0.19.1
[INFO] [stderr]    Compiling tracing-attributes v0.1.15
[INFO] [stderr]    Compiling futures-macro v0.3.17
[INFO] [stderr]    Compiling thiserror-impl v1.0.28
[INFO] [stderr]    Compiling tokio-macros v1.3.0
[INFO] [stderr]    Compiling structopt-derive v0.4.16
[INFO] [stderr]     Checking rustls-native-certs v0.5.0
[INFO] [stderr]     Checking tokio v1.11.0
[INFO] [stderr]     Checking tracing v0.1.26
[INFO] [stderr]     Checking futures-util v0.3.17
[INFO] [stderr]     Checking thiserror v1.0.28
[INFO] [stderr]     Checking structopt v0.3.23
[INFO] [stderr]     Checking quinn-proto v0.7.3
[INFO] [stderr]     Checking tracing-subscriber v0.2.20
[INFO] [stderr]     Checking futures-executor v0.3.17
[INFO] [stderr]     Checking futures v0.3.17
[INFO] [stderr]     Checking tokio-rustls v0.22.0
[INFO] [stderr]     Checking quinn v0.7.2
[INFO] [stderr]     Checking trojan-oxide v0.1.0 (/opt/rustwide/workdir)
[INFO] [stdout] error[E0554]: `#![feature]` may not be used on the beta release channel
[INFO] [stdout]  --> src/main.rs:3:1
[INFO] [stdout]   |
[INFO] [stdout] 3 | #![feature(generic_associated_types)]
[INFO] [stdout]   | ^^^^^^^^^^^^^^^^^^^^^^^^^^^^^^^^^^^^^
[INFO] [stdout] 
[INFO] [stdout] 
[INFO] [stdout] error[E0554]: `#![feature]` may not be used on the beta release channel
[INFO] [stdout]  --> src/main.rs:4:1
[INFO] [stdout]   |
[INFO] [stdout] 4 | #![feature(type_alias_impl_trait)]
[INFO] [stdout]   | ^^^^^^^^^^^^^^^^^^^^^^^^^^^^^^^^^^
[INFO] [stdout] 
[INFO] [stdout] 
[INFO] [stdout] error[E0554]: `#![feature]` may not be used on the beta release channel
[INFO] [stdout]  --> src/main.rs:5:1
[INFO] [stdout]   |
[INFO] [stdout] 5 | #![feature(associated_type_defaults)]
[INFO] [stdout]   | ^^^^^^^^^^^^^^^^^^^^^^^^^^^^^^^^^^^^^
[INFO] [stdout] 
[INFO] [stdout] 
[INFO] [stdout] error[E0554]: `#![feature]` may not be used on the beta release channel
[INFO] [stdout]  --> src/main.rs:3:1
[INFO] [stdout]   |
[INFO] [stdout] 3 | #![feature(generic_associated_types)]
[INFO] [stdout]   | ^^^^^^^^^^^^^^^^^^^^^^^^^^^^^^^^^^^^^
[INFO] [stdout] 
[INFO] [stdout] 
[INFO] [stdout] error[E0554]: `#![feature]` may not be used on the beta release channel
[INFO] [stdout]  --> src/main.rs:4:1
[INFO] [stdout]   |
[INFO] [stdout] 4 | #![feature(type_alias_impl_trait)]
[INFO] [stdout]   | ^^^^^^^^^^^^^^^^^^^^^^^^^^^^^^^^^^
[INFO] [stdout] 
[INFO] [stdout] 
[INFO] [stdout] error[E0554]: `#![feature]` may not be used on the beta release channel
[INFO] [stdout]  --> src/main.rs:5:1
[INFO] [stdout]   |
[INFO] [stdout] 5 | #![feature(associated_type_defaults)]
[INFO] [stdout]   | ^^^^^^^^^^^^^^^^^^^^^^^^^^^^^^^^^^^^^
[INFO] [stdout] 
[INFO] [stdout] 
[INFO] [stdout] error: aborting due to 3 previous errors
[INFO] [stdout] 
[INFO] [stdout] 
[INFO] [stdout] For more information about this error, try `rustc --explain E0554`.
[INFO] [stdout] 
[INFO] [stderr] error: could not compile `trojan-oxide` due to 4 previous errors
[INFO] [stderr] warning: build failed, waiting for other jobs to finish...
[INFO] [stdout] error: aborting due to 3 previous errors
[INFO] [stdout] 
[INFO] [stdout] 
[INFO] [stdout] For more information about this error, try `rustc --explain E0554`.
[INFO] [stdout] 
[INFO] [stderr] error: build failed
[INFO] running `Command { std: "docker" "inspect" "9b4534ff9bb264735b21e3814bcb43e110216c0a5196c41f8ef8e16bea0b1bbd", kill_on_drop: false }`
[INFO] running `Command { std: "docker" "rm" "-f" "9b4534ff9bb264735b21e3814bcb43e110216c0a5196c41f8ef8e16bea0b1bbd", kill_on_drop: false }`
[INFO] [stdout] 9b4534ff9bb264735b21e3814bcb43e110216c0a5196c41f8ef8e16bea0b1bbd
