[INFO] cloning repository https://github.com/0xB0000xDEAD/rust_on_stm32
[INFO] running `Command { std: "git" "-c" "credential.helper=" "-c" "credential.helper=/workspace/cargo-home/bin/git-credential-null" "clone" "--bare" "https://github.com/0xB0000xDEAD/rust_on_stm32" "/workspace/cache/git-repos/https%3A%2F%2Fgithub.com%2F0xB0000xDEAD%2Frust_on_stm32", kill_on_drop: false }`
[INFO] [stderr] Cloning into bare repository '/workspace/cache/git-repos/https%3A%2F%2Fgithub.com%2F0xB0000xDEAD%2Frust_on_stm32'...
[INFO] running `Command { std: "git" "rev-parse" "HEAD", kill_on_drop: false }`
[INFO] [stdout] a48a772bc431b996a76f7a862853c77b8aea5926
[INFO] checking 0xB0000xDEAD/rust_on_stm32 against beta-2021-10-15 for beta-1.56-3
[INFO] running `Command { std: "git" "clone" "/workspace/cache/git-repos/https%3A%2F%2Fgithub.com%2F0xB0000xDEAD%2Frust_on_stm32" "/workspace/builds/worker-110/source", kill_on_drop: false }`
[INFO] [stderr] Cloning into '/workspace/builds/worker-110/source'...
[INFO] [stderr] done.
[INFO] validating manifest of git repo https://github.com/0xB0000xDEAD/rust_on_stm32 on toolchain beta-2021-10-15
[INFO] running `Command { std: "/workspace/cargo-home/bin/cargo" "+beta-2021-10-15" "metadata" "--manifest-path" "Cargo.toml" "--no-deps", kill_on_drop: false }`
[INFO] removed /workspace/builds/worker-110/source/.cargo/config
[INFO] started tweaking git repo https://github.com/0xB0000xDEAD/rust_on_stm32
[INFO] finished tweaking git repo https://github.com/0xB0000xDEAD/rust_on_stm32
[INFO] tweaked toml for git repo https://github.com/0xB0000xDEAD/rust_on_stm32 written to /workspace/builds/worker-110/source/Cargo.toml
[INFO] crate git repo https://github.com/0xB0000xDEAD/rust_on_stm32 already has a lockfile, it will not be regenerated
[INFO] running `Command { std: "/workspace/cargo-home/bin/cargo" "+beta-2021-10-15" "fetch" "--manifest-path" "Cargo.toml", kill_on_drop: false }`
[INFO] [stderr]     Blocking waiting for file lock on package cache
[INFO] [stderr]     Blocking waiting for file lock on package cache
[INFO] running `Command { std: "docker" "create" "-v" "/var/lib/crater-agent-workspace/builds/worker-110/target:/opt/rustwide/target:rw,Z" "-v" "/var/lib/crater-agent-workspace/builds/worker-110/source:/opt/rustwide/workdir:ro,Z" "-v" "/var/lib/crater-agent-workspace/cargo-home:/opt/rustwide/cargo-home:ro,Z" "-v" "/var/lib/crater-agent-workspace/rustup-home:/opt/rustwide/rustup-home:ro,Z" "-e" "SOURCE_DIR=/opt/rustwide/workdir" "-e" "CARGO_TARGET_DIR=/opt/rustwide/target" "-e" "CARGO_HOME=/opt/rustwide/cargo-home" "-e" "RUSTUP_HOME=/opt/rustwide/rustup-home" "-w" "/opt/rustwide/workdir" "-m" "1610612736" "--user" "0:0" "--network" "none" "ghcr.io/rust-lang/crates-build-env/linux@sha256:a89201d6b5b9fd45c15d5952ece0a0129e7e80cb26ec023fd59cf09bc26f1604" "/opt/rustwide/cargo-home/bin/cargo" "+beta-2021-10-15" "metadata" "--no-deps" "--format-version=1", kill_on_drop: false }`
[INFO] [stdout] 5aabb9e183906e018f5f454b8a228c121ac324fa4232fa345bd727fb9aa960d9
[INFO] running `Command { std: "docker" "start" "-a" "5aabb9e183906e018f5f454b8a228c121ac324fa4232fa345bd727fb9aa960d9", kill_on_drop: false }`
[INFO] running `Command { std: "docker" "inspect" "5aabb9e183906e018f5f454b8a228c121ac324fa4232fa345bd727fb9aa960d9", kill_on_drop: false }`
[INFO] running `Command { std: "docker" "rm" "-f" "5aabb9e183906e018f5f454b8a228c121ac324fa4232fa345bd727fb9aa960d9", kill_on_drop: false }`
[INFO] [stdout] 5aabb9e183906e018f5f454b8a228c121ac324fa4232fa345bd727fb9aa960d9
[INFO] running `Command { std: "docker" "create" "-v" "/var/lib/crater-agent-workspace/builds/worker-110/target:/opt/rustwide/target:rw,Z" "-v" "/var/lib/crater-agent-workspace/builds/worker-110/source:/opt/rustwide/workdir:ro,Z" "-v" "/var/lib/crater-agent-workspace/cargo-home:/opt/rustwide/cargo-home:ro,Z" "-v" "/var/lib/crater-agent-workspace/rustup-home:/opt/rustwide/rustup-home:ro,Z" "-e" "SOURCE_DIR=/opt/rustwide/workdir" "-e" "CARGO_TARGET_DIR=/opt/rustwide/target" "-e" "CARGO_INCREMENTAL=0" "-e" "RUST_BACKTRACE=full" "-e" "RUSTFLAGS=--cap-lints=warn" "-e" "CARGO_HOME=/opt/rustwide/cargo-home" "-e" "RUSTUP_HOME=/opt/rustwide/rustup-home" "-w" "/opt/rustwide/workdir" "-m" "1610612736" "--user" "0:0" "--network" "none" "ghcr.io/rust-lang/crates-build-env/linux@sha256:a89201d6b5b9fd45c15d5952ece0a0129e7e80cb26ec023fd59cf09bc26f1604" "/opt/rustwide/cargo-home/bin/cargo" "+beta-2021-10-15" "check" "--frozen" "--all" "--all-targets" "--message-format=json", kill_on_drop: false }`
[INFO] [stdout] 946dd2460c61cdda6386d579b74a23140fba8071fc6b41b0308944c181f3ea36
[INFO] running `Command { std: "docker" "start" "-a" "946dd2460c61cdda6386d579b74a23140fba8071fc6b41b0308944c181f3ea36", kill_on_drop: false }`
[INFO] [stderr]     Blocking waiting for file lock on package cache
[INFO] [stderr]    Compiling typenum v1.13.0
[INFO] [stderr]    Compiling semver-parser v0.7.0
[INFO] [stderr]    Compiling cortex-m v0.7.2
[INFO] [stderr]    Compiling proc-macro2 v1.0.26
[INFO] [stderr]     Checking nb v1.0.0
[INFO] [stderr]    Compiling syn v1.0.72
[INFO] [stderr]     Checking vcell v0.1.3
[INFO] [stderr]     Checking void v1.0.2
[INFO] [stderr]     Checking bitfield v0.13.2
[INFO] [stderr]     Checking stable_deref_trait v1.2.0
[INFO] [stderr]    Compiling cortex-m-rt v0.6.13
[INFO] [stderr]    Compiling cortex-m-semihosting v0.3.7
[INFO] [stderr]    Compiling cortex-m v0.6.7
[INFO] [stderr]    Compiling embedded-rust v0.1.0 (/opt/rustwide/workdir)
[INFO] [stderr]     Checking r0 v0.2.2
[INFO] [stderr]     Checking panic-halt v0.2.0
[INFO] [stderr]    Compiling generic-array v0.14.4
[INFO] [stderr]     Checking nb v0.1.3
[INFO] [stderr]     Checking volatile-register v0.2.0
[INFO] [stderr]     Checking embedded-hal v0.2.5
[INFO] [stderr]    Compiling semver v0.9.0
[INFO] [stderr]    Compiling rustc_version v0.2.3
[INFO] [stderr]    Compiling bare-metal v0.2.5
[INFO] [stderr]    Compiling quote v1.0.9
[INFO] [stderr]     Checking generic-array v0.12.4
[INFO] [stderr]     Checking generic-array v0.13.3
[INFO] [stderr]     Checking as-slice v0.1.5
[INFO] [stderr]     Checking aligned v0.3.4
[INFO] [stderr]    Compiling cortex-m-rt-macros v0.1.8
[INFO] [stdout] error: language item required, but not found: `eh_personality`
[INFO] [stdout] 
[INFO] [stdout] 
[INFO] [stdout] error: aborting due to previous error
[INFO] [stdout] 
[INFO] [stdout] 
[INFO] [stdout] error: language item required, but not found: `eh_personality`
[INFO] [stdout] 
[INFO] [stdout] 
[INFO] [stdout] error: language item required, but not found: `eh_personality`
[INFO] [stdout] 
[INFO] [stdout] 
[INFO] [stdout] error: aborting due to previous error
[INFO] [stdout] 
[INFO] [stdout] 
[INFO] [stdout] error: aborting due to previous error
[INFO] [stdout] 
[INFO] [stdout] 
[INFO] [stdout] error: language item required, but not found: `eh_personality`
[INFO] [stdout] 
[INFO] [stdout] 
[INFO] [stdout] error: language item required, but not found: `eh_personality`
[INFO] [stdout] 
[INFO] [stdout] 
[INFO] [stderr] error: could not compile `embedded-rust` due to 2 previous errors
[INFO] [stderr] warning: build failed, waiting for other jobs to finish...
[INFO] [stdout] error: aborting due to previous error
[INFO] [stdout] 
[INFO] [stdout] 
[INFO] [stdout] error: aborting due to previous error
[INFO] [stdout] 
[INFO] [stdout] 
[INFO] [stdout] error[E0433]: failed to resolve: use of undeclared crate or module `stm32f3`
[INFO] [stdout]   --> examples/device.rs:34:5
[INFO] [stdout]    |
[INFO] [stdout] 34 | use stm32f3::stm32f303::{interrupt, Interrupt, NVIC};
[INFO] [stdout]    |     ^^^^^^^ use of undeclared crate or module `stm32f3`
[INFO] [stdout] 
[INFO] [stdout] 
[INFO] [stdout] error: language item required, but not found: `eh_personality`
[INFO] [stdout] 
[INFO] [stdout] 
[INFO] [stdout] error: language item required, but not found: `eh_personality`
[INFO] [stdout] 
[INFO] [stdout] 
[INFO] [stdout] error[E0432]: unresolved import `alloc_cortex_m`
[INFO] [stdout]   --> examples/allocator.rs:22:5
[INFO] [stdout]    |
[INFO] [stdout] 22 | use alloc_cortex_m::CortexMHeap;
[INFO] [stdout]    |     ^^^^^^^^^^^^^^ use of undeclared crate or module `alloc_cortex_m`
[INFO] [stdout] 
[INFO] [stdout] 
[INFO] [stdout] error[E0554]: `#![feature]` may not be used on the beta release channel
[INFO] [stdout]   --> examples/allocator.rs:12:1
[INFO] [stdout]    |
[INFO] [stdout] 12 | #![feature(alloc_error_handler)]
[INFO] [stdout]    | ^^^^^^^^^^^^^^^^^^^^^^^^^^^^^^^^
[INFO] [stdout] 
[INFO] [stdout] 
[INFO] [stdout] error: aborting due to previous error
[INFO] [stdout] 
[INFO] [stdout] 
[INFO] [stdout] error: aborting due to previous error
[INFO] [stdout] 
[INFO] [stdout] 
[INFO] [stdout] error: language item required, but not found: `eh_personality`
[INFO] [stdout] 
[INFO] [stdout] 
[INFO] [stdout] error: cannot find attribute `interrupt` in this scope
[INFO] [stdout]   --> examples/device.rs:59:3
[INFO] [stdout]    |
[INFO] [stdout] 59 | #[interrupt]
[INFO] [stdout]    |   ^^^^^^^^^
[INFO] [stdout] 
[INFO] [stdout] 
[INFO] [stdout] error[E0433]: failed to resolve: use of undeclared type `Interrupt`
[INFO] [stdout]   --> examples/device.rs:43:17
[INFO] [stdout]    |
[INFO] [stdout] 43 |     nvic.enable(Interrupt::EXTI0);
[INFO] [stdout]    |                 ^^^^^^^^^ use of undeclared type `Interrupt`
[INFO] [stdout] 
[INFO] [stdout] 
[INFO] [stdout] error[E0433]: failed to resolve: use of undeclared type `Interrupt`
[INFO] [stdout]   --> examples/device.rs:55:20
[INFO] [stdout]    |
[INFO] [stdout] 55 |         NVIC::pend(Interrupt::EXTI0);
[INFO] [stdout]    |                    ^^^^^^^^^ use of undeclared type `Interrupt`
[INFO] [stdout] 
[INFO] [stdout] 
[INFO] [stdout] error[E0433]: failed to resolve: use of undeclared type `NVIC`
[INFO] [stdout]   --> examples/device.rs:55:9
[INFO] [stdout]    |
[INFO] [stdout] 55 |         NVIC::pend(Interrupt::EXTI0);
[INFO] [stdout]    |         ^^^^ not found in this scope
[INFO] [stdout]    |
[INFO] [stdout] help: consider importing this struct
[INFO] [stdout]    |
[INFO] [stdout] 29 | use cortex_m::peripheral::NVIC;
[INFO] [stdout]    |
[INFO] [stdout] 
[INFO] [stdout] 
[INFO] [stdout] error: language item required, but not found: `eh_personality`
[INFO] [stdout] 
[INFO] [stdout] 
[INFO] [stdout] warning: use of deprecated associated function `cortex_m::peripheral::nvic::<impl cortex_m::peripheral::NVIC>::enable`: Use `NVIC::unmask`
[INFO] [stdout]   --> examples/device.rs:43:10
[INFO] [stdout]    |
[INFO] [stdout] 43 |     nvic.enable(Interrupt::EXTI0);
[INFO] [stdout]    |          ^^^^^^
[INFO] [stdout]    |
[INFO] [stdout]    = note: `#[warn(deprecated)]` on by default
[INFO] [stdout] 
[INFO] [stdout] 
[INFO] [stdout] error: aborting due to 6 previous errors; 1 warning emitted
[INFO] [stdout] 
[INFO] [stdout] 
[INFO] [stdout] For more information about this error, try `rustc --explain E0433`.
[INFO] [stdout] 
[INFO] [stdout] error: aborting due to 3 previous errors
[INFO] [stdout] 
[INFO] [stdout] 
[INFO] [stdout] Some errors have detailed explanations: E0432, E0554.
[INFO] [stdout] 
[INFO] [stdout] For more information about an error, try `rustc --explain E0432`.
[INFO] [stdout] 
[INFO] [stderr] error: build failed
[INFO] running `Command { std: "docker" "inspect" "946dd2460c61cdda6386d579b74a23140fba8071fc6b41b0308944c181f3ea36", kill_on_drop: false }`
[INFO] running `Command { std: "docker" "rm" "-f" "946dd2460c61cdda6386d579b74a23140fba8071fc6b41b0308944c181f3ea36", kill_on_drop: false }`
[INFO] [stdout] 946dd2460c61cdda6386d579b74a23140fba8071fc6b41b0308944c181f3ea36
