[INFO] fetching crate cosmo 0.1.0...
[INFO] checking cosmo-0.1.0 against beta-2021-10-15 for beta-1.56-3
[INFO] extracting crate cosmo 0.1.0 into /workspace/builds/worker-95/source
[INFO] validating manifest of crates.io crate cosmo 0.1.0 on toolchain beta-2021-10-15
[INFO] running `Command { std: "/workspace/cargo-home/bin/cargo" "+beta-2021-10-15" "metadata" "--manifest-path" "Cargo.toml" "--no-deps", kill_on_drop: false }`
[INFO] started tweaking crates.io crate cosmo 0.1.0
[INFO] finished tweaking crates.io crate cosmo 0.1.0
[INFO] tweaked toml for crates.io crate cosmo 0.1.0 written to /workspace/builds/worker-95/source/Cargo.toml
[INFO] running `Command { std: "/workspace/cargo-home/bin/cargo" "+beta-2021-10-15" "generate-lockfile" "--manifest-path" "Cargo.toml" "-Zno-index-update", kill_on_drop: false }`
[INFO] [stderr]     Blocking waiting for file lock on package cache
[INFO] running `Command { std: "/workspace/cargo-home/bin/cargo" "+beta-2021-10-15" "fetch" "--manifest-path" "Cargo.toml", kill_on_drop: false }`
[INFO] [stderr] warning: dependency (time) specified without providing a local path, Git repository, or version to use. This will be considered an error in future versions
[INFO] [stderr] warning: unused manifest key: dependencies.time.time
[INFO] [stderr]     Blocking waiting for file lock on package cache
[INFO] [stderr]     Blocking waiting for file lock on package cache
[INFO] running `Command { std: "docker" "create" "-v" "/var/lib/crater-agent-workspace/builds/worker-95/target:/opt/rustwide/target:rw,Z" "-v" "/var/lib/crater-agent-workspace/builds/worker-95/source:/opt/rustwide/workdir:ro,Z" "-v" "/var/lib/crater-agent-workspace/cargo-home:/opt/rustwide/cargo-home:ro,Z" "-v" "/var/lib/crater-agent-workspace/rustup-home:/opt/rustwide/rustup-home:ro,Z" "-e" "SOURCE_DIR=/opt/rustwide/workdir" "-e" "CARGO_TARGET_DIR=/opt/rustwide/target" "-e" "CARGO_HOME=/opt/rustwide/cargo-home" "-e" "RUSTUP_HOME=/opt/rustwide/rustup-home" "-w" "/opt/rustwide/workdir" "-m" "1610612736" "--user" "0:0" "--network" "none" "ghcr.io/rust-lang/crates-build-env/linux@sha256:a89201d6b5b9fd45c15d5952ece0a0129e7e80cb26ec023fd59cf09bc26f1604" "/opt/rustwide/cargo-home/bin/cargo" "+beta-2021-10-15" "metadata" "--no-deps" "--format-version=1", kill_on_drop: false }`
[INFO] [stdout] 3e5ba91aea89a280558b9d7b35044aeb8a8ced7ea0a95c33cbf24a31132d0a7e
[INFO] running `Command { std: "docker" "start" "-a" "3e5ba91aea89a280558b9d7b35044aeb8a8ced7ea0a95c33cbf24a31132d0a7e", kill_on_drop: false }`
[INFO] running `Command { std: "docker" "inspect" "3e5ba91aea89a280558b9d7b35044aeb8a8ced7ea0a95c33cbf24a31132d0a7e", kill_on_drop: false }`
[INFO] running `Command { std: "docker" "rm" "-f" "3e5ba91aea89a280558b9d7b35044aeb8a8ced7ea0a95c33cbf24a31132d0a7e", kill_on_drop: false }`
[INFO] [stdout] 3e5ba91aea89a280558b9d7b35044aeb8a8ced7ea0a95c33cbf24a31132d0a7e
[INFO] running `Command { std: "docker" "create" "-v" "/var/lib/crater-agent-workspace/builds/worker-95/target:/opt/rustwide/target:rw,Z" "-v" "/var/lib/crater-agent-workspace/builds/worker-95/source:/opt/rustwide/workdir:ro,Z" "-v" "/var/lib/crater-agent-workspace/cargo-home:/opt/rustwide/cargo-home:ro,Z" "-v" "/var/lib/crater-agent-workspace/rustup-home:/opt/rustwide/rustup-home:ro,Z" "-e" "SOURCE_DIR=/opt/rustwide/workdir" "-e" "CARGO_TARGET_DIR=/opt/rustwide/target" "-e" "CARGO_INCREMENTAL=0" "-e" "RUST_BACKTRACE=full" "-e" "RUSTFLAGS=--cap-lints=warn" "-e" "CARGO_HOME=/opt/rustwide/cargo-home" "-e" "RUSTUP_HOME=/opt/rustwide/rustup-home" "-w" "/opt/rustwide/workdir" "-m" "1610612736" "--user" "0:0" "--network" "none" "ghcr.io/rust-lang/crates-build-env/linux@sha256:a89201d6b5b9fd45c15d5952ece0a0129e7e80cb26ec023fd59cf09bc26f1604" "/opt/rustwide/cargo-home/bin/cargo" "+beta-2021-10-15" "check" "--frozen" "--all" "--all-targets" "--message-format=json", kill_on_drop: false }`
[INFO] [stdout] 66e852d721e5ec59c708a3bc4005526d96742f031e62d38cc0620073cfd0a6ec
[INFO] running `Command { std: "docker" "start" "-a" "66e852d721e5ec59c708a3bc4005526d96742f031e62d38cc0620073cfd0a6ec", kill_on_drop: false }`
[INFO] [stderr] warning: dependency (time) specified without providing a local path, Git repository, or version to use. This will be considered an error in future versions
[INFO] [stderr] warning: unused manifest key: dependencies.time.time
[INFO] [stderr]     Checking time v0.3.3
[INFO] [stderr]     Checking cosmo v0.1.0 (/opt/rustwide/workdir)
[INFO] [stdout] error[E0463]: can't find crate for `cosmo`
[INFO] [stdout]  --> benches/collection_benches/spsc_concurrent_queue_bench.rs:1:1
[INFO] [stdout]   |
[INFO] [stdout] 1 | extern crate cosmo;
[INFO] [stdout]   | ^^^^^^^^^^^^^^^^^^^ can't find crate
[INFO] [stdout] 
[INFO] [stdout] 
[INFO] [stdout] error: aborting due to previous error
[INFO] [stdout] 
[INFO] [stdout] 
[INFO] [stdout] For more information about this error, try `rustc --explain E0463`.
[INFO] [stdout] 
[INFO] [stderr] error: could not compile `cosmo` due to 2 previous errors
[INFO] [stdout] error[E0432]: unresolved import `self::alloc::heap`
[INFO] [stdout]  --> src/collection/buffer.rs:4:18
[INFO] [stdout]   |
[INFO] [stdout] 4 | use self::alloc::heap::{allocate, deallocate};
[INFO] [stdout]   |                  ^^^^ could not find `heap` in `alloc`
[INFO] [stdout] 
[INFO] [stdout] 
[INFO] [stderr] warning: build failed, waiting for other jobs to finish...
[INFO] [stdout] error: unknown crate type: `dynlib`
[INFO] [stdout] 
[INFO] [stdout] 
[INFO] [stdout] error[E0425]: cannot find function `oom` in crate `self::alloc`
[INFO] [stdout]   --> src/collection/buffer.rs:78:37
[INFO] [stdout]    |
[INFO] [stdout] 78 |     if ptr.is_null() { self::alloc::oom() }
[INFO] [stdout]    |                                     ^^^ not found in `self::alloc`
[INFO] [stdout] 
[INFO] [stdout] 
[INFO] [stdout] error[E0554]: `#![feature]` may not be used on the beta release channel
[INFO] [stdout]  --> src/lib.rs:1:1
[INFO] [stdout]   |
[INFO] [stdout] 1 | #![feature(alloc, core, heap_api, oom)]
[INFO] [stdout]   | ^^^^^^^^^^^^^^^^^^^^^^^^^^^^^^^^^^^^^^^
[INFO] [stdout] 
[INFO] [stdout] 
[INFO] [stdout] error: aborting due to 3 previous errors
[INFO] [stdout] 
[INFO] [stdout] 
[INFO] [stdout] Some errors have detailed explanations: E0425, E0432, E0554.
[INFO] [stdout] 
[INFO] [stdout] For more information about an error, try `rustc --explain E0425`.
[INFO] [stdout] 
[INFO] [stderr] error: build failed
[INFO] running `Command { std: "docker" "inspect" "66e852d721e5ec59c708a3bc4005526d96742f031e62d38cc0620073cfd0a6ec", kill_on_drop: false }`
[INFO] running `Command { std: "docker" "rm" "-f" "66e852d721e5ec59c708a3bc4005526d96742f031e62d38cc0620073cfd0a6ec", kill_on_drop: false }`
[INFO] [stdout] 66e852d721e5ec59c708a3bc4005526d96742f031e62d38cc0620073cfd0a6ec
