[INFO] cloning repository https://github.com/xldenis/creusot
[INFO] running `Command { std: "git" "-c" "credential.helper=" "-c" "credential.helper=/workspace/cargo-home/bin/git-credential-null" "clone" "--bare" "https://github.com/xldenis/creusot" "/workspace/cache/git-repos/https%3A%2F%2Fgithub.com%2Fxldenis%2Fcreusot", kill_on_drop: false }`
[INFO] [stderr] Cloning into bare repository '/workspace/cache/git-repos/https%3A%2F%2Fgithub.com%2Fxldenis%2Fcreusot'...
[INFO] running `Command { std: "git" "rev-parse" "HEAD", kill_on_drop: false }`
[INFO] [stdout] d73f6f36ab20443282d15dc17b6c4484049eff48
[INFO] checking xldenis/creusot against beta-2021-10-15 for beta-1.56-3
[INFO] running `Command { std: "git" "clone" "/workspace/cache/git-repos/https%3A%2F%2Fgithub.com%2Fxldenis%2Fcreusot" "/workspace/builds/worker-7/source", kill_on_drop: false }`
[INFO] [stderr] Cloning into '/workspace/builds/worker-7/source'...
[INFO] [stderr] done.
[INFO] validating manifest of git repo https://github.com/xldenis/creusot on toolchain beta-2021-10-15
[INFO] running `Command { std: "/workspace/cargo-home/bin/cargo" "+beta-2021-10-15" "metadata" "--manifest-path" "Cargo.toml" "--no-deps", kill_on_drop: false }`
[INFO] removed /workspace/builds/worker-7/source/rust-toolchain
[INFO] started tweaking git repo https://github.com/xldenis/creusot
[INFO] finished tweaking git repo https://github.com/xldenis/creusot
[INFO] tweaked toml for git repo https://github.com/xldenis/creusot written to /workspace/builds/worker-7/source/Cargo.toml
[INFO] crate git repo https://github.com/xldenis/creusot already has a lockfile, it will not be regenerated
[INFO] running `Command { std: "/workspace/cargo-home/bin/cargo" "+beta-2021-10-15" "fetch" "--manifest-path" "Cargo.toml", kill_on_drop: false }`
[INFO] [stderr]     Blocking waiting for file lock on package cache
[INFO] [stderr]     Blocking waiting for file lock on package cache
[INFO] [stderr]  Downloading crates ...
[INFO] [stderr]   Downloaded unescape v0.1.0
[INFO] [stderr]   Downloaded assert_cmd v1.0.8
[INFO] [stderr]   Downloaded mktemp v0.4.1
[INFO] [stderr]   Downloaded pretty v0.10.0
[INFO] [stderr]   Downloaded arraydeque v0.4.5
[INFO] [stderr]   Downloaded predicates-tree v1.0.3
[INFO] [stderr]   Downloaded predicates v2.0.2
[INFO] [stderr]   Downloaded insta v1.8.0
[INFO] running `Command { std: "docker" "create" "-v" "/var/lib/crater-agent-workspace/builds/worker-7/target:/opt/rustwide/target:rw,Z" "-v" "/var/lib/crater-agent-workspace/builds/worker-7/source:/opt/rustwide/workdir:ro,Z" "-v" "/var/lib/crater-agent-workspace/cargo-home:/opt/rustwide/cargo-home:ro,Z" "-v" "/var/lib/crater-agent-workspace/rustup-home:/opt/rustwide/rustup-home:ro,Z" "-e" "SOURCE_DIR=/opt/rustwide/workdir" "-e" "CARGO_TARGET_DIR=/opt/rustwide/target" "-e" "CARGO_HOME=/opt/rustwide/cargo-home" "-e" "RUSTUP_HOME=/opt/rustwide/rustup-home" "-w" "/opt/rustwide/workdir" "-m" "1610612736" "--user" "0:0" "--network" "none" "ghcr.io/rust-lang/crates-build-env/linux@sha256:a89201d6b5b9fd45c15d5952ece0a0129e7e80cb26ec023fd59cf09bc26f1604" "/opt/rustwide/cargo-home/bin/cargo" "+beta-2021-10-15" "metadata" "--no-deps" "--format-version=1", kill_on_drop: false }`
[INFO] [stdout] 28fcc9b7f187f18c438c6fce9c439c93f4db09f21d2f90cc8fdb2221c5123b8d
[INFO] [stderr] WARNING: Your kernel does not support swap limit capabilities or the cgroup is not mounted. Memory limited without swap.
[INFO] running `Command { std: "docker" "start" "-a" "28fcc9b7f187f18c438c6fce9c439c93f4db09f21d2f90cc8fdb2221c5123b8d", kill_on_drop: false }`
[INFO] running `Command { std: "docker" "inspect" "28fcc9b7f187f18c438c6fce9c439c93f4db09f21d2f90cc8fdb2221c5123b8d", kill_on_drop: false }`
[INFO] running `Command { std: "docker" "rm" "-f" "28fcc9b7f187f18c438c6fce9c439c93f4db09f21d2f90cc8fdb2221c5123b8d", kill_on_drop: false }`
[INFO] [stdout] 28fcc9b7f187f18c438c6fce9c439c93f4db09f21d2f90cc8fdb2221c5123b8d
[INFO] running `Command { std: "docker" "create" "-v" "/var/lib/crater-agent-workspace/builds/worker-7/target:/opt/rustwide/target:rw,Z" "-v" "/var/lib/crater-agent-workspace/builds/worker-7/source:/opt/rustwide/workdir:ro,Z" "-v" "/var/lib/crater-agent-workspace/cargo-home:/opt/rustwide/cargo-home:ro,Z" "-v" "/var/lib/crater-agent-workspace/rustup-home:/opt/rustwide/rustup-home:ro,Z" "-e" "SOURCE_DIR=/opt/rustwide/workdir" "-e" "CARGO_TARGET_DIR=/opt/rustwide/target" "-e" "CARGO_INCREMENTAL=0" "-e" "RUST_BACKTRACE=full" "-e" "RUSTFLAGS=--cap-lints=warn" "-e" "CARGO_HOME=/opt/rustwide/cargo-home" "-e" "RUSTUP_HOME=/opt/rustwide/rustup-home" "-w" "/opt/rustwide/workdir" "-m" "1610612736" "--user" "0:0" "--network" "none" "ghcr.io/rust-lang/crates-build-env/linux@sha256:a89201d6b5b9fd45c15d5952ece0a0129e7e80cb26ec023fd59cf09bc26f1604" "/opt/rustwide/cargo-home/bin/cargo" "+beta-2021-10-15" "check" "--frozen" "--all" "--all-targets" "--message-format=json", kill_on_drop: false }`
[INFO] [stdout] 1e456745c21293fdbbce1361c467a576c261eba9e10a0acc964766a04fcbc3f4
[INFO] [stderr] WARNING: Your kernel does not support swap limit capabilities or the cgroup is not mounted. Memory limited without swap.
[INFO] running `Command { std: "docker" "start" "-a" "1e456745c21293fdbbce1361c467a576c261eba9e10a0acc964766a04fcbc3f4", kill_on_drop: false }`
[INFO] [stderr]    Compiling proc-macro2 v1.0.29
[INFO] [stderr]    Compiling libc v0.2.103
[INFO] [stderr]    Compiling syn v1.0.77
[INFO] [stderr]    Compiling unicode-xid v0.2.2
[INFO] [stderr]     Checking cfg-if v1.0.0
[INFO] [stderr]    Compiling serde_derive v1.0.130
[INFO] [stderr]    Compiling serde v1.0.130
[INFO] [stderr]    Compiling autocfg v1.0.1
[INFO] [stderr]     Checking hashbrown v0.11.2
[INFO] [stderr]    Compiling memchr v2.4.1
[INFO] [stderr]    Compiling ryu v1.0.5
[INFO] [stderr]    Compiling serde_json v1.0.68
[INFO] [stderr]     Checking itoa v0.4.8
[INFO] [stderr]     Checking either v1.6.1
[INFO] [stderr]     Checking lazy_static v1.4.0
[INFO] [stderr]     Checking ppv-lite86 v0.2.10
[INFO] [stderr]     Checking arrayvec v0.5.2
[INFO] [stderr]     Checking typed-arena v2.0.1
[INFO] [stderr]    Compiling log v0.4.14
[INFO] [stderr]     Checking regex-syntax v0.6.25
[INFO] [stderr]     Checking termcolor v1.1.2
[INFO] [stderr]     Checking unicode-width v0.1.9
[INFO] [stderr]     Checking bitflags v1.3.2
[INFO] [stderr]     Checking similar v1.3.0
[INFO] [stderr]     Checking strsim v0.8.0
[INFO] [stderr]     Checking fixedbitset v0.4.0
[INFO] [stderr]     Checking unicode-segmentation v1.8.0
[INFO] [stderr]     Checking ansi_term v0.11.0
[INFO] [stderr]     Checking vec_map v0.8.2
[INFO] [stderr]     Checking humantime v2.1.0
[INFO] [stderr]    Compiling doc-comment v0.3.3
[INFO] [stderr]     Checking predicates-core v1.0.2
[INFO] [stderr]     Checking unescape v0.1.0
[INFO] [stderr]     Checking sequence_trie v0.3.6
[INFO] [stderr]     Checking regex-automata v0.1.10
[INFO] [stderr]     Checking treeline v0.1.0
[INFO] [stderr]     Checking difflib v0.4.0
[INFO] [stderr]     Checking linked-hash-map v0.5.4
[INFO] [stderr]    Compiling arraydeque v0.4.5
[INFO] [stderr]     Checking glob v0.3.0
[INFO] [stderr]    Compiling ref-cast v1.0.6
[INFO] [stderr]     Checking dtoa v0.4.8
[INFO] [stderr]     Checking why3tests v0.1.0 (/opt/rustwide/workdir/why3tests)
[INFO] [stderr]     Checking itertools v0.10.1
[INFO] [stderr]     Checking textwrap v0.11.0
[INFO] [stderr]     Checking pretty v0.10.0
[INFO] [stderr]    Compiling indexmap v1.7.0
[INFO] [stderr]     Checking predicates-tree v1.0.3
[INFO] [stderr]     Checking yaml-rust v0.4.5
[INFO] [stderr]     Checking heck v0.3.3
[INFO] [stderr]     Checking quote v1.0.9
[INFO] [stderr]     Checking aho-corasick v0.7.18
[INFO] [stderr]     Checking bstr v0.2.17
[INFO] [stderr]    Compiling getrandom v0.2.3
[INFO] [stderr]     Checking atty v0.2.14
[INFO] [stderr]     Checking wait-timeout v0.2.0
[INFO] [stderr]     Checking terminal_size v0.1.17
[INFO] [stderr]     Checking clap v2.33.3
[INFO] [stderr]     Checking console v0.14.1
[INFO] [stderr]    Compiling uuid v0.8.2
[INFO] [stderr]     Checking rand_core v0.6.3
[INFO] [stderr]     Checking rand_chacha v0.3.1
[INFO] [stderr]     Checking predicates v2.0.2
[INFO] [stderr]     Checking mktemp v0.4.1
[INFO] [stderr]     Checking regex v1.5.4
[INFO] [stderr]     Checking rand v0.8.4
[INFO] [stderr]     Checking assert_cmd v1.0.8
[INFO] [stderr]     Checking env_logger v0.9.0
[INFO] [stderr]     Checking pearlite-syn v0.1.0 (/opt/rustwide/workdir/pearlite-syn)
[INFO] [stderr]     Checking creusot-contracts-proc v0.1.0 (/opt/rustwide/workdir/creusot-contracts-proc)
[INFO] [stderr]    Compiling ref-cast-impl v1.0.6
[INFO] [stderr]     Checking creusot-contracts v0.1.0 (/opt/rustwide/workdir/creusot-contracts)
[INFO] [stdout] error[E0554]: `#![feature]` may not be used on the beta release channel
[INFO] [stdout]  --> creusot-contracts/src/lib.rs:2:38
[INFO] [stdout]   |
[INFO] [stdout] 2 | #![cfg_attr(feature = "typechecker", feature(rustc_private), feature(box_patterns, box_syntax))]
[INFO] [stdout]   |                                      ^^^^^^^^^^^^^^^^^^^^^^
[INFO] [stdout] 
[INFO] [stdout] 
[INFO] [stdout] error[E0554]: `#![feature]` may not be used on the beta release channel
[INFO] [stdout]  --> creusot-contracts/src/lib.rs:2:62
[INFO] [stdout]   |
[INFO] [stdout] 2 | #![cfg_attr(feature = "typechecker", feature(rustc_private), feature(box_patterns, box_syntax))]
[INFO] [stdout]   |                                                              ^^^^^^^^^^^^^^^^^^^^^^^^^^^^^^^^^
[INFO] [stdout] 
[INFO] [stdout] 
[INFO] [stdout] error: aborting due to 2 previous errors
[INFO] [stdout] 
[INFO] [stdout] 
[INFO] [stdout] For more information about this error, try `rustc --explain E0554`.
[INFO] [stdout] 
[INFO] [stderr] error: could not compile `creusot-contracts` due to 3 previous errors
[INFO] [stderr] warning: build failed, waiting for other jobs to finish...
[INFO] [stdout] error[E0554]: `#![feature]` may not be used on the beta release channel
[INFO] [stdout]  --> creusot-contracts/src/lib.rs:2:38
[INFO] [stdout]   |
[INFO] [stdout] 2 | #![cfg_attr(feature = "typechecker", feature(rustc_private), feature(box_patterns, box_syntax))]
[INFO] [stdout]   |                                      ^^^^^^^^^^^^^^^^^^^^^^
[INFO] [stdout] 
[INFO] [stdout] 
[INFO] [stdout] error[E0554]: `#![feature]` may not be used on the beta release channel
[INFO] [stdout]  --> creusot-contracts/src/lib.rs:2:62
[INFO] [stdout]   |
[INFO] [stdout] 2 | #![cfg_attr(feature = "typechecker", feature(rustc_private), feature(box_patterns, box_syntax))]
[INFO] [stdout]   |                                                              ^^^^^^^^^^^^^^^^^^^^^^^^^^^^^^^^^
[INFO] [stdout] 
[INFO] [stdout] 
[INFO] [stdout] error: aborting due to 2 previous errors
[INFO] [stdout] 
[INFO] [stdout] 
[INFO] [stdout] For more information about this error, try `rustc --explain E0554`.
[INFO] [stdout] 
[INFO] [stderr] error: build failed
[INFO] running `Command { std: "docker" "inspect" "1e456745c21293fdbbce1361c467a576c261eba9e10a0acc964766a04fcbc3f4", kill_on_drop: false }`
[INFO] running `Command { std: "docker" "rm" "-f" "1e456745c21293fdbbce1361c467a576c261eba9e10a0acc964766a04fcbc3f4", kill_on_drop: false }`
[INFO] [stdout] 1e456745c21293fdbbce1361c467a576c261eba9e10a0acc964766a04fcbc3f4
