[INFO] cloning repository https://github.com/vito-chl/driver_for_rtt
[INFO] running `Command { std: "git" "-c" "credential.helper=" "-c" "credential.helper=/workspace/cargo-home/bin/git-credential-null" "clone" "--bare" "https://github.com/vito-chl/driver_for_rtt" "/workspace/cache/git-repos/https%3A%2F%2Fgithub.com%2Fvito-chl%2Fdriver_for_rtt", kill_on_drop: false }`
[INFO] [stderr] Cloning into bare repository '/workspace/cache/git-repos/https%3A%2F%2Fgithub.com%2Fvito-chl%2Fdriver_for_rtt'...
[INFO] running `Command { std: "git" "rev-parse" "HEAD", kill_on_drop: false }`
[INFO] [stdout] 10831f83fd4966e5da8db7d5a5b9961dc2e4723a
[INFO] checking vito-chl/driver_for_rtt against beta-2021-10-15 for beta-1.56-3
[INFO] running `Command { std: "git" "clone" "/workspace/cache/git-repos/https%3A%2F%2Fgithub.com%2Fvito-chl%2Fdriver_for_rtt" "/workspace/builds/worker-38/source", kill_on_drop: false }`
[INFO] [stderr] Cloning into '/workspace/builds/worker-38/source'...
[INFO] [stderr] done.
[INFO] validating manifest of git repo https://github.com/vito-chl/driver_for_rtt on toolchain beta-2021-10-15
[INFO] running `Command { std: "/workspace/cargo-home/bin/cargo" "+beta-2021-10-15" "metadata" "--manifest-path" "Cargo.toml" "--no-deps", kill_on_drop: false }`
[INFO] started tweaking git repo https://github.com/vito-chl/driver_for_rtt
[INFO] finished tweaking git repo https://github.com/vito-chl/driver_for_rtt
[INFO] tweaked toml for git repo https://github.com/vito-chl/driver_for_rtt written to /workspace/builds/worker-38/source/Cargo.toml
[INFO] crate git repo https://github.com/vito-chl/driver_for_rtt already has a lockfile, it will not be regenerated
[INFO] running `Command { std: "/workspace/cargo-home/bin/cargo" "+beta-2021-10-15" "fetch" "--manifest-path" "Cargo.toml", kill_on_drop: false }`
[INFO] [stderr] warning: dependency (stm32h7) specified without providing a local path, Git repository, or version to use. This will be considered an error in future versions
[INFO] [stderr] warning: unused manifest key: dependencies.stm32h7.stm32h7
[INFO] [stderr]     Blocking waiting for file lock on package cache
[INFO] [stderr]     Updating git repository `https://gitee.com/vitors/mlib.git`
[INFO] [stderr]     Updating git repository `https://github.com/vito-chl/rtt_rs.git`
[INFO] [stderr]     Updating git repository `https://gitee.com/vitors/spi-flash-rs.git`
[INFO] [stderr]     Updating git repository `https://gitee.com/vitors/rtt_kernel_scheduler.git`
[INFO] [stderr]     Updating git repository `https://gitee.com/vitors/rtt_kernel_cpu`
[INFO] [stderr]     Updating git repository `https://gitee.com/vitors/rtt_kernel_io`
[INFO] [stderr]     Updating git repository `https://gitee.com/vitors/rtt_kernel_memory`
[INFO] [stderr]     Updating git repository `https://gitee.com/vitors/rtt_kernel_mutex`
[INFO] [stderr]     Updating git repository `https://gitee.com/vitors/slab_allocator_rs`
[INFO] [stderr]     Updating git repository `https://gitee.com/vitors/buddy_system_allocator`
[INFO] [stderr]     Blocking waiting for file lock on package cache
[INFO] [stderr]  Downloading crates ...
[INFO] [stderr]   Downloaded vcell v0.1.3
[INFO] [stderr]   Downloaded nb v0.1.3
[INFO] [stderr]   Downloaded bitfield v0.13.2
[INFO] [stderr]   Downloaded nb v1.0.0
[INFO] [stderr]   Downloaded cortex-m v0.7.3
[INFO] [stderr]   Downloaded cortex-m-rt-macros v0.6.15
[INFO] [stderr]   Downloaded cortex-m-rt v0.6.15
[INFO] [stderr]   Downloaded r0 v0.2.2
[INFO] [stderr]   Downloaded atomic-polyfill v0.1.3
[INFO] [stderr]   Downloaded bare-metal v0.2.5
[INFO] [stderr]   Downloaded volatile-register v0.2.1
[INFO] [stderr]   Downloaded syn v1.0.76
[INFO] [stderr]   Downloaded embedded-hal v0.2.6
[INFO] [stderr]   Downloaded stm32h7 v0.13.0
[INFO] [stderr]   Downloaded stm32f7 v0.13.0
[INFO] running `Command { std: "docker" "create" "-v" "/var/lib/crater-agent-workspace/builds/worker-38/target:/opt/rustwide/target:rw,Z" "-v" "/var/lib/crater-agent-workspace/builds/worker-38/source:/opt/rustwide/workdir:ro,Z" "-v" "/var/lib/crater-agent-workspace/cargo-home:/opt/rustwide/cargo-home:ro,Z" "-v" "/var/lib/crater-agent-workspace/rustup-home:/opt/rustwide/rustup-home:ro,Z" "-e" "SOURCE_DIR=/opt/rustwide/workdir" "-e" "CARGO_TARGET_DIR=/opt/rustwide/target" "-e" "CARGO_HOME=/opt/rustwide/cargo-home" "-e" "RUSTUP_HOME=/opt/rustwide/rustup-home" "-w" "/opt/rustwide/workdir" "-m" "1610612736" "--user" "0:0" "--network" "none" "ghcr.io/rust-lang/crates-build-env/linux@sha256:a89201d6b5b9fd45c15d5952ece0a0129e7e80cb26ec023fd59cf09bc26f1604" "/opt/rustwide/cargo-home/bin/cargo" "+beta-2021-10-15" "metadata" "--no-deps" "--format-version=1", kill_on_drop: false }`
[INFO] [stdout] 7872a8327e738c510eb6d548b7e66f50d65b6b12a118c2ce1803092528eda983
[INFO] running `Command { std: "docker" "start" "-a" "7872a8327e738c510eb6d548b7e66f50d65b6b12a118c2ce1803092528eda983", kill_on_drop: false }`
[INFO] running `Command { std: "docker" "inspect" "7872a8327e738c510eb6d548b7e66f50d65b6b12a118c2ce1803092528eda983", kill_on_drop: false }`
[INFO] running `Command { std: "docker" "rm" "-f" "7872a8327e738c510eb6d548b7e66f50d65b6b12a118c2ce1803092528eda983", kill_on_drop: false }`
[INFO] [stdout] 7872a8327e738c510eb6d548b7e66f50d65b6b12a118c2ce1803092528eda983
[INFO] running `Command { std: "docker" "create" "-v" "/var/lib/crater-agent-workspace/builds/worker-38/target:/opt/rustwide/target:rw,Z" "-v" "/var/lib/crater-agent-workspace/builds/worker-38/source:/opt/rustwide/workdir:ro,Z" "-v" "/var/lib/crater-agent-workspace/cargo-home:/opt/rustwide/cargo-home:ro,Z" "-v" "/var/lib/crater-agent-workspace/rustup-home:/opt/rustwide/rustup-home:ro,Z" "-e" "SOURCE_DIR=/opt/rustwide/workdir" "-e" "CARGO_TARGET_DIR=/opt/rustwide/target" "-e" "CARGO_INCREMENTAL=0" "-e" "RUST_BACKTRACE=full" "-e" "RUSTFLAGS=--cap-lints=warn" "-e" "CARGO_HOME=/opt/rustwide/cargo-home" "-e" "RUSTUP_HOME=/opt/rustwide/rustup-home" "-w" "/opt/rustwide/workdir" "-m" "1610612736" "--user" "0:0" "--network" "none" "ghcr.io/rust-lang/crates-build-env/linux@sha256:a89201d6b5b9fd45c15d5952ece0a0129e7e80cb26ec023fd59cf09bc26f1604" "/opt/rustwide/cargo-home/bin/cargo" "+beta-2021-10-15" "check" "--frozen" "--all" "--all-targets" "--message-format=json", kill_on_drop: false }`
[INFO] [stdout] 2dbf9ffb892f2b8f93c1849e9883da6afcfddd2803de91a94ab7b671ef0026eb
[INFO] running `Command { std: "docker" "start" "-a" "2dbf9ffb892f2b8f93c1849e9883da6afcfddd2803de91a94ab7b671ef0026eb", kill_on_drop: false }`
[INFO] [stderr] warning: dependency (stm32h7) specified without providing a local path, Git repository, or version to use. This will be considered an error in future versions
[INFO] [stderr] warning: unused manifest key: dependencies.stm32h7.stm32h7
[INFO] [stderr]    Compiling syn v1.0.76
[INFO] [stderr]     Checking nb v1.0.0
[INFO] [stderr]    Compiling cortex-m v0.7.3
[INFO] [stderr]    Compiling log v0.4.14
[INFO] [stderr]     Checking vcell v0.1.3
[INFO] [stderr]    Compiling typenum v1.14.0
[INFO] [stderr]     Checking bitfield v0.13.2
[INFO] [stderr]    Compiling atomic-polyfill v0.1.3
[INFO] [stderr]    Compiling stm32h7 v0.13.0
[INFO] [stderr]     Checking spin v0.5.2
[INFO] [stderr]    Compiling proc-macro2 v1.0.29
[INFO] [stderr]    Compiling generic-array v0.14.4
[INFO] [stderr]    Compiling bare-metal v0.2.5
[INFO] [stderr]     Checking nb v0.1.3
[INFO] [stderr]     Checking volatile-register v0.2.1
[INFO] [stderr]     Checking lazy_static v1.4.0
[INFO] [stderr]     Checking embedded-hal v0.2.6
[INFO] [stderr]    Compiling quote v1.0.9
[INFO] [stderr]     Checking rtt_rs v0.2.3 (https://github.com/vito-chl/rtt_rs.git#725753f8)
[INFO] [stdout] error[E0554]: `#![feature]` may not be used on the beta release channel
[INFO] [stdout]   --> /opt/rustwide/cargo-home/git/checkouts/rtt_rs-8413f82219b6e9de/725753f/src/lib.rs:20:1
[INFO] [stdout]    |
[INFO] [stdout] 20 | #![feature(alloc_error_handler)]
[INFO] [stdout]    | ^^^^^^^^^^^^^^^^^^^^^^^^^^^^^^^^
[INFO] [stdout] 
[INFO] [stdout] 
[INFO] [stdout] error[E0554]: `#![feature]` may not be used on the beta release channel
[INFO] [stdout]   --> /opt/rustwide/cargo-home/git/checkouts/rtt_rs-8413f82219b6e9de/725753f/src/lib.rs:21:1
[INFO] [stdout]    |
[INFO] [stdout] 21 | #![feature(allow_internal_unstable)]
[INFO] [stdout]    | ^^^^^^^^^^^^^^^^^^^^^^^^^^^^^^^^^^^^
[INFO] [stdout] 
[INFO] [stdout] 
[INFO] [stdout] error[E0554]: `#![feature]` may not be used on the beta release channel
[INFO] [stdout]   --> /opt/rustwide/cargo-home/git/checkouts/rtt_rs-8413f82219b6e9de/725753f/src/lib.rs:22:1
[INFO] [stdout]    |
[INFO] [stdout] 22 | #![feature(const_fn_fn_ptr_basics)]
[INFO] [stdout]    | ^^^^^^^^^^^^^^^^^^^^^^^^^^^^^^^^^^^
[INFO] [stdout] 
[INFO] [stdout] 
[INFO] [stdout] error[E0554]: `#![feature]` may not be used on the beta release channel
[INFO] [stdout]   --> /opt/rustwide/cargo-home/git/checkouts/rtt_rs-8413f82219b6e9de/725753f/src/lib.rs:23:1
[INFO] [stdout]    |
[INFO] [stdout] 23 | #![feature(const_fn_trait_bound)]
[INFO] [stdout]    | ^^^^^^^^^^^^^^^^^^^^^^^^^^^^^^^^^
[INFO] [stdout] 
[INFO] [stdout] 
[INFO] [stdout] error: aborting due to 4 previous errors
[INFO] [stdout] 
[INFO] [stdout] 
[INFO] [stderr] error: could not compile `rtt_rs` due to 5 previous errors
[INFO] [stdout] For more information about this error, try `rustc --explain E0554`.
[INFO] [stdout] 
[INFO] [stderr] warning: build failed, waiting for other jobs to finish...
[INFO] [stderr] error: build failed
[INFO] running `Command { std: "docker" "inspect" "2dbf9ffb892f2b8f93c1849e9883da6afcfddd2803de91a94ab7b671ef0026eb", kill_on_drop: false }`
[INFO] running `Command { std: "docker" "rm" "-f" "2dbf9ffb892f2b8f93c1849e9883da6afcfddd2803de91a94ab7b671ef0026eb", kill_on_drop: false }`
[INFO] [stdout] 2dbf9ffb892f2b8f93c1849e9883da6afcfddd2803de91a94ab7b671ef0026eb
