[INFO] cloning repository https://github.com/huytd/apison-rs
[INFO] running `Command { std: "git" "-c" "credential.helper=" "-c" "credential.helper=/workspace/cargo-home/bin/git-credential-null" "clone" "--bare" "https://github.com/huytd/apison-rs" "/workspace/cache/git-repos/https%3A%2F%2Fgithub.com%2Fhuytd%2Fapison-rs", kill_on_drop: false }`
[INFO] [stderr] Cloning into bare repository '/workspace/cache/git-repos/https%3A%2F%2Fgithub.com%2Fhuytd%2Fapison-rs'...
[INFO] running `Command { std: "git" "rev-parse" "HEAD", kill_on_drop: false }`
[INFO] [stdout] 1bbb7ae92be7d946a95b1edf1a4d23fe6ebf848e
[INFO] checking huytd/apison-rs against beta-2021-10-15 for beta-1.56-3
[INFO] running `Command { std: "git" "clone" "/workspace/cache/git-repos/https%3A%2F%2Fgithub.com%2Fhuytd%2Fapison-rs" "/workspace/builds/worker-95/source", kill_on_drop: false }`
[INFO] [stderr] Cloning into '/workspace/builds/worker-95/source'...
[INFO] [stderr] done.
[INFO] validating manifest of git repo https://github.com/huytd/apison-rs on toolchain beta-2021-10-15
[INFO] running `Command { std: "/workspace/cargo-home/bin/cargo" "+beta-2021-10-15" "metadata" "--manifest-path" "Cargo.toml" "--no-deps", kill_on_drop: false }`
[INFO] started tweaking git repo https://github.com/huytd/apison-rs
[INFO] finished tweaking git repo https://github.com/huytd/apison-rs
[INFO] tweaked toml for git repo https://github.com/huytd/apison-rs written to /workspace/builds/worker-95/source/Cargo.toml
[INFO] crate git repo https://github.com/huytd/apison-rs already has a lockfile, it will not be regenerated
[INFO] running `Command { std: "/workspace/cargo-home/bin/cargo" "+beta-2021-10-15" "fetch" "--manifest-path" "Cargo.toml", kill_on_drop: false }`
[INFO] [stderr] warning: dependency (rocket_contrib) specified without providing a local path, Git repository, or version to use. This will be considered an error in future versions
[INFO] [stderr]     Blocking waiting for file lock on package cache
[INFO] [stderr]     Blocking waiting for file lock on package cache
[INFO] [stderr]  Downloading crates ...
[INFO] [stderr]   Downloaded pq-sys v0.4.4
[INFO] [stderr]   Downloaded term-painter v0.2.3
[INFO] [stderr]   Downloaded scheduled-thread-pool v0.1.0
[INFO] [stderr]   Downloaded r2d2-diesel v0.14.0
[INFO] [stderr]   Downloaded cookie v0.6.2
[INFO] [stderr]   Downloaded redox_syscall v0.1.26
[INFO] [stderr]   Downloaded diesel v0.14.1
[INFO] [stderr]   Downloaded diesel_infer_schema v0.13.0
[INFO] [stderr]   Downloaded r2d2 v0.7.3
[INFO] [stderr]   Downloaded diesel_codegen v0.13.0
[INFO] [stderr]   Downloaded rocket_codegen v0.2.9
[INFO] [stderr]   Downloaded rocket v0.2.9
[INFO] [stderr]   Downloaded rocket_contrib v0.2.9
[INFO] [stderr]   Downloaded term v0.4.6
[INFO] [stderr]   Downloaded diesel v0.13.1
[INFO] running `Command { std: "docker" "create" "-v" "/var/lib/crater-agent-workspace/builds/worker-95/target:/opt/rustwide/target:rw,Z" "-v" "/var/lib/crater-agent-workspace/builds/worker-95/source:/opt/rustwide/workdir:ro,Z" "-v" "/var/lib/crater-agent-workspace/cargo-home:/opt/rustwide/cargo-home:ro,Z" "-v" "/var/lib/crater-agent-workspace/rustup-home:/opt/rustwide/rustup-home:ro,Z" "-e" "SOURCE_DIR=/opt/rustwide/workdir" "-e" "CARGO_TARGET_DIR=/opt/rustwide/target" "-e" "CARGO_HOME=/opt/rustwide/cargo-home" "-e" "RUSTUP_HOME=/opt/rustwide/rustup-home" "-w" "/opt/rustwide/workdir" "-m" "1610612736" "--user" "0:0" "--network" "none" "ghcr.io/rust-lang/crates-build-env/linux@sha256:a89201d6b5b9fd45c15d5952ece0a0129e7e80cb26ec023fd59cf09bc26f1604" "/opt/rustwide/cargo-home/bin/cargo" "+beta-2021-10-15" "metadata" "--no-deps" "--format-version=1", kill_on_drop: false }`
[INFO] [stdout] 567894111cf97b113880f69388e6499d9a16cdaeef4ee6271ff7712a737bd11e
[INFO] running `Command { std: "docker" "start" "-a" "567894111cf97b113880f69388e6499d9a16cdaeef4ee6271ff7712a737bd11e", kill_on_drop: false }`
[INFO] running `Command { std: "docker" "inspect" "567894111cf97b113880f69388e6499d9a16cdaeef4ee6271ff7712a737bd11e", kill_on_drop: false }`
[INFO] running `Command { std: "docker" "rm" "-f" "567894111cf97b113880f69388e6499d9a16cdaeef4ee6271ff7712a737bd11e", kill_on_drop: false }`
[INFO] [stdout] 567894111cf97b113880f69388e6499d9a16cdaeef4ee6271ff7712a737bd11e
[INFO] running `Command { std: "docker" "create" "-v" "/var/lib/crater-agent-workspace/builds/worker-95/target:/opt/rustwide/target:rw,Z" "-v" "/var/lib/crater-agent-workspace/builds/worker-95/source:/opt/rustwide/workdir:ro,Z" "-v" "/var/lib/crater-agent-workspace/cargo-home:/opt/rustwide/cargo-home:ro,Z" "-v" "/var/lib/crater-agent-workspace/rustup-home:/opt/rustwide/rustup-home:ro,Z" "-e" "SOURCE_DIR=/opt/rustwide/workdir" "-e" "CARGO_TARGET_DIR=/opt/rustwide/target" "-e" "CARGO_INCREMENTAL=0" "-e" "RUST_BACKTRACE=full" "-e" "RUSTFLAGS=--cap-lints=warn" "-e" "CARGO_HOME=/opt/rustwide/cargo-home" "-e" "RUSTUP_HOME=/opt/rustwide/rustup-home" "-w" "/opt/rustwide/workdir" "-m" "1610612736" "--user" "0:0" "--network" "none" "ghcr.io/rust-lang/crates-build-env/linux@sha256:a89201d6b5b9fd45c15d5952ece0a0129e7e80cb26ec023fd59cf09bc26f1604" "/opt/rustwide/cargo-home/bin/cargo" "+beta-2021-10-15" "check" "--frozen" "--all" "--all-targets" "--message-format=json", kill_on_drop: false }`
[INFO] [stdout] 3fb0bf2dd7f6662a37850a86622ddaca687bb54eb2147b644e0464e9dd1d0090
[INFO] running `Command { std: "docker" "start" "-a" "3fb0bf2dd7f6662a37850a86622ddaca687bb54eb2147b644e0464e9dd1d0090", kill_on_drop: false }`
[INFO] [stderr] warning: dependency (rocket_contrib) specified without providing a local path, Git repository, or version to use. This will be considered an error in future versions
[INFO] [stderr]     Blocking waiting for file lock on package cache
[INFO] [stderr]     Blocking waiting for file lock on package cache
[INFO] [stderr]     Blocking waiting for file lock on package cache
[INFO] [stderr]     Blocking waiting for file lock on package cache
[INFO] [stderr]    Compiling version_check v0.1.3
[INFO] [stderr]    Compiling libc v0.2.26
[INFO] [stderr]    Compiling yansi v0.3.0
[INFO] [stderr]     Checking byteorder v1.1.0
[INFO] [stderr]    Compiling matches v0.1.6
[INFO] [stderr]    Compiling pq-sys v0.4.4
[INFO] [stderr]     Checking unicode-normalization v0.1.5
[INFO] [stderr]     Checking log v0.3.8
[INFO] [stderr]    Compiling unicode-xid v0.0.4
[INFO] [stderr]    Compiling quote v0.3.15
[INFO] [stderr]     Checking percent-encoding v1.0.0
[INFO] [stderr]    Compiling void v1.0.2
[INFO] [stderr]    Compiling lazy_static v0.2.8
[INFO] [stderr]    Compiling utf8-ranges v1.0.0
[INFO] [stderr]    Compiling regex-syntax v0.4.1
[INFO] [stderr]     Checking term v0.4.6
[INFO] [stderr]    Compiling httparse v1.2.3
[INFO] [stderr]    Compiling traitobject v0.1.0
[INFO] [stderr]    Compiling language-tags v0.2.2
[INFO] [stderr]    Compiling typeable v0.1.2
[INFO] [stderr]     Checking antidote v1.0.0
[INFO] [stderr]     Checking itoa v0.3.1
[INFO] [stderr]    Compiling state v0.2.2
[INFO] [stderr]     Checking toml v0.2.1
[INFO] [stderr]     Checking num-traits v0.1.39
[INFO] [stderr]     Checking dtoa v0.4.1
[INFO] [stderr]     Checking serde v0.9.15
[INFO] [stderr]     Checking unreachable v1.0.0
[INFO] [stderr]     Checking unicode-bidi v0.3.4
[INFO] [stdout] error[E0557]: feature has been removed
[INFO] [stdout]  --> /opt/rustwide/cargo-home/registry/src/github.com-1ecc6299db9ec823/state-0.2.2/src/lib.rs:1:12
[INFO] [stdout]   |
[INFO] [stdout] 1 | #![feature(const_fn)]
[INFO] [stdout]   |            ^^^^^^^^ feature has been removed
[INFO] [stdout]   |
[INFO] [stdout]   = note: split into finer-grained feature gates
[INFO] [stdout] 
[INFO] [stdout] 
[INFO] [stdout] error[E0557]: feature has been removed
[INFO] [stdout]  --> /opt/rustwide/cargo-home/registry/src/github.com-1ecc6299db9ec823/state-0.2.2/src/lib.rs:1:12
[INFO] [stdout]   |
[INFO] [stdout] 1 | #![feature(const_fn)]
[INFO] [stdout]   |            ^^^^^^^^ feature has been removed
[INFO] [stdout]   |
[INFO] [stdout]   = note: split into finer-grained feature gates
[INFO] [stdout] 
[INFO] [stdout] 
[INFO] [stdout] error[E0554]: `#![feature]` may not be used on the beta release channel
[INFO] [stdout]  --> /opt/rustwide/cargo-home/registry/src/github.com-1ecc6299db9ec823/state-0.2.2/src/lib.rs:1:1
[INFO] [stdout]   |
[INFO] [stdout] 1 | #![feature(const_fn)]
[INFO] [stdout]   | ^^^^^^^^^^^^^^^^^^^^^
[INFO] [stdout] 
[INFO] [stdout] 
[INFO] [stdout] error[E0554]: `#![feature]` may not be used on the beta release channel
[INFO] [stdout]  --> /opt/rustwide/cargo-home/registry/src/github.com-1ecc6299db9ec823/state-0.2.2/src/lib.rs:1:1
[INFO] [stdout]   |
[INFO] [stdout] 1 | #![feature(const_fn)]
[INFO] [stdout]   | ^^^^^^^^^^^^^^^^^^^^^
[INFO] [stdout] 
[INFO] [stdout] 
[INFO] [stderr]    Compiling synom v0.11.3
[INFO] [stderr]     Checking thread_local v0.3.4
[INFO] [stdout] error: aborting due to 2 previous errors
[INFO] [stdout] 
[INFO] [stdout] 
[INFO] [stdout] Some errors have detailed explanations: E0554, E0557.
[INFO] [stdout] 
[INFO] [stdout] For more information about an error, try `rustc --explain E0554`.
[INFO] [stdout] 
[INFO] [stdout] error: aborting due to 2 previous errors
[INFO] [stdout] 
[INFO] [stdout] 
[INFO] [stdout] Some errors have detailed explanations: E0554, E0557.
[INFO] [stdout] 
[INFO] [stdout] For more information about an error, try `rustc --explain E0554`.
[INFO] [stdout] 
[INFO] [stderr] error: could not compile `state` due to 3 previous errors
[INFO] [stderr] warning: build failed, waiting for other jobs to finish...
[INFO] [stderr] error: build failed
[INFO] running `Command { std: "docker" "inspect" "3fb0bf2dd7f6662a37850a86622ddaca687bb54eb2147b644e0464e9dd1d0090", kill_on_drop: false }`
[INFO] running `Command { std: "docker" "rm" "-f" "3fb0bf2dd7f6662a37850a86622ddaca687bb54eb2147b644e0464e9dd1d0090", kill_on_drop: false }`
[INFO] [stdout] 3fb0bf2dd7f6662a37850a86622ddaca687bb54eb2147b644e0464e9dd1d0090
