[INFO] cloning repository https://github.com/hdhoang/anne-keyberon
[INFO] running `Command { std: "git" "-c" "credential.helper=" "-c" "credential.helper=/workspace/cargo-home/bin/git-credential-null" "clone" "--bare" "https://github.com/hdhoang/anne-keyberon" "/workspace/cache/git-repos/https%3A%2F%2Fgithub.com%2Fhdhoang%2Fanne-keyberon", kill_on_drop: false }`
[INFO] [stderr] Cloning into bare repository '/workspace/cache/git-repos/https%3A%2F%2Fgithub.com%2Fhdhoang%2Fanne-keyberon'...
[INFO] running `Command { std: "git" "rev-parse" "HEAD", kill_on_drop: false }`
[INFO] [stdout] 5041920b4e0bd7cfb142977e375809a24df8cb43
[INFO] checking hdhoang/anne-keyberon against beta-2021-10-15 for beta-1.56-3
[INFO] running `Command { std: "git" "clone" "/workspace/cache/git-repos/https%3A%2F%2Fgithub.com%2Fhdhoang%2Fanne-keyberon" "/workspace/builds/worker-96/source", kill_on_drop: false }`
[INFO] [stderr] Cloning into '/workspace/builds/worker-96/source'...
[INFO] [stderr] done.
[INFO] validating manifest of git repo https://github.com/hdhoang/anne-keyberon on toolchain beta-2021-10-15
[INFO] running `Command { std: "/workspace/cargo-home/bin/cargo" "+beta-2021-10-15" "metadata" "--manifest-path" "Cargo.toml" "--no-deps", kill_on_drop: false }`
[INFO] removed /workspace/builds/worker-96/source/.cargo/config.toml
[INFO] removed /workspace/builds/worker-96/source/rust-toolchain.toml
[INFO] started tweaking git repo https://github.com/hdhoang/anne-keyberon
[INFO] finished tweaking git repo https://github.com/hdhoang/anne-keyberon
[INFO] tweaked toml for git repo https://github.com/hdhoang/anne-keyberon written to /workspace/builds/worker-96/source/Cargo.toml
[INFO] crate git repo https://github.com/hdhoang/anne-keyberon already has a lockfile, it will not be regenerated
[INFO] running `Command { std: "/workspace/cargo-home/bin/cargo" "+beta-2021-10-15" "fetch" "--manifest-path" "Cargo.toml", kill_on_drop: false }`
[INFO] [stderr] warning: /workspace/builds/worker-96/source/Cargo.toml: the cargo feature `edition2021` has been stabilized in the 1.56 release and is no longer necessary to be listed in the manifest
[INFO] [stderr]   See https://doc.rust-lang.org/beta/cargo/reference/manifest.html#the-edition-field for more information about using this feature.
[INFO] [stderr]     Blocking waiting for file lock on package cache
[INFO] [stderr]     Updating git repository `https://github.com/hdhoang/stm32l1xx-hal`
[INFO] [stderr]     Blocking waiting for file lock on package cache
[INFO] [stderr]  Downloading crates ...
[INFO] [stderr]   Downloaded cortex-m v0.6.7
[INFO] [stderr]   Downloaded aligned v0.3.4
[INFO] [stderr]   Downloaded defmt v0.2.3
[INFO] [stderr]   Downloaded rtic-syntax v0.4.0
[INFO] [stderr]   Downloaded defmt-parser v0.2.2
[INFO] [stderr]   Downloaded cortex-m-rtic-macros v0.5.2
[INFO] [stderr]   Downloaded defmt-test-macros v0.2.1
[INFO] [stderr]   Downloaded defmt-rtt v0.2.0
[INFO] [stderr]   Downloaded embedded-hal v0.2.5
[INFO] [stderr]   Downloaded cortex-m-rt v0.6.14
[INFO] [stderr]   Downloaded panic-probe v0.2.0
[INFO] [stderr]   Downloaded rtic-core v0.3.1
[INFO] [stderr]   Downloaded cortex-m-rtic v0.5.6
[INFO] [stderr]   Downloaded defmt-macros v0.2.3
[INFO] [stderr]   Downloaded defmt-test v0.2.3
[INFO] [stderr]   Downloaded stm32l1 v0.13.0
[INFO] running `Command { std: "docker" "create" "-v" "/var/lib/crater-agent-workspace/builds/worker-96/target:/opt/rustwide/target:rw,Z" "-v" "/var/lib/crater-agent-workspace/builds/worker-96/source:/opt/rustwide/workdir:ro,Z" "-v" "/var/lib/crater-agent-workspace/cargo-home:/opt/rustwide/cargo-home:ro,Z" "-v" "/var/lib/crater-agent-workspace/rustup-home:/opt/rustwide/rustup-home:ro,Z" "-e" "SOURCE_DIR=/opt/rustwide/workdir" "-e" "CARGO_TARGET_DIR=/opt/rustwide/target" "-e" "CARGO_HOME=/opt/rustwide/cargo-home" "-e" "RUSTUP_HOME=/opt/rustwide/rustup-home" "-w" "/opt/rustwide/workdir" "-m" "1610612736" "--user" "0:0" "--network" "none" "ghcr.io/rust-lang/crates-build-env/linux@sha256:a89201d6b5b9fd45c15d5952ece0a0129e7e80cb26ec023fd59cf09bc26f1604" "/opt/rustwide/cargo-home/bin/cargo" "+beta-2021-10-15" "metadata" "--no-deps" "--format-version=1", kill_on_drop: false }`
[INFO] [stdout] ee2cf8e825265e1d0ae4586c67c0542115c19b55f4466bc13f3a4cd2915046f0
[INFO] running `Command { std: "docker" "start" "-a" "ee2cf8e825265e1d0ae4586c67c0542115c19b55f4466bc13f3a4cd2915046f0", kill_on_drop: false }`
[INFO] running `Command { std: "docker" "inspect" "ee2cf8e825265e1d0ae4586c67c0542115c19b55f4466bc13f3a4cd2915046f0", kill_on_drop: false }`
[INFO] running `Command { std: "docker" "rm" "-f" "ee2cf8e825265e1d0ae4586c67c0542115c19b55f4466bc13f3a4cd2915046f0", kill_on_drop: false }`
[INFO] [stdout] ee2cf8e825265e1d0ae4586c67c0542115c19b55f4466bc13f3a4cd2915046f0
[INFO] running `Command { std: "docker" "create" "-v" "/var/lib/crater-agent-workspace/builds/worker-96/target:/opt/rustwide/target:rw,Z" "-v" "/var/lib/crater-agent-workspace/builds/worker-96/source:/opt/rustwide/workdir:ro,Z" "-v" "/var/lib/crater-agent-workspace/cargo-home:/opt/rustwide/cargo-home:ro,Z" "-v" "/var/lib/crater-agent-workspace/rustup-home:/opt/rustwide/rustup-home:ro,Z" "-e" "SOURCE_DIR=/opt/rustwide/workdir" "-e" "CARGO_TARGET_DIR=/opt/rustwide/target" "-e" "CARGO_INCREMENTAL=0" "-e" "RUST_BACKTRACE=full" "-e" "RUSTFLAGS=--cap-lints=warn" "-e" "CARGO_HOME=/opt/rustwide/cargo-home" "-e" "RUSTUP_HOME=/opt/rustwide/rustup-home" "-w" "/opt/rustwide/workdir" "-m" "1610612736" "--user" "0:0" "--network" "none" "ghcr.io/rust-lang/crates-build-env/linux@sha256:a89201d6b5b9fd45c15d5952ece0a0129e7e80cb26ec023fd59cf09bc26f1604" "/opt/rustwide/cargo-home/bin/cargo" "+beta-2021-10-15" "check" "--frozen" "--all" "--all-targets" "--message-format=json", kill_on_drop: false }`
[INFO] [stdout] 61b86865b2c0b516bf296911bd1bdaa410a3d090f409ef1f88b16581263f614f
[INFO] running `Command { std: "docker" "start" "-a" "61b86865b2c0b516bf296911bd1bdaa410a3d090f409ef1f88b16581263f614f", kill_on_drop: false }`
[INFO] [stderr] warning: /opt/rustwide/workdir/Cargo.toml: the cargo feature `edition2021` has been stabilized in the 1.56 release and is no longer necessary to be listed in the manifest
[INFO] [stderr]   See https://doc.rust-lang.org/beta/cargo/reference/manifest.html#the-edition-field for more information about using this feature.
[INFO] [stderr]     Blocking waiting for file lock on package cache
[INFO] [stderr]    Compiling syn v1.0.73
[INFO] [stderr]    Compiling semver v1.0.3
[INFO] [stderr]    Compiling cortex-m v0.7.3
[INFO] [stderr]     Checking nb v1.0.0
[INFO] [stderr]     Checking void v1.0.2
[INFO] [stderr]     Checking vcell v0.1.3
[INFO] [stderr]     Checking stable_deref_trait v1.2.0
[INFO] [stderr]     Checking bitfield v0.13.2
[INFO] [stderr]    Compiling cortex-m-rt v0.6.14
[INFO] [stderr]    Compiling cortex-m v0.6.7
[INFO] [stderr]     Checking r0 v0.2.2
[INFO] [stderr]    Compiling defmt-parser v0.2.2
[INFO] [stderr]    Compiling heapless v0.6.1
[INFO] [stderr]     Checking byteorder v1.4.3
[INFO] [stderr]    Compiling stm32l1 v0.13.0
[INFO] [stderr]    Compiling panic-probe v0.2.0
[INFO] [stderr]     Checking rtic-core v0.3.1
[INFO] [stderr]    Compiling typenum v1.13.0
[INFO] [stderr]    Compiling generic-array v0.14.4
[INFO] [stderr]    Compiling indexmap v1.7.0
[INFO] [stderr]    Compiling cortex-m-rtic v0.5.6
[INFO] [stderr]    Compiling quote v1.0.9
[INFO] [stderr]    Compiling bare-metal v0.2.5
[INFO] [stderr]     Checking nb v0.1.3
[INFO] [stderr]     Checking volatile-register v0.2.0
[INFO] [stderr]     Checking embedded-hal v0.2.5
[INFO] [stderr]     Checking hash32 v0.1.1
[INFO] [stderr]    Compiling rustc_version v0.4.0
[INFO] [stderr]    Compiling defmt v0.2.3
[INFO] [stderr]     Checking generic-array v0.13.3
[INFO] [stderr]     Checking generic-array v0.12.4
[INFO] [stderr]    Compiling cast v0.2.7
[INFO] [stderr]     Checking as-slice v0.1.5
[INFO] [stderr]     Checking aligned v0.3.4
[INFO] [stderr]    Compiling rtic-syntax v0.4.0
[INFO] [stderr]    Compiling cortex-m-rt-macros v0.1.8
[INFO] [stderr]    Compiling defmt-macros v0.2.3
[INFO] [stderr]    Compiling defmt-test-macros v0.2.1
[INFO] [stderr]    Compiling cortex-m-rtic-macros v0.5.2
[INFO] [stderr]     Checking defmt-rtt v0.2.0
[INFO] [stderr]     Checking defmt-test v0.2.3
[INFO] [stderr]     Checking stm32l1xx-hal v0.1.0 (https://github.com/hdhoang/stm32l1xx-hal?branch=dev-crate-update-v0.13.0#5425f0b4)
[INFO] [stderr]     Checking anne-keyberon v0.1.0 (/opt/rustwide/workdir)
[INFO] [stderr]     Checking testsuite v0.1.0 (/opt/rustwide/workdir/testsuite)
[INFO] [stdout] error[E0432]: unresolved import `rtic::cyccnt`
[INFO] [stdout]  --> src/bin/rtic_locks.rs:8:11
[INFO] [stdout]   |
[INFO] [stdout] 8 | use rtic::cyccnt::U32Ext;
[INFO] [stdout]   |           ^^^^^^ could not find `cyccnt` in `rtic`
[INFO] [stdout] 
[INFO] [stdout] 
[INFO] [stdout] error[E0432]: unresolved import `rtic::cyccnt`
[INFO] [stdout]  --> src/bin/rtic_schedule.rs:8:11
[INFO] [stdout]   |
[INFO] [stdout] 8 | use rtic::cyccnt::U32Ext;
[INFO] [stdout]   |           ^^^^^^ could not find `cyccnt` in `rtic`
[INFO] [stdout] 
[INFO] [stdout] 
[INFO] [stdout] error[E0433]: failed to resolve: could not find `cyccnt` in `rtic`
[INFO] [stdout]   --> src/bin/rtic_locks.rs:13:72
[INFO] [stdout]    |
[INFO] [stdout] 13 | #[rtic::app(device = hal::stm32, peripherals = true, monotonic = rtic::cyccnt::CYCCNT)]
[INFO] [stdout]    |                                                                        ^^^^^^ could not find `cyccnt` in `rtic`
[INFO] [stdout] 
[INFO] [stdout] 
[INFO] [stdout] error[E0433]: failed to resolve: could not find `cyccnt` in `rtic`
[INFO] [stdout]   --> src/bin/rtic_schedule.rs:13:72
[INFO] [stdout]    |
[INFO] [stdout] 13 | #[rtic::app(device = hal::stm32, peripherals = true, monotonic = rtic::cyccnt::CYCCNT)]
[INFO] [stdout]    |                                                                        ^^^^^^ could not find `cyccnt` in `rtic`
[INFO] [stdout] 
[INFO] [stdout] 
[INFO] [stdout] warning: unused import: `PullUp`
[INFO] [stdout]   --> src/bin/rtic_button.rs:12:61
[INFO] [stdout]    |
[INFO] [stdout] 12 | use hal::gpio::{gpioa::*, GpioExt, Input, Output, PullDown, PullUp, PushPull};
[INFO] [stdout]    |                                                             ^^^^^^
[INFO] [stdout]    |
[INFO] [stdout]    = note: `#[warn(unused_imports)]` on by default
[INFO] [stdout] 
[INFO] [stdout] 
[INFO] [stdout] warning: unused import: `PullUp`
[INFO] [stdout]   --> src/bin/rtic_button.rs:12:61
[INFO] [stdout]    |
[INFO] [stdout] 12 | use hal::gpio::{gpioa::*, GpioExt, Input, Output, PullDown, PullUp, PushPull};
[INFO] [stdout]    |                                                             ^^^^^^
[INFO] [stdout]    |
[INFO] [stdout]    = note: `#[warn(unused_imports)]` on by default
[INFO] [stdout] 
[INFO] [stdout] 
[INFO] [stdout] error[E0432]: unresolved import `rtic::cyccnt`
[INFO] [stdout]  --> src/bin/rtic_locks.rs:8:11
[INFO] [stdout]   |
[INFO] [stdout] 8 | use rtic::cyccnt::U32Ext;
[INFO] [stdout]   |           ^^^^^^ could not find `cyccnt` in `rtic`
[INFO] [stdout] 
[INFO] [stdout] 
[INFO] [stdout] error[E0433]: failed to resolve: could not find `cyccnt` in `rtic`
[INFO] [stdout]   --> src/bin/rtic_locks.rs:13:72
[INFO] [stdout]    |
[INFO] [stdout] 13 | #[rtic::app(device = hal::stm32, peripherals = true, monotonic = rtic::cyccnt::CYCCNT)]
[INFO] [stdout]    |                                                                        ^^^^^^ could not find `cyccnt` in `rtic`
[INFO] [stdout] 
[INFO] [stdout] 
[INFO] [stdout] error[E0432]: unresolved import `rtic::cyccnt`
[INFO] [stdout]  --> src/bin/rtic_schedule.rs:8:11
[INFO] [stdout]   |
[INFO] [stdout] 8 | use rtic::cyccnt::U32Ext;
[INFO] [stdout]   |           ^^^^^^ could not find `cyccnt` in `rtic`
[INFO] [stdout] 
[INFO] [stdout] 
[INFO] [stdout] error[E0433]: failed to resolve: could not find `cyccnt` in `rtic`
[INFO] [stdout]   --> src/bin/rtic_schedule.rs:13:72
[INFO] [stdout]    |
[INFO] [stdout] 13 | #[rtic::app(device = hal::stm32, peripherals = true, monotonic = rtic::cyccnt::CYCCNT)]
[INFO] [stdout]    |                                                                        ^^^^^^ could not find `cyccnt` in `rtic`
[INFO] [stdout] 
[INFO] [stdout] 
[INFO] [stdout] warning: 1 warning emitted
[INFO] [stdout] 
[INFO] [stdout] 
[INFO] [stdout] warning: 1 warning emitted
[INFO] [stdout] 
[INFO] [stdout] 
[INFO] [stdout] error[E0599]: no method named `cycles` found for type `u32` in the current scope
[INFO] [stdout]   --> src/bin/rtic_locks.rs:47:57
[INFO] [stdout]    |
[INFO] [stdout] 47 |             .priority_1_task(cx.start + (MSI_FREQ * 10).cycles())
[INFO] [stdout]    |                                                         ^^^^^^ method not found in `u32`
[INFO] [stdout] 
[INFO] [stdout] 
[INFO] [stdout] error[E0599]: no method named `cycles` found for type `u32` in the current scope
[INFO] [stdout]   --> src/bin/rtic_locks.rs:50:57
[INFO] [stdout]    |
[INFO] [stdout] 50 |             .priority_2_task(cx.start + (MSI_FREQ * 15).cycles())
[INFO] [stdout]    |                                                         ^^^^^^ method not found in `u32`
[INFO] [stdout] 
[INFO] [stdout] 
[INFO] [stdout] error[E0282]: type annotations needed
[INFO] [stdout]   --> src/bin/rtic_locks.rs:13:1
[INFO] [stdout]    |
[INFO] [stdout] 13 | #[rtic::app(device = hal::stm32, peripherals = true, monotonic = rtic::cyccnt::CYCCNT)]
[INFO] [stdout]    | ^^^^^^^^^^^^^^^^^^^^^^^^^^^^^^^^^^^^^^^^^^^^^^^^^^^^^^^^^^^^^^^^^^^^^^^^^^^^^^^^^^^^^^^
[INFO] [stdout]    |
[INFO] [stdout]    = note: type must be known at this point
[INFO] [stdout]    = note: this error originates in the attribute macro `rtic::app` (in Nightly builds, run with -Z macro-backtrace for more info)
[INFO] [stdout] 
[INFO] [stdout] 
[INFO] [stdout] error[E0599]: no method named `cycles` found for type `u32` in the current scope
[INFO] [stdout]   --> src/bin/rtic_schedule.rs:42:59
[INFO] [stdout]    |
[INFO] [stdout] 42 |             .hello_world_task(cx.start + (MSI_FREQ * 100).cycles(), 100)
[INFO] [stdout]    |                                                           ^^^^^^ method not found in `u32`
[INFO] [stdout] 
[INFO] [stdout] 
[INFO] [stdout] error: aborting due to 5 previous errors
[INFO] [stdout] 
[INFO] [stdout] 
[INFO] [stdout] Some errors have detailed explanations: E0282, E0432, E0433, E0599.
[INFO] [stdout] 
[INFO] [stdout] For more information about an error, try `rustc --explain E0282`.
[INFO] [stdout] 
[INFO] [stdout] error[E0599]: no method named `cycles` found for type `u32` in the current scope
[INFO] [stdout]   --> src/bin/rtic_schedule.rs:42:59
[INFO] [stdout]    |
[INFO] [stdout] 42 |             .hello_world_task(cx.start + (MSI_FREQ * 100).cycles(), 100)
[INFO] [stdout]    |                                                           ^^^^^^ method not found in `u32`
[INFO] [stdout] 
[INFO] [stdout] 
[INFO] [stdout] error[E0599]: no method named `cycles` found for type `u32` in the current scope
[INFO] [stdout]   --> src/bin/rtic_schedule.rs:46:58
[INFO] [stdout]    |
[INFO] [stdout] 46 |             .hello_world_task(cx.start + (MSI_FREQ * 20).cycles(), 20)
[INFO] [stdout]    |                                                          ^^^^^^ method not found in `u32`
[INFO] [stdout] 
[INFO] [stdout] 
[INFO] [stdout] error[E0599]: no method named `cycles` found for type `u32` in the current scope
[INFO] [stdout]   --> src/bin/rtic_schedule.rs:46:58
[INFO] [stdout]    |
[INFO] [stdout] 46 |             .hello_world_task(cx.start + (MSI_FREQ * 20).cycles(), 20)
[INFO] [stdout]    |                                                          ^^^^^^ method not found in `u32`
[INFO] [stdout] 
[INFO] [stdout] 
[INFO] [stderr] error: could not compile `anne-keyberon` due to 6 previous errors
[INFO] [stderr] warning: build failed, waiting for other jobs to finish...
[INFO] [stdout] error[E0599]: no method named `cycles` found for type `u32` in the current scope
[INFO] [stdout]   --> src/bin/rtic_schedule.rs:49:57
[INFO] [stdout]    |
[INFO] [stdout] 49 |             .hello_world_task(cx.start + (MSI_FREQ * 3).cycles(), 3)
[INFO] [stdout]    |                                                         ^^^^^^ method not found in `u32`
[INFO] [stdout] 
[INFO] [stdout] 
[INFO] [stdout] error[E0599]: no method named `cycles` found for type `u32` in the current scope
[INFO] [stdout]   --> src/bin/rtic_schedule.rs:49:57
[INFO] [stdout]    |
[INFO] [stdout] 49 |             .hello_world_task(cx.start + (MSI_FREQ * 3).cycles(), 3)
[INFO] [stdout]    |                                                         ^^^^^^ method not found in `u32`
[INFO] [stdout] 
[INFO] [stdout] 
[INFO] [stdout] error[E0599]: no method named `cycles` found for type `u32` in the current scope
[INFO] [stdout]   --> src/bin/rtic_locks.rs:47:57
[INFO] [stdout]    |
[INFO] [stdout] 47 |             .priority_1_task(cx.start + (MSI_FREQ * 10).cycles())
[INFO] [stdout]    |                                                         ^^^^^^ method not found in `u32`
[INFO] [stdout] 
[INFO] [stdout] 
[INFO] [stdout] error[E0599]: no method named `cycles` found for type `u32` in the current scope
[INFO] [stdout]   --> src/bin/rtic_schedule.rs:65:62
[INFO] [stdout]    |
[INFO] [stdout] 65 |             .hello_world_task(cx.scheduled + (MSI_FREQ * 30).cycles(), 30)
[INFO] [stdout]    |                                                              ^^^^^^ method not found in `u32`
[INFO] [stdout] 
[INFO] [stdout] 
[INFO] [stdout] error[E0599]: no method named `cycles` found for type `u32` in the current scope
[INFO] [stdout]   --> src/bin/rtic_schedule.rs:65:62
[INFO] [stdout]    |
[INFO] [stdout] 65 |             .hello_world_task(cx.scheduled + (MSI_FREQ * 30).cycles(), 30)
[INFO] [stdout]    |                                                              ^^^^^^ method not found in `u32`
[INFO] [stdout] 
[INFO] [stdout] 
[INFO] [stdout] error[E0599]: no method named `cycles` found for type `u32` in the current scope
[INFO] [stdout]   --> src/bin/rtic_locks.rs:50:57
[INFO] [stdout]    |
[INFO] [stdout] 50 |             .priority_2_task(cx.start + (MSI_FREQ * 15).cycles())
[INFO] [stdout]    |                                                         ^^^^^^ method not found in `u32`
[INFO] [stdout] 
[INFO] [stdout] 
[INFO] [stdout] error[E0282]: type annotations needed
[INFO] [stdout]   --> src/bin/rtic_schedule.rs:13:1
[INFO] [stdout]    |
[INFO] [stdout] 13 | #[rtic::app(device = hal::stm32, peripherals = true, monotonic = rtic::cyccnt::CYCCNT)]
[INFO] [stdout]    | ^^^^^^^^^^^^^^^^^^^^^^^^^^^^^^^^^^^^^^^^^^^^^^^^^^^^^^^^^^^^^^^^^^^^^^^^^^^^^^^^^^^^^^^
[INFO] [stdout]    |
[INFO] [stdout]    = note: type must be known at this point
[INFO] [stdout]    = note: this error originates in the attribute macro `rtic::app` (in Nightly builds, run with -Z macro-backtrace for more info)
[INFO] [stdout] 
[INFO] [stdout] 
[INFO] [stdout] error[E0282]: type annotations needed
[INFO] [stdout]   --> src/bin/rtic_schedule.rs:13:1
[INFO] [stdout]    |
[INFO] [stdout] 13 | #[rtic::app(device = hal::stm32, peripherals = true, monotonic = rtic::cyccnt::CYCCNT)]
[INFO] [stdout]    | ^^^^^^^^^^^^^^^^^^^^^^^^^^^^^^^^^^^^^^^^^^^^^^^^^^^^^^^^^^^^^^^^^^^^^^^^^^^^^^^^^^^^^^^
[INFO] [stdout]    |
[INFO] [stdout]    = note: type must be known at this point
[INFO] [stdout]    = note: this error originates in the attribute macro `rtic::app` (in Nightly builds, run with -Z macro-backtrace for more info)
[INFO] [stdout] 
[INFO] [stdout] 
[INFO] [stdout] error[E0282]: type annotations needed
[INFO] [stdout]   --> src/bin/rtic_locks.rs:13:1
[INFO] [stdout]    |
[INFO] [stdout] 13 | #[rtic::app(device = hal::stm32, peripherals = true, monotonic = rtic::cyccnt::CYCCNT)]
[INFO] [stdout]    | ^^^^^^^^^^^^^^^^^^^^^^^^^^^^^^^^^^^^^^^^^^^^^^^^^^^^^^^^^^^^^^^^^^^^^^^^^^^^^^^^^^^^^^^
[INFO] [stdout]    |
[INFO] [stdout]    = note: type must be known at this point
[INFO] [stdout]    = note: this error originates in the attribute macro `rtic::app` (in Nightly builds, run with -Z macro-backtrace for more info)
[INFO] [stdout] 
[INFO] [stdout] 
[INFO] [stdout] error: aborting due to 7 previous errors
[INFO] [stdout] 
[INFO] [stdout] 
[INFO] [stdout] Some errors have detailed explanations: E0282, E0432, E0433, E0599.
[INFO] [stdout] 
[INFO] [stdout] For more information about an error, try `rustc --explain E0282`.
[INFO] [stdout] 
[INFO] [stdout] error: aborting due to 7 previous errors
[INFO] [stdout] 
[INFO] [stdout] 
[INFO] [stdout] Some errors have detailed explanations: E0282, E0432, E0433, E0599.
[INFO] [stdout] 
[INFO] [stdout] For more information about an error, try `rustc --explain E0282`.
[INFO] [stdout] 
[INFO] [stdout] error: aborting due to 5 previous errors
[INFO] [stdout] 
[INFO] [stdout] 
[INFO] [stdout] Some errors have detailed explanations: E0282, E0432, E0433, E0599.
[INFO] [stdout] 
[INFO] [stdout] For more information about an error, try `rustc --explain E0282`.
[INFO] [stdout] 
[INFO] [stderr] error: build failed
[INFO] running `Command { std: "docker" "inspect" "61b86865b2c0b516bf296911bd1bdaa410a3d090f409ef1f88b16581263f614f", kill_on_drop: false }`
[INFO] running `Command { std: "docker" "rm" "-f" "61b86865b2c0b516bf296911bd1bdaa410a3d090f409ef1f88b16581263f614f", kill_on_drop: false }`
[INFO] [stdout] 61b86865b2c0b516bf296911bd1bdaa410a3d090f409ef1f88b16581263f614f
