[INFO] cloning repository https://github.com/goldencm/blanc-os
[INFO] running `Command { std: "git" "-c" "credential.helper=" "-c" "credential.helper=/workspace/cargo-home/bin/git-credential-null" "clone" "--bare" "https://github.com/goldencm/blanc-os" "/workspace/cache/git-repos/https%3A%2F%2Fgithub.com%2Fgoldencm%2Fblanc-os", kill_on_drop: false }`
[INFO] [stderr] Cloning into bare repository '/workspace/cache/git-repos/https%3A%2F%2Fgithub.com%2Fgoldencm%2Fblanc-os'...
[INFO] running `Command { std: "git" "rev-parse" "HEAD", kill_on_drop: false }`
[INFO] [stdout] 1f5a137106d4ed5ce2b870975a0336a83e4fc8c8
[INFO] checking goldencm/blanc-os against beta-2021-10-15 for beta-1.56-3
[INFO] running `Command { std: "git" "clone" "/workspace/cache/git-repos/https%3A%2F%2Fgithub.com%2Fgoldencm%2Fblanc-os" "/workspace/builds/worker-0/source", kill_on_drop: false }`
[INFO] [stderr] Cloning into '/workspace/builds/worker-0/source'...
[INFO] [stderr] done.
[INFO] validating manifest of git repo https://github.com/goldencm/blanc-os on toolchain beta-2021-10-15
[INFO] running `Command { std: "/workspace/cargo-home/bin/cargo" "+beta-2021-10-15" "metadata" "--manifest-path" "Cargo.toml" "--no-deps", kill_on_drop: false }`
[INFO] removed /workspace/builds/worker-0/source/.cargo/config.toml
[INFO] started tweaking git repo https://github.com/goldencm/blanc-os
[INFO] finished tweaking git repo https://github.com/goldencm/blanc-os
[INFO] tweaked toml for git repo https://github.com/goldencm/blanc-os written to /workspace/builds/worker-0/source/Cargo.toml
[INFO] running `Command { std: "/workspace/cargo-home/bin/cargo" "+beta-2021-10-15" "generate-lockfile" "--manifest-path" "Cargo.toml" "-Zno-index-update", kill_on_drop: false }`
[INFO] running `Command { std: "/workspace/cargo-home/bin/cargo" "+beta-2021-10-15" "fetch" "--manifest-path" "Cargo.toml", kill_on_drop: false }`
[INFO] [stderr]  Downloading crates ...
[INFO] [stderr]   Downloaded volatile v0.2.7
[INFO] [stderr]   Downloaded runner-utils v0.0.2
[INFO] [stderr]   Downloaded conquer-once v0.2.1
[INFO] [stderr]   Downloaded font8x8 v0.2.7
[INFO] [stderr]   Downloaded pc-keyboard v0.5.1
[INFO] [stderr]   Downloaded pic8259 v0.10.2
[INFO] [stderr]   Downloaded bit_field v0.10.1
[INFO] [stderr]   Downloaded spinning_top v0.2.4
[INFO] [stderr]   Downloaded accessor v0.3.3
[INFO] [stderr]   Downloaded os_units v0.4.2
[INFO] [stderr]   Downloaded bootloader-locator v0.0.4
[INFO] [stderr]   Downloaded conquer-util v0.2.0
[INFO] [stderr]   Downloaded elfloader v0.14.0
[INFO] [stderr]   Downloaded x86_64 v0.14.6
[INFO] [stderr]   Downloaded locate-cargo-manifest v0.2.2
[INFO] [stderr]   Downloaded intrusive-collections v0.9.2
[INFO] [stderr]   Downloaded volatile v0.4.4
[INFO] [stderr]   Downloaded xmas-elf v0.6.2
[INFO] [stderr]   Downloaded uart_16550 v0.2.15
[INFO] [stderr]   Downloaded bootloader v0.10.9
[INFO] [stderr]   Downloaded xmas-elf v0.8.0
[INFO] running `Command { std: "docker" "create" "-v" "/var/lib/crater-agent-workspace/builds/worker-0/target:/opt/rustwide/target:rw,Z" "-v" "/var/lib/crater-agent-workspace/builds/worker-0/source:/opt/rustwide/workdir:ro,Z" "-v" "/var/lib/crater-agent-workspace/cargo-home:/opt/rustwide/cargo-home:ro,Z" "-v" "/var/lib/crater-agent-workspace/rustup-home:/opt/rustwide/rustup-home:ro,Z" "-e" "SOURCE_DIR=/opt/rustwide/workdir" "-e" "CARGO_TARGET_DIR=/opt/rustwide/target" "-e" "CARGO_HOME=/opt/rustwide/cargo-home" "-e" "RUSTUP_HOME=/opt/rustwide/rustup-home" "-w" "/opt/rustwide/workdir" "-m" "1610612736" "--user" "0:0" "--network" "none" "ghcr.io/rust-lang/crates-build-env/linux@sha256:a89201d6b5b9fd45c15d5952ece0a0129e7e80cb26ec023fd59cf09bc26f1604" "/opt/rustwide/cargo-home/bin/cargo" "+beta-2021-10-15" "metadata" "--no-deps" "--format-version=1", kill_on_drop: false }`
[INFO] [stderr] WARNING: Your kernel does not support swap limit capabilities or the cgroup is not mounted. Memory limited without swap.
[INFO] [stdout] 802c4f3024a233ad3ac90e06ed0800a2ee82d6a064c7abcc7cefca707f696bdf
[INFO] running `Command { std: "docker" "start" "-a" "802c4f3024a233ad3ac90e06ed0800a2ee82d6a064c7abcc7cefca707f696bdf", kill_on_drop: false }`
[INFO] running `Command { std: "docker" "inspect" "802c4f3024a233ad3ac90e06ed0800a2ee82d6a064c7abcc7cefca707f696bdf", kill_on_drop: false }`
[INFO] running `Command { std: "docker" "rm" "-f" "802c4f3024a233ad3ac90e06ed0800a2ee82d6a064c7abcc7cefca707f696bdf", kill_on_drop: false }`
[INFO] [stdout] 802c4f3024a233ad3ac90e06ed0800a2ee82d6a064c7abcc7cefca707f696bdf
[INFO] running `Command { std: "docker" "create" "-v" "/var/lib/crater-agent-workspace/builds/worker-0/target:/opt/rustwide/target:rw,Z" "-v" "/var/lib/crater-agent-workspace/builds/worker-0/source:/opt/rustwide/workdir:ro,Z" "-v" "/var/lib/crater-agent-workspace/cargo-home:/opt/rustwide/cargo-home:ro,Z" "-v" "/var/lib/crater-agent-workspace/rustup-home:/opt/rustwide/rustup-home:ro,Z" "-e" "SOURCE_DIR=/opt/rustwide/workdir" "-e" "CARGO_TARGET_DIR=/opt/rustwide/target" "-e" "CARGO_INCREMENTAL=0" "-e" "RUST_BACKTRACE=full" "-e" "RUSTFLAGS=--cap-lints=warn" "-e" "CARGO_HOME=/opt/rustwide/cargo-home" "-e" "RUSTUP_HOME=/opt/rustwide/rustup-home" "-w" "/opt/rustwide/workdir" "-m" "1610612736" "--user" "0:0" "--network" "none" "ghcr.io/rust-lang/crates-build-env/linux@sha256:a89201d6b5b9fd45c15d5952ece0a0129e7e80cb26ec023fd59cf09bc26f1604" "/opt/rustwide/cargo-home/bin/cargo" "+beta-2021-10-15" "check" "--frozen" "--all" "--all-targets" "--message-format=json", kill_on_drop: false }`
[INFO] [stderr] WARNING: Your kernel does not support swap limit capabilities or the cgroup is not mounted. Memory limited without swap.
[INFO] [stdout] f1900698a197cfe50bb4fcd70036c7b6646fb071d7f2f59806d22d1c0fdd6239
[INFO] running `Command { std: "docker" "start" "-a" "f1900698a197cfe50bb4fcd70036c7b6646fb071d7f2f59806d22d1c0fdd6239", kill_on_drop: false }`
[INFO] [stderr]    Compiling x86_64 v0.14.6
[INFO] [stderr]     Checking bit_field v0.10.1
[INFO] [stderr]     Checking volatile v0.4.4
[INFO] [stderr]    Compiling bootloader v0.10.9
[INFO] [stderr]    Compiling libc v0.2.104
[INFO] [stderr]     Checking conquer-util v0.2.0
[INFO] [stderr]     Checking font8x8 v0.2.7
[INFO] [stderr]     Checking zero v0.1.2
[INFO] [stderr]     Checking once_cell v1.8.0
[INFO] [stderr]    Compiling futures-core v0.3.17
[INFO] [stderr]    Compiling futures-task v0.3.17
[INFO] [stderr]     Checking accessor v0.3.3
[INFO] [stderr]     Checking pc-keyboard v0.5.1
[INFO] [stderr]     Checking volatile v0.2.7
[INFO] [stderr]    Compiling proc-macro2 v1.0.30
[INFO] [stderr]    Compiling syn v1.0.80
[INFO] [stderr]     Checking lock_api v0.4.5
[INFO] [stderr]    Compiling crossbeam-utils v0.7.2
[INFO] [stderr]    Compiling ahash v0.7.6
[INFO] [stderr]    Compiling memoffset v0.5.6
[INFO] [stderr]    Compiling futures-util v0.3.17
[INFO] [stderr]     Checking xmas-elf v0.8.0
[INFO] [stderr]     Checking xmas-elf v0.6.2
[INFO] [stderr]     Checking bootloader-locator v0.0.4
[INFO] [stdout] error[E0554]: `#![feature]` may not be used on the beta release channel
[INFO] [stdout]   --> /opt/rustwide/cargo-home/registry/src/github.com-1ecc6299db9ec823/lock_api-0.4.5/src/lib.rs:93:34
[INFO] [stdout]    |
[INFO] [stdout] 93 | #![cfg_attr(feature = "nightly", feature(const_fn_trait_bound))]
[INFO] [stdout]    |                                  ^^^^^^^^^^^^^^^^^^^^^^^^^^^^^
[INFO] [stdout] 
[INFO] [stdout] 
[INFO] [stderr]     Checking locate-cargo-manifest v0.2.2
[INFO] [stderr]     Checking conquer-once v0.2.1
[INFO] [stdout] error: aborting due to previous error
[INFO] [stdout] 
[INFO] [stdout] 
[INFO] [stdout] For more information about this error, try `rustc --explain E0554`.
[INFO] [stdout] 
[INFO] [stderr] error: could not compile `lock_api` due to 2 previous errors
[INFO] [stderr] warning: build failed, waiting for other jobs to finish...
[INFO] [stdout] error[E0554]: `#![feature]` may not be used on the beta release channel
[INFO] [stdout]   --> /opt/rustwide/cargo-home/registry/src/github.com-1ecc6299db9ec823/bootloader-0.10.9/src/lib.rs:69:1
[INFO] [stdout]    |
[INFO] [stdout] 69 | #![feature(asm)]
[INFO] [stdout]    | ^^^^^^^^^^^^^^^^
[INFO] [stdout] 
[INFO] [stdout] 
[INFO] [stdout] error[E0554]: `#![feature]` may not be used on the beta release channel
[INFO] [stdout]   --> /opt/rustwide/cargo-home/registry/src/github.com-1ecc6299db9ec823/bootloader-0.10.9/src/lib.rs:70:1
[INFO] [stdout]    |
[INFO] [stdout] 70 | #![feature(maybe_uninit_extra)]
[INFO] [stdout]    | ^^^^^^^^^^^^^^^^^^^^^^^^^^^^^^^
[INFO] [stdout] 
[INFO] [stdout] 
[INFO] [stdout] error[E0554]: `#![feature]` may not be used on the beta release channel
[INFO] [stdout]   --> /opt/rustwide/cargo-home/registry/src/github.com-1ecc6299db9ec823/bootloader-0.10.9/src/lib.rs:71:1
[INFO] [stdout]    |
[INFO] [stdout] 71 | #![feature(maybe_uninit_slice)]
[INFO] [stdout]    | ^^^^^^^^^^^^^^^^^^^^^^^^^^^^^^^
[INFO] [stdout] 
[INFO] [stdout] 
[INFO] [stdout] error: aborting due to 3 previous errors
[INFO] [stdout] 
[INFO] [stdout] 
[INFO] [stdout] For more information about this error, try `rustc --explain E0554`.
[INFO] [stdout] 
[INFO] [stdout] error[E0554]: `#![feature]` may not be used on the beta release channel
[INFO] [stdout]  --> /opt/rustwide/cargo-home/registry/src/github.com-1ecc6299db9ec823/x86_64-0.14.6/src/lib.rs:5:35
[INFO] [stdout]   |
[INFO] [stdout] 5 | #![cfg_attr(feature = "const_fn", feature(const_panic))] // Better panic messages
[INFO] [stdout]   |                                   ^^^^^^^^^^^^^^^^^^^^
[INFO] [stdout] 
[INFO] [stdout] 
[INFO] [stdout] error[E0554]: `#![feature]` may not be used on the beta release channel
[INFO] [stdout]  --> /opt/rustwide/cargo-home/registry/src/github.com-1ecc6299db9ec823/x86_64-0.14.6/src/lib.rs:6:35
[INFO] [stdout]   |
[INFO] [stdout] 6 | #![cfg_attr(feature = "const_fn", feature(const_mut_refs))] // GDT add_entry()
[INFO] [stdout]   |                                   ^^^^^^^^^^^^^^^^^^^^^^^
[INFO] [stdout] 
[INFO] [stdout] 
[INFO] [stdout] error[E0554]: `#![feature]` may not be used on the beta release channel
[INFO] [stdout]  --> /opt/rustwide/cargo-home/registry/src/github.com-1ecc6299db9ec823/x86_64-0.14.6/src/lib.rs:7:35
[INFO] [stdout]   |
[INFO] [stdout] 7 | #![cfg_attr(feature = "const_fn", feature(const_fn_fn_ptr_basics))] // IDT new()
[INFO] [stdout]   |                                   ^^^^^^^^^^^^^^^^^^^^^^^^^^^^^^^
[INFO] [stdout] 
[INFO] [stdout] 
[INFO] [stdout] error[E0554]: `#![feature]` may not be used on the beta release channel
[INFO] [stdout]  --> /opt/rustwide/cargo-home/registry/src/github.com-1ecc6299db9ec823/x86_64-0.14.6/src/lib.rs:8:35
[INFO] [stdout]   |
[INFO] [stdout] 8 | #![cfg_attr(feature = "const_fn", feature(const_fn_trait_bound))] // PageSize marker trait
[INFO] [stdout]   |                                   ^^^^^^^^^^^^^^^^^^^^^^^^^^^^^
[INFO] [stdout] 
[INFO] [stdout] 
[INFO] [stdout] error[E0554]: `#![feature]` may not be used on the beta release channel
[INFO] [stdout]  --> /opt/rustwide/cargo-home/registry/src/github.com-1ecc6299db9ec823/x86_64-0.14.6/src/lib.rs:9:37
[INFO] [stdout]   |
[INFO] [stdout] 9 | #![cfg_attr(feature = "inline_asm", feature(asm))]
[INFO] [stdout]   |                                     ^^^^^^^^^^^^
[INFO] [stdout] 
[INFO] [stdout] 
[INFO] [stdout] error[E0554]: `#![feature]` may not be used on the beta release channel
[INFO] [stdout]   --> /opt/rustwide/cargo-home/registry/src/github.com-1ecc6299db9ec823/x86_64-0.14.6/src/lib.rs:10:44
[INFO] [stdout]    |
[INFO] [stdout] 10 | #![cfg_attr(feature = "abi_x86_interrupt", feature(abi_x86_interrupt))]
[INFO] [stdout]    |                                            ^^^^^^^^^^^^^^^^^^^^^^^^^^
[INFO] [stdout] 
[INFO] [stdout] 
[INFO] [stdout] error[E0554]: `#![feature]` may not be used on the beta release channel
[INFO] [stdout]   --> /opt/rustwide/cargo-home/registry/src/github.com-1ecc6299db9ec823/x86_64-0.14.6/src/lib.rs:11:34
[INFO] [stdout]    |
[INFO] [stdout] 11 | #![cfg_attr(feature = "doc_cfg", feature(doc_cfg))]
[INFO] [stdout]    |                                  ^^^^^^^^^^^^^^^^
[INFO] [stdout] 
[INFO] [stdout] 
[INFO] [stdout] error: aborting due to 7 previous errors
[INFO] [stdout] 
[INFO] [stdout] 
[INFO] [stdout] For more information about this error, try `rustc --explain E0554`.
[INFO] [stdout] 
[INFO] [stderr] error: build failed
[INFO] running `Command { std: "docker" "inspect" "f1900698a197cfe50bb4fcd70036c7b6646fb071d7f2f59806d22d1c0fdd6239", kill_on_drop: false }`
[INFO] running `Command { std: "docker" "rm" "-f" "f1900698a197cfe50bb4fcd70036c7b6646fb071d7f2f59806d22d1c0fdd6239", kill_on_drop: false }`
[INFO] [stdout] f1900698a197cfe50bb4fcd70036c7b6646fb071d7f2f59806d22d1c0fdd6239
