[INFO] cloning repository https://github.com/an-nguen/ediary_pet_project
[INFO] running `Command { std: "git" "-c" "credential.helper=" "-c" "credential.helper=/workspace/cargo-home/bin/git-credential-null" "clone" "--bare" "https://github.com/an-nguen/ediary_pet_project" "/workspace/cache/git-repos/https%3A%2F%2Fgithub.com%2Fan-nguen%2Fediary_pet_project", kill_on_drop: false }`
[INFO] [stderr] Cloning into bare repository '/workspace/cache/git-repos/https%3A%2F%2Fgithub.com%2Fan-nguen%2Fediary_pet_project'...
[INFO] running `Command { std: "git" "rev-parse" "HEAD", kill_on_drop: false }`
[INFO] [stdout] f08d21b815fda3e735879f2f606fe45446440a1b
[INFO] checking an-nguen/ediary_pet_project against beta-2021-10-15 for beta-1.56-3
[INFO] running `Command { std: "git" "clone" "/workspace/cache/git-repos/https%3A%2F%2Fgithub.com%2Fan-nguen%2Fediary_pet_project" "/workspace/builds/worker-4/source", kill_on_drop: false }`
[INFO] [stderr] Cloning into '/workspace/builds/worker-4/source'...
[INFO] [stderr] done.
[INFO] validating manifest of git repo https://github.com/an-nguen/ediary_pet_project on toolchain beta-2021-10-15
[INFO] running `Command { std: "/workspace/cargo-home/bin/cargo" "+beta-2021-10-15" "metadata" "--manifest-path" "Cargo.toml" "--no-deps", kill_on_drop: false }`
[INFO] started tweaking git repo https://github.com/an-nguen/ediary_pet_project
[INFO] finished tweaking git repo https://github.com/an-nguen/ediary_pet_project
[INFO] tweaked toml for git repo https://github.com/an-nguen/ediary_pet_project written to /workspace/builds/worker-4/source/Cargo.toml
[INFO] crate git repo https://github.com/an-nguen/ediary_pet_project already has a lockfile, it will not be regenerated
[INFO] running `Command { std: "/workspace/cargo-home/bin/cargo" "+beta-2021-10-15" "fetch" "--manifest-path" "Cargo.toml", kill_on_drop: false }`
[INFO] [stderr]  Downloading crates ...
[INFO] [stderr]   Downloaded typenum v1.14.0
[INFO] [stderr]   Downloaded crypto-mac v0.11.1
[INFO] [stderr]   Downloaded flate2 v1.0.22
[INFO] [stderr]   Downloaded zstd-safe v3.1.0+zstd.1.4.9
[INFO] [stderr]   Downloaded local-channel v0.1.2
[INFO] [stderr]   Downloaded tracing v0.1.28
[INFO] [stderr]   Downloaded diesel v1.4.7
[INFO] [stderr]   Downloaded cookie v0.15.1
[INFO] [stderr]   Downloaded const_fn v0.4.8
[INFO] [stderr]   Downloaded time-macros-impl v0.1.2
[INFO] [stderr]   Downloaded rust-ini v0.13.0
[INFO] [stderr]   Downloaded jwt v0.15.0
[INFO] [stderr]   Downloaded local-waker v0.1.1
[INFO] [stderr]   Downloaded time v0.2.27
[INFO] [stderr]   Downloaded config v0.11.0
[INFO] [stderr]   Downloaded zstd-sys v1.5.0+zstd.1.4.9
[INFO] [stderr]   Downloaded lettre v0.10.0-rc.3
[INFO] [stderr]   Downloaded lexical-core v0.7.6
[INFO] [stderr]   Downloaded combine v4.6.1
[INFO] [stderr]   Downloaded serde-hjson v0.9.1
[INFO] [stderr]   Downloaded pq-sys v0.4.6
[INFO] [stderr]   Downloaded quoted_printable v0.4.3
[INFO] [stderr]   Downloaded redis v0.21.2
[INFO] [stderr]   Downloaded zstd v0.7.0+zstd.1.4.9
[INFO] [stderr]   Downloaded actix-http v3.0.0-beta.10
[INFO] [stderr]   Downloaded actix-server v2.0.0-beta.5
[INFO] [stderr]   Downloaded actix-codec v0.4.0
[INFO] [stderr]   Downloaded actix-macros v0.2.1
[INFO] [stderr]   Downloaded actix-rt v2.2.0
[INFO] [stderr]   Downloaded actix-service v2.0.0
[INFO] [stderr]   Downloaded actix-tls v3.0.0-beta.5
[INFO] [stderr]   Downloaded actix-utils v3.0.0
[INFO] [stderr]   Downloaded firestorm v0.4.6
[INFO] [stderr]   Downloaded actix-router v0.5.0-beta.2
[INFO] [stderr]   Downloaded actix-web-codegen v0.5.0-beta.4
[INFO] [stderr]   Downloaded language-tags v0.3.2
[INFO] [stderr]   Downloaded actix-web v4.0.0-beta.9
[INFO] [stderr]   Downloaded hmac v0.11.0
[INFO] [stderr]   Downloaded sha2 v0.9.8
[INFO] running `Command { std: "docker" "create" "-v" "/var/lib/crater-agent-workspace/builds/worker-4/target:/opt/rustwide/target:rw,Z" "-v" "/var/lib/crater-agent-workspace/builds/worker-4/source:/opt/rustwide/workdir:ro,Z" "-v" "/var/lib/crater-agent-workspace/cargo-home:/opt/rustwide/cargo-home:ro,Z" "-v" "/var/lib/crater-agent-workspace/rustup-home:/opt/rustwide/rustup-home:ro,Z" "-e" "SOURCE_DIR=/opt/rustwide/workdir" "-e" "CARGO_TARGET_DIR=/opt/rustwide/target" "-e" "CARGO_HOME=/opt/rustwide/cargo-home" "-e" "RUSTUP_HOME=/opt/rustwide/rustup-home" "-w" "/opt/rustwide/workdir" "-m" "1610612736" "--user" "0:0" "--network" "none" "ghcr.io/rust-lang/crates-build-env/linux@sha256:a89201d6b5b9fd45c15d5952ece0a0129e7e80cb26ec023fd59cf09bc26f1604" "/opt/rustwide/cargo-home/bin/cargo" "+beta-2021-10-15" "metadata" "--no-deps" "--format-version=1", kill_on_drop: false }`
[INFO] [stdout] a94d0cca338f4cd400982443023dcd7d5a0b864233930ffdb240c8bbddcb52ba
[INFO] [stderr] WARNING: Your kernel does not support swap limit capabilities or the cgroup is not mounted. Memory limited without swap.
[INFO] running `Command { std: "docker" "start" "-a" "a94d0cca338f4cd400982443023dcd7d5a0b864233930ffdb240c8bbddcb52ba", kill_on_drop: false }`
[INFO] running `Command { std: "docker" "inspect" "a94d0cca338f4cd400982443023dcd7d5a0b864233930ffdb240c8bbddcb52ba", kill_on_drop: false }`
[INFO] running `Command { std: "docker" "rm" "-f" "a94d0cca338f4cd400982443023dcd7d5a0b864233930ffdb240c8bbddcb52ba", kill_on_drop: false }`
[INFO] [stdout] a94d0cca338f4cd400982443023dcd7d5a0b864233930ffdb240c8bbddcb52ba
[INFO] running `Command { std: "docker" "create" "-v" "/var/lib/crater-agent-workspace/builds/worker-4/target:/opt/rustwide/target:rw,Z" "-v" "/var/lib/crater-agent-workspace/builds/worker-4/source:/opt/rustwide/workdir:ro,Z" "-v" "/var/lib/crater-agent-workspace/cargo-home:/opt/rustwide/cargo-home:ro,Z" "-v" "/var/lib/crater-agent-workspace/rustup-home:/opt/rustwide/rustup-home:ro,Z" "-e" "SOURCE_DIR=/opt/rustwide/workdir" "-e" "CARGO_TARGET_DIR=/opt/rustwide/target" "-e" "CARGO_INCREMENTAL=0" "-e" "RUST_BACKTRACE=full" "-e" "RUSTFLAGS=--cap-lints=warn" "-e" "CARGO_HOME=/opt/rustwide/cargo-home" "-e" "RUSTUP_HOME=/opt/rustwide/rustup-home" "-w" "/opt/rustwide/workdir" "-m" "1610612736" "--user" "0:0" "--network" "none" "ghcr.io/rust-lang/crates-build-env/linux@sha256:a89201d6b5b9fd45c15d5952ece0a0129e7e80cb26ec023fd59cf09bc26f1604" "/opt/rustwide/cargo-home/bin/cargo" "+beta-2021-10-15" "check" "--frozen" "--all" "--all-targets" "--message-format=json", kill_on_drop: false }`
[INFO] [stdout] 63ab686310b05ace6eef0f6b0e94bbf5b02f4b084d3f5db75ab3dc34e1abe658
[INFO] [stderr] WARNING: Your kernel does not support swap limit capabilities or the cgroup is not mounted. Memory limited without swap.
[INFO] running `Command { std: "docker" "start" "-a" "63ab686310b05ace6eef0f6b0e94bbf5b02f4b084d3f5db75ab3dc34e1abe658", kill_on_drop: false }`
[INFO] [stderr]    Compiling syn v1.0.76
[INFO] [stderr]    Compiling futures-task v0.3.17
[INFO] [stderr]     Checking local-waker v0.1.1
[INFO] [stderr]    Compiling zstd-safe v3.1.0+zstd.1.4.9
[INFO] [stderr]    Compiling serde_json v1.0.68
[INFO] [stderr]    Compiling native-tls v0.2.8
[INFO] [stderr]    Compiling firestorm v0.4.6
[INFO] [stderr]     Checking language-tags v0.3.2
[INFO] [stderr]     Checking quoted_printable v0.4.3
[INFO] [stderr]    Compiling tokio v1.12.0
[INFO] [stderr]    Compiling standback v0.2.17
[INFO] [stderr]    Compiling futures-util v0.3.17
[INFO] [stderr]    Compiling bytestring v1.0.0
[INFO] [stderr]    Compiling http v0.2.5
[INFO] [stderr]     Checking blake2b_simd v0.5.11
[INFO] [stderr]    Compiling libc v0.2.102
[INFO] [stderr]    Compiling serde v1.0.130
[INFO] [stderr]     Checking actix-utils v3.0.0
[INFO] [stderr]     Checking parking_lot_core v0.8.5
[INFO] [stderr]     Checking signal-hook-registry v1.4.0
[INFO] [stderr]     Checking getrandom v0.2.3
[INFO] [stderr]     Checking time v0.1.44
[INFO] [stderr]     Checking num_cpus v1.13.0
[INFO] [stderr]     Checking hostname v0.3.1
[INFO] [stderr]     Checking socket2 v0.4.2
[INFO] [stderr]     Checking atty v0.2.14
[INFO] [stderr]     Checking combine v4.6.1
[INFO] [stderr]     Checking mio v0.7.13
[INFO] [stderr]     Checking actix-service v2.0.0
[INFO] [stderr]     Checking parking_lot v0.11.2
[INFO] [stderr]     Checking flate2 v1.0.22
[INFO] [stderr]     Checking nom v6.1.2
[INFO] [stderr]     Checking env_logger v0.9.0
[INFO] [stderr]     Checking rand_core v0.6.3
[INFO] [stderr]     Checking ahash v0.7.4
[INFO] [stderr]     Checking rust-argon2 v0.8.3
[INFO] [stderr]     Checking scheduled-thread-pool v0.2.5
[INFO] [stderr]    Compiling jobserver v0.1.24
[INFO] [stderr]     Checking rand_chacha v0.3.1
[INFO] [stderr]     Checking r2d2 v0.8.9
[INFO] [stderr]    Compiling cc v1.0.70
[INFO] [stderr]     Checking rand v0.8.4
[INFO] [stderr]    Compiling ring v0.16.20
[INFO] [stderr]    Compiling zstd-sys v1.5.0+zstd.1.4.9
[INFO] [stderr]    Compiling openssl-sys v0.9.67
[INFO] [stderr]    Compiling brotli-sys v0.3.2
[INFO] [stderr]     Checking local-channel v0.1.2
[INFO] [stderr]    Compiling openssl v0.10.36
[INFO] [stderr]     Checking brotli2 v0.3.2
[INFO] [stderr]    Compiling actix-router v0.5.0-beta.2
[INFO] [stderr]     Checking tokio-util v0.6.8
[INFO] [stderr]     Checking actix-codec v0.4.0
[INFO] [stderr]     Checking h2 v0.3.4
[INFO] [stderr]     Checking webpki v0.21.4
[INFO] [stderr]     Checking sct v0.6.1
[INFO] [stderr]     Checking webpki-roots v0.21.1
[INFO] [stderr]     Checking rustls v0.19.1
[INFO] [stderr]     Checking lettre v0.10.0-rc.3
[INFO] [stderr]     Checking tokio-rustls v0.22.0
[INFO] [stderr]    Compiling serde_derive v1.0.130
[INFO] [stderr]    Compiling time-macros-impl v0.1.2
[INFO] [stderr]    Compiling actix-macros v0.2.1
[INFO] [stderr]    Compiling derive_more v0.99.16
[INFO] [stderr]    Compiling pin-project-internal v1.0.8
[INFO] [stderr]    Compiling async-trait v0.1.51
[INFO] [stderr]    Compiling actix-web-codegen v0.5.0-beta.4
[INFO] [stderr]    Compiling diesel_derives v1.4.1
[INFO] [stderr]    Compiling ediary_proc_macros v0.0.1 (/opt/rustwide/workdir/ediary_proc_macros)
[INFO] [stderr]     Checking time-macros v0.1.1
[INFO] [stderr]     Checking actix-rt v2.2.0
[INFO] [stderr]     Checking time v0.2.27
[INFO] [stderr]     Checking actix-server v2.0.0-beta.5
[INFO] [stderr]     Checking redis v0.21.2
[INFO] [stderr]     Checking cookie v0.15.1
[INFO] [stderr]     Checking pin-project v1.0.8
[INFO] [stderr]     Checking actix-tls v3.0.0-beta.5
[INFO] [stderr]     Checking toml v0.5.8
[INFO] [stderr]     Checking serde_urlencoded v0.7.0
[INFO] [stderr]     Checking chrono v0.4.19
[INFO] [stderr]     Checking jwt v0.15.0
[INFO] [stderr]     Checking config v0.11.0
[INFO] [stderr]     Checking diesel v1.4.7
[INFO] [stderr]     Checking zstd v0.7.0+zstd.1.4.9
[INFO] [stderr]     Checking actix-http v3.0.0-beta.10
[INFO] [stderr]     Checking actix-web v4.0.0-beta.9
[INFO] [stderr]     Checking rs_ediary_api v0.0.2 (/opt/rustwide/workdir)
[INFO] [stdout] error[E0658]: macro attributes in `#[derive]` output are unstable
[INFO] [stdout]   --> src/repository/stage.rs:11:3
[INFO] [stdout]    |
[INFO] [stdout] 11 | #[gen_repo_impl]
[INFO] [stdout]    |   ^^^^^^^^^^^^^
[INFO] [stdout]    |
[INFO] [stdout]    = note: see issue #81119 <https://github.com/rust-lang/rust/issues/81119> for more information
[INFO] [stdout] 
[INFO] [stdout] 
[INFO] [stdout] error[E0658]: macro attributes in `#[derive]` output are unstable
[INFO] [stdout]   --> src/repository/student.rs:12:3
[INFO] [stdout]    |
[INFO] [stdout] 12 | #[gen_repo_impl]
[INFO] [stdout]    |   ^^^^^^^^^^^^^
[INFO] [stdout]    |
[INFO] [stdout]    = note: see issue #81119 <https://github.com/rust-lang/rust/issues/81119> for more information
[INFO] [stdout] 
[INFO] [stdout] 
[INFO] [stdout] error[E0658]: macro attributes in `#[derive]` output are unstable
[INFO] [stdout]   --> src/repository/subject.rs:10:3
[INFO] [stdout]    |
[INFO] [stdout] 10 | #[gen_repo_impl]
[INFO] [stdout]    |   ^^^^^^^^^^^^^
[INFO] [stdout]    |
[INFO] [stdout]    = note: see issue #81119 <https://github.com/rust-lang/rust/issues/81119> for more information
[INFO] [stdout] 
[INFO] [stdout] 
[INFO] [stdout] error[E0658]: macro attributes in `#[derive]` output are unstable
[INFO] [stdout]   --> src/repository/stage.rs:11:3
[INFO] [stdout]    |
[INFO] [stdout] 11 | #[gen_repo_impl]
[INFO] [stdout]    |   ^^^^^^^^^^^^^
[INFO] [stdout]    |
[INFO] [stdout]    = note: see issue #81119 <https://github.com/rust-lang/rust/issues/81119> for more information
[INFO] [stdout] 
[INFO] [stdout] 
[INFO] [stdout] error[E0658]: macro attributes in `#[derive]` output are unstable
[INFO] [stdout]   --> src/repository/student.rs:12:3
[INFO] [stdout]    |
[INFO] [stdout] 12 | #[gen_repo_impl]
[INFO] [stdout]    |   ^^^^^^^^^^^^^
[INFO] [stdout]    |
[INFO] [stdout]    = note: see issue #81119 <https://github.com/rust-lang/rust/issues/81119> for more information
[INFO] [stdout] 
[INFO] [stdout] 
[INFO] [stdout] error[E0658]: macro attributes in `#[derive]` output are unstable
[INFO] [stdout]   --> src/repository/subject.rs:10:3
[INFO] [stdout]    |
[INFO] [stdout] 10 | #[gen_repo_impl]
[INFO] [stdout]    |   ^^^^^^^^^^^^^
[INFO] [stdout]    |
[INFO] [stdout]    = note: see issue #81119 <https://github.com/rust-lang/rust/issues/81119> for more information
[INFO] [stdout] 
[INFO] [stdout] 
[INFO] [stdout] warning: unused import: `crate::errors::api_error::ApiError`
[INFO] [stdout]  --> src/handlers/subject.rs:1:5
[INFO] [stdout]   |
[INFO] [stdout] 1 | use crate::errors::api_error::ApiError;
[INFO] [stdout]   |     ^^^^^^^^^^^^^^^^^^^^^^^^^^^^^^^^^^
[INFO] [stdout]   |
[INFO] [stdout]   = note: `#[warn(unused_imports)]` on by default
[INFO] [stdout] 
[INFO] [stdout] 
[INFO] [stdout] warning: unused import: `crate::repository::subject`
[INFO] [stdout]  --> src/handlers/subject.rs:5:5
[INFO] [stdout]   |
[INFO] [stdout] 5 | use crate::repository::subject;
[INFO] [stdout]   |     ^^^^^^^^^^^^^^^^^^^^^^^^^^
[INFO] [stdout] 
[INFO] [stdout] 
[INFO] [stdout] warning: unused import: `PgConnection`
[INFO] [stdout]  --> src/repository/role.rs:1:49
[INFO] [stdout]   |
[INFO] [stdout] 1 | use diesel::{BelongingToDsl, ExpressionMethods, PgConnection, QueryDsl, RunQueryDsl};
[INFO] [stdout]   |                                                 ^^^^^^^^^^^^
[INFO] [stdout] 
[INFO] [stdout] 
[INFO] [stdout] warning: unused import: `crate::errors::api_error::ApiError`
[INFO] [stdout]  --> src/handlers/subject.rs:1:5
[INFO] [stdout]   |
[INFO] [stdout] 1 | use crate::errors::api_error::ApiError;
[INFO] [stdout]   |     ^^^^^^^^^^^^^^^^^^^^^^^^^^^^^^^^^^
[INFO] [stdout]   |
[INFO] [stdout]   = note: `#[warn(unused_imports)]` on by default
[INFO] [stdout] 
[INFO] [stdout] 
[INFO] [stdout] warning: unused import: `crate::repository::subject`
[INFO] [stdout]  --> src/handlers/subject.rs:5:5
[INFO] [stdout]   |
[INFO] [stdout] 5 | use crate::repository::subject;
[INFO] [stdout]   |     ^^^^^^^^^^^^^^^^^^^^^^^^^^
[INFO] [stdout] 
[INFO] [stdout] 
[INFO] [stdout] warning: unused import: `PgConnection`
[INFO] [stdout]  --> src/repository/role.rs:1:49
[INFO] [stdout]   |
[INFO] [stdout] 1 | use diesel::{BelongingToDsl, ExpressionMethods, PgConnection, QueryDsl, RunQueryDsl};
[INFO] [stdout]   |                                                 ^^^^^^^^^^^^
[INFO] [stdout] 
[INFO] [stdout] 
[INFO] [stdout] error: aborting due to 3 previous errors; 3 warnings emitted
[INFO] [stdout] 
[INFO] [stdout] 
[INFO] [stdout] For more information about this error, try `rustc --explain E0658`.
[INFO] [stdout] 
[INFO] [stderr] error: could not compile `rs_ediary_api` due to 4 previous errors; 3 warnings emitted
[INFO] [stderr] warning: build failed, waiting for other jobs to finish...
[INFO] [stdout] error: aborting due to 3 previous errors; 3 warnings emitted
[INFO] [stdout] 
[INFO] [stdout] 
[INFO] [stdout] For more information about this error, try `rustc --explain E0658`.
[INFO] [stdout] 
[INFO] [stderr] error: build failed
[INFO] running `Command { std: "docker" "inspect" "63ab686310b05ace6eef0f6b0e94bbf5b02f4b084d3f5db75ab3dc34e1abe658", kill_on_drop: false }`
[INFO] running `Command { std: "docker" "rm" "-f" "63ab686310b05ace6eef0f6b0e94bbf5b02f4b084d3f5db75ab3dc34e1abe658", kill_on_drop: false }`
[INFO] [stdout] 63ab686310b05ace6eef0f6b0e94bbf5b02f4b084d3f5db75ab3dc34e1abe658
