[INFO] cloning repository https://github.com/Therdel/rust_raytracer
[INFO] running `Command { std: "git" "-c" "credential.helper=" "-c" "credential.helper=/workspace/cargo-home/bin/git-credential-null" "clone" "--bare" "https://github.com/Therdel/rust_raytracer" "/workspace/cache/git-repos/https%3A%2F%2Fgithub.com%2FTherdel%2Frust_raytracer", kill_on_drop: false }`
[INFO] [stderr] Cloning into bare repository '/workspace/cache/git-repos/https%3A%2F%2Fgithub.com%2FTherdel%2Frust_raytracer'...
[INFO] running `Command { std: "git" "rev-parse" "HEAD", kill_on_drop: false }`
[INFO] [stdout] 7b0e75d629438cd47e8189bafc7a4a42265221bd
[INFO] checking Therdel/rust_raytracer against beta-2021-10-15 for beta-1.56-3
[INFO] running `Command { std: "git" "clone" "/workspace/cache/git-repos/https%3A%2F%2Fgithub.com%2FTherdel%2Frust_raytracer" "/workspace/builds/worker-12/source", kill_on_drop: false }`
[INFO] [stderr] Cloning into '/workspace/builds/worker-12/source'...
[INFO] [stderr] done.
[INFO] validating manifest of git repo https://github.com/Therdel/rust_raytracer on toolchain beta-2021-10-15
[INFO] running `Command { std: "/workspace/cargo-home/bin/cargo" "+beta-2021-10-15" "metadata" "--manifest-path" "Cargo.toml" "--no-deps", kill_on_drop: false }`
[INFO] started tweaking git repo https://github.com/Therdel/rust_raytracer
[INFO] finished tweaking git repo https://github.com/Therdel/rust_raytracer
[INFO] tweaked toml for git repo https://github.com/Therdel/rust_raytracer written to /workspace/builds/worker-12/source/Cargo.toml
[INFO] crate git repo https://github.com/Therdel/rust_raytracer already has a lockfile, it will not be regenerated
[INFO] running `Command { std: "/workspace/cargo-home/bin/cargo" "+beta-2021-10-15" "fetch" "--manifest-path" "Cargo.toml", kill_on_drop: false }`
[INFO] [stderr]  Downloading crates ...
[INFO] [stderr]   Downloaded float_eq v0.5.0
[INFO] [stderr]   Downloaded stb v0.3.2
[INFO] [stderr]   Downloaded nalgebra-glm v0.15.0
[INFO] [stderr]   Downloaded stb-sys v0.6.0
[INFO] running `Command { std: "docker" "create" "-v" "/var/lib/crater-agent-workspace/builds/worker-12/target:/opt/rustwide/target:rw,Z" "-v" "/var/lib/crater-agent-workspace/builds/worker-12/source:/opt/rustwide/workdir:ro,Z" "-v" "/var/lib/crater-agent-workspace/cargo-home:/opt/rustwide/cargo-home:ro,Z" "-v" "/var/lib/crater-agent-workspace/rustup-home:/opt/rustwide/rustup-home:ro,Z" "-e" "SOURCE_DIR=/opt/rustwide/workdir" "-e" "CARGO_TARGET_DIR=/opt/rustwide/target" "-e" "CARGO_HOME=/opt/rustwide/cargo-home" "-e" "RUSTUP_HOME=/opt/rustwide/rustup-home" "-w" "/opt/rustwide/workdir" "-m" "1610612736" "--user" "0:0" "--network" "none" "ghcr.io/rust-lang/crates-build-env/linux@sha256:a89201d6b5b9fd45c15d5952ece0a0129e7e80cb26ec023fd59cf09bc26f1604" "/opt/rustwide/cargo-home/bin/cargo" "+beta-2021-10-15" "metadata" "--no-deps" "--format-version=1", kill_on_drop: false }`
[INFO] [stdout] ea4eb2cbf2cce8a9da3e617527ff4b2add9b92fcf8066ee7159da2c0a5dbb8b5
[INFO] [stderr] WARNING: Your kernel does not support swap limit capabilities or the cgroup is not mounted. Memory limited without swap.
[INFO] running `Command { std: "docker" "start" "-a" "ea4eb2cbf2cce8a9da3e617527ff4b2add9b92fcf8066ee7159da2c0a5dbb8b5", kill_on_drop: false }`
[INFO] running `Command { std: "docker" "inspect" "ea4eb2cbf2cce8a9da3e617527ff4b2add9b92fcf8066ee7159da2c0a5dbb8b5", kill_on_drop: false }`
[INFO] running `Command { std: "docker" "rm" "-f" "ea4eb2cbf2cce8a9da3e617527ff4b2add9b92fcf8066ee7159da2c0a5dbb8b5", kill_on_drop: false }`
[INFO] [stdout] ea4eb2cbf2cce8a9da3e617527ff4b2add9b92fcf8066ee7159da2c0a5dbb8b5
[INFO] running `Command { std: "docker" "create" "-v" "/var/lib/crater-agent-workspace/builds/worker-12/target:/opt/rustwide/target:rw,Z" "-v" "/var/lib/crater-agent-workspace/builds/worker-12/source:/opt/rustwide/workdir:ro,Z" "-v" "/var/lib/crater-agent-workspace/cargo-home:/opt/rustwide/cargo-home:ro,Z" "-v" "/var/lib/crater-agent-workspace/rustup-home:/opt/rustwide/rustup-home:ro,Z" "-e" "SOURCE_DIR=/opt/rustwide/workdir" "-e" "CARGO_TARGET_DIR=/opt/rustwide/target" "-e" "CARGO_INCREMENTAL=0" "-e" "RUST_BACKTRACE=full" "-e" "RUSTFLAGS=--cap-lints=warn" "-e" "CARGO_HOME=/opt/rustwide/cargo-home" "-e" "RUSTUP_HOME=/opt/rustwide/rustup-home" "-w" "/opt/rustwide/workdir" "-m" "1610612736" "--user" "0:0" "--network" "none" "ghcr.io/rust-lang/crates-build-env/linux@sha256:a89201d6b5b9fd45c15d5952ece0a0129e7e80cb26ec023fd59cf09bc26f1604" "/opt/rustwide/cargo-home/bin/cargo" "+beta-2021-10-15" "check" "--frozen" "--all" "--all-targets" "--message-format=json", kill_on_drop: false }`
[INFO] [stdout] 43fb66df58dd37a57ce423fa0e5a1adfd166d0218dd9cee4b71c2cffd3564daa
[INFO] [stderr] WARNING: Your kernel does not support swap limit capabilities or the cgroup is not mounted. Memory limited without swap.
[INFO] running `Command { std: "docker" "start" "-a" "43fb66df58dd37a57ce423fa0e5a1adfd166d0218dd9cee4b71c2cffd3564daa", kill_on_drop: false }`
[INFO] [stderr]    Compiling proc-macro2 v1.0.29
[INFO] [stderr]     Checking float_eq v0.5.0
[INFO] [stderr]    Compiling libloading v0.5.2
[INFO] [stderr]    Compiling ahash v0.7.5
[INFO] [stderr]    Compiling textwrap v0.11.0
[INFO] [stderr]    Compiling libc v0.2.103
[INFO] [stderr]     Checking wide v0.7.1
[INFO] [stderr]     Checking getrandom v0.2.3
[INFO] [stderr]     Checking num-integer v0.1.44
[INFO] [stderr]     Checking approx v0.5.0
[INFO] [stderr]    Compiling nom v5.1.2
[INFO] [stderr]     Checking rayon-core v1.9.1
[INFO] [stderr]     Checking num-rational v0.4.0
[INFO] [stderr]     Checking rayon v1.5.1
[INFO] [stderr]    Compiling atty v0.2.14
[INFO] [stderr]    Compiling which v3.1.1
[INFO] [stderr]    Compiling clap v2.33.3
[INFO] [stderr]    Compiling env_logger v0.7.1
[INFO] [stderr]    Compiling clang-sys v0.29.3
[INFO] [stderr]     Checking tobj v3.2.0
[INFO] [stderr]    Compiling quote v1.0.10
[INFO] [stderr]     Checking simba v0.6.0
[INFO] [stderr]    Compiling cexpr v0.4.0
[INFO] [stderr]    Compiling bindgen v0.54.0
[INFO] [stderr]     Checking nalgebra v0.29.0
[INFO] [stderr]    Compiling stb-sys v0.6.0
[INFO] [stderr]     Checking stb v0.3.2
[INFO] [stderr]     Checking nalgebra-glm v0.15.0
[INFO] [stderr]     Checking lib_raytracer v0.1.0 (/opt/rustwide/workdir/lib_raytracer)
[INFO] [stdout] error[E0433]: failed to resolve: use of undeclared crate or module `glm`
[INFO] [stdout]   --> lib_raytracer/src/raytracing/intersect_tests.rs:25:25
[INFO] [stdout]    |
[INFO] [stdout] 25 |                 center: glm::vec3(0., 0., 0.),
[INFO] [stdout]    |                         ^^^ use of undeclared crate or module `glm`
[INFO] [stdout] 
[INFO] [stdout] 
[INFO] [stdout] error[E0433]: failed to resolve: use of undeclared crate or module `glm`
[INFO] [stdout]   --> lib_raytracer/src/raytracing/intersect_tests.rs:37:25
[INFO] [stdout]    |
[INFO] [stdout] 37 |                 origin: glm::vec3(0., 0., -4100.),
[INFO] [stdout]    |                         ^^^ use of undeclared crate or module `glm`
[INFO] [stdout] 
[INFO] [stdout] 
[INFO] [stdout] error[E0433]: failed to resolve: use of undeclared crate or module `glm`
[INFO] [stdout]   --> lib_raytracer/src/raytracing/intersect_tests.rs:38:28
[INFO] [stdout]    |
[INFO] [stdout] 38 |                 direction: glm::vec3(0., 0., 1.),
[INFO] [stdout]    |                            ^^^ use of undeclared crate or module `glm`
[INFO] [stdout] 
[INFO] [stdout] 
[INFO] [stdout] error[E0433]: failed to resolve: use of undeclared crate or module `glm`
[INFO] [stdout]   --> lib_raytracer/src/raytracing/intersect_tests.rs:51:25
[INFO] [stdout]    |
[INFO] [stdout] 51 |                 origin: glm::vec3(0., 0., -2.),
[INFO] [stdout]    |                         ^^^ use of undeclared crate or module `glm`
[INFO] [stdout] 
[INFO] [stdout] 
[INFO] [stdout] error[E0433]: failed to resolve: use of undeclared crate or module `glm`
[INFO] [stdout]   --> lib_raytracer/src/raytracing/intersect_tests.rs:52:28
[INFO] [stdout]    |
[INFO] [stdout] 52 |                 direction: glm::vec3(0., 1., 0.),
[INFO] [stdout]    |                            ^^^ use of undeclared crate or module `glm`
[INFO] [stdout] 
[INFO] [stdout] 
[INFO] [stdout] error[E0433]: failed to resolve: use of undeclared crate or module `glm`
[INFO] [stdout]   --> lib_raytracer/src/raytracing/intersect_tests.rs:63:25
[INFO] [stdout]    |
[INFO] [stdout] 63 |                 origin: glm::vec3(0., 0., -2.),
[INFO] [stdout]    |                         ^^^ use of undeclared crate or module `glm`
[INFO] [stdout] 
[INFO] [stdout] 
[INFO] [stdout] error[E0433]: failed to resolve: use of undeclared crate or module `glm`
[INFO] [stdout]   --> lib_raytracer/src/raytracing/intersect_tests.rs:64:28
[INFO] [stdout]    |
[INFO] [stdout] 64 |                 direction: glm::vec3(0., 0., 1.),
[INFO] [stdout]    |                            ^^^ use of undeclared crate or module `glm`
[INFO] [stdout] 
[INFO] [stdout] 
[INFO] [stdout] error[E0433]: failed to resolve: use of undeclared crate or module `glm`
[INFO] [stdout]   --> lib_raytracer/src/raytracing/intersect_tests.rs:77:25
[INFO] [stdout]    |
[INFO] [stdout] 77 |                 origin: glm::vec3(0., 0., 0.),
[INFO] [stdout]    |                         ^^^ use of undeclared crate or module `glm`
[INFO] [stdout] 
[INFO] [stdout] 
[INFO] [stdout] error[E0433]: failed to resolve: use of undeclared crate or module `glm`
[INFO] [stdout]   --> lib_raytracer/src/raytracing/intersect_tests.rs:78:28
[INFO] [stdout]    |
[INFO] [stdout] 78 |                 direction: glm::vec3(0., 0., 1.),
[INFO] [stdout]    |                            ^^^ use of undeclared crate or module `glm`
[INFO] [stdout] 
[INFO] [stdout] 
[INFO] [stdout] error[E0433]: failed to resolve: use of undeclared crate or module `glm`
[INFO] [stdout]   --> lib_raytracer/src/raytracing/intersect_tests.rs:90:25
[INFO] [stdout]    |
[INFO] [stdout] 90 |                 origin: glm::vec3(-1., 0., -1.),
[INFO] [stdout]    |                         ^^^ use of undeclared crate or module `glm`
[INFO] [stdout] 
[INFO] [stdout] 
[INFO] [stdout] error[E0433]: failed to resolve: use of undeclared crate or module `glm`
[INFO] [stdout]   --> lib_raytracer/src/raytracing/intersect_tests.rs:91:28
[INFO] [stdout]    |
[INFO] [stdout] 91 |                 direction: glm::vec3(0., 0., 1.),
[INFO] [stdout]    |                            ^^^ use of undeclared crate or module `glm`
[INFO] [stdout] 
[INFO] [stdout] 
[INFO] [stdout] error[E0433]: failed to resolve: use of undeclared crate or module `glm`
[INFO] [stdout]    --> lib_raytracer/src/raytracing/intersect_tests.rs:103:25
[INFO] [stdout]     |
[INFO] [stdout] 103 |                 origin: glm::vec3(0., 0., -1.1),
[INFO] [stdout]     |                         ^^^ use of undeclared crate or module `glm`
[INFO] [stdout] 
[INFO] [stdout] 
[INFO] [stdout] error[E0433]: failed to resolve: use of undeclared crate or module `glm`
[INFO] [stdout]    --> lib_raytracer/src/raytracing/intersect_tests.rs:104:28
[INFO] [stdout]     |
[INFO] [stdout] 104 |                 direction: glm::vec3(0., 0., -1.),
[INFO] [stdout]     |                            ^^^ use of undeclared crate or module `glm`
[INFO] [stdout] 
[INFO] [stdout] 
[INFO] [stdout] error[E0433]: failed to resolve: use of undeclared crate or module `glm`
[INFO] [stdout]    --> lib_raytracer/src/raytracing/intersect_tests.rs:114:28
[INFO] [stdout]     |
[INFO] [stdout] 114 |             Triangle::new([glm::vec3(-1., 1., 0.),
[INFO] [stdout]     |                            ^^^ use of undeclared crate or module `glm`
[INFO] [stdout] 
[INFO] [stdout] 
[INFO] [stdout] error[E0433]: failed to resolve: use of undeclared crate or module `glm`
[INFO] [stdout]    --> lib_raytracer/src/raytracing/intersect_tests.rs:115:31
[INFO] [stdout]     |
[INFO] [stdout] 115 | ...                   glm::vec3(1., 0., 0.),
[INFO] [stdout]     |                       ^^^ use of undeclared crate or module `glm`
[INFO] [stdout] 
[INFO] [stdout] 
[INFO] [stdout] error[E0433]: failed to resolve: use of undeclared crate or module `glm`
[INFO] [stdout]    --> lib_raytracer/src/raytracing/intersect_tests.rs:116:31
[INFO] [stdout]     |
[INFO] [stdout] 116 | ...                   glm::vec3(-1., -1., 0.)],
[INFO] [stdout]     |                       ^^^ use of undeclared crate or module `glm`
[INFO] [stdout] 
[INFO] [stdout] 
[INFO] [stdout] error[E0433]: failed to resolve: use of undeclared crate or module `glm`
[INFO] [stdout]    --> lib_raytracer/src/raytracing/intersect_tests.rs:126:35
[INFO] [stdout]     |
[INFO] [stdout] 126 |             let ray = Ray{origin: glm::vec3(0., 0., -2.), direction: glm::vec3(0., 0., 1.)};
[INFO] [stdout]     |                                   ^^^ use of undeclared crate or module `glm`
[INFO] [stdout] 
[INFO] [stdout] 
[INFO] [stdout] error[E0433]: failed to resolve: use of undeclared crate or module `glm`
[INFO] [stdout]    --> lib_raytracer/src/raytracing/intersect_tests.rs:126:70
[INFO] [stdout]     |
[INFO] [stdout] 126 |             let ray = Ray{origin: glm::vec3(0., 0., -2.), direction: glm::vec3(0., 0., 1.)};
[INFO] [stdout]     |                                                                      ^^^ use of undeclared crate or module `glm`
[INFO] [stdout] 
[INFO] [stdout] 
[INFO] [stdout] error[E0433]: failed to resolve: use of undeclared crate or module `glm`
[INFO] [stdout]    --> lib_raytracer/src/raytracing/intersect_tests.rs:136:35
[INFO] [stdout]     |
[INFO] [stdout] 136 |             let ray = Ray{origin: glm::vec3(0., 0., -2.), direction: glm::vec3(0., 0., -1.)};
[INFO] [stdout]     |                                   ^^^ use of undeclared crate or module `glm`
[INFO] [stdout] 
[INFO] [stdout] 
[INFO] [stdout] error[E0433]: failed to resolve: use of undeclared crate or module `glm`
[INFO] [stdout]    --> lib_raytracer/src/raytracing/intersect_tests.rs:136:70
[INFO] [stdout]     |
[INFO] [stdout] 136 |             let ray = Ray{origin: glm::vec3(0., 0., -2.), direction: glm::vec3(0., 0., -1.)};
[INFO] [stdout]     |                                                                      ^^^ use of undeclared crate or module `glm`
[INFO] [stdout] 
[INFO] [stdout] 
[INFO] [stdout] error[E0433]: failed to resolve: use of undeclared crate or module `glm`
[INFO] [stdout]    --> lib_raytracer/src/raytracing/intersect_tests.rs:145:35
[INFO] [stdout]     |
[INFO] [stdout] 145 |             let ray = Ray{origin: glm::vec3(0., 0., -2.), direction: glm::vec3(0., 1., 0.)};
[INFO] [stdout]     |                                   ^^^ use of undeclared crate or module `glm`
[INFO] [stdout] 
[INFO] [stdout] 
[INFO] [stdout] error[E0433]: failed to resolve: use of undeclared crate or module `glm`
[INFO] [stdout]    --> lib_raytracer/src/raytracing/intersect_tests.rs:145:70
[INFO] [stdout]     |
[INFO] [stdout] 145 |             let ray = Ray{origin: glm::vec3(0., 0., -2.), direction: glm::vec3(0., 1., 0.)};
[INFO] [stdout]     |                                                                      ^^^ use of undeclared crate or module `glm`
[INFO] [stdout] 
[INFO] [stdout] 
[INFO] [stdout] error[E0433]: failed to resolve: use of undeclared crate or module `glm`
[INFO] [stdout]    --> lib_raytracer/src/raytracing/intersect_tests.rs:155:25
[INFO] [stdout]     |
[INFO] [stdout] 155 |                 normal: glm::vec3(0., 0., -1.),
[INFO] [stdout]     |                         ^^^ use of undeclared crate or module `glm`
[INFO] [stdout] 
[INFO] [stdout] 
[INFO] [stdout] error[E0433]: failed to resolve: use of undeclared crate or module `glm`
[INFO] [stdout]    --> lib_raytracer/src/raytracing/intersect_tests.rs:166:35
[INFO] [stdout]     |
[INFO] [stdout] 166 |             let ray = Ray{origin: glm::vec3(0., 0., -2.), direction: glm::vec3(0., 1., 0.)};
[INFO] [stdout]     |                                   ^^^ use of undeclared crate or module `glm`
[INFO] [stdout] 
[INFO] [stdout] 
[INFO] [stdout] error[E0433]: failed to resolve: use of undeclared crate or module `glm`
[INFO] [stdout]    --> lib_raytracer/src/raytracing/intersect_tests.rs:166:70
[INFO] [stdout]     |
[INFO] [stdout] 166 |             let ray = Ray{origin: glm::vec3(0., 0., -2.), direction: glm::vec3(0., 1., 0.)};
[INFO] [stdout]     |                                                                      ^^^ use of undeclared crate or module `glm`
[INFO] [stdout] 
[INFO] [stdout] 
[INFO] [stdout] error[E0433]: failed to resolve: use of undeclared crate or module `glm`
[INFO] [stdout]    --> lib_raytracer/src/raytracing/intersect_tests.rs:175:35
[INFO] [stdout]     |
[INFO] [stdout] 175 |             let ray = Ray{origin: glm::vec3(0., 0., -2.), direction: glm::vec3(0., 0., 1.)};
[INFO] [stdout]     |                                   ^^^ use of undeclared crate or module `glm`
[INFO] [stdout] 
[INFO] [stdout] 
[INFO] [stdout] error[E0433]: failed to resolve: use of undeclared crate or module `glm`
[INFO] [stdout]    --> lib_raytracer/src/raytracing/intersect_tests.rs:175:70
[INFO] [stdout]     |
[INFO] [stdout] 175 |             let ray = Ray{origin: glm::vec3(0., 0., -2.), direction: glm::vec3(0., 0., 1.)};
[INFO] [stdout]     |                                                                      ^^^ use of undeclared crate or module `glm`
[INFO] [stdout] 
[INFO] [stdout] 
[INFO] [stdout] error[E0433]: failed to resolve: use of undeclared crate or module `glm`
[INFO] [stdout]    --> lib_raytracer/src/raytracing/intersect_tests.rs:185:35
[INFO] [stdout]     |
[INFO] [stdout] 185 |             let ray = Ray{origin: glm::vec3(0., 0., 0.), direction: glm::vec3(0., 0., 1.)};
[INFO] [stdout]     |                                   ^^^ use of undeclared crate or module `glm`
[INFO] [stdout] 
[INFO] [stdout] 
[INFO] [stdout] error[E0433]: failed to resolve: use of undeclared crate or module `glm`
[INFO] [stdout]    --> lib_raytracer/src/raytracing/intersect_tests.rs:185:69
[INFO] [stdout]     |
[INFO] [stdout] 185 |             let ray = Ray{origin: glm::vec3(0., 0., 0.), direction: glm::vec3(0., 0., 1.)};
[INFO] [stdout]     |                                                                     ^^^ use of undeclared crate or module `glm`
[INFO] [stdout] 
[INFO] [stdout] 
[INFO] [stdout] error: aborting due to 29 previous errors
[INFO] [stdout] 
[INFO] [stdout] 
[INFO] [stdout] For more information about this error, try `rustc --explain E0433`.
[INFO] [stdout] 
[INFO] [stderr] error: could not compile `lib_raytracer` due to 30 previous errors
[INFO] [stderr] warning: build failed, waiting for other jobs to finish...
[INFO] [stderr] error: build failed
[INFO] running `Command { std: "docker" "inspect" "43fb66df58dd37a57ce423fa0e5a1adfd166d0218dd9cee4b71c2cffd3564daa", kill_on_drop: false }`
[INFO] running `Command { std: "docker" "rm" "-f" "43fb66df58dd37a57ce423fa0e5a1adfd166d0218dd9cee4b71c2cffd3564daa", kill_on_drop: false }`
[INFO] [stdout] 43fb66df58dd37a57ce423fa0e5a1adfd166d0218dd9cee4b71c2cffd3564daa
