[INFO] cloning repository https://github.com/Aehmlo/deoxy [INFO] running `Command { std: "git" "-c" "credential.helper=" "-c" "credential.helper=/workspace/cargo-home/bin/git-credential-null" "clone" "--bare" "https://github.com/Aehmlo/deoxy" "/workspace/cache/git-repos/https%3A%2F%2Fgithub.com%2FAehmlo%2Fdeoxy", kill_on_drop: false }` [INFO] [stderr] Cloning into bare repository '/workspace/cache/git-repos/https%3A%2F%2Fgithub.com%2FAehmlo%2Fdeoxy'... [INFO] running `Command { std: "git" "rev-parse" "HEAD", kill_on_drop: false }` [INFO] [stdout] ff2378cf96e79292e3c3245207c54c9789a9c8df [INFO] checking Aehmlo/deoxy against beta-2021-10-15 for beta-1.56-3 [INFO] running `Command { std: "git" "clone" "/workspace/cache/git-repos/https%3A%2F%2Fgithub.com%2FAehmlo%2Fdeoxy" "/workspace/builds/worker-10/source", kill_on_drop: false }` [INFO] [stderr] Cloning into '/workspace/builds/worker-10/source'... [INFO] [stderr] done. [INFO] validating manifest of git repo https://github.com/Aehmlo/deoxy on toolchain beta-2021-10-15 [INFO] running `Command { std: "/workspace/cargo-home/bin/cargo" "+beta-2021-10-15" "metadata" "--manifest-path" "Cargo.toml" "--no-deps", kill_on_drop: false }` [INFO] started tweaking git repo https://github.com/Aehmlo/deoxy [INFO] finished tweaking git repo https://github.com/Aehmlo/deoxy [INFO] tweaked toml for git repo https://github.com/Aehmlo/deoxy written to /workspace/builds/worker-10/source/Cargo.toml [INFO] running `Command { std: "/workspace/cargo-home/bin/cargo" "+beta-2021-10-15" "generate-lockfile" "--manifest-path" "Cargo.toml" "-Zno-index-update", kill_on_drop: false }` [INFO] running `Command { std: "/workspace/cargo-home/bin/cargo" "+beta-2021-10-15" "fetch" "--manifest-path" "Cargo.toml", kill_on_drop: false }` [INFO] [stderr] Blocking waiting for file lock on package cache [INFO] [stderr] Downloading crates ... [INFO] [stderr] Downloaded pretty_env_logger v0.3.1 [INFO] [stderr] Downloaded actix-web v0.7.19 [INFO] [stderr] Downloaded uom v0.22.2 [INFO] running `Command { std: "docker" "create" "-v" "/var/lib/crater-agent-workspace/builds/worker-10/target:/opt/rustwide/target:rw,Z" "-v" "/var/lib/crater-agent-workspace/builds/worker-10/source:/opt/rustwide/workdir:ro,Z" "-v" "/var/lib/crater-agent-workspace/cargo-home:/opt/rustwide/cargo-home:ro,Z" "-v" "/var/lib/crater-agent-workspace/rustup-home:/opt/rustwide/rustup-home:ro,Z" "-e" "SOURCE_DIR=/opt/rustwide/workdir" "-e" "CARGO_TARGET_DIR=/opt/rustwide/target" "-e" "CARGO_HOME=/opt/rustwide/cargo-home" "-e" "RUSTUP_HOME=/opt/rustwide/rustup-home" "-w" "/opt/rustwide/workdir" "-m" "1610612736" "--user" "0:0" "--network" "none" "ghcr.io/rust-lang/crates-build-env/linux@sha256:a89201d6b5b9fd45c15d5952ece0a0129e7e80cb26ec023fd59cf09bc26f1604" "/opt/rustwide/cargo-home/bin/cargo" "+beta-2021-10-15" "metadata" "--no-deps" "--format-version=1", kill_on_drop: false }` [INFO] [stdout] 9070dddb5eea852ffe0313d675b65af0dc68d926213c60856faf602e20e257d3 [INFO] [stderr] WARNING: Your kernel does not support swap limit capabilities or the cgroup is not mounted. Memory limited without swap. [INFO] running `Command { std: "docker" "start" "-a" "9070dddb5eea852ffe0313d675b65af0dc68d926213c60856faf602e20e257d3", kill_on_drop: false }` [INFO] running `Command { std: "docker" "inspect" "9070dddb5eea852ffe0313d675b65af0dc68d926213c60856faf602e20e257d3", kill_on_drop: false }` [INFO] running `Command { std: "docker" "rm" "-f" "9070dddb5eea852ffe0313d675b65af0dc68d926213c60856faf602e20e257d3", kill_on_drop: false }` [INFO] [stdout] 9070dddb5eea852ffe0313d675b65af0dc68d926213c60856faf602e20e257d3 [INFO] running `Command { std: "docker" "create" "-v" "/var/lib/crater-agent-workspace/builds/worker-10/target:/opt/rustwide/target:rw,Z" "-v" "/var/lib/crater-agent-workspace/builds/worker-10/source:/opt/rustwide/workdir:ro,Z" "-v" "/var/lib/crater-agent-workspace/cargo-home:/opt/rustwide/cargo-home:ro,Z" "-v" "/var/lib/crater-agent-workspace/rustup-home:/opt/rustwide/rustup-home:ro,Z" "-e" "SOURCE_DIR=/opt/rustwide/workdir" "-e" "CARGO_TARGET_DIR=/opt/rustwide/target" "-e" "CARGO_INCREMENTAL=0" "-e" "RUST_BACKTRACE=full" "-e" "RUSTFLAGS=--cap-lints=warn" "-e" "CARGO_HOME=/opt/rustwide/cargo-home" "-e" "RUSTUP_HOME=/opt/rustwide/rustup-home" "-w" "/opt/rustwide/workdir" "-m" "1610612736" "--user" "0:0" "--network" "none" "ghcr.io/rust-lang/crates-build-env/linux@sha256:a89201d6b5b9fd45c15d5952ece0a0129e7e80cb26ec023fd59cf09bc26f1604" "/opt/rustwide/cargo-home/bin/cargo" "+beta-2021-10-15" "check" "--frozen" "--all" "--all-targets" "--message-format=json", kill_on_drop: false }` [INFO] [stderr] WARNING: Your kernel does not support swap limit capabilities or the cgroup is not mounted. Memory limited without swap. [INFO] [stdout] 8e1cab374e2ef379f94090d055b22432848d3954cd67e8d19899a80edd759758 [INFO] running `Command { std: "docker" "start" "-a" "8e1cab374e2ef379f94090d055b22432848d3954cd67e8d19899a80edd759758", kill_on_drop: false }` [INFO] [stderr] Compiling libc v0.2.104 [INFO] [stderr] Compiling v_htmlescape v0.4.5 [INFO] [stderr] Checking tower-service v0.1.0 [INFO] [stderr] Compiling actix-web v0.7.19 [INFO] [stderr] Checking url v1.7.2 [INFO] [stderr] Compiling v_escape_derive v0.5.6 [INFO] [stderr] Checking num-integer v0.1.44 [INFO] [stderr] Checking uom v0.22.2 [INFO] [stderr] Compiling actix_derive v0.3.2 [INFO] [stderr] Checking deoxy-core v0.2.2 (/opt/rustwide/workdir/core) [INFO] [stderr] Checking serde_urlencoded v0.5.5 [INFO] [stderr] Checking iovec v0.1.4 [INFO] [stderr] Checking num_cpus v1.13.0 [INFO] [stderr] Checking net2 v0.2.37 [INFO] [stderr] Checking parking_lot_core v0.6.2 [INFO] [stderr] Checking rand_os v0.1.3 [INFO] [stderr] Checking backtrace v0.3.61 [INFO] [stderr] Checking rand v0.5.6 [INFO] [stderr] Checking socket2 v0.3.19 [INFO] [stderr] Checking getrandom v0.2.3 [INFO] [stderr] Checking hostname v0.3.1 [INFO] [stderr] Checking signal-hook-registry v1.4.0 [INFO] [stderr] Checking time v0.1.43 [INFO] [stderr] Checking brotli-sys v0.3.2 [INFO] [stderr] Checking miniz-sys v0.1.12 [INFO] [stderr] Checking atty v0.2.14 [INFO] [stderr] Checking rppal v0.11.3 [INFO] [stderr] Checking termion v1.5.6 [INFO] [stderr] Checking resolv-conf v0.6.3 [INFO] [stderr] Checking brotli2 v0.3.2 [INFO] [stderr] Checking bytes v0.4.12 [INFO] [stderr] Checking tokio-threadpool v0.1.18 [INFO] [stderr] Checking futures-cpupool v0.1.8 [INFO] [stderr] Checking rand v0.6.5 [INFO] [stderr] Checking rand_core v0.6.3 [INFO] [stderr] Checking v_escape v0.7.4 [INFO] [stderr] Checking parking_lot v0.9.0 [INFO] [stderr] Checking mio v0.6.23 [INFO] [stderr] Checking env_logger v0.6.2 [INFO] [stderr] Checking chrono v0.4.19 [INFO] [stderr] Checking flate2 v1.0.22 [INFO] [stderr] Checking failure v0.1.8 [INFO] [stderr] Checking rand_chacha v0.3.1 [INFO] [stderr] Checking tokio-io v0.1.13 [INFO] [stderr] Checking http v0.1.21 [INFO] [stderr] Checking string v0.2.1 [INFO] [stderr] Checking rand v0.8.4 [INFO] [stderr] Checking mio-uds v0.6.8 [INFO] [stderr] Checking tokio-reactor v0.1.12 [INFO] [stderr] Checking tokio-codec v0.1.2 [INFO] [stderr] Checking tokio-fs v0.1.7 [INFO] [stderr] Checking parking_lot_core v0.4.0 [INFO] [stderr] Checking uuid v0.7.4 [INFO] [stderr] Checking pretty_env_logger v0.3.1 [INFO] [stderr] Checking tokio-udp v0.1.6 [INFO] [stderr] Checking tokio-tcp v0.1.4 [INFO] [stderr] Checking tokio-uds v0.2.7 [INFO] [stderr] Checking tokio-signal v0.2.9 [INFO] [stdout] error[E0277]: the trait bound `<::L as std::ops::Neg>::Output: Integer` is not satisfied [INFO] [stdout] --> /opt/rustwide/cargo-home/registry/src/github.com-1ecc6299db9ec823/uom-0.22.2/src/system.rs:716:18 [INFO] [stdout] | [INFO] [stdout] 716 | ) -> Quantity<$quantities<$($crate::typenum::Negate),+>, U, V> [INFO] [stdout] | ^^^^^^^^^^^^^^^^^^^^^^^^^^^^^^^^^^^^^^^^^^^^^^^^^^^^^^^^^^^^^^^^^^^^^ the trait `Integer` is not implemented for `<::L as std::ops::Neg>::Output` [INFO] [stdout] | [INFO] [stdout] ::: /opt/rustwide/cargo-home/registry/src/github.com-1ecc6299db9ec823/uom-0.22.2/src/si/mod.rs:10:1 [INFO] [stdout] | [INFO] [stdout] 10 | / system! { [INFO] [stdout] 11 | | /// [International System of Quantities](http://jcgm.bipm.org/vim/en/1.6.html) (ISQ). [INFO] [stdout] 12 | | quantities: ISQ { [INFO] [stdout] 13 | | length: meter, L; [INFO] [stdout] ... | [INFO] [stdout] 58 | | } [INFO] [stdout] 59 | | } [INFO] [stdout] | |_- in this macro invocation [INFO] [stdout] | [INFO] [stdout] note: required by a bound in `si::Quantity` [INFO] [stdout] --> /opt/rustwide/cargo-home/registry/src/github.com-1ecc6299db9ec823/uom-0.22.2/src/system.rs:232:16 [INFO] [stdout] | [INFO] [stdout] 230 | pub struct Quantity [INFO] [stdout] | -------- required by a bound in this [INFO] [stdout] 231 | where [INFO] [stdout] 232 | D: Dimension + ?Sized, [INFO] [stdout] | ^^^^^^^^^ required by this bound in `si::Quantity` [INFO] [stdout] | [INFO] [stdout] ::: /opt/rustwide/cargo-home/registry/src/github.com-1ecc6299db9ec823/uom-0.22.2/src/si/mod.rs:10:1 [INFO] [stdout] | [INFO] [stdout] 10 | / system! { [INFO] [stdout] 11 | | /// [International System of Quantities](http://jcgm.bipm.org/vim/en/1.6.html) (ISQ). [INFO] [stdout] 12 | | quantities: ISQ { [INFO] [stdout] 13 | | length: meter, L; [INFO] [stdout] ... | [INFO] [stdout] 58 | | } [INFO] [stdout] 59 | | } [INFO] [stdout] | |_- in this macro invocation [INFO] [stdout] = note: this error originates in the macro `system` (in Nightly builds, run with -Z macro-backtrace for more info) [INFO] [stdout] [INFO] [stdout] [INFO] [stdout] error[E0277]: the trait bound `<::M as std::ops::Neg>::Output: Integer` is not satisfied [INFO] [stdout] --> /opt/rustwide/cargo-home/registry/src/github.com-1ecc6299db9ec823/uom-0.22.2/src/system.rs:716:18 [INFO] [stdout] | [INFO] [stdout] 716 | ) -> Quantity<$quantities<$($crate::typenum::Negate),+>, U, V> [INFO] [stdout] | ^^^^^^^^^^^^^^^^^^^^^^^^^^^^^^^^^^^^^^^^^^^^^^^^^^^^^^^^^^^^^^^^^^^^^ the trait `Integer` is not implemented for `<::M as std::ops::Neg>::Output` [INFO] [stdout] | [INFO] [stdout] ::: /opt/rustwide/cargo-home/registry/src/github.com-1ecc6299db9ec823/uom-0.22.2/src/si/mod.rs:10:1 [INFO] [stdout] | [INFO] [stdout] 10 | / system! { [INFO] [stdout] 11 | | /// [International System of Quantities](http://jcgm.bipm.org/vim/en/1.6.html) (ISQ). [INFO] [stdout] 12 | | quantities: ISQ { [INFO] [stdout] 13 | | length: meter, L; [INFO] [stdout] ... | [INFO] [stdout] 58 | | } [INFO] [stdout] 59 | | } [INFO] [stdout] | |_- in this macro invocation [INFO] [stdout] | [INFO] [stdout] note: required by a bound in `si::Quantity` [INFO] [stdout] --> /opt/rustwide/cargo-home/registry/src/github.com-1ecc6299db9ec823/uom-0.22.2/src/system.rs:232:16 [INFO] [stdout] | [INFO] [stdout] 230 | pub struct Quantity [INFO] [stdout] | -------- required by a bound in this [INFO] [stdout] 231 | where [INFO] [stdout] 232 | D: Dimension + ?Sized, [INFO] [stdout] | ^^^^^^^^^ required by this bound in `si::Quantity` [INFO] [stdout] | [INFO] [stdout] ::: /opt/rustwide/cargo-home/registry/src/github.com-1ecc6299db9ec823/uom-0.22.2/src/si/mod.rs:10:1 [INFO] [stdout] | [INFO] [stdout] 10 | / system! { [INFO] [stdout] 11 | | /// [International System of Quantities](http://jcgm.bipm.org/vim/en/1.6.html) (ISQ). [INFO] [stdout] 12 | | quantities: ISQ { [INFO] [stdout] 13 | | length: meter, L; [INFO] [stdout] ... | [INFO] [stdout] 58 | | } [INFO] [stdout] 59 | | } [INFO] [stdout] | |_- in this macro invocation [INFO] [stdout] = note: this error originates in the macro `system` (in Nightly builds, run with -Z macro-backtrace for more info) [INFO] [stdout] [INFO] [stdout] [INFO] [stdout] error[E0277]: the trait bound `<::T as std::ops::Neg>::Output: Integer` is not satisfied [INFO] [stdout] --> /opt/rustwide/cargo-home/registry/src/github.com-1ecc6299db9ec823/uom-0.22.2/src/system.rs:716:18 [INFO] [stdout] | [INFO] [stdout] 716 | ) -> Quantity<$quantities<$($crate::typenum::Negate),+>, U, V> [INFO] [stdout] | ^^^^^^^^^^^^^^^^^^^^^^^^^^^^^^^^^^^^^^^^^^^^^^^^^^^^^^^^^^^^^^^^^^^^^ the trait `Integer` is not implemented for `<::T as std::ops::Neg>::Output` [INFO] [stdout] | [INFO] [stdout] ::: /opt/rustwide/cargo-home/registry/src/github.com-1ecc6299db9ec823/uom-0.22.2/src/si/mod.rs:10:1 [INFO] [stdout] | [INFO] [stdout] 10 | / system! { [INFO] [stdout] 11 | | /// [International System of Quantities](http://jcgm.bipm.org/vim/en/1.6.html) (ISQ). [INFO] [stdout] 12 | | quantities: ISQ { [INFO] [stdout] 13 | | length: meter, L; [INFO] [stdout] ... | [INFO] [stdout] 58 | | } [INFO] [stdout] 59 | | } [INFO] [stdout] | |_- in this macro invocation [INFO] [stdout] | [INFO] [stdout] note: required by a bound in `si::Quantity` [INFO] [stdout] --> /opt/rustwide/cargo-home/registry/src/github.com-1ecc6299db9ec823/uom-0.22.2/src/system.rs:232:16 [INFO] [stdout] | [INFO] [stdout] 230 | pub struct Quantity [INFO] [stdout] | -------- required by a bound in this [INFO] [stdout] 231 | where [INFO] [stdout] 232 | D: Dimension + ?Sized, [INFO] [stdout] | ^^^^^^^^^ required by this bound in `si::Quantity` [INFO] [stdout] | [INFO] [stdout] ::: /opt/rustwide/cargo-home/registry/src/github.com-1ecc6299db9ec823/uom-0.22.2/src/si/mod.rs:10:1 [INFO] [stdout] | [INFO] [stdout] 10 | / system! { [INFO] [stdout] 11 | | /// [International System of Quantities](http://jcgm.bipm.org/vim/en/1.6.html) (ISQ). [INFO] [stdout] 12 | | quantities: ISQ { [INFO] [stdout] 13 | | length: meter, L; [INFO] [stdout] ... | [INFO] [stdout] 58 | | } [INFO] [stdout] 59 | | } [INFO] [stdout] | |_- in this macro invocation [INFO] [stdout] = note: this error originates in the macro `system` (in Nightly builds, run with -Z macro-backtrace for more info) [INFO] [stdout] [INFO] [stdout] [INFO] [stderr] Checking parking_lot v0.7.1 [INFO] [stdout] error[E0277]: the trait bound `<::I as std::ops::Neg>::Output: Integer` is not satisfied [INFO] [stdout] --> /opt/rustwide/cargo-home/registry/src/github.com-1ecc6299db9ec823/uom-0.22.2/src/system.rs:716:18 [INFO] [stdout] | [INFO] [stdout] 716 | ) -> Quantity<$quantities<$($crate::typenum::Negate),+>, U, V> [INFO] [stdout] | ^^^^^^^^^^^^^^^^^^^^^^^^^^^^^^^^^^^^^^^^^^^^^^^^^^^^^^^^^^^^^^^^^^^^^ the trait `Integer` is not implemented for `<::I as std::ops::Neg>::Output` [INFO] [stdout] | [INFO] [stdout] ::: /opt/rustwide/cargo-home/registry/src/github.com-1ecc6299db9ec823/uom-0.22.2/src/si/mod.rs:10:1 [INFO] [stdout] | [INFO] [stdout] 10 | / system! { [INFO] [stdout] 11 | | /// [International System of Quantities](http://jcgm.bipm.org/vim/en/1.6.html) (ISQ). [INFO] [stdout] 12 | | quantities: ISQ { [INFO] [stdout] 13 | | length: meter, L; [INFO] [stdout] ... | [INFO] [stdout] 58 | | } [INFO] [stdout] 59 | | } [INFO] [stdout] | |_- in this macro invocation [INFO] [stdout] | [INFO] [stdout] note: required by a bound in `si::Quantity` [INFO] [stdout] --> /opt/rustwide/cargo-home/registry/src/github.com-1ecc6299db9ec823/uom-0.22.2/src/system.rs:232:16 [INFO] [stdout] | [INFO] [stdout] 230 | pub struct Quantity [INFO] [stdout] | -------- required by a bound in this [INFO] [stdout] 231 | where [INFO] [stdout] 232 | D: Dimension + ?Sized, [INFO] [stdout] | ^^^^^^^^^ required by this bound in `si::Quantity` [INFO] [stdout] | [INFO] [stdout] ::: /opt/rustwide/cargo-home/registry/src/github.com-1ecc6299db9ec823/uom-0.22.2/src/si/mod.rs:10:1 [INFO] [stdout] | [INFO] [stdout] 10 | / system! { [INFO] [stdout] 11 | | /// [International System of Quantities](http://jcgm.bipm.org/vim/en/1.6.html) (ISQ). [INFO] [stdout] 12 | | quantities: ISQ { [INFO] [stdout] 13 | | length: meter, L; [INFO] [stdout] ... | [INFO] [stdout] 58 | | } [INFO] [stdout] 59 | | } [INFO] [stdout] | |_- in this macro invocation [INFO] [stdout] = note: this error originates in the macro `system` (in Nightly builds, run with -Z macro-backtrace for more info) [INFO] [stdout] [INFO] [stdout] [INFO] [stdout] error[E0277]: the trait bound `<::Th as std::ops::Neg>::Output: Integer` is not satisfied [INFO] [stdout] --> /opt/rustwide/cargo-home/registry/src/github.com-1ecc6299db9ec823/uom-0.22.2/src/system.rs:716:18 [INFO] [stdout] | [INFO] [stdout] 716 | ) -> Quantity<$quantities<$($crate::typenum::Negate),+>, U, V> [INFO] [stdout] | ^^^^^^^^^^^^^^^^^^^^^^^^^^^^^^^^^^^^^^^^^^^^^^^^^^^^^^^^^^^^^^^^^^^^^ the trait `Integer` is not implemented for `<::Th as std::ops::Neg>::Output` [INFO] [stdout] | [INFO] [stdout] ::: /opt/rustwide/cargo-home/registry/src/github.com-1ecc6299db9ec823/uom-0.22.2/src/si/mod.rs:10:1 [INFO] [stdout] | [INFO] [stdout] 10 | / system! { [INFO] [stdout] 11 | | /// [International System of Quantities](http://jcgm.bipm.org/vim/en/1.6.html) (ISQ). [INFO] [stdout] 12 | | quantities: ISQ { [INFO] [stdout] 13 | | length: meter, L; [INFO] [stdout] ... | [INFO] [stdout] 58 | | } [INFO] [stdout] 59 | | } [INFO] [stdout] | |_- in this macro invocation [INFO] [stdout] | [INFO] [stdout] note: required by a bound in `si::Quantity` [INFO] [stdout] --> /opt/rustwide/cargo-home/registry/src/github.com-1ecc6299db9ec823/uom-0.22.2/src/system.rs:232:16 [INFO] [stdout] | [INFO] [stdout] 230 | pub struct Quantity [INFO] [stdout] | -------- required by a bound in this [INFO] [stdout] 231 | where [INFO] [stdout] 232 | D: Dimension + ?Sized, [INFO] [stdout] | ^^^^^^^^^ required by this bound in `si::Quantity` [INFO] [stdout] | [INFO] [stdout] ::: /opt/rustwide/cargo-home/registry/src/github.com-1ecc6299db9ec823/uom-0.22.2/src/si/mod.rs:10:1 [INFO] [stdout] | [INFO] [stdout] 10 | / system! { [INFO] [stdout] 11 | | /// [International System of Quantities](http://jcgm.bipm.org/vim/en/1.6.html) (ISQ). [INFO] [stdout] 12 | | quantities: ISQ { [INFO] [stdout] 13 | | length: meter, L; [INFO] [stdout] ... | [INFO] [stdout] 58 | | } [INFO] [stdout] 59 | | } [INFO] [stdout] | |_- in this macro invocation [INFO] [stdout] = note: this error originates in the macro `system` (in Nightly builds, run with -Z macro-backtrace for more info) [INFO] [stdout] [INFO] [stdout] [INFO] [stdout] error[E0277]: the trait bound `<::N as std::ops::Neg>::Output: Integer` is not satisfied [INFO] [stdout] --> /opt/rustwide/cargo-home/registry/src/github.com-1ecc6299db9ec823/uom-0.22.2/src/system.rs:716:18 [INFO] [stdout] | [INFO] [stdout] 716 | ) -> Quantity<$quantities<$($crate::typenum::Negate),+>, U, V> [INFO] [stdout] | ^^^^^^^^^^^^^^^^^^^^^^^^^^^^^^^^^^^^^^^^^^^^^^^^^^^^^^^^^^^^^^^^^^^^^ the trait `Integer` is not implemented for `<::N as std::ops::Neg>::Output` [INFO] [stdout] | [INFO] [stdout] ::: /opt/rustwide/cargo-home/registry/src/github.com-1ecc6299db9ec823/uom-0.22.2/src/si/mod.rs:10:1 [INFO] [stdout] | [INFO] [stdout] 10 | / system! { [INFO] [stdout] 11 | | /// [International System of Quantities](http://jcgm.bipm.org/vim/en/1.6.html) (ISQ). [INFO] [stdout] 12 | | quantities: ISQ { [INFO] [stdout] 13 | | length: meter, L; [INFO] [stdout] ... | [INFO] [stdout] 58 | | } [INFO] [stdout] 59 | | } [INFO] [stdout] | |_- in this macro invocation [INFO] [stdout] | [INFO] [stdout] note: required by a bound in `si::Quantity` [INFO] [stdout] --> /opt/rustwide/cargo-home/registry/src/github.com-1ecc6299db9ec823/uom-0.22.2/src/system.rs:232:16 [INFO] [stdout] | [INFO] [stdout] 230 | pub struct Quantity [INFO] [stdout] | -------- required by a bound in this [INFO] [stdout] 231 | where [INFO] [stdout] 232 | D: Dimension + ?Sized, [INFO] [stdout] | ^^^^^^^^^ required by this bound in `si::Quantity` [INFO] [stdout] | [INFO] [stdout] ::: /opt/rustwide/cargo-home/registry/src/github.com-1ecc6299db9ec823/uom-0.22.2/src/si/mod.rs:10:1 [INFO] [stdout] | [INFO] [stdout] 10 | / system! { [INFO] [stdout] 11 | | /// [International System of Quantities](http://jcgm.bipm.org/vim/en/1.6.html) (ISQ). [INFO] [stdout] 12 | | quantities: ISQ { [INFO] [stdout] 13 | | length: meter, L; [INFO] [stdout] ... | [INFO] [stdout] 58 | | } [INFO] [stdout] 59 | | } [INFO] [stdout] | |_- in this macro invocation [INFO] [stdout] = note: this error originates in the macro `system` (in Nightly builds, run with -Z macro-backtrace for more info) [INFO] [stdout] [INFO] [stdout] [INFO] [stdout] error[E0277]: the trait bound `<::J as std::ops::Neg>::Output: Integer` is not satisfied [INFO] [stdout] --> /opt/rustwide/cargo-home/registry/src/github.com-1ecc6299db9ec823/uom-0.22.2/src/system.rs:716:18 [INFO] [stdout] | [INFO] [stdout] 716 | ) -> Quantity<$quantities<$($crate::typenum::Negate),+>, U, V> [INFO] [stdout] | ^^^^^^^^^^^^^^^^^^^^^^^^^^^^^^^^^^^^^^^^^^^^^^^^^^^^^^^^^^^^^^^^^^^^^ the trait `Integer` is not implemented for `<::J as std::ops::Neg>::Output` [INFO] [stdout] | [INFO] [stdout] ::: /opt/rustwide/cargo-home/registry/src/github.com-1ecc6299db9ec823/uom-0.22.2/src/si/mod.rs:10:1 [INFO] [stdout] | [INFO] [stdout] 10 | / system! { [INFO] [stdout] 11 | | /// [International System of Quantities](http://jcgm.bipm.org/vim/en/1.6.html) (ISQ). [INFO] [stdout] 12 | | quantities: ISQ { [INFO] [stdout] 13 | | length: meter, L; [INFO] [stdout] ... | [INFO] [stdout] 58 | | } [INFO] [stdout] 59 | | } [INFO] [stdout] | |_- in this macro invocation [INFO] [stdout] | [INFO] [stdout] note: required by a bound in `si::Quantity` [INFO] [stdout] --> /opt/rustwide/cargo-home/registry/src/github.com-1ecc6299db9ec823/uom-0.22.2/src/system.rs:232:16 [INFO] [stdout] | [INFO] [stdout] 230 | pub struct Quantity [INFO] [stdout] | -------- required by a bound in this [INFO] [stdout] 231 | where [INFO] [stdout] 232 | D: Dimension + ?Sized, [INFO] [stdout] | ^^^^^^^^^ required by this bound in `si::Quantity` [INFO] [stdout] | [INFO] [stdout] ::: /opt/rustwide/cargo-home/registry/src/github.com-1ecc6299db9ec823/uom-0.22.2/src/si/mod.rs:10:1 [INFO] [stdout] | [INFO] [stdout] 10 | / system! { [INFO] [stdout] 11 | | /// [International System of Quantities](http://jcgm.bipm.org/vim/en/1.6.html) (ISQ). [INFO] [stdout] 12 | | quantities: ISQ { [INFO] [stdout] 13 | | length: meter, L; [INFO] [stdout] ... | [INFO] [stdout] 58 | | } [INFO] [stdout] 59 | | } [INFO] [stdout] | |_- in this macro invocation [INFO] [stdout] = note: this error originates in the macro `system` (in Nightly builds, run with -Z macro-backtrace for more info) [INFO] [stdout] [INFO] [stdout] [INFO] [stdout] error[E0277]: the trait bound `<::L as std::ops::Mul>::Output: Integer` is not satisfied [INFO] [stdout] --> /opt/rustwide/cargo-home/registry/src/github.com-1ecc6299db9ec823/uom-0.22.2/src/system.rs:740:18 [INFO] [stdout] | [INFO] [stdout] 740 | ) -> Quantity<$quantities<$($crate::typenum::Prod),+>, U, V> [INFO] [stdout] | ^^^^^^^^^^^^^^^^^^^^^^^^^^^^^^^^^^^^^^^^^^^^^^^^^^^^^^^^^^^^^^^^^^^^^^ the trait `Integer` is not implemented for `<::L as std::ops::Mul>::Output` [INFO] [stdout] | [INFO] [stdout] ::: /opt/rustwide/cargo-home/registry/src/github.com-1ecc6299db9ec823/uom-0.22.2/src/si/mod.rs:10:1 [INFO] [stdout] | [INFO] [stdout] 10 | / system! { [INFO] [stdout] 11 | | /// [International System of Quantities](http://jcgm.bipm.org/vim/en/1.6.html) (ISQ). [INFO] [stdout] 12 | | quantities: ISQ { [INFO] [stdout] 13 | | length: meter, L; [INFO] [stdout] ... | [INFO] [stdout] 58 | | } [INFO] [stdout] 59 | | } [INFO] [stdout] | |_- in this macro invocation [INFO] [stdout] | [INFO] [stdout] note: required by a bound in `si::Quantity` [INFO] [stdout] --> /opt/rustwide/cargo-home/registry/src/github.com-1ecc6299db9ec823/uom-0.22.2/src/system.rs:232:16 [INFO] [stdout] | [INFO] [stdout] 230 | pub struct Quantity [INFO] [stdout] | -------- required by a bound in this [INFO] [stdout] 231 | where [INFO] [stdout] 232 | D: Dimension + ?Sized, [INFO] [stdout] | ^^^^^^^^^ required by this bound in `si::Quantity` [INFO] [stdout] | [INFO] [stdout] ::: /opt/rustwide/cargo-home/registry/src/github.com-1ecc6299db9ec823/uom-0.22.2/src/si/mod.rs:10:1 [INFO] [stdout] | [INFO] [stdout] 10 | / system! { [INFO] [stdout] 11 | | /// [International System of Quantities](http://jcgm.bipm.org/vim/en/1.6.html) (ISQ). [INFO] [stdout] 12 | | quantities: ISQ { [INFO] [stdout] 13 | | length: meter, L; [INFO] [stdout] ... | [INFO] [stdout] 58 | | } [INFO] [stdout] 59 | | } [INFO] [stdout] | |_- in this macro invocation [INFO] [stdout] = note: this error originates in the macro `system` (in Nightly builds, run with -Z macro-backtrace for more info) [INFO] [stdout] [INFO] [stdout] [INFO] [stdout] error[E0277]: the trait bound `<::M as std::ops::Mul>::Output: Integer` is not satisfied [INFO] [stdout] --> /opt/rustwide/cargo-home/registry/src/github.com-1ecc6299db9ec823/uom-0.22.2/src/system.rs:740:18 [INFO] [stdout] | [INFO] [stdout] 740 | ) -> Quantity<$quantities<$($crate::typenum::Prod),+>, U, V> [INFO] [stdout] | ^^^^^^^^^^^^^^^^^^^^^^^^^^^^^^^^^^^^^^^^^^^^^^^^^^^^^^^^^^^^^^^^^^^^^^ the trait `Integer` is not implemented for `<::M as std::ops::Mul>::Output` [INFO] [stdout] | [INFO] [stdout] ::: /opt/rustwide/cargo-home/registry/src/github.com-1ecc6299db9ec823/uom-0.22.2/src/si/mod.rs:10:1 [INFO] [stdout] | [INFO] [stdout] 10 | / system! { [INFO] [stdout] 11 | | /// [International System of Quantities](http://jcgm.bipm.org/vim/en/1.6.html) (ISQ). [INFO] [stdout] 12 | | quantities: ISQ { [INFO] [stdout] 13 | | length: meter, L; [INFO] [stdout] ... | [INFO] [stdout] 58 | | } [INFO] [stdout] 59 | | } [INFO] [stdout] | |_- in this macro invocation [INFO] [stdout] | [INFO] [stdout] note: required by a bound in `si::Quantity` [INFO] [stdout] --> /opt/rustwide/cargo-home/registry/src/github.com-1ecc6299db9ec823/uom-0.22.2/src/system.rs:232:16 [INFO] [stdout] | [INFO] [stdout] 230 | pub struct Quantity [INFO] [stdout] | -------- required by a bound in this [INFO] [stdout] 231 | where [INFO] [stdout] 232 | D: Dimension + ?Sized, [INFO] [stdout] | ^^^^^^^^^ required by this bound in `si::Quantity` [INFO] [stdout] | [INFO] [stdout] ::: /opt/rustwide/cargo-home/registry/src/github.com-1ecc6299db9ec823/uom-0.22.2/src/si/mod.rs:10:1 [INFO] [stdout] | [INFO] [stdout] 10 | / system! { [INFO] [stdout] 11 | | /// [International System of Quantities](http://jcgm.bipm.org/vim/en/1.6.html) (ISQ). [INFO] [stdout] 12 | | quantities: ISQ { [INFO] [stdout] 13 | | length: meter, L; [INFO] [stdout] ... | [INFO] [stdout] 58 | | } [INFO] [stdout] 59 | | } [INFO] [stdout] | |_- in this macro invocation [INFO] [stdout] = note: this error originates in the macro `system` (in Nightly builds, run with -Z macro-backtrace for more info) [INFO] [stdout] [INFO] [stdout] [INFO] [stdout] error[E0277]: the trait bound `<::T as std::ops::Mul>::Output: Integer` is not satisfied [INFO] [stdout] --> /opt/rustwide/cargo-home/registry/src/github.com-1ecc6299db9ec823/uom-0.22.2/src/system.rs:740:18 [INFO] [stdout] | [INFO] [stdout] 740 | ) -> Quantity<$quantities<$($crate::typenum::Prod),+>, U, V> [INFO] [stdout] | ^^^^^^^^^^^^^^^^^^^^^^^^^^^^^^^^^^^^^^^^^^^^^^^^^^^^^^^^^^^^^^^^^^^^^^ the trait `Integer` is not implemented for `<::T as std::ops::Mul>::Output` [INFO] [stdout] | [INFO] [stdout] ::: /opt/rustwide/cargo-home/registry/src/github.com-1ecc6299db9ec823/uom-0.22.2/src/si/mod.rs:10:1 [INFO] [stdout] | [INFO] [stdout] 10 | / system! { [INFO] [stdout] 11 | | /// [International System of Quantities](http://jcgm.bipm.org/vim/en/1.6.html) (ISQ). [INFO] [stdout] 12 | | quantities: ISQ { [INFO] [stdout] 13 | | length: meter, L; [INFO] [stdout] ... | [INFO] [stdout] 58 | | } [INFO] [stdout] 59 | | } [INFO] [stdout] | |_- in this macro invocation [INFO] [stdout] | [INFO] [stdout] note: required by a bound in `si::Quantity` [INFO] [stdout] --> /opt/rustwide/cargo-home/registry/src/github.com-1ecc6299db9ec823/uom-0.22.2/src/system.rs:232:16 [INFO] [stdout] | [INFO] [stdout] 230 | pub struct Quantity [INFO] [stdout] | -------- required by a bound in this [INFO] [stdout] 231 | where [INFO] [stdout] 232 | D: Dimension + ?Sized, [INFO] [stdout] | ^^^^^^^^^ required by this bound in `si::Quantity` [INFO] [stdout] | [INFO] [stdout] ::: /opt/rustwide/cargo-home/registry/src/github.com-1ecc6299db9ec823/uom-0.22.2/src/si/mod.rs:10:1 [INFO] [stdout] | [INFO] [stdout] 10 | / system! { [INFO] [stdout] 11 | | /// [International System of Quantities](http://jcgm.bipm.org/vim/en/1.6.html) (ISQ). [INFO] [stdout] 12 | | quantities: ISQ { [INFO] [stdout] 13 | | length: meter, L; [INFO] [stdout] ... | [INFO] [stdout] 58 | | } [INFO] [stdout] 59 | | } [INFO] [stdout] | |_- in this macro invocation [INFO] [stdout] = note: this error originates in the macro `system` (in Nightly builds, run with -Z macro-backtrace for more info) [INFO] [stdout] [INFO] [stdout] [INFO] [stdout] error[E0277]: the trait bound `<::I as std::ops::Mul>::Output: Integer` is not satisfied [INFO] [stdout] --> /opt/rustwide/cargo-home/registry/src/github.com-1ecc6299db9ec823/uom-0.22.2/src/system.rs:740:18 [INFO] [stdout] | [INFO] [stdout] 740 | ) -> Quantity<$quantities<$($crate::typenum::Prod),+>, U, V> [INFO] [stdout] | ^^^^^^^^^^^^^^^^^^^^^^^^^^^^^^^^^^^^^^^^^^^^^^^^^^^^^^^^^^^^^^^^^^^^^^ the trait `Integer` is not implemented for `<::I as std::ops::Mul>::Output` [INFO] [stdout] | [INFO] [stdout] ::: /opt/rustwide/cargo-home/registry/src/github.com-1ecc6299db9ec823/uom-0.22.2/src/si/mod.rs:10:1 [INFO] [stdout] | [INFO] [stdout] 10 | / system! { [INFO] [stdout] 11 | | /// [International System of Quantities](http://jcgm.bipm.org/vim/en/1.6.html) (ISQ). [INFO] [stdout] 12 | | quantities: ISQ { [INFO] [stdout] 13 | | length: meter, L; [INFO] [stdout] ... | [INFO] [stdout] 58 | | } [INFO] [stdout] 59 | | } [INFO] [stdout] | |_- in this macro invocation [INFO] [stdout] | [INFO] [stdout] note: required by a bound in `si::Quantity` [INFO] [stdout] --> /opt/rustwide/cargo-home/registry/src/github.com-1ecc6299db9ec823/uom-0.22.2/src/system.rs:232:16 [INFO] [stdout] | [INFO] [stdout] 230 | pub struct Quantity [INFO] [stdout] | -------- required by a bound in this [INFO] [stdout] 231 | where [INFO] [stdout] 232 | D: Dimension + ?Sized, [INFO] [stdout] | ^^^^^^^^^ required by this bound in `si::Quantity` [INFO] [stdout] | [INFO] [stdout] ::: /opt/rustwide/cargo-home/registry/src/github.com-1ecc6299db9ec823/uom-0.22.2/src/si/mod.rs:10:1 [INFO] [stdout] | [INFO] [stdout] 10 | / system! { [INFO] [stdout] 11 | | /// [International System of Quantities](http://jcgm.bipm.org/vim/en/1.6.html) (ISQ). [INFO] [stdout] 12 | | quantities: ISQ { [INFO] [stdout] 13 | | length: meter, L; [INFO] [stdout] ... | [INFO] [stdout] 58 | | } [INFO] [stdout] 59 | | } [INFO] [stdout] | |_- in this macro invocation [INFO] [stdout] = note: this error originates in the macro `system` (in Nightly builds, run with -Z macro-backtrace for more info) [INFO] [stdout] [INFO] [stdout] [INFO] [stdout] error[E0277]: the trait bound `<::Th as std::ops::Mul>::Output: Integer` is not satisfied [INFO] [stdout] --> /opt/rustwide/cargo-home/registry/src/github.com-1ecc6299db9ec823/uom-0.22.2/src/system.rs:740:18 [INFO] [stdout] | [INFO] [stdout] 740 | ) -> Quantity<$quantities<$($crate::typenum::Prod),+>, U, V> [INFO] [stdout] | ^^^^^^^^^^^^^^^^^^^^^^^^^^^^^^^^^^^^^^^^^^^^^^^^^^^^^^^^^^^^^^^^^^^^^^ the trait `Integer` is not implemented for `<::Th as std::ops::Mul>::Output` [INFO] [stdout] | [INFO] [stdout] ::: /opt/rustwide/cargo-home/registry/src/github.com-1ecc6299db9ec823/uom-0.22.2/src/si/mod.rs:10:1 [INFO] [stdout] | [INFO] [stdout] 10 | / system! { [INFO] [stdout] 11 | | /// [International System of Quantities](http://jcgm.bipm.org/vim/en/1.6.html) (ISQ). [INFO] [stdout] 12 | | quantities: ISQ { [INFO] [stdout] 13 | | length: meter, L; [INFO] [stdout] ... | [INFO] [stdout] 58 | | } [INFO] [stdout] 59 | | } [INFO] [stdout] | |_- in this macro invocation [INFO] [stdout] | [INFO] [stdout] note: required by a bound in `si::Quantity` [INFO] [stdout] --> /opt/rustwide/cargo-home/registry/src/github.com-1ecc6299db9ec823/uom-0.22.2/src/system.rs:232:16 [INFO] [stdout] | [INFO] [stdout] 230 | pub struct Quantity [INFO] [stdout] | -------- required by a bound in this [INFO] [stdout] 231 | where [INFO] [stdout] 232 | D: Dimension + ?Sized, [INFO] [stdout] | ^^^^^^^^^ required by this bound in `si::Quantity` [INFO] [stdout] | [INFO] [stdout] ::: /opt/rustwide/cargo-home/registry/src/github.com-1ecc6299db9ec823/uom-0.22.2/src/si/mod.rs:10:1 [INFO] [stdout] | [INFO] [stdout] 10 | / system! { [INFO] [stdout] 11 | | /// [International System of Quantities](http://jcgm.bipm.org/vim/en/1.6.html) (ISQ). [INFO] [stdout] 12 | | quantities: ISQ { [INFO] [stdout] 13 | | length: meter, L; [INFO] [stdout] ... | [INFO] [stdout] 58 | | } [INFO] [stdout] 59 | | } [INFO] [stdout] | |_- in this macro invocation [INFO] [stdout] = note: this error originates in the macro `system` (in Nightly builds, run with -Z macro-backtrace for more info) [INFO] [stdout] [INFO] [stdout] [INFO] [stdout] error[E0277]: the trait bound `<::N as std::ops::Mul>::Output: Integer` is not satisfied [INFO] [stdout] --> /opt/rustwide/cargo-home/registry/src/github.com-1ecc6299db9ec823/uom-0.22.2/src/system.rs:740:18 [INFO] [stdout] | [INFO] [stdout] 740 | ) -> Quantity<$quantities<$($crate::typenum::Prod),+>, U, V> [INFO] [stdout] | ^^^^^^^^^^^^^^^^^^^^^^^^^^^^^^^^^^^^^^^^^^^^^^^^^^^^^^^^^^^^^^^^^^^^^^ the trait `Integer` is not implemented for `<::N as std::ops::Mul>::Output` [INFO] [stdout] | [INFO] [stdout] ::: /opt/rustwide/cargo-home/registry/src/github.com-1ecc6299db9ec823/uom-0.22.2/src/si/mod.rs:10:1 [INFO] [stdout] | [INFO] [stdout] 10 | / system! { [INFO] [stdout] 11 | | /// [International System of Quantities](http://jcgm.bipm.org/vim/en/1.6.html) (ISQ). [INFO] [stdout] 12 | | quantities: ISQ { [INFO] [stdout] 13 | | length: meter, L; [INFO] [stdout] ... | [INFO] [stdout] 58 | | } [INFO] [stdout] 59 | | } [INFO] [stdout] | |_- in this macro invocation [INFO] [stdout] | [INFO] [stdout] note: required by a bound in `si::Quantity` [INFO] [stdout] --> /opt/rustwide/cargo-home/registry/src/github.com-1ecc6299db9ec823/uom-0.22.2/src/system.rs:232:16 [INFO] [stdout] | [INFO] [stdout] 230 | pub struct Quantity [INFO] [stdout] | -------- required by a bound in this [INFO] [stdout] 231 | where [INFO] [stdout] 232 | D: Dimension + ?Sized, [INFO] [stdout] | ^^^^^^^^^ required by this bound in `si::Quantity` [INFO] [stdout] | [INFO] [stdout] ::: /opt/rustwide/cargo-home/registry/src/github.com-1ecc6299db9ec823/uom-0.22.2/src/si/mod.rs:10:1 [INFO] [stdout] | [INFO] [stdout] 10 | / system! { [INFO] [stdout] 11 | | /// [International System of Quantities](http://jcgm.bipm.org/vim/en/1.6.html) (ISQ). [INFO] [stdout] 12 | | quantities: ISQ { [INFO] [stdout] 13 | | length: meter, L; [INFO] [stdout] ... | [INFO] [stdout] 58 | | } [INFO] [stdout] 59 | | } [INFO] [stdout] | |_- in this macro invocation [INFO] [stdout] = note: this error originates in the macro `system` (in Nightly builds, run with -Z macro-backtrace for more info) [INFO] [stdout] [INFO] [stdout] [INFO] [stdout] error[E0277]: the trait bound `<::J as std::ops::Mul>::Output: Integer` is not satisfied [INFO] [stdout] --> /opt/rustwide/cargo-home/registry/src/github.com-1ecc6299db9ec823/uom-0.22.2/src/system.rs:740:18 [INFO] [stdout] | [INFO] [stdout] 740 | ) -> Quantity<$quantities<$($crate::typenum::Prod),+>, U, V> [INFO] [stdout] | ^^^^^^^^^^^^^^^^^^^^^^^^^^^^^^^^^^^^^^^^^^^^^^^^^^^^^^^^^^^^^^^^^^^^^^ the trait `Integer` is not implemented for `<::J as std::ops::Mul>::Output` [INFO] [stdout] | [INFO] [stdout] ::: /opt/rustwide/cargo-home/registry/src/github.com-1ecc6299db9ec823/uom-0.22.2/src/si/mod.rs:10:1 [INFO] [stdout] | [INFO] [stdout] 10 | / system! { [INFO] [stdout] 11 | | /// [International System of Quantities](http://jcgm.bipm.org/vim/en/1.6.html) (ISQ). [INFO] [stdout] 12 | | quantities: ISQ { [INFO] [stdout] 13 | | length: meter, L; [INFO] [stdout] ... | [INFO] [stdout] 58 | | } [INFO] [stdout] 59 | | } [INFO] [stdout] | |_- in this macro invocation [INFO] [stdout] | [INFO] [stdout] note: required by a bound in `si::Quantity` [INFO] [stdout] --> /opt/rustwide/cargo-home/registry/src/github.com-1ecc6299db9ec823/uom-0.22.2/src/system.rs:232:16 [INFO] [stdout] | [INFO] [stdout] 230 | pub struct Quantity [INFO] [stdout] | -------- required by a bound in this [INFO] [stdout] 231 | where [INFO] [stdout] 232 | D: Dimension + ?Sized, [INFO] [stdout] | ^^^^^^^^^ required by this bound in `si::Quantity` [INFO] [stdout] | [INFO] [stdout] ::: /opt/rustwide/cargo-home/registry/src/github.com-1ecc6299db9ec823/uom-0.22.2/src/si/mod.rs:10:1 [INFO] [stdout] | [INFO] [stdout] 10 | / system! { [INFO] [stdout] 11 | | /// [International System of Quantities](http://jcgm.bipm.org/vim/en/1.6.html) (ISQ). [INFO] [stdout] 12 | | quantities: ISQ { [INFO] [stdout] 13 | | length: meter, L; [INFO] [stdout] ... | [INFO] [stdout] 58 | | } [INFO] [stdout] 59 | | } [INFO] [stdout] | |_- in this macro invocation [INFO] [stdout] = note: this error originates in the macro `system` (in Nightly builds, run with -Z macro-backtrace for more info) [INFO] [stdout] [INFO] [stdout] [INFO] [stdout] error[E0277]: the trait bound `<
::L as std::ops::Add<::L>>::Output: Integer` is not satisfied [INFO] [stdout] --> /opt/rustwide/cargo-home/registry/src/github.com-1ecc6299db9ec823/uom-0.22.2/src/system.rs:418:35 [INFO] [stdout] | [INFO] [stdout] 418 | type Output = Quantity< [INFO] [stdout] | ___________________________________^ [INFO] [stdout] 419 | | $quantities<$($crate::typenum::$AddSubAlias,)+>, [INFO] [stdout] 420 | | Ul, V>; [INFO] [stdout] | |______________________________^ the trait `Integer` is not implemented for `<
::L as std::ops::Add<::L>>::Output` [INFO] [stdout] | [INFO] [stdout] ::: /opt/rustwide/cargo-home/registry/src/github.com-1ecc6299db9ec823/uom-0.22.2/src/si/mod.rs:10:1 [INFO] [stdout] | [INFO] [stdout] 10 | / system! { [INFO] [stdout] 11 | | /// [International System of Quantities](http://jcgm.bipm.org/vim/en/1.6.html) (ISQ). [INFO] [stdout] 12 | | quantities: ISQ { [INFO] [stdout] 13 | | length: meter, L; [INFO] [stdout] ... | [INFO] [stdout] 58 | | } [INFO] [stdout] 59 | | } [INFO] [stdout] | |_- in this macro invocation [INFO] [stdout] | [INFO] [stdout] note: required by a bound in `si::Quantity` [INFO] [stdout] --> /opt/rustwide/cargo-home/registry/src/github.com-1ecc6299db9ec823/uom-0.22.2/src/system.rs:232:16 [INFO] [stdout] | [INFO] [stdout] 230 | pub struct Quantity [INFO] [stdout] | -------- required by a bound in this [INFO] [stdout] 231 | where [INFO] [stdout] 232 | D: Dimension + ?Sized, [INFO] [stdout] | ^^^^^^^^^ required by this bound in `si::Quantity` [INFO] [stdout] | [INFO] [stdout] ::: /opt/rustwide/cargo-home/registry/src/github.com-1ecc6299db9ec823/uom-0.22.2/src/si/mod.rs:10:1 [INFO] [stdout] | [INFO] [stdout] 10 | / system! { [INFO] [stdout] 11 | | /// [International System of Quantities](http://jcgm.bipm.org/vim/en/1.6.html) (ISQ). [INFO] [stdout] 12 | | quantities: ISQ { [INFO] [stdout] 13 | | length: meter, L; [INFO] [stdout] ... | [INFO] [stdout] 58 | | } [INFO] [stdout] 59 | | } [INFO] [stdout] | |_- in this macro invocation [INFO] [stdout] = note: this error originates in the macro `impl_ops` (in Nightly builds, run with -Z macro-backtrace for more info) [INFO] [stdout] [INFO] [stdout] [INFO] [stderr] Checking trust-dns-proto v0.6.3 [INFO] [stderr] Checking trust-dns-proto v0.5.0 [INFO] [stderr] Checking cookie v0.11.4 [INFO] [stdout] error[E0277]: the trait bound `<
::M as std::ops::Add<::M>>::Output: Integer` is not satisfied [INFO] [stdout] --> /opt/rustwide/cargo-home/registry/src/github.com-1ecc6299db9ec823/uom-0.22.2/src/system.rs:418:35 [INFO] [stdout] | [INFO] [stdout] 418 | type Output = Quantity< [INFO] [stdout] | ___________________________________^ [INFO] [stdout] 419 | | $quantities<$($crate::typenum::$AddSubAlias,)+>, [INFO] [stdout] 420 | | Ul, V>; [INFO] [stdout] | |______________________________^ the trait `Integer` is not implemented for `<
::M as std::ops::Add<::M>>::Output` [INFO] [stdout] | [INFO] [stdout] ::: /opt/rustwide/cargo-home/registry/src/github.com-1ecc6299db9ec823/uom-0.22.2/src/si/mod.rs:10:1 [INFO] [stdout] | [INFO] [stdout] 10 | / system! { [INFO] [stdout] 11 | | /// [International System of Quantities](http://jcgm.bipm.org/vim/en/1.6.html) (ISQ). [INFO] [stdout] 12 | | quantities: ISQ { [INFO] [stdout] 13 | | length: meter, L; [INFO] [stdout] ... | [INFO] [stdout] 58 | | } [INFO] [stdout] 59 | | } [INFO] [stdout] | |_- in this macro invocation [INFO] [stdout] | [INFO] [stdout] note: required by a bound in `si::Quantity` [INFO] [stdout] --> /opt/rustwide/cargo-home/registry/src/github.com-1ecc6299db9ec823/uom-0.22.2/src/system.rs:232:16 [INFO] [stdout] | [INFO] [stdout] 230 | pub struct Quantity [INFO] [stdout] | -------- required by a bound in this [INFO] [stdout] 231 | where [INFO] [stdout] 232 | D: Dimension + ?Sized, [INFO] [stdout] | ^^^^^^^^^ required by this bound in `si::Quantity` [INFO] [stdout] | [INFO] [stdout] ::: /opt/rustwide/cargo-home/registry/src/github.com-1ecc6299db9ec823/uom-0.22.2/src/si/mod.rs:10:1 [INFO] [stdout] | [INFO] [stdout] 10 | / system! { [INFO] [stdout] 11 | | /// [International System of Quantities](http://jcgm.bipm.org/vim/en/1.6.html) (ISQ). [INFO] [stdout] 12 | | quantities: ISQ { [INFO] [stdout] 13 | | length: meter, L; [INFO] [stdout] ... | [INFO] [stdout] 58 | | } [INFO] [stdout] 59 | | } [INFO] [stdout] | |_- in this macro invocation [INFO] [stdout] = note: this error originates in the macro `impl_ops` (in Nightly builds, run with -Z macro-backtrace for more info) [INFO] [stdout] [INFO] [stdout] [INFO] [stdout] error[E0277]: the trait bound `<
::T as std::ops::Add<::T>>::Output: Integer` is not satisfied [INFO] [stdout] --> /opt/rustwide/cargo-home/registry/src/github.com-1ecc6299db9ec823/uom-0.22.2/src/system.rs:418:35 [INFO] [stdout] | [INFO] [stdout] 418 | type Output = Quantity< [INFO] [stdout] | ___________________________________^ [INFO] [stdout] 419 | | $quantities<$($crate::typenum::$AddSubAlias,)+>, [INFO] [stdout] 420 | | Ul, V>; [INFO] [stdout] | |______________________________^ the trait `Integer` is not implemented for `<
::T as std::ops::Add<::T>>::Output` [INFO] [stdout] | [INFO] [stdout] ::: /opt/rustwide/cargo-home/registry/src/github.com-1ecc6299db9ec823/uom-0.22.2/src/si/mod.rs:10:1 [INFO] [stdout] | [INFO] [stdout] 10 | / system! { [INFO] [stdout] 11 | | /// [International System of Quantities](http://jcgm.bipm.org/vim/en/1.6.html) (ISQ). [INFO] [stdout] 12 | | quantities: ISQ { [INFO] [stdout] 13 | | length: meter, L; [INFO] [stdout] ... | [INFO] [stdout] 58 | | } [INFO] [stdout] 59 | | } [INFO] [stdout] | |_- in this macro invocation [INFO] [stdout] | [INFO] [stdout] note: required by a bound in `si::Quantity` [INFO] [stdout] --> /opt/rustwide/cargo-home/registry/src/github.com-1ecc6299db9ec823/uom-0.22.2/src/system.rs:232:16 [INFO] [stdout] | [INFO] [stdout] 230 | pub struct Quantity [INFO] [stdout] | -------- required by a bound in this [INFO] [stdout] 231 | where [INFO] [stdout] 232 | D: Dimension + ?Sized, [INFO] [stdout] | ^^^^^^^^^ required by this bound in `si::Quantity` [INFO] [stdout] | [INFO] [stdout] ::: /opt/rustwide/cargo-home/registry/src/github.com-1ecc6299db9ec823/uom-0.22.2/src/si/mod.rs:10:1 [INFO] [stdout] | [INFO] [stdout] 10 | / system! { [INFO] [stdout] 11 | | /// [International System of Quantities](http://jcgm.bipm.org/vim/en/1.6.html) (ISQ). [INFO] [stdout] 12 | | quantities: ISQ { [INFO] [stdout] 13 | | length: meter, L; [INFO] [stdout] ... | [INFO] [stdout] 58 | | } [INFO] [stdout] 59 | | } [INFO] [stdout] | |_- in this macro invocation [INFO] [stdout] = note: this error originates in the macro `impl_ops` (in Nightly builds, run with -Z macro-backtrace for more info) [INFO] [stdout] [INFO] [stdout] [INFO] [stderr] Checking tokio v0.1.22 [INFO] [stdout] error[E0277]: the trait bound `<
::I as std::ops::Add<::I>>::Output: Integer` is not satisfied [INFO] [stdout] --> /opt/rustwide/cargo-home/registry/src/github.com-1ecc6299db9ec823/uom-0.22.2/src/system.rs:418:35 [INFO] [stdout] | [INFO] [stdout] 418 | type Output = Quantity< [INFO] [stdout] | ___________________________________^ [INFO] [stdout] 419 | | $quantities<$($crate::typenum::$AddSubAlias,)+>, [INFO] [stdout] 420 | | Ul, V>; [INFO] [stdout] | |______________________________^ the trait `Integer` is not implemented for `<
::I as std::ops::Add<::I>>::Output` [INFO] [stdout] | [INFO] [stdout] ::: /opt/rustwide/cargo-home/registry/src/github.com-1ecc6299db9ec823/uom-0.22.2/src/si/mod.rs:10:1 [INFO] [stdout] | [INFO] [stdout] 10 | / system! { [INFO] [stdout] 11 | | /// [International System of Quantities](http://jcgm.bipm.org/vim/en/1.6.html) (ISQ). [INFO] [stdout] 12 | | quantities: ISQ { [INFO] [stdout] 13 | | length: meter, L; [INFO] [stdout] ... | [INFO] [stdout] 58 | | } [INFO] [stdout] 59 | | } [INFO] [stdout] | |_- in this macro invocation [INFO] [stdout] | [INFO] [stdout] note: required by a bound in `si::Quantity` [INFO] [stdout] --> /opt/rustwide/cargo-home/registry/src/github.com-1ecc6299db9ec823/uom-0.22.2/src/system.rs:232:16 [INFO] [stdout] | [INFO] [stdout] 230 | pub struct Quantity [INFO] [stdout] | -------- required by a bound in this [INFO] [stdout] 231 | where [INFO] [stdout] 232 | D: Dimension + ?Sized, [INFO] [stdout] | ^^^^^^^^^ required by this bound in `si::Quantity` [INFO] [stdout] | [INFO] [stdout] ::: /opt/rustwide/cargo-home/registry/src/github.com-1ecc6299db9ec823/uom-0.22.2/src/si/mod.rs:10:1 [INFO] [stdout] | [INFO] [stdout] 10 | / system! { [INFO] [stdout] 11 | | /// [International System of Quantities](http://jcgm.bipm.org/vim/en/1.6.html) (ISQ). [INFO] [stdout] 12 | | quantities: ISQ { [INFO] [stdout] 13 | | length: meter, L; [INFO] [stdout] ... | [INFO] [stdout] 58 | | } [INFO] [stdout] 59 | | } [INFO] [stdout] | |_- in this macro invocation [INFO] [stdout] = note: this error originates in the macro `impl_ops` (in Nightly builds, run with -Z macro-backtrace for more info) [INFO] [stdout] [INFO] [stdout] [INFO] [stdout] error[E0277]: the trait bound `<
::Th as std::ops::Add<::Th>>::Output: Integer` is not satisfied [INFO] [stdout] --> /opt/rustwide/cargo-home/registry/src/github.com-1ecc6299db9ec823/uom-0.22.2/src/system.rs:418:35 [INFO] [stdout] | [INFO] [stdout] 418 | type Output = Quantity< [INFO] [stdout] | ___________________________________^ [INFO] [stdout] 419 | | $quantities<$($crate::typenum::$AddSubAlias,)+>, [INFO] [stdout] 420 | | Ul, V>; [INFO] [stdout] | |______________________________^ the trait `Integer` is not implemented for `<
::Th as std::ops::Add<::Th>>::Output` [INFO] [stdout] | [INFO] [stdout] ::: /opt/rustwide/cargo-home/registry/src/github.com-1ecc6299db9ec823/uom-0.22.2/src/si/mod.rs:10:1 [INFO] [stdout] | [INFO] [stdout] 10 | / system! { [INFO] [stdout] 11 | | /// [International System of Quantities](http://jcgm.bipm.org/vim/en/1.6.html) (ISQ). [INFO] [stdout] 12 | | quantities: ISQ { [INFO] [stdout] 13 | | length: meter, L; [INFO] [stdout] ... | [INFO] [stdout] 58 | | } [INFO] [stdout] 59 | | } [INFO] [stdout] | |_- in this macro invocation [INFO] [stdout] | [INFO] [stdout] note: required by a bound in `si::Quantity` [INFO] [stdout] --> /opt/rustwide/cargo-home/registry/src/github.com-1ecc6299db9ec823/uom-0.22.2/src/system.rs:232:16 [INFO] [stdout] | [INFO] [stdout] 230 | pub struct Quantity [INFO] [stdout] | -------- required by a bound in this [INFO] [stdout] 231 | where [INFO] [stdout] 232 | D: Dimension + ?Sized, [INFO] [stdout] | ^^^^^^^^^ required by this bound in `si::Quantity` [INFO] [stdout] | [INFO] [stdout] ::: /opt/rustwide/cargo-home/registry/src/github.com-1ecc6299db9ec823/uom-0.22.2/src/si/mod.rs:10:1 [INFO] [stdout] | [INFO] [stdout] 10 | / system! { [INFO] [stdout] 11 | | /// [International System of Quantities](http://jcgm.bipm.org/vim/en/1.6.html) (ISQ). [INFO] [stdout] 12 | | quantities: ISQ { [INFO] [stdout] 13 | | length: meter, L; [INFO] [stdout] ... | [INFO] [stdout] 58 | | } [INFO] [stdout] 59 | | } [INFO] [stdout] | |_- in this macro invocation [INFO] [stdout] = note: this error originates in the macro `impl_ops` (in Nightly builds, run with -Z macro-backtrace for more info) [INFO] [stdout] [INFO] [stdout] [INFO] [stdout] error[E0277]: the trait bound `<
::N as std::ops::Add<::N>>::Output: Integer` is not satisfied [INFO] [stdout] --> /opt/rustwide/cargo-home/registry/src/github.com-1ecc6299db9ec823/uom-0.22.2/src/system.rs:418:35 [INFO] [stdout] | [INFO] [stdout] 418 | type Output = Quantity< [INFO] [stdout] | ___________________________________^ [INFO] [stdout] 419 | | $quantities<$($crate::typenum::$AddSubAlias,)+>, [INFO] [stdout] 420 | | Ul, V>; [INFO] [stdout] | |______________________________^ the trait `Integer` is not implemented for `<
::N as std::ops::Add<::N>>::Output` [INFO] [stdout] | [INFO] [stdout] ::: /opt/rustwide/cargo-home/registry/src/github.com-1ecc6299db9ec823/uom-0.22.2/src/si/mod.rs:10:1 [INFO] [stdout] | [INFO] [stdout] 10 | / system! { [INFO] [stdout] 11 | | /// [International System of Quantities](http://jcgm.bipm.org/vim/en/1.6.html) (ISQ). [INFO] [stdout] 12 | | quantities: ISQ { [INFO] [stdout] 13 | | length: meter, L; [INFO] [stdout] ... | [INFO] [stdout] 58 | | } [INFO] [stdout] 59 | | } [INFO] [stdout] | |_- in this macro invocation [INFO] [stdout] | [INFO] [stdout] note: required by a bound in `si::Quantity` [INFO] [stdout] --> /opt/rustwide/cargo-home/registry/src/github.com-1ecc6299db9ec823/uom-0.22.2/src/system.rs:232:16 [INFO] [stdout] | [INFO] [stdout] 230 | pub struct Quantity [INFO] [stdout] | -------- required by a bound in this [INFO] [stdout] 231 | where [INFO] [stdout] 232 | D: Dimension + ?Sized, [INFO] [stdout] | ^^^^^^^^^ required by this bound in `si::Quantity` [INFO] [stdout] | [INFO] [stdout] ::: /opt/rustwide/cargo-home/registry/src/github.com-1ecc6299db9ec823/uom-0.22.2/src/si/mod.rs:10:1 [INFO] [stdout] | [INFO] [stdout] 10 | / system! { [INFO] [stdout] 11 | | /// [International System of Quantities](http://jcgm.bipm.org/vim/en/1.6.html) (ISQ). [INFO] [stdout] 12 | | quantities: ISQ { [INFO] [stdout] 13 | | length: meter, L; [INFO] [stdout] ... | [INFO] [stdout] 58 | | } [INFO] [stdout] 59 | | } [INFO] [stdout] | |_- in this macro invocation [INFO] [stdout] = note: this error originates in the macro `impl_ops` (in Nightly builds, run with -Z macro-backtrace for more info) [INFO] [stdout] [INFO] [stdout] [INFO] [stdout] error[E0277]: the trait bound `<
::J as std::ops::Add<::J>>::Output: Integer` is not satisfied [INFO] [stdout] --> /opt/rustwide/cargo-home/registry/src/github.com-1ecc6299db9ec823/uom-0.22.2/src/system.rs:418:35 [INFO] [stdout] | [INFO] [stdout] 418 | type Output = Quantity< [INFO] [stdout] | ___________________________________^ [INFO] [stdout] 419 | | $quantities<$($crate::typenum::$AddSubAlias,)+>, [INFO] [stdout] 420 | | Ul, V>; [INFO] [stdout] | |______________________________^ the trait `Integer` is not implemented for `<
::J as std::ops::Add<::J>>::Output` [INFO] [stdout] | [INFO] [stdout] ::: /opt/rustwide/cargo-home/registry/src/github.com-1ecc6299db9ec823/uom-0.22.2/src/si/mod.rs:10:1 [INFO] [stdout] | [INFO] [stdout] 10 | / system! { [INFO] [stdout] 11 | | /// [International System of Quantities](http://jcgm.bipm.org/vim/en/1.6.html) (ISQ). [INFO] [stdout] 12 | | quantities: ISQ { [INFO] [stdout] 13 | | length: meter, L; [INFO] [stdout] ... | [INFO] [stdout] 58 | | } [INFO] [stdout] 59 | | } [INFO] [stdout] | |_- in this macro invocation [INFO] [stdout] | [INFO] [stdout] note: required by a bound in `si::Quantity` [INFO] [stdout] --> /opt/rustwide/cargo-home/registry/src/github.com-1ecc6299db9ec823/uom-0.22.2/src/system.rs:232:16 [INFO] [stdout] | [INFO] [stdout] 230 | pub struct Quantity [INFO] [stdout] | -------- required by a bound in this [INFO] [stdout] 231 | where [INFO] [stdout] 232 | D: Dimension + ?Sized, [INFO] [stdout] | ^^^^^^^^^ required by this bound in `si::Quantity` [INFO] [stdout] | [INFO] [stdout] ::: /opt/rustwide/cargo-home/registry/src/github.com-1ecc6299db9ec823/uom-0.22.2/src/si/mod.rs:10:1 [INFO] [stdout] | [INFO] [stdout] 10 | / system! { [INFO] [stdout] 11 | | /// [International System of Quantities](http://jcgm.bipm.org/vim/en/1.6.html) (ISQ). [INFO] [stdout] 12 | | quantities: ISQ { [INFO] [stdout] 13 | | length: meter, L; [INFO] [stdout] ... | [INFO] [stdout] 58 | | } [INFO] [stdout] 59 | | } [INFO] [stdout] | |_- in this macro invocation [INFO] [stdout] = note: this error originates in the macro `impl_ops` (in Nightly builds, run with -Z macro-backtrace for more info) [INFO] [stdout] [INFO] [stdout] [INFO] [stdout] error[E0277]: the trait bound `<
::L as std::ops::Add<::L>>::Output: Integer` is not satisfied [INFO] [stdout] --> /opt/rustwide/cargo-home/registry/src/github.com-1ecc6299db9ec823/uom-0.22.2/src/system.rs:423:71 [INFO] [stdout] | [INFO] [stdout] 423 | fn $muldiv_fun(self, rhs: Quantity) -> Self::Output { [INFO] [stdout] | ^^^^^^^^^^^^ the trait `Integer` is not implemented for `<
::L as std::ops::Add<::L>>::Output` [INFO] [stdout] | [INFO] [stdout] ::: /opt/rustwide/cargo-home/registry/src/github.com-1ecc6299db9ec823/uom-0.22.2/src/si/mod.rs:10:1 [INFO] [stdout] | [INFO] [stdout] 10 | / system! { [INFO] [stdout] 11 | | /// [International System of Quantities](http://jcgm.bipm.org/vim/en/1.6.html) (ISQ). [INFO] [stdout] 12 | | quantities: ISQ { [INFO] [stdout] 13 | | length: meter, L; [INFO] [stdout] ... | [INFO] [stdout] 58 | | } [INFO] [stdout] 59 | | } [INFO] [stdout] | |_- in this macro invocation [INFO] [stdout] | [INFO] [stdout] note: required by a bound in `si::Quantity` [INFO] [stdout] --> /opt/rustwide/cargo-home/registry/src/github.com-1ecc6299db9ec823/uom-0.22.2/src/system.rs:232:16 [INFO] [stdout] | [INFO] [stdout] 230 | pub struct Quantity [INFO] [stdout] | -------- required by a bound in this [INFO] [stdout] 231 | where [INFO] [stdout] 232 | D: Dimension + ?Sized, [INFO] [stdout] | ^^^^^^^^^ required by this bound in `si::Quantity` [INFO] [stdout] | [INFO] [stdout] ::: /opt/rustwide/cargo-home/registry/src/github.com-1ecc6299db9ec823/uom-0.22.2/src/si/mod.rs:10:1 [INFO] [stdout] | [INFO] [stdout] 10 | / system! { [INFO] [stdout] 11 | | /// [International System of Quantities](http://jcgm.bipm.org/vim/en/1.6.html) (ISQ). [INFO] [stdout] 12 | | quantities: ISQ { [INFO] [stdout] 13 | | length: meter, L; [INFO] [stdout] ... | [INFO] [stdout] 58 | | } [INFO] [stdout] 59 | | } [INFO] [stdout] | |_- in this macro invocation [INFO] [stdout] = note: this error originates in the macro `impl_ops` (in Nightly builds, run with -Z macro-backtrace for more info) [INFO] [stdout] [INFO] [stdout] [INFO] [stdout] error[E0277]: the trait bound `<
::M as std::ops::Add<::M>>::Output: Integer` is not satisfied [INFO] [stdout] --> /opt/rustwide/cargo-home/registry/src/github.com-1ecc6299db9ec823/uom-0.22.2/src/system.rs:423:71 [INFO] [stdout] | [INFO] [stdout] 423 | fn $muldiv_fun(self, rhs: Quantity) -> Self::Output { [INFO] [stdout] | ^^^^^^^^^^^^ the trait `Integer` is not implemented for `<
::M as std::ops::Add<::M>>::Output` [INFO] [stdout] | [INFO] [stdout] ::: /opt/rustwide/cargo-home/registry/src/github.com-1ecc6299db9ec823/uom-0.22.2/src/si/mod.rs:10:1 [INFO] [stdout] | [INFO] [stdout] 10 | / system! { [INFO] [stdout] 11 | | /// [International System of Quantities](http://jcgm.bipm.org/vim/en/1.6.html) (ISQ). [INFO] [stdout] 12 | | quantities: ISQ { [INFO] [stdout] 13 | | length: meter, L; [INFO] [stdout] ... | [INFO] [stdout] 58 | | } [INFO] [stdout] 59 | | } [INFO] [stdout] | |_- in this macro invocation [INFO] [stdout] | [INFO] [stdout] note: required by a bound in `si::Quantity` [INFO] [stdout] --> /opt/rustwide/cargo-home/registry/src/github.com-1ecc6299db9ec823/uom-0.22.2/src/system.rs:232:16 [INFO] [stdout] | [INFO] [stdout] 230 | pub struct Quantity [INFO] [stdout] | -------- required by a bound in this [INFO] [stdout] 231 | where [INFO] [stdout] 232 | D: Dimension + ?Sized, [INFO] [stdout] | ^^^^^^^^^ required by this bound in `si::Quantity` [INFO] [stdout] | [INFO] [stdout] ::: /opt/rustwide/cargo-home/registry/src/github.com-1ecc6299db9ec823/uom-0.22.2/src/si/mod.rs:10:1 [INFO] [stdout] | [INFO] [stdout] 10 | / system! { [INFO] [stdout] 11 | | /// [International System of Quantities](http://jcgm.bipm.org/vim/en/1.6.html) (ISQ). [INFO] [stdout] 12 | | quantities: ISQ { [INFO] [stdout] 13 | | length: meter, L; [INFO] [stdout] ... | [INFO] [stdout] 58 | | } [INFO] [stdout] 59 | | } [INFO] [stdout] | |_- in this macro invocation [INFO] [stdout] = note: this error originates in the macro `impl_ops` (in Nightly builds, run with -Z macro-backtrace for more info) [INFO] [stdout] [INFO] [stdout] [INFO] [stdout] error[E0277]: the trait bound `<
::T as std::ops::Add<::T>>::Output: Integer` is not satisfied [INFO] [stdout] --> /opt/rustwide/cargo-home/registry/src/github.com-1ecc6299db9ec823/uom-0.22.2/src/system.rs:423:71 [INFO] [stdout] | [INFO] [stdout] 423 | fn $muldiv_fun(self, rhs: Quantity) -> Self::Output { [INFO] [stdout] | ^^^^^^^^^^^^ the trait `Integer` is not implemented for `<
::T as std::ops::Add<::T>>::Output` [INFO] [stdout] | [INFO] [stdout] ::: /opt/rustwide/cargo-home/registry/src/github.com-1ecc6299db9ec823/uom-0.22.2/src/si/mod.rs:10:1 [INFO] [stdout] | [INFO] [stdout] 10 | / system! { [INFO] [stdout] 11 | | /// [International System of Quantities](http://jcgm.bipm.org/vim/en/1.6.html) (ISQ). [INFO] [stdout] 12 | | quantities: ISQ { [INFO] [stdout] 13 | | length: meter, L; [INFO] [stdout] ... | [INFO] [stdout] 58 | | } [INFO] [stdout] 59 | | } [INFO] [stdout] | |_- in this macro invocation [INFO] [stdout] | [INFO] [stdout] note: required by a bound in `si::Quantity` [INFO] [stdout] --> /opt/rustwide/cargo-home/registry/src/github.com-1ecc6299db9ec823/uom-0.22.2/src/system.rs:232:16 [INFO] [stdout] | [INFO] [stdout] 230 | pub struct Quantity [INFO] [stdout] | -------- required by a bound in this [INFO] [stdout] 231 | where [INFO] [stdout] 232 | D: Dimension + ?Sized, [INFO] [stdout] | ^^^^^^^^^ required by this bound in `si::Quantity` [INFO] [stdout] | [INFO] [stdout] ::: /opt/rustwide/cargo-home/registry/src/github.com-1ecc6299db9ec823/uom-0.22.2/src/si/mod.rs:10:1 [INFO] [stdout] | [INFO] [stdout] 10 | / system! { [INFO] [stdout] 11 | | /// [International System of Quantities](http://jcgm.bipm.org/vim/en/1.6.html) (ISQ). [INFO] [stdout] 12 | | quantities: ISQ { [INFO] [stdout] 13 | | length: meter, L; [INFO] [stdout] ... | [INFO] [stdout] 58 | | } [INFO] [stdout] 59 | | } [INFO] [stdout] | |_- in this macro invocation [INFO] [stdout] = note: this error originates in the macro `impl_ops` (in Nightly builds, run with -Z macro-backtrace for more info) [INFO] [stdout] [INFO] [stdout] [INFO] [stdout] error[E0277]: the trait bound `<
::I as std::ops::Add<::I>>::Output: Integer` is not satisfied [INFO] [stdout] --> /opt/rustwide/cargo-home/registry/src/github.com-1ecc6299db9ec823/uom-0.22.2/src/system.rs:423:71 [INFO] [stdout] | [INFO] [stdout] 423 | fn $muldiv_fun(self, rhs: Quantity) -> Self::Output { [INFO] [stdout] | ^^^^^^^^^^^^ the trait `Integer` is not implemented for `<
::I as std::ops::Add<::I>>::Output` [INFO] [stdout] | [INFO] [stdout] ::: /opt/rustwide/cargo-home/registry/src/github.com-1ecc6299db9ec823/uom-0.22.2/src/si/mod.rs:10:1 [INFO] [stdout] | [INFO] [stdout] 10 | / system! { [INFO] [stdout] 11 | | /// [International System of Quantities](http://jcgm.bipm.org/vim/en/1.6.html) (ISQ). [INFO] [stdout] 12 | | quantities: ISQ { [INFO] [stdout] 13 | | length: meter, L; [INFO] [stdout] ... | [INFO] [stdout] 58 | | } [INFO] [stdout] 59 | | } [INFO] [stdout] | |_- in this macro invocation [INFO] [stdout] | [INFO] [stdout] note: required by a bound in `si::Quantity` [INFO] [stdout] --> /opt/rustwide/cargo-home/registry/src/github.com-1ecc6299db9ec823/uom-0.22.2/src/system.rs:232:16 [INFO] [stdout] | [INFO] [stdout] 230 | pub struct Quantity [INFO] [stdout] | -------- required by a bound in this [INFO] [stdout] 231 | where [INFO] [stdout] 232 | D: Dimension + ?Sized, [INFO] [stdout] | ^^^^^^^^^ required by this bound in `si::Quantity` [INFO] [stdout] | [INFO] [stdout] ::: /opt/rustwide/cargo-home/registry/src/github.com-1ecc6299db9ec823/uom-0.22.2/src/si/mod.rs:10:1 [INFO] [stdout] | [INFO] [stdout] 10 | / system! { [INFO] [stdout] 11 | | /// [International System of Quantities](http://jcgm.bipm.org/vim/en/1.6.html) (ISQ). [INFO] [stdout] 12 | | quantities: ISQ { [INFO] [stdout] 13 | | length: meter, L; [INFO] [stdout] ... | [INFO] [stdout] 58 | | } [INFO] [stdout] 59 | | } [INFO] [stdout] | |_- in this macro invocation [INFO] [stdout] = note: this error originates in the macro `impl_ops` (in Nightly builds, run with -Z macro-backtrace for more info) [INFO] [stdout] [INFO] [stdout] [INFO] [stdout] error[E0277]: the trait bound `<
::Th as std::ops::Add<::Th>>::Output: Integer` is not satisfied [INFO] [stdout] --> /opt/rustwide/cargo-home/registry/src/github.com-1ecc6299db9ec823/uom-0.22.2/src/system.rs:423:71 [INFO] [stdout] | [INFO] [stdout] 423 | fn $muldiv_fun(self, rhs: Quantity) -> Self::Output { [INFO] [stdout] | ^^^^^^^^^^^^ the trait `Integer` is not implemented for `<
::Th as std::ops::Add<::Th>>::Output` [INFO] [stdout] | [INFO] [stdout] ::: /opt/rustwide/cargo-home/registry/src/github.com-1ecc6299db9ec823/uom-0.22.2/src/si/mod.rs:10:1 [INFO] [stdout] | [INFO] [stdout] 10 | / system! { [INFO] [stdout] 11 | | /// [International System of Quantities](http://jcgm.bipm.org/vim/en/1.6.html) (ISQ). [INFO] [stdout] 12 | | quantities: ISQ { [INFO] [stdout] 13 | | length: meter, L; [INFO] [stdout] ... | [INFO] [stdout] 58 | | } [INFO] [stdout] 59 | | } [INFO] [stdout] | |_- in this macro invocation [INFO] [stdout] | [INFO] [stdout] note: required by a bound in `si::Quantity` [INFO] [stdout] --> /opt/rustwide/cargo-home/registry/src/github.com-1ecc6299db9ec823/uom-0.22.2/src/system.rs:232:16 [INFO] [stdout] | [INFO] [stdout] 230 | pub struct Quantity [INFO] [stdout] | -------- required by a bound in this [INFO] [stdout] 231 | where [INFO] [stdout] 232 | D: Dimension + ?Sized, [INFO] [stdout] | ^^^^^^^^^ required by this bound in `si::Quantity` [INFO] [stdout] | [INFO] [stdout] ::: /opt/rustwide/cargo-home/registry/src/github.com-1ecc6299db9ec823/uom-0.22.2/src/si/mod.rs:10:1 [INFO] [stdout] | [INFO] [stdout] 10 | / system! { [INFO] [stdout] 11 | | /// [International System of Quantities](http://jcgm.bipm.org/vim/en/1.6.html) (ISQ). [INFO] [stdout] 12 | | quantities: ISQ { [INFO] [stdout] 13 | | length: meter, L; [INFO] [stdout] ... | [INFO] [stdout] 58 | | } [INFO] [stdout] 59 | | } [INFO] [stdout] | |_- in this macro invocation [INFO] [stdout] = note: this error originates in the macro `impl_ops` (in Nightly builds, run with -Z macro-backtrace for more info) [INFO] [stdout] [INFO] [stdout] [INFO] [stdout] error[E0277]: the trait bound `<
::N as std::ops::Add<::N>>::Output: Integer` is not satisfied [INFO] [stdout] --> /opt/rustwide/cargo-home/registry/src/github.com-1ecc6299db9ec823/uom-0.22.2/src/system.rs:423:71 [INFO] [stdout] | [INFO] [stdout] 423 | fn $muldiv_fun(self, rhs: Quantity) -> Self::Output { [INFO] [stdout] | ^^^^^^^^^^^^ the trait `Integer` is not implemented for `<
::N as std::ops::Add<::N>>::Output` [INFO] [stdout] | [INFO] [stdout] ::: /opt/rustwide/cargo-home/registry/src/github.com-1ecc6299db9ec823/uom-0.22.2/src/si/mod.rs:10:1 [INFO] [stdout] | [INFO] [stdout] 10 | / system! { [INFO] [stdout] 11 | | /// [International System of Quantities](http://jcgm.bipm.org/vim/en/1.6.html) (ISQ). [INFO] [stdout] 12 | | quantities: ISQ { [INFO] [stdout] 13 | | length: meter, L; [INFO] [stdout] ... | [INFO] [stdout] 58 | | } [INFO] [stdout] 59 | | } [INFO] [stdout] | |_- in this macro invocation [INFO] [stdout] | [INFO] [stdout] note: required by a bound in `si::Quantity` [INFO] [stdout] --> /opt/rustwide/cargo-home/registry/src/github.com-1ecc6299db9ec823/uom-0.22.2/src/system.rs:232:16 [INFO] [stdout] | [INFO] [stdout] 230 | pub struct Quantity [INFO] [stdout] | -------- required by a bound in this [INFO] [stdout] 231 | where [INFO] [stdout] 232 | D: Dimension + ?Sized, [INFO] [stdout] | ^^^^^^^^^ required by this bound in `si::Quantity` [INFO] [stdout] | [INFO] [stdout] ::: /opt/rustwide/cargo-home/registry/src/github.com-1ecc6299db9ec823/uom-0.22.2/src/si/mod.rs:10:1 [INFO] [stdout] | [INFO] [stdout] 10 | / system! { [INFO] [stdout] 11 | | /// [International System of Quantities](http://jcgm.bipm.org/vim/en/1.6.html) (ISQ). [INFO] [stdout] 12 | | quantities: ISQ { [INFO] [stdout] 13 | | length: meter, L; [INFO] [stdout] ... | [INFO] [stdout] 58 | | } [INFO] [stdout] 59 | | } [INFO] [stdout] | |_- in this macro invocation [INFO] [stdout] = note: this error originates in the macro `impl_ops` (in Nightly builds, run with -Z macro-backtrace for more info) [INFO] [stdout] [INFO] [stdout] [INFO] [stdout] error[E0277]: the trait bound `<
::J as std::ops::Add<::J>>::Output: Integer` is not satisfied [INFO] [stdout] --> /opt/rustwide/cargo-home/registry/src/github.com-1ecc6299db9ec823/uom-0.22.2/src/system.rs:423:71 [INFO] [stdout] | [INFO] [stdout] 423 | fn $muldiv_fun(self, rhs: Quantity) -> Self::Output { [INFO] [stdout] | ^^^^^^^^^^^^ the trait `Integer` is not implemented for `<
::J as std::ops::Add<::J>>::Output` [INFO] [stdout] | [INFO] [stdout] ::: /opt/rustwide/cargo-home/registry/src/github.com-1ecc6299db9ec823/uom-0.22.2/src/si/mod.rs:10:1 [INFO] [stdout] | [INFO] [stdout] 10 | / system! { [INFO] [stdout] 11 | | /// [International System of Quantities](http://jcgm.bipm.org/vim/en/1.6.html) (ISQ). [INFO] [stdout] 12 | | quantities: ISQ { [INFO] [stdout] 13 | | length: meter, L; [INFO] [stdout] ... | [INFO] [stdout] 58 | | } [INFO] [stdout] 59 | | } [INFO] [stdout] | |_- in this macro invocation [INFO] [stdout] | [INFO] [stdout] note: required by a bound in `si::Quantity` [INFO] [stdout] --> /opt/rustwide/cargo-home/registry/src/github.com-1ecc6299db9ec823/uom-0.22.2/src/system.rs:232:16 [INFO] [stdout] | [INFO] [stdout] 230 | pub struct Quantity [INFO] [stdout] | -------- required by a bound in this [INFO] [stdout] 231 | where [INFO] [stdout] 232 | D: Dimension + ?Sized, [INFO] [stdout] | ^^^^^^^^^ required by this bound in `si::Quantity` [INFO] [stdout] | [INFO] [stdout] ::: /opt/rustwide/cargo-home/registry/src/github.com-1ecc6299db9ec823/uom-0.22.2/src/si/mod.rs:10:1 [INFO] [stdout] | [INFO] [stdout] 10 | / system! { [INFO] [stdout] 11 | | /// [International System of Quantities](http://jcgm.bipm.org/vim/en/1.6.html) (ISQ). [INFO] [stdout] 12 | | quantities: ISQ { [INFO] [stdout] 13 | | length: meter, L; [INFO] [stdout] ... | [INFO] [stdout] 58 | | } [INFO] [stdout] 59 | | } [INFO] [stdout] | |_- in this macro invocation [INFO] [stdout] = note: this error originates in the macro `impl_ops` (in Nightly builds, run with -Z macro-backtrace for more info) [INFO] [stdout] [INFO] [stdout] [INFO] [stdout] error[E0277]: the trait bound `::L>>::Output: Integer` is not satisfied [INFO] [stdout] --> /opt/rustwide/cargo-home/registry/src/github.com-1ecc6299db9ec823/uom-0.22.2/src/system.rs:503:43 [INFO] [stdout] | [INFO] [stdout] 503 | ... type Output = Quantity< [INFO] [stdout] | _____________________________________^ [INFO] [stdout] 504 | | ... $quantities< [INFO] [stdout] 505 | | ... $($crate::typenum::$AddSubAlias< [INFO] [stdout] 506 | | ... $crate::typenum::Z0, [INFO] [stdout] 507 | | ... D::$symbol>,)+>, [INFO] [stdout] 508 | | ... U, V>; [INFO] [stdout] | |_______________________________^ the trait `Integer` is not implemented for `::L>>::Output` [INFO] [stdout] | [INFO] [stdout] ::: /opt/rustwide/cargo-home/registry/src/github.com-1ecc6299db9ec823/uom-0.22.2/src/si/mod.rs:10:1 [INFO] [stdout] | [INFO] [stdout] 10 | / system! { [INFO] [stdout] 11 | | /// [International System of Quantities](http://jcgm.bipm.org/vim/en/1.6.html) (ISQ). [INFO] [stdout] 12 | | quantities: ISQ { [INFO] [stdout] 13 | | length: meter, L; [INFO] [stdout] ... | [INFO] [stdout] 58 | | } [INFO] [stdout] 59 | | } [INFO] [stdout] | |_- in this macro invocation [INFO] [stdout] | [INFO] [stdout] note: required by a bound in `si::Quantity` [INFO] [stdout] --> /opt/rustwide/cargo-home/registry/src/github.com-1ecc6299db9ec823/uom-0.22.2/src/system.rs:232:16 [INFO] [stdout] | [INFO] [stdout] 230 | pub struct Quantity [INFO] [stdout] | -------- required by a bound in this [INFO] [stdout] 231 | where [INFO] [stdout] 232 | D: Dimension + ?Sized, [INFO] [stdout] | ^^^^^^^^^ required by this bound in `si::Quantity` [INFO] [stdout] | [INFO] [stdout] ::: /opt/rustwide/cargo-home/registry/src/github.com-1ecc6299db9ec823/uom-0.22.2/src/si/mod.rs:10:1 [INFO] [stdout] | [INFO] [stdout] 10 | / system! { [INFO] [stdout] 11 | | /// [International System of Quantities](http://jcgm.bipm.org/vim/en/1.6.html) (ISQ). [INFO] [stdout] 12 | | quantities: ISQ { [INFO] [stdout] 13 | | length: meter, L; [INFO] [stdout] ... | [INFO] [stdout] 58 | | } [INFO] [stdout] 59 | | } [INFO] [stdout] | |_- in this macro invocation [INFO] [stdout] = note: this error originates in the macro `impl_ops` (in Nightly builds, run with -Z macro-backtrace for more info) [INFO] [stdout] [INFO] [stdout] [INFO] [stdout] error[E0277]: the trait bound `::M>>::Output: Integer` is not satisfied [INFO] [stdout] --> /opt/rustwide/cargo-home/registry/src/github.com-1ecc6299db9ec823/uom-0.22.2/src/system.rs:503:43 [INFO] [stdout] | [INFO] [stdout] 503 | ... type Output = Quantity< [INFO] [stdout] | _____________________________________^ [INFO] [stdout] 504 | | ... $quantities< [INFO] [stdout] 505 | | ... $($crate::typenum::$AddSubAlias< [INFO] [stdout] 506 | | ... $crate::typenum::Z0, [INFO] [stdout] 507 | | ... D::$symbol>,)+>, [INFO] [stdout] 508 | | ... U, V>; [INFO] [stdout] | |_______________________________^ the trait `Integer` is not implemented for `::M>>::Output` [INFO] [stdout] | [INFO] [stdout] ::: /opt/rustwide/cargo-home/registry/src/github.com-1ecc6299db9ec823/uom-0.22.2/src/si/mod.rs:10:1 [INFO] [stdout] | [INFO] [stdout] 10 | / system! { [INFO] [stdout] 11 | | /// [International System of Quantities](http://jcgm.bipm.org/vim/en/1.6.html) (ISQ). [INFO] [stdout] 12 | | quantities: ISQ { [INFO] [stdout] 13 | | length: meter, L; [INFO] [stdout] ... | [INFO] [stdout] 58 | | } [INFO] [stdout] 59 | | } [INFO] [stdout] | |_- in this macro invocation [INFO] [stdout] | [INFO] [stdout] note: required by a bound in `si::Quantity` [INFO] [stdout] --> /opt/rustwide/cargo-home/registry/src/github.com-1ecc6299db9ec823/uom-0.22.2/src/system.rs:232:16 [INFO] [stdout] | [INFO] [stdout] 230 | pub struct Quantity [INFO] [stdout] | -------- required by a bound in this [INFO] [stdout] 231 | where [INFO] [stdout] 232 | D: Dimension + ?Sized, [INFO] [stdout] | ^^^^^^^^^ required by this bound in `si::Quantity` [INFO] [stdout] | [INFO] [stdout] ::: /opt/rustwide/cargo-home/registry/src/github.com-1ecc6299db9ec823/uom-0.22.2/src/si/mod.rs:10:1 [INFO] [stdout] | [INFO] [stdout] 10 | / system! { [INFO] [stdout] 11 | | /// [International System of Quantities](http://jcgm.bipm.org/vim/en/1.6.html) (ISQ). [INFO] [stdout] 12 | | quantities: ISQ { [INFO] [stdout] 13 | | length: meter, L; [INFO] [stdout] ... | [INFO] [stdout] 58 | | } [INFO] [stdout] 59 | | } [INFO] [stdout] | |_- in this macro invocation [INFO] [stdout] = note: this error originates in the macro `impl_ops` (in Nightly builds, run with -Z macro-backtrace for more info) [INFO] [stdout] [INFO] [stdout] [INFO] [stdout] error[E0277]: the trait bound `::T>>::Output: Integer` is not satisfied [INFO] [stdout] --> /opt/rustwide/cargo-home/registry/src/github.com-1ecc6299db9ec823/uom-0.22.2/src/system.rs:503:43 [INFO] [stdout] | [INFO] [stdout] 503 | ... type Output = Quantity< [INFO] [stdout] | _____________________________________^ [INFO] [stdout] 504 | | ... $quantities< [INFO] [stdout] 505 | | ... $($crate::typenum::$AddSubAlias< [INFO] [stdout] 506 | | ... $crate::typenum::Z0, [INFO] [stdout] 507 | | ... D::$symbol>,)+>, [INFO] [stdout] 508 | | ... U, V>; [INFO] [stdout] | |_______________________________^ the trait `Integer` is not implemented for `::T>>::Output` [INFO] [stdout] | [INFO] [stdout] ::: /opt/rustwide/cargo-home/registry/src/github.com-1ecc6299db9ec823/uom-0.22.2/src/si/mod.rs:10:1 [INFO] [stdout] | [INFO] [stdout] 10 | / system! { [INFO] [stdout] 11 | | /// [International System of Quantities](http://jcgm.bipm.org/vim/en/1.6.html) (ISQ). [INFO] [stdout] 12 | | quantities: ISQ { [INFO] [stdout] 13 | | length: meter, L; [INFO] [stdout] ... | [INFO] [stdout] 58 | | } [INFO] [stdout] 59 | | } [INFO] [stdout] | |_- in this macro invocation [INFO] [stdout] | [INFO] [stdout] note: required by a bound in `si::Quantity` [INFO] [stdout] --> /opt/rustwide/cargo-home/registry/src/github.com-1ecc6299db9ec823/uom-0.22.2/src/system.rs:232:16 [INFO] [stdout] | [INFO] [stdout] 230 | pub struct Quantity [INFO] [stdout] | -------- required by a bound in this [INFO] [stdout] 231 | where [INFO] [stdout] 232 | D: Dimension + ?Sized, [INFO] [stdout] | ^^^^^^^^^ required by this bound in `si::Quantity` [INFO] [stdout] | [INFO] [stdout] ::: /opt/rustwide/cargo-home/registry/src/github.com-1ecc6299db9ec823/uom-0.22.2/src/si/mod.rs:10:1 [INFO] [stdout] | [INFO] [stdout] 10 | / system! { [INFO] [stdout] 11 | | /// [International System of Quantities](http://jcgm.bipm.org/vim/en/1.6.html) (ISQ). [INFO] [stdout] 12 | | quantities: ISQ { [INFO] [stdout] 13 | | length: meter, L; [INFO] [stdout] ... | [INFO] [stdout] 58 | | } [INFO] [stdout] 59 | | } [INFO] [stdout] | |_- in this macro invocation [INFO] [stdout] = note: this error originates in the macro `impl_ops` (in Nightly builds, run with -Z macro-backtrace for more info) [INFO] [stdout] [INFO] [stdout] [INFO] [stdout] error[E0277]: the trait bound `::I>>::Output: Integer` is not satisfied [INFO] [stdout] --> /opt/rustwide/cargo-home/registry/src/github.com-1ecc6299db9ec823/uom-0.22.2/src/system.rs:503:43 [INFO] [stdout] | [INFO] [stdout] 503 | ... type Output = Quantity< [INFO] [stdout] | _____________________________________^ [INFO] [stdout] 504 | | ... $quantities< [INFO] [stdout] 505 | | ... $($crate::typenum::$AddSubAlias< [INFO] [stdout] 506 | | ... $crate::typenum::Z0, [INFO] [stdout] 507 | | ... D::$symbol>,)+>, [INFO] [stdout] 508 | | ... U, V>; [INFO] [stdout] | |_______________________________^ the trait `Integer` is not implemented for `::I>>::Output` [INFO] [stdout] | [INFO] [stdout] ::: /opt/rustwide/cargo-home/registry/src/github.com-1ecc6299db9ec823/uom-0.22.2/src/si/mod.rs:10:1 [INFO] [stdout] | [INFO] [stdout] 10 | / system! { [INFO] [stdout] 11 | | /// [International System of Quantities](http://jcgm.bipm.org/vim/en/1.6.html) (ISQ). [INFO] [stdout] 12 | | quantities: ISQ { [INFO] [stdout] 13 | | length: meter, L; [INFO] [stdout] ... | [INFO] [stdout] 58 | | } [INFO] [stdout] 59 | | } [INFO] [stdout] | |_- in this macro invocation [INFO] [stdout] | [INFO] [stdout] note: required by a bound in `si::Quantity` [INFO] [stdout] --> /opt/rustwide/cargo-home/registry/src/github.com-1ecc6299db9ec823/uom-0.22.2/src/system.rs:232:16 [INFO] [stdout] | [INFO] [stdout] 230 | pub struct Quantity [INFO] [stdout] | -------- required by a bound in this [INFO] [stdout] 231 | where [INFO] [stdout] 232 | D: Dimension + ?Sized, [INFO] [stdout] | ^^^^^^^^^ required by this bound in `si::Quantity` [INFO] [stdout] | [INFO] [stdout] ::: /opt/rustwide/cargo-home/registry/src/github.com-1ecc6299db9ec823/uom-0.22.2/src/si/mod.rs:10:1 [INFO] [stdout] | [INFO] [stdout] 10 | / system! { [INFO] [stdout] 11 | | /// [International System of Quantities](http://jcgm.bipm.org/vim/en/1.6.html) (ISQ). [INFO] [stdout] 12 | | quantities: ISQ { [INFO] [stdout] 13 | | length: meter, L; [INFO] [stdout] ... | [INFO] [stdout] 58 | | } [INFO] [stdout] 59 | | } [INFO] [stdout] | |_- in this macro invocation [INFO] [stdout] = note: this error originates in the macro `impl_ops` (in Nightly builds, run with -Z macro-backtrace for more info) [INFO] [stdout] [INFO] [stdout] [INFO] [stdout] error[E0277]: the trait bound `::Th>>::Output: Integer` is not satisfied [INFO] [stdout] --> /opt/rustwide/cargo-home/registry/src/github.com-1ecc6299db9ec823/uom-0.22.2/src/system.rs:503:43 [INFO] [stdout] | [INFO] [stdout] 503 | ... type Output = Quantity< [INFO] [stdout] | _____________________________________^ [INFO] [stdout] 504 | | ... $quantities< [INFO] [stdout] 505 | | ... $($crate::typenum::$AddSubAlias< [INFO] [stdout] 506 | | ... $crate::typenum::Z0, [INFO] [stdout] 507 | | ... D::$symbol>,)+>, [INFO] [stdout] 508 | | ... U, V>; [INFO] [stdout] | |_______________________________^ the trait `Integer` is not implemented for `::Th>>::Output` [INFO] [stdout] | [INFO] [stdout] ::: /opt/rustwide/cargo-home/registry/src/github.com-1ecc6299db9ec823/uom-0.22.2/src/si/mod.rs:10:1 [INFO] [stdout] | [INFO] [stdout] 10 | / system! { [INFO] [stdout] 11 | | /// [International System of Quantities](http://jcgm.bipm.org/vim/en/1.6.html) (ISQ). [INFO] [stdout] 12 | | quantities: ISQ { [INFO] [stdout] 13 | | length: meter, L; [INFO] [stdout] ... | [INFO] [stdout] 58 | | } [INFO] [stdout] 59 | | } [INFO] [stdout] | |_- in this macro invocation [INFO] [stdout] | [INFO] [stdout] note: required by a bound in `si::Quantity` [INFO] [stdout] --> /opt/rustwide/cargo-home/registry/src/github.com-1ecc6299db9ec823/uom-0.22.2/src/system.rs:232:16 [INFO] [stdout] | [INFO] [stdout] 230 | pub struct Quantity [INFO] [stdout] | -------- required by a bound in this [INFO] [stdout] 231 | where [INFO] [stdout] 232 | D: Dimension + ?Sized, [INFO] [stdout] | ^^^^^^^^^ required by this bound in `si::Quantity` [INFO] [stdout] | [INFO] [stdout] ::: /opt/rustwide/cargo-home/registry/src/github.com-1ecc6299db9ec823/uom-0.22.2/src/si/mod.rs:10:1 [INFO] [stdout] | [INFO] [stdout] 10 | / system! { [INFO] [stdout] 11 | | /// [International System of Quantities](http://jcgm.bipm.org/vim/en/1.6.html) (ISQ). [INFO] [stdout] 12 | | quantities: ISQ { [INFO] [stdout] 13 | | length: meter, L; [INFO] [stdout] ... | [INFO] [stdout] 58 | | } [INFO] [stdout] 59 | | } [INFO] [stdout] | |_- in this macro invocation [INFO] [stdout] = note: this error originates in the macro `impl_ops` (in Nightly builds, run with -Z macro-backtrace for more info) [INFO] [stdout] [INFO] [stdout] [INFO] [stdout] error[E0277]: the trait bound `::N>>::Output: Integer` is not satisfied [INFO] [stdout] --> /opt/rustwide/cargo-home/registry/src/github.com-1ecc6299db9ec823/uom-0.22.2/src/system.rs:503:43 [INFO] [stdout] | [INFO] [stdout] 503 | ... type Output = Quantity< [INFO] [stdout] | _____________________________________^ [INFO] [stdout] 504 | | ... $quantities< [INFO] [stdout] 505 | | ... $($crate::typenum::$AddSubAlias< [INFO] [stdout] 506 | | ... $crate::typenum::Z0, [INFO] [stdout] 507 | | ... D::$symbol>,)+>, [INFO] [stdout] 508 | | ... U, V>; [INFO] [stdout] | |_______________________________^ the trait `Integer` is not implemented for `::N>>::Output` [INFO] [stdout] | [INFO] [stdout] ::: /opt/rustwide/cargo-home/registry/src/github.com-1ecc6299db9ec823/uom-0.22.2/src/si/mod.rs:10:1 [INFO] [stdout] | [INFO] [stdout] 10 | / system! { [INFO] [stdout] 11 | | /// [International System of Quantities](http://jcgm.bipm.org/vim/en/1.6.html) (ISQ). [INFO] [stdout] 12 | | quantities: ISQ { [INFO] [stdout] 13 | | length: meter, L; [INFO] [stdout] ... | [INFO] [stdout] 58 | | } [INFO] [stdout] 59 | | } [INFO] [stdout] | |_- in this macro invocation [INFO] [stdout] | [INFO] [stdout] note: required by a bound in `si::Quantity` [INFO] [stdout] --> /opt/rustwide/cargo-home/registry/src/github.com-1ecc6299db9ec823/uom-0.22.2/src/system.rs:232:16 [INFO] [stdout] | [INFO] [stdout] 230 | pub struct Quantity [INFO] [stdout] | -------- required by a bound in this [INFO] [stdout] 231 | where [INFO] [stdout] 232 | D: Dimension + ?Sized, [INFO] [stdout] | ^^^^^^^^^ required by this bound in `si::Quantity` [INFO] [stdout] | [INFO] [stdout] ::: /opt/rustwide/cargo-home/registry/src/github.com-1ecc6299db9ec823/uom-0.22.2/src/si/mod.rs:10:1 [INFO] [stdout] | [INFO] [stdout] 10 | / system! { [INFO] [stdout] 11 | | /// [International System of Quantities](http://jcgm.bipm.org/vim/en/1.6.html) (ISQ). [INFO] [stdout] 12 | | quantities: ISQ { [INFO] [stdout] 13 | | length: meter, L; [INFO] [stdout] ... | [INFO] [stdout] 58 | | } [INFO] [stdout] 59 | | } [INFO] [stdout] | |_- in this macro invocation [INFO] [stdout] = note: this error originates in the macro `impl_ops` (in Nightly builds, run with -Z macro-backtrace for more info) [INFO] [stdout] [INFO] [stdout] [INFO] [stdout] error[E0277]: the trait bound `::J>>::Output: Integer` is not satisfied [INFO] [stdout] --> /opt/rustwide/cargo-home/registry/src/github.com-1ecc6299db9ec823/uom-0.22.2/src/system.rs:503:43 [INFO] [stdout] | [INFO] [stdout] 503 | ... type Output = Quantity< [INFO] [stdout] | _____________________________________^ [INFO] [stdout] 504 | | ... $quantities< [INFO] [stdout] 505 | | ... $($crate::typenum::$AddSubAlias< [INFO] [stdout] 506 | | ... $crate::typenum::Z0, [INFO] [stdout] 507 | | ... D::$symbol>,)+>, [INFO] [stdout] 508 | | ... U, V>; [INFO] [stdout] | |_______________________________^ the trait `Integer` is not implemented for `::J>>::Output` [INFO] [stdout] | [INFO] [stdout] ::: /opt/rustwide/cargo-home/registry/src/github.com-1ecc6299db9ec823/uom-0.22.2/src/si/mod.rs:10:1 [INFO] [stdout] | [INFO] [stdout] 10 | / system! { [INFO] [stdout] 11 | | /// [International System of Quantities](http://jcgm.bipm.org/vim/en/1.6.html) (ISQ). [INFO] [stdout] 12 | | quantities: ISQ { [INFO] [stdout] 13 | | length: meter, L; [INFO] [stdout] ... | [INFO] [stdout] 58 | | } [INFO] [stdout] 59 | | } [INFO] [stdout] | |_- in this macro invocation [INFO] [stdout] | [INFO] [stdout] note: required by a bound in `si::Quantity` [INFO] [stdout] --> /opt/rustwide/cargo-home/registry/src/github.com-1ecc6299db9ec823/uom-0.22.2/src/system.rs:232:16 [INFO] [stdout] | [INFO] [stdout] 230 | pub struct Quantity [INFO] [stdout] | -------- required by a bound in this [INFO] [stdout] 231 | where [INFO] [stdout] 232 | D: Dimension + ?Sized, [INFO] [stdout] | ^^^^^^^^^ required by this bound in `si::Quantity` [INFO] [stdout] | [INFO] [stdout] ::: /opt/rustwide/cargo-home/registry/src/github.com-1ecc6299db9ec823/uom-0.22.2/src/si/mod.rs:10:1 [INFO] [stdout] | [INFO] [stdout] 10 | / system! { [INFO] [stdout] 11 | | /// [International System of Quantities](http://jcgm.bipm.org/vim/en/1.6.html) (ISQ). [INFO] [stdout] 12 | | quantities: ISQ { [INFO] [stdout] 13 | | length: meter, L; [INFO] [stdout] ... | [INFO] [stdout] 58 | | } [INFO] [stdout] 59 | | } [INFO] [stdout] | |_- in this macro invocation [INFO] [stdout] = note: this error originates in the macro `impl_ops` (in Nightly builds, run with -Z macro-backtrace for more info) [INFO] [stdout] [INFO] [stdout] [INFO] [stdout] error[E0277]: the trait bound `::L>>::Output: Integer` is not satisfied [INFO] [stdout] --> /opt/rustwide/cargo-home/registry/src/github.com-1ecc6299db9ec823/uom-0.22.2/src/system.rs:511:77 [INFO] [stdout] | [INFO] [stdout] 511 | ... fn $muldiv_fun(self, rhs: Quantity) -> Self::Output { [INFO] [stdout] | ^^^^^^^^^^^^ the trait `Integer` is not implemented for `::L>>::Output` [INFO] [stdout] | [INFO] [stdout] ::: /opt/rustwide/cargo-home/registry/src/github.com-1ecc6299db9ec823/uom-0.22.2/src/si/mod.rs:10:1 [INFO] [stdout] | [INFO] [stdout] 10 | / system! { [INFO] [stdout] 11 | | /// [International System of Quantities](http://jcgm.bipm.org/vim/en/1.6.html) (ISQ). [INFO] [stdout] 12 | | quantities: ISQ { [INFO] [stdout] 13 | | length: meter, L; [INFO] [stdout] ... | [INFO] [stdout] 58 | | } [INFO] [stdout] 59 | | } [INFO] [stdout] | |_- in this macro invocation [INFO] [stdout] | [INFO] [stdout] note: required by a bound in `si::Quantity` [INFO] [stdout] --> /opt/rustwide/cargo-home/registry/src/github.com-1ecc6299db9ec823/uom-0.22.2/src/system.rs:232:16 [INFO] [stdout] | [INFO] [stdout] 230 | pub struct Quantity [INFO] [stdout] | -------- required by a bound in this [INFO] [stdout] 231 | where [INFO] [stdout] 232 | D: Dimension + ?Sized, [INFO] [stdout] | ^^^^^^^^^ required by this bound in `si::Quantity` [INFO] [stdout] | [INFO] [stdout] ::: /opt/rustwide/cargo-home/registry/src/github.com-1ecc6299db9ec823/uom-0.22.2/src/si/mod.rs:10:1 [INFO] [stdout] | [INFO] [stdout] 10 | / system! { [INFO] [stdout] 11 | | /// [International System of Quantities](http://jcgm.bipm.org/vim/en/1.6.html) (ISQ). [INFO] [stdout] 12 | | quantities: ISQ { [INFO] [stdout] 13 | | length: meter, L; [INFO] [stdout] ... | [INFO] [stdout] 58 | | } [INFO] [stdout] 59 | | } [INFO] [stdout] | |_- in this macro invocation [INFO] [stdout] = note: this error originates in the macro `impl_ops` (in Nightly builds, run with -Z macro-backtrace for more info) [INFO] [stdout] [INFO] [stdout] [INFO] [stdout] error[E0277]: the trait bound `::M>>::Output: Integer` is not satisfied [INFO] [stdout] --> /opt/rustwide/cargo-home/registry/src/github.com-1ecc6299db9ec823/uom-0.22.2/src/system.rs:511:77 [INFO] [stdout] | [INFO] [stdout] 511 | ... fn $muldiv_fun(self, rhs: Quantity) -> Self::Output { [INFO] [stdout] | ^^^^^^^^^^^^ the trait `Integer` is not implemented for `::M>>::Output` [INFO] [stdout] | [INFO] [stdout] ::: /opt/rustwide/cargo-home/registry/src/github.com-1ecc6299db9ec823/uom-0.22.2/src/si/mod.rs:10:1 [INFO] [stdout] | [INFO] [stdout] 10 | / system! { [INFO] [stdout] 11 | | /// [International System of Quantities](http://jcgm.bipm.org/vim/en/1.6.html) (ISQ). [INFO] [stdout] 12 | | quantities: ISQ { [INFO] [stdout] 13 | | length: meter, L; [INFO] [stdout] ... | [INFO] [stdout] 58 | | } [INFO] [stdout] 59 | | } [INFO] [stdout] | |_- in this macro invocation [INFO] [stdout] | [INFO] [stdout] note: required by a bound in `si::Quantity` [INFO] [stdout] --> /opt/rustwide/cargo-home/registry/src/github.com-1ecc6299db9ec823/uom-0.22.2/src/system.rs:232:16 [INFO] [stdout] | [INFO] [stdout] 230 | pub struct Quantity [INFO] [stdout] | -------- required by a bound in this [INFO] [stdout] 231 | where [INFO] [stdout] 232 | D: Dimension + ?Sized, [INFO] [stdout] | ^^^^^^^^^ required by this bound in `si::Quantity` [INFO] [stdout] | [INFO] [stdout] ::: /opt/rustwide/cargo-home/registry/src/github.com-1ecc6299db9ec823/uom-0.22.2/src/si/mod.rs:10:1 [INFO] [stdout] | [INFO] [stdout] 10 | / system! { [INFO] [stdout] 11 | | /// [International System of Quantities](http://jcgm.bipm.org/vim/en/1.6.html) (ISQ). [INFO] [stdout] 12 | | quantities: ISQ { [INFO] [stdout] 13 | | length: meter, L; [INFO] [stdout] ... | [INFO] [stdout] 58 | | } [INFO] [stdout] 59 | | } [INFO] [stdout] | |_- in this macro invocation [INFO] [stdout] = note: this error originates in the macro `impl_ops` (in Nightly builds, run with -Z macro-backtrace for more info) [INFO] [stdout] [INFO] [stdout] [INFO] [stdout] error[E0277]: the trait bound `::T>>::Output: Integer` is not satisfied [INFO] [stdout] --> /opt/rustwide/cargo-home/registry/src/github.com-1ecc6299db9ec823/uom-0.22.2/src/system.rs:511:77 [INFO] [stdout] | [INFO] [stdout] 511 | ... fn $muldiv_fun(self, rhs: Quantity) -> Self::Output { [INFO] [stdout] | ^^^^^^^^^^^^ the trait `Integer` is not implemented for `::T>>::Output` [INFO] [stdout] | [INFO] [stdout] ::: /opt/rustwide/cargo-home/registry/src/github.com-1ecc6299db9ec823/uom-0.22.2/src/si/mod.rs:10:1 [INFO] [stdout] | [INFO] [stdout] 10 | / system! { [INFO] [stdout] 11 | | /// [International System of Quantities](http://jcgm.bipm.org/vim/en/1.6.html) (ISQ). [INFO] [stdout] 12 | | quantities: ISQ { [INFO] [stdout] 13 | | length: meter, L; [INFO] [stdout] ... | [INFO] [stdout] 58 | | } [INFO] [stdout] 59 | | } [INFO] [stdout] | |_- in this macro invocation [INFO] [stdout] | [INFO] [stdout] note: required by a bound in `si::Quantity` [INFO] [stdout] --> /opt/rustwide/cargo-home/registry/src/github.com-1ecc6299db9ec823/uom-0.22.2/src/system.rs:232:16 [INFO] [stdout] | [INFO] [stdout] 230 | pub struct Quantity [INFO] [stdout] | -------- required by a bound in this [INFO] [stdout] 231 | where [INFO] [stdout] 232 | D: Dimension + ?Sized, [INFO] [stdout] | ^^^^^^^^^ required by this bound in `si::Quantity` [INFO] [stdout] | [INFO] [stdout] ::: /opt/rustwide/cargo-home/registry/src/github.com-1ecc6299db9ec823/uom-0.22.2/src/si/mod.rs:10:1 [INFO] [stdout] | [INFO] [stdout] 10 | / system! { [INFO] [stdout] 11 | | /// [International System of Quantities](http://jcgm.bipm.org/vim/en/1.6.html) (ISQ). [INFO] [stdout] 12 | | quantities: ISQ { [INFO] [stdout] 13 | | length: meter, L; [INFO] [stdout] ... | [INFO] [stdout] 58 | | } [INFO] [stdout] 59 | | } [INFO] [stdout] | |_- in this macro invocation [INFO] [stdout] = note: this error originates in the macro `impl_ops` (in Nightly builds, run with -Z macro-backtrace for more info) [INFO] [stdout] [INFO] [stdout] [INFO] [stdout] error[E0277]: the trait bound `::I>>::Output: Integer` is not satisfied [INFO] [stdout] --> /opt/rustwide/cargo-home/registry/src/github.com-1ecc6299db9ec823/uom-0.22.2/src/system.rs:511:77 [INFO] [stdout] | [INFO] [stdout] 511 | ... fn $muldiv_fun(self, rhs: Quantity) -> Self::Output { [INFO] [stdout] | ^^^^^^^^^^^^ the trait `Integer` is not implemented for `::I>>::Output` [INFO] [stdout] | [INFO] [stdout] ::: /opt/rustwide/cargo-home/registry/src/github.com-1ecc6299db9ec823/uom-0.22.2/src/si/mod.rs:10:1 [INFO] [stdout] | [INFO] [stdout] 10 | / system! { [INFO] [stdout] 11 | | /// [International System of Quantities](http://jcgm.bipm.org/vim/en/1.6.html) (ISQ). [INFO] [stdout] 12 | | quantities: ISQ { [INFO] [stdout] 13 | | length: meter, L; [INFO] [stdout] ... | [INFO] [stdout] 58 | | } [INFO] [stdout] 59 | | } [INFO] [stdout] | |_- in this macro invocation [INFO] [stdout] | [INFO] [stdout] note: required by a bound in `si::Quantity` [INFO] [stdout] --> /opt/rustwide/cargo-home/registry/src/github.com-1ecc6299db9ec823/uom-0.22.2/src/system.rs:232:16 [INFO] [stdout] | [INFO] [stdout] 230 | pub struct Quantity [INFO] [stdout] | -------- required by a bound in this [INFO] [stdout] 231 | where [INFO] [stdout] 232 | D: Dimension + ?Sized, [INFO] [stdout] | ^^^^^^^^^ required by this bound in `si::Quantity` [INFO] [stdout] | [INFO] [stdout] ::: /opt/rustwide/cargo-home/registry/src/github.com-1ecc6299db9ec823/uom-0.22.2/src/si/mod.rs:10:1 [INFO] [stdout] | [INFO] [stdout] 10 | / system! { [INFO] [stdout] 11 | | /// [International System of Quantities](http://jcgm.bipm.org/vim/en/1.6.html) (ISQ). [INFO] [stdout] 12 | | quantities: ISQ { [INFO] [stdout] 13 | | length: meter, L; [INFO] [stdout] ... | [INFO] [stdout] 58 | | } [INFO] [stdout] 59 | | } [INFO] [stdout] | |_- in this macro invocation [INFO] [stdout] = note: this error originates in the macro `impl_ops` (in Nightly builds, run with -Z macro-backtrace for more info) [INFO] [stdout] [INFO] [stdout] [INFO] [stdout] error[E0277]: the trait bound `::Th>>::Output: Integer` is not satisfied [INFO] [stdout] --> /opt/rustwide/cargo-home/registry/src/github.com-1ecc6299db9ec823/uom-0.22.2/src/system.rs:511:77 [INFO] [stdout] | [INFO] [stdout] 511 | ... fn $muldiv_fun(self, rhs: Quantity) -> Self::Output { [INFO] [stdout] | ^^^^^^^^^^^^ the trait `Integer` is not implemented for `::Th>>::Output` [INFO] [stdout] | [INFO] [stdout] ::: /opt/rustwide/cargo-home/registry/src/github.com-1ecc6299db9ec823/uom-0.22.2/src/si/mod.rs:10:1 [INFO] [stdout] | [INFO] [stdout] 10 | / system! { [INFO] [stdout] 11 | | /// [International System of Quantities](http://jcgm.bipm.org/vim/en/1.6.html) (ISQ). [INFO] [stdout] 12 | | quantities: ISQ { [INFO] [stdout] 13 | | length: meter, L; [INFO] [stdout] ... | [INFO] [stdout] 58 | | } [INFO] [stdout] 59 | | } [INFO] [stdout] | |_- in this macro invocation [INFO] [stdout] | [INFO] [stdout] note: required by a bound in `si::Quantity` [INFO] [stdout] --> /opt/rustwide/cargo-home/registry/src/github.com-1ecc6299db9ec823/uom-0.22.2/src/system.rs:232:16 [INFO] [stdout] | [INFO] [stdout] 230 | pub struct Quantity [INFO] [stdout] | -------- required by a bound in this [INFO] [stdout] 231 | where [INFO] [stdout] 232 | D: Dimension + ?Sized, [INFO] [stdout] | ^^^^^^^^^ required by this bound in `si::Quantity` [INFO] [stdout] | [INFO] [stdout] ::: /opt/rustwide/cargo-home/registry/src/github.com-1ecc6299db9ec823/uom-0.22.2/src/si/mod.rs:10:1 [INFO] [stdout] | [INFO] [stdout] 10 | / system! { [INFO] [stdout] 11 | | /// [International System of Quantities](http://jcgm.bipm.org/vim/en/1.6.html) (ISQ). [INFO] [stdout] 12 | | quantities: ISQ { [INFO] [stdout] 13 | | length: meter, L; [INFO] [stdout] ... | [INFO] [stdout] 58 | | } [INFO] [stdout] 59 | | } [INFO] [stdout] | |_- in this macro invocation [INFO] [stdout] = note: this error originates in the macro `impl_ops` (in Nightly builds, run with -Z macro-backtrace for more info) [INFO] [stdout] [INFO] [stdout] [INFO] [stdout] error[E0277]: the trait bound `::N>>::Output: Integer` is not satisfied [INFO] [stdout] --> /opt/rustwide/cargo-home/registry/src/github.com-1ecc6299db9ec823/uom-0.22.2/src/system.rs:511:77 [INFO] [stdout] | [INFO] [stdout] 511 | ... fn $muldiv_fun(self, rhs: Quantity) -> Self::Output { [INFO] [stdout] | ^^^^^^^^^^^^ the trait `Integer` is not implemented for `::N>>::Output` [INFO] [stdout] | [INFO] [stdout] ::: /opt/rustwide/cargo-home/registry/src/github.com-1ecc6299db9ec823/uom-0.22.2/src/si/mod.rs:10:1 [INFO] [stdout] | [INFO] [stdout] 10 | / system! { [INFO] [stdout] 11 | | /// [International System of Quantities](http://jcgm.bipm.org/vim/en/1.6.html) (ISQ). [INFO] [stdout] 12 | | quantities: ISQ { [INFO] [stdout] 13 | | length: meter, L; [INFO] [stdout] ... | [INFO] [stdout] 58 | | } [INFO] [stdout] 59 | | } [INFO] [stdout] | |_- in this macro invocation [INFO] [stdout] | [INFO] [stdout] note: required by a bound in `si::Quantity` [INFO] [stdout] --> /opt/rustwide/cargo-home/registry/src/github.com-1ecc6299db9ec823/uom-0.22.2/src/system.rs:232:16 [INFO] [stdout] | [INFO] [stdout] 230 | pub struct Quantity [INFO] [stdout] | -------- required by a bound in this [INFO] [stdout] 231 | where [INFO] [stdout] 232 | D: Dimension + ?Sized, [INFO] [stdout] | ^^^^^^^^^ required by this bound in `si::Quantity` [INFO] [stdout] | [INFO] [stdout] ::: /opt/rustwide/cargo-home/registry/src/github.com-1ecc6299db9ec823/uom-0.22.2/src/si/mod.rs:10:1 [INFO] [stdout] | [INFO] [stdout] 10 | / system! { [INFO] [stdout] 11 | | /// [International System of Quantities](http://jcgm.bipm.org/vim/en/1.6.html) (ISQ). [INFO] [stdout] 12 | | quantities: ISQ { [INFO] [stdout] 13 | | length: meter, L; [INFO] [stdout] ... | [INFO] [stdout] 58 | | } [INFO] [stdout] 59 | | } [INFO] [stdout] | |_- in this macro invocation [INFO] [stdout] = note: this error originates in the macro `impl_ops` (in Nightly builds, run with -Z macro-backtrace for more info) [INFO] [stdout] [INFO] [stdout] [INFO] [stdout] error[E0277]: the trait bound `::J>>::Output: Integer` is not satisfied [INFO] [stdout] --> /opt/rustwide/cargo-home/registry/src/github.com-1ecc6299db9ec823/uom-0.22.2/src/system.rs:511:77 [INFO] [stdout] | [INFO] [stdout] 511 | ... fn $muldiv_fun(self, rhs: Quantity) -> Self::Output { [INFO] [stdout] | ^^^^^^^^^^^^ the trait `Integer` is not implemented for `::J>>::Output` [INFO] [stdout] | [INFO] [stdout] ::: /opt/rustwide/cargo-home/registry/src/github.com-1ecc6299db9ec823/uom-0.22.2/src/si/mod.rs:10:1 [INFO] [stdout] | [INFO] [stdout] 10 | / system! { [INFO] [stdout] 11 | | /// [International System of Quantities](http://jcgm.bipm.org/vim/en/1.6.html) (ISQ). [INFO] [stdout] 12 | | quantities: ISQ { [INFO] [stdout] 13 | | length: meter, L; [INFO] [stdout] ... | [INFO] [stdout] 58 | | } [INFO] [stdout] 59 | | } [INFO] [stdout] | |_- in this macro invocation [INFO] [stdout] | [INFO] [stdout] note: required by a bound in `si::Quantity` [INFO] [stdout] --> /opt/rustwide/cargo-home/registry/src/github.com-1ecc6299db9ec823/uom-0.22.2/src/system.rs:232:16 [INFO] [stdout] | [INFO] [stdout] 230 | pub struct Quantity [INFO] [stdout] | -------- required by a bound in this [INFO] [stdout] 231 | where [INFO] [stdout] 232 | D: Dimension + ?Sized, [INFO] [stdout] | ^^^^^^^^^ required by this bound in `si::Quantity` [INFO] [stdout] | [INFO] [stdout] ::: /opt/rustwide/cargo-home/registry/src/github.com-1ecc6299db9ec823/uom-0.22.2/src/si/mod.rs:10:1 [INFO] [stdout] | [INFO] [stdout] 10 | / system! { [INFO] [stdout] 11 | | /// [International System of Quantities](http://jcgm.bipm.org/vim/en/1.6.html) (ISQ). [INFO] [stdout] 12 | | quantities: ISQ { [INFO] [stdout] 13 | | length: meter, L; [INFO] [stdout] ... | [INFO] [stdout] 58 | | } [INFO] [stdout] 59 | | } [INFO] [stdout] | |_- in this macro invocation [INFO] [stdout] = note: this error originates in the macro `impl_ops` (in Nightly builds, run with -Z macro-backtrace for more info) [INFO] [stdout] [INFO] [stdout] [INFO] [stdout] error[E0277]: the trait bound `<
::L as std::ops::Sub<::L>>::Output: Integer` is not satisfied [INFO] [stdout] --> /opt/rustwide/cargo-home/registry/src/github.com-1ecc6299db9ec823/uom-0.22.2/src/system.rs:418:35 [INFO] [stdout] | [INFO] [stdout] 418 | type Output = Quantity< [INFO] [stdout] | ___________________________________^ [INFO] [stdout] 419 | | $quantities<$($crate::typenum::$AddSubAlias,)+>, [INFO] [stdout] 420 | | Ul, V>; [INFO] [stdout] | |______________________________^ the trait `Integer` is not implemented for `<
::L as std::ops::Sub<::L>>::Output` [INFO] [stdout] | [INFO] [stdout] ::: /opt/rustwide/cargo-home/registry/src/github.com-1ecc6299db9ec823/uom-0.22.2/src/si/mod.rs:10:1 [INFO] [stdout] | [INFO] [stdout] 10 | / system! { [INFO] [stdout] 11 | | /// [International System of Quantities](http://jcgm.bipm.org/vim/en/1.6.html) (ISQ). [INFO] [stdout] 12 | | quantities: ISQ { [INFO] [stdout] 13 | | length: meter, L; [INFO] [stdout] ... | [INFO] [stdout] 58 | | } [INFO] [stdout] 59 | | } [INFO] [stdout] | |_- in this macro invocation [INFO] [stdout] | [INFO] [stdout] note: required by a bound in `si::Quantity` [INFO] [stdout] --> /opt/rustwide/cargo-home/registry/src/github.com-1ecc6299db9ec823/uom-0.22.2/src/system.rs:232:16 [INFO] [stdout] | [INFO] [stdout] 230 | pub struct Quantity [INFO] [stdout] | -------- required by a bound in this [INFO] [stdout] 231 | where [INFO] [stdout] 232 | D: Dimension + ?Sized, [INFO] [stdout] | ^^^^^^^^^ required by this bound in `si::Quantity` [INFO] [stdout] | [INFO] [stdout] ::: /opt/rustwide/cargo-home/registry/src/github.com-1ecc6299db9ec823/uom-0.22.2/src/si/mod.rs:10:1 [INFO] [stdout] | [INFO] [stdout] 10 | / system! { [INFO] [stdout] 11 | | /// [International System of Quantities](http://jcgm.bipm.org/vim/en/1.6.html) (ISQ). [INFO] [stdout] 12 | | quantities: ISQ { [INFO] [stdout] 13 | | length: meter, L; [INFO] [stdout] ... | [INFO] [stdout] 58 | | } [INFO] [stdout] 59 | | } [INFO] [stdout] | |_- in this macro invocation [INFO] [stdout] = note: this error originates in the macro `impl_ops` (in Nightly builds, run with -Z macro-backtrace for more info) [INFO] [stdout] [INFO] [stdout] [INFO] [stderr] Checking h2 v0.1.26 [INFO] [stdout] error[E0277]: the trait bound `<
::M as std::ops::Sub<::M>>::Output: Integer` is not satisfied [INFO] [stdout] --> /opt/rustwide/cargo-home/registry/src/github.com-1ecc6299db9ec823/uom-0.22.2/src/system.rs:418:35 [INFO] [stdout] | [INFO] [stdout] 418 | type Output = Quantity< [INFO] [stdout] | ___________________________________^ [INFO] [stdout] 419 | | $quantities<$($crate::typenum::$AddSubAlias,)+>, [INFO] [stdout] 420 | | Ul, V>; [INFO] [stdout] | |______________________________^ the trait `Integer` is not implemented for `<
::M as std::ops::Sub<::M>>::Output` [INFO] [stdout] | [INFO] [stdout] ::: /opt/rustwide/cargo-home/registry/src/github.com-1ecc6299db9ec823/uom-0.22.2/src/si/mod.rs:10:1 [INFO] [stdout] | [INFO] [stdout] 10 | / system! { [INFO] [stdout] 11 | | /// [International System of Quantities](http://jcgm.bipm.org/vim/en/1.6.html) (ISQ). [INFO] [stdout] 12 | | quantities: ISQ { [INFO] [stdout] 13 | | length: meter, L; [INFO] [stdout] ... | [INFO] [stdout] 58 | | } [INFO] [stdout] 59 | | } [INFO] [stdout] | |_- in this macro invocation [INFO] [stdout] | [INFO] [stdout] note: required by a bound in `si::Quantity` [INFO] [stdout] --> /opt/rustwide/cargo-home/registry/src/github.com-1ecc6299db9ec823/uom-0.22.2/src/system.rs:232:16 [INFO] [stdout] | [INFO] [stdout] 230 | pub struct Quantity [INFO] [stdout] | -------- required by a bound in this [INFO] [stdout] 231 | where [INFO] [stdout] 232 | D: Dimension + ?Sized, [INFO] [stdout] | ^^^^^^^^^ required by this bound in `si::Quantity` [INFO] [stdout] | [INFO] [stdout] ::: /opt/rustwide/cargo-home/registry/src/github.com-1ecc6299db9ec823/uom-0.22.2/src/si/mod.rs:10:1 [INFO] [stdout] | [INFO] [stdout] 10 | / system! { [INFO] [stdout] 11 | | /// [International System of Quantities](http://jcgm.bipm.org/vim/en/1.6.html) (ISQ). [INFO] [stdout] 12 | | quantities: ISQ { [INFO] [stdout] 13 | | length: meter, L; [INFO] [stdout] ... | [INFO] [stdout] 58 | | } [INFO] [stdout] 59 | | } [INFO] [stdout] | |_- in this macro invocation [INFO] [stdout] = note: this error originates in the macro `impl_ops` (in Nightly builds, run with -Z macro-backtrace for more info) [INFO] [stdout] [INFO] [stdout] [INFO] [stdout] error[E0277]: the trait bound `<
::T as std::ops::Sub<::T>>::Output: Integer` is not satisfied [INFO] [stdout] --> /opt/rustwide/cargo-home/registry/src/github.com-1ecc6299db9ec823/uom-0.22.2/src/system.rs:418:35 [INFO] [stdout] | [INFO] [stdout] 418 | type Output = Quantity< [INFO] [stdout] | ___________________________________^ [INFO] [stdout] 419 | | $quantities<$($crate::typenum::$AddSubAlias,)+>, [INFO] [stdout] 420 | | Ul, V>; [INFO] [stdout] | |______________________________^ the trait `Integer` is not implemented for `<
::T as std::ops::Sub<::T>>::Output` [INFO] [stdout] | [INFO] [stdout] ::: /opt/rustwide/cargo-home/registry/src/github.com-1ecc6299db9ec823/uom-0.22.2/src/si/mod.rs:10:1 [INFO] [stdout] | [INFO] [stdout] 10 | / system! { [INFO] [stdout] 11 | | /// [International System of Quantities](http://jcgm.bipm.org/vim/en/1.6.html) (ISQ). [INFO] [stdout] 12 | | quantities: ISQ { [INFO] [stdout] 13 | | length: meter, L; [INFO] [stdout] ... | [INFO] [stdout] 58 | | } [INFO] [stdout] 59 | | } [INFO] [stdout] | |_- in this macro invocation [INFO] [stdout] | [INFO] [stdout] note: required by a bound in `si::Quantity` [INFO] [stdout] --> /opt/rustwide/cargo-home/registry/src/github.com-1ecc6299db9ec823/uom-0.22.2/src/system.rs:232:16 [INFO] [stdout] | [INFO] [stdout] 230 | pub struct Quantity [INFO] [stdout] | -------- required by a bound in this [INFO] [stdout] 231 | where [INFO] [stdout] 232 | D: Dimension + ?Sized, [INFO] [stdout] | ^^^^^^^^^ required by this bound in `si::Quantity` [INFO] [stdout] | [INFO] [stdout] ::: /opt/rustwide/cargo-home/registry/src/github.com-1ecc6299db9ec823/uom-0.22.2/src/si/mod.rs:10:1 [INFO] [stdout] | [INFO] [stdout] 10 | / system! { [INFO] [stdout] 11 | | /// [International System of Quantities](http://jcgm.bipm.org/vim/en/1.6.html) (ISQ). [INFO] [stdout] 12 | | quantities: ISQ { [INFO] [stdout] 13 | | length: meter, L; [INFO] [stdout] ... | [INFO] [stdout] 58 | | } [INFO] [stdout] 59 | | } [INFO] [stdout] | |_- in this macro invocation [INFO] [stdout] = note: this error originates in the macro `impl_ops` (in Nightly builds, run with -Z macro-backtrace for more info) [INFO] [stdout] [INFO] [stdout] [INFO] [stdout] error[E0277]: the trait bound `<
::I as std::ops::Sub<::I>>::Output: Integer` is not satisfied [INFO] [stdout] --> /opt/rustwide/cargo-home/registry/src/github.com-1ecc6299db9ec823/uom-0.22.2/src/system.rs:418:35 [INFO] [stdout] | [INFO] [stdout] 418 | type Output = Quantity< [INFO] [stdout] | ___________________________________^ [INFO] [stdout] 419 | | $quantities<$($crate::typenum::$AddSubAlias,)+>, [INFO] [stdout] 420 | | Ul, V>; [INFO] [stdout] | |______________________________^ the trait `Integer` is not implemented for `<
::I as std::ops::Sub<::I>>::Output` [INFO] [stdout] | [INFO] [stdout] ::: /opt/rustwide/cargo-home/registry/src/github.com-1ecc6299db9ec823/uom-0.22.2/src/si/mod.rs:10:1 [INFO] [stdout] | [INFO] [stdout] 10 | / system! { [INFO] [stdout] 11 | | /// [International System of Quantities](http://jcgm.bipm.org/vim/en/1.6.html) (ISQ). [INFO] [stdout] 12 | | quantities: ISQ { [INFO] [stdout] 13 | | length: meter, L; [INFO] [stdout] ... | [INFO] [stdout] 58 | | } [INFO] [stdout] 59 | | } [INFO] [stdout] | |_- in this macro invocation [INFO] [stdout] | [INFO] [stdout] note: required by a bound in `si::Quantity` [INFO] [stdout] --> /opt/rustwide/cargo-home/registry/src/github.com-1ecc6299db9ec823/uom-0.22.2/src/system.rs:232:16 [INFO] [stdout] | [INFO] [stdout] 230 | pub struct Quantity [INFO] [stdout] | -------- required by a bound in this [INFO] [stdout] 231 | where [INFO] [stdout] 232 | D: Dimension + ?Sized, [INFO] [stdout] | ^^^^^^^^^ required by this bound in `si::Quantity` [INFO] [stdout] | [INFO] [stdout] ::: /opt/rustwide/cargo-home/registry/src/github.com-1ecc6299db9ec823/uom-0.22.2/src/si/mod.rs:10:1 [INFO] [stdout] | [INFO] [stdout] 10 | / system! { [INFO] [stdout] 11 | | /// [International System of Quantities](http://jcgm.bipm.org/vim/en/1.6.html) (ISQ). [INFO] [stdout] 12 | | quantities: ISQ { [INFO] [stdout] 13 | | length: meter, L; [INFO] [stdout] ... | [INFO] [stdout] 58 | | } [INFO] [stdout] 59 | | } [INFO] [stdout] | |_- in this macro invocation [INFO] [stdout] = note: this error originates in the macro `impl_ops` (in Nightly builds, run with -Z macro-backtrace for more info) [INFO] [stdout] [INFO] [stdout] [INFO] [stdout] error[E0277]: the trait bound `<
::Th as std::ops::Sub<::Th>>::Output: Integer` is not satisfied [INFO] [stdout] --> /opt/rustwide/cargo-home/registry/src/github.com-1ecc6299db9ec823/uom-0.22.2/src/system.rs:418:35 [INFO] [stdout] | [INFO] [stdout] 418 | type Output = Quantity< [INFO] [stdout] | ___________________________________^ [INFO] [stdout] 419 | | $quantities<$($crate::typenum::$AddSubAlias,)+>, [INFO] [stdout] 420 | | Ul, V>; [INFO] [stdout] | |______________________________^ the trait `Integer` is not implemented for `<
::Th as std::ops::Sub<::Th>>::Output` [INFO] [stdout] | [INFO] [stdout] ::: /opt/rustwide/cargo-home/registry/src/github.com-1ecc6299db9ec823/uom-0.22.2/src/si/mod.rs:10:1 [INFO] [stdout] | [INFO] [stdout] 10 | / system! { [INFO] [stdout] 11 | | /// [International System of Quantities](http://jcgm.bipm.org/vim/en/1.6.html) (ISQ). [INFO] [stdout] 12 | | quantities: ISQ { [INFO] [stdout] 13 | | length: meter, L; [INFO] [stdout] ... | [INFO] [stdout] 58 | | } [INFO] [stdout] 59 | | } [INFO] [stdout] | |_- in this macro invocation [INFO] [stdout] | [INFO] [stdout] note: required by a bound in `si::Quantity` [INFO] [stdout] --> /opt/rustwide/cargo-home/registry/src/github.com-1ecc6299db9ec823/uom-0.22.2/src/system.rs:232:16 [INFO] [stdout] | [INFO] [stdout] 230 | pub struct Quantity [INFO] [stdout] | -------- required by a bound in this [INFO] [stdout] 231 | where [INFO] [stdout] 232 | D: Dimension + ?Sized, [INFO] [stdout] | ^^^^^^^^^ required by this bound in `si::Quantity` [INFO] [stdout] | [INFO] [stdout] ::: /opt/rustwide/cargo-home/registry/src/github.com-1ecc6299db9ec823/uom-0.22.2/src/si/mod.rs:10:1 [INFO] [stdout] | [INFO] [stdout] 10 | / system! { [INFO] [stdout] 11 | | /// [International System of Quantities](http://jcgm.bipm.org/vim/en/1.6.html) (ISQ). [INFO] [stdout] 12 | | quantities: ISQ { [INFO] [stdout] 13 | | length: meter, L; [INFO] [stdout] ... | [INFO] [stdout] 58 | | } [INFO] [stdout] 59 | | } [INFO] [stdout] | |_- in this macro invocation [INFO] [stdout] = note: this error originates in the macro `impl_ops` (in Nightly builds, run with -Z macro-backtrace for more info) [INFO] [stdout] [INFO] [stdout] [INFO] [stdout] error[E0277]: the trait bound `<
::N as std::ops::Sub<::N>>::Output: Integer` is not satisfied [INFO] [stdout] --> /opt/rustwide/cargo-home/registry/src/github.com-1ecc6299db9ec823/uom-0.22.2/src/system.rs:418:35 [INFO] [stdout] | [INFO] [stdout] 418 | type Output = Quantity< [INFO] [stdout] | ___________________________________^ [INFO] [stdout] 419 | | $quantities<$($crate::typenum::$AddSubAlias,)+>, [INFO] [stdout] 420 | | Ul, V>; [INFO] [stdout] | |______________________________^ the trait `Integer` is not implemented for `<
::N as std::ops::Sub<::N>>::Output` [INFO] [stdout] | [INFO] [stdout] ::: /opt/rustwide/cargo-home/registry/src/github.com-1ecc6299db9ec823/uom-0.22.2/src/si/mod.rs:10:1 [INFO] [stdout] | [INFO] [stdout] 10 | / system! { [INFO] [stdout] 11 | | /// [International System of Quantities](http://jcgm.bipm.org/vim/en/1.6.html) (ISQ). [INFO] [stdout] 12 | | quantities: ISQ { [INFO] [stdout] 13 | | length: meter, L; [INFO] [stdout] ... | [INFO] [stdout] 58 | | } [INFO] [stdout] 59 | | } [INFO] [stdout] | |_- in this macro invocation [INFO] [stdout] | [INFO] [stdout] note: required by a bound in `si::Quantity` [INFO] [stdout] --> /opt/rustwide/cargo-home/registry/src/github.com-1ecc6299db9ec823/uom-0.22.2/src/system.rs:232:16 [INFO] [stdout] | [INFO] [stdout] 230 | pub struct Quantity [INFO] [stdout] | -------- required by a bound in this [INFO] [stdout] 231 | where [INFO] [stdout] 232 | D: Dimension + ?Sized, [INFO] [stdout] | ^^^^^^^^^ required by this bound in `si::Quantity` [INFO] [stdout] | [INFO] [stdout] ::: /opt/rustwide/cargo-home/registry/src/github.com-1ecc6299db9ec823/uom-0.22.2/src/si/mod.rs:10:1 [INFO] [stdout] | [INFO] [stdout] 10 | / system! { [INFO] [stdout] 11 | | /// [International System of Quantities](http://jcgm.bipm.org/vim/en/1.6.html) (ISQ). [INFO] [stdout] 12 | | quantities: ISQ { [INFO] [stdout] 13 | | length: meter, L; [INFO] [stdout] ... | [INFO] [stdout] 58 | | } [INFO] [stdout] 59 | | } [INFO] [stdout] | |_- in this macro invocation [INFO] [stdout] = note: this error originates in the macro `impl_ops` (in Nightly builds, run with -Z macro-backtrace for more info) [INFO] [stdout] [INFO] [stdout] [INFO] [stdout] error[E0277]: the trait bound `<
::J as std::ops::Sub<::J>>::Output: Integer` is not satisfied [INFO] [stdout] --> /opt/rustwide/cargo-home/registry/src/github.com-1ecc6299db9ec823/uom-0.22.2/src/system.rs:418:35 [INFO] [stdout] | [INFO] [stdout] 418 | type Output = Quantity< [INFO] [stdout] | ___________________________________^ [INFO] [stdout] 419 | | $quantities<$($crate::typenum::$AddSubAlias,)+>, [INFO] [stdout] 420 | | Ul, V>; [INFO] [stdout] | |______________________________^ the trait `Integer` is not implemented for `<
::J as std::ops::Sub<::J>>::Output` [INFO] [stdout] | [INFO] [stdout] ::: /opt/rustwide/cargo-home/registry/src/github.com-1ecc6299db9ec823/uom-0.22.2/src/si/mod.rs:10:1 [INFO] [stdout] | [INFO] [stdout] 10 | / system! { [INFO] [stdout] 11 | | /// [International System of Quantities](http://jcgm.bipm.org/vim/en/1.6.html) (ISQ). [INFO] [stdout] 12 | | quantities: ISQ { [INFO] [stdout] 13 | | length: meter, L; [INFO] [stdout] ... | [INFO] [stdout] 58 | | } [INFO] [stdout] 59 | | } [INFO] [stdout] | |_- in this macro invocation [INFO] [stdout] | [INFO] [stdout] note: required by a bound in `si::Quantity` [INFO] [stdout] --> /opt/rustwide/cargo-home/registry/src/github.com-1ecc6299db9ec823/uom-0.22.2/src/system.rs:232:16 [INFO] [stdout] | [INFO] [stdout] 230 | pub struct Quantity [INFO] [stdout] | -------- required by a bound in this [INFO] [stdout] 231 | where [INFO] [stdout] 232 | D: Dimension + ?Sized, [INFO] [stdout] | ^^^^^^^^^ required by this bound in `si::Quantity` [INFO] [stdout] | [INFO] [stdout] ::: /opt/rustwide/cargo-home/registry/src/github.com-1ecc6299db9ec823/uom-0.22.2/src/si/mod.rs:10:1 [INFO] [stdout] | [INFO] [stdout] 10 | / system! { [INFO] [stdout] 11 | | /// [International System of Quantities](http://jcgm.bipm.org/vim/en/1.6.html) (ISQ). [INFO] [stdout] 12 | | quantities: ISQ { [INFO] [stdout] 13 | | length: meter, L; [INFO] [stdout] ... | [INFO] [stdout] 58 | | } [INFO] [stdout] 59 | | } [INFO] [stdout] | |_- in this macro invocation [INFO] [stdout] = note: this error originates in the macro `impl_ops` (in Nightly builds, run with -Z macro-backtrace for more info) [INFO] [stdout] [INFO] [stdout] [INFO] [stdout] error[E0277]: the trait bound `<
::L as std::ops::Sub<::L>>::Output: Integer` is not satisfied [INFO] [stdout] --> /opt/rustwide/cargo-home/registry/src/github.com-1ecc6299db9ec823/uom-0.22.2/src/system.rs:423:71 [INFO] [stdout] | [INFO] [stdout] 423 | fn $muldiv_fun(self, rhs: Quantity) -> Self::Output { [INFO] [stdout] | ^^^^^^^^^^^^ the trait `Integer` is not implemented for `<
::L as std::ops::Sub<::L>>::Output` [INFO] [stdout] | [INFO] [stdout] ::: /opt/rustwide/cargo-home/registry/src/github.com-1ecc6299db9ec823/uom-0.22.2/src/si/mod.rs:10:1 [INFO] [stdout] | [INFO] [stdout] 10 | / system! { [INFO] [stdout] 11 | | /// [International System of Quantities](http://jcgm.bipm.org/vim/en/1.6.html) (ISQ). [INFO] [stdout] 12 | | quantities: ISQ { [INFO] [stdout] 13 | | length: meter, L; [INFO] [stdout] ... | [INFO] [stdout] 58 | | } [INFO] [stdout] 59 | | } [INFO] [stdout] | |_- in this macro invocation [INFO] [stdout] | [INFO] [stdout] note: required by a bound in `si::Quantity` [INFO] [stdout] --> /opt/rustwide/cargo-home/registry/src/github.com-1ecc6299db9ec823/uom-0.22.2/src/system.rs:232:16 [INFO] [stdout] | [INFO] [stdout] 230 | pub struct Quantity [INFO] [stdout] | -------- required by a bound in this [INFO] [stdout] 231 | where [INFO] [stdout] 232 | D: Dimension + ?Sized, [INFO] [stdout] | ^^^^^^^^^ required by this bound in `si::Quantity` [INFO] [stdout] | [INFO] [stdout] ::: /opt/rustwide/cargo-home/registry/src/github.com-1ecc6299db9ec823/uom-0.22.2/src/si/mod.rs:10:1 [INFO] [stdout] | [INFO] [stdout] 10 | / system! { [INFO] [stdout] 11 | | /// [International System of Quantities](http://jcgm.bipm.org/vim/en/1.6.html) (ISQ). [INFO] [stdout] 12 | | quantities: ISQ { [INFO] [stdout] 13 | | length: meter, L; [INFO] [stdout] ... | [INFO] [stdout] 58 | | } [INFO] [stdout] 59 | | } [INFO] [stdout] | |_- in this macro invocation [INFO] [stdout] = note: this error originates in the macro `impl_ops` (in Nightly builds, run with -Z macro-backtrace for more info) [INFO] [stdout] [INFO] [stdout] [INFO] [stdout] error[E0277]: the trait bound `<
::M as std::ops::Sub<::M>>::Output: Integer` is not satisfied [INFO] [stdout] --> /opt/rustwide/cargo-home/registry/src/github.com-1ecc6299db9ec823/uom-0.22.2/src/system.rs:423:71 [INFO] [stdout] | [INFO] [stdout] 423 | fn $muldiv_fun(self, rhs: Quantity) -> Self::Output { [INFO] [stdout] | ^^^^^^^^^^^^ the trait `Integer` is not implemented for `<
::M as std::ops::Sub<::M>>::Output` [INFO] [stdout] | [INFO] [stdout] ::: /opt/rustwide/cargo-home/registry/src/github.com-1ecc6299db9ec823/uom-0.22.2/src/si/mod.rs:10:1 [INFO] [stdout] | [INFO] [stdout] 10 | / system! { [INFO] [stdout] 11 | | /// [International System of Quantities](http://jcgm.bipm.org/vim/en/1.6.html) (ISQ). [INFO] [stdout] 12 | | quantities: ISQ { [INFO] [stdout] 13 | | length: meter, L; [INFO] [stdout] ... | [INFO] [stdout] 58 | | } [INFO] [stdout] 59 | | } [INFO] [stdout] | |_- in this macro invocation [INFO] [stdout] | [INFO] [stdout] note: required by a bound in `si::Quantity` [INFO] [stdout] --> /opt/rustwide/cargo-home/registry/src/github.com-1ecc6299db9ec823/uom-0.22.2/src/system.rs:232:16 [INFO] [stdout] | [INFO] [stdout] 230 | pub struct Quantity [INFO] [stdout] | -------- required by a bound in this [INFO] [stdout] 231 | where [INFO] [stdout] 232 | D: Dimension + ?Sized, [INFO] [stdout] | ^^^^^^^^^ required by this bound in `si::Quantity` [INFO] [stdout] | [INFO] [stdout] ::: /opt/rustwide/cargo-home/registry/src/github.com-1ecc6299db9ec823/uom-0.22.2/src/si/mod.rs:10:1 [INFO] [stdout] | [INFO] [stdout] 10 | / system! { [INFO] [stdout] 11 | | /// [International System of Quantities](http://jcgm.bipm.org/vim/en/1.6.html) (ISQ). [INFO] [stdout] 12 | | quantities: ISQ { [INFO] [stdout] 13 | | length: meter, L; [INFO] [stdout] ... | [INFO] [stdout] 58 | | } [INFO] [stdout] 59 | | } [INFO] [stdout] | |_- in this macro invocation [INFO] [stdout] = note: this error originates in the macro `impl_ops` (in Nightly builds, run with -Z macro-backtrace for more info) [INFO] [stdout] [INFO] [stdout] [INFO] [stdout] error[E0277]: the trait bound `<
::T as std::ops::Sub<::T>>::Output: Integer` is not satisfied [INFO] [stdout] --> /opt/rustwide/cargo-home/registry/src/github.com-1ecc6299db9ec823/uom-0.22.2/src/system.rs:423:71 [INFO] [stdout] | [INFO] [stdout] 423 | fn $muldiv_fun(self, rhs: Quantity) -> Self::Output { [INFO] [stdout] | ^^^^^^^^^^^^ the trait `Integer` is not implemented for `<
::T as std::ops::Sub<::T>>::Output` [INFO] [stdout] | [INFO] [stdout] ::: /opt/rustwide/cargo-home/registry/src/github.com-1ecc6299db9ec823/uom-0.22.2/src/si/mod.rs:10:1 [INFO] [stdout] | [INFO] [stdout] 10 | / system! { [INFO] [stdout] 11 | | /// [International System of Quantities](http://jcgm.bipm.org/vim/en/1.6.html) (ISQ). [INFO] [stdout] 12 | | quantities: ISQ { [INFO] [stdout] 13 | | length: meter, L; [INFO] [stdout] ... | [INFO] [stdout] 58 | | } [INFO] [stdout] 59 | | } [INFO] [stdout] | |_- in this macro invocation [INFO] [stdout] | [INFO] [stdout] note: required by a bound in `si::Quantity` [INFO] [stdout] --> /opt/rustwide/cargo-home/registry/src/github.com-1ecc6299db9ec823/uom-0.22.2/src/system.rs:232:16 [INFO] [stdout] | [INFO] [stdout] 230 | pub struct Quantity [INFO] [stdout] | -------- required by a bound in this [INFO] [stdout] 231 | where [INFO] [stdout] 232 | D: Dimension + ?Sized, [INFO] [stdout] | ^^^^^^^^^ required by this bound in `si::Quantity` [INFO] [stdout] | [INFO] [stdout] ::: /opt/rustwide/cargo-home/registry/src/github.com-1ecc6299db9ec823/uom-0.22.2/src/si/mod.rs:10:1 [INFO] [stdout] | [INFO] [stdout] 10 | / system! { [INFO] [stdout] 11 | | /// [International System of Quantities](http://jcgm.bipm.org/vim/en/1.6.html) (ISQ). [INFO] [stdout] 12 | | quantities: ISQ { [INFO] [stdout] 13 | | length: meter, L; [INFO] [stdout] ... | [INFO] [stdout] 58 | | } [INFO] [stdout] 59 | | } [INFO] [stdout] | |_- in this macro invocation [INFO] [stdout] = note: this error originates in the macro `impl_ops` (in Nightly builds, run with -Z macro-backtrace for more info) [INFO] [stdout] [INFO] [stdout] [INFO] [stdout] error[E0277]: the trait bound `<
::I as std::ops::Sub<::I>>::Output: Integer` is not satisfied [INFO] [stdout] --> /opt/rustwide/cargo-home/registry/src/github.com-1ecc6299db9ec823/uom-0.22.2/src/system.rs:423:71 [INFO] [stdout] | [INFO] [stdout] 423 | fn $muldiv_fun(self, rhs: Quantity) -> Self::Output { [INFO] [stdout] | ^^^^^^^^^^^^ the trait `Integer` is not implemented for `<
::I as std::ops::Sub<::I>>::Output` [INFO] [stdout] | [INFO] [stdout] ::: /opt/rustwide/cargo-home/registry/src/github.com-1ecc6299db9ec823/uom-0.22.2/src/si/mod.rs:10:1 [INFO] [stdout] | [INFO] [stdout] 10 | / system! { [INFO] [stdout] 11 | | /// [International System of Quantities](http://jcgm.bipm.org/vim/en/1.6.html) (ISQ). [INFO] [stdout] 12 | | quantities: ISQ { [INFO] [stdout] 13 | | length: meter, L; [INFO] [stdout] ... | [INFO] [stdout] 58 | | } [INFO] [stdout] 59 | | } [INFO] [stdout] | |_- in this macro invocation [INFO] [stdout] | [INFO] [stdout] note: required by a bound in `si::Quantity` [INFO] [stdout] --> /opt/rustwide/cargo-home/registry/src/github.com-1ecc6299db9ec823/uom-0.22.2/src/system.rs:232:16 [INFO] [stdout] | [INFO] [stdout] 230 | pub struct Quantity [INFO] [stdout] | -------- required by a bound in this [INFO] [stdout] 231 | where [INFO] [stdout] 232 | D: Dimension + ?Sized, [INFO] [stdout] | ^^^^^^^^^ required by this bound in `si::Quantity` [INFO] [stdout] | [INFO] [stdout] ::: /opt/rustwide/cargo-home/registry/src/github.com-1ecc6299db9ec823/uom-0.22.2/src/si/mod.rs:10:1 [INFO] [stdout] | [INFO] [stdout] 10 | / system! { [INFO] [stdout] 11 | | /// [International System of Quantities](http://jcgm.bipm.org/vim/en/1.6.html) (ISQ). [INFO] [stdout] 12 | | quantities: ISQ { [INFO] [stdout] 13 | | length: meter, L; [INFO] [stdout] ... | [INFO] [stdout] 58 | | } [INFO] [stdout] 59 | | } [INFO] [stdout] | |_- in this macro invocation [INFO] [stdout] = note: this error originates in the macro `impl_ops` (in Nightly builds, run with -Z macro-backtrace for more info) [INFO] [stdout] [INFO] [stdout] [INFO] [stdout] error[E0277]: the trait bound `<
::Th as std::ops::Sub<::Th>>::Output: Integer` is not satisfied [INFO] [stdout] --> /opt/rustwide/cargo-home/registry/src/github.com-1ecc6299db9ec823/uom-0.22.2/src/system.rs:423:71 [INFO] [stdout] | [INFO] [stdout] 423 | fn $muldiv_fun(self, rhs: Quantity) -> Self::Output { [INFO] [stdout] | ^^^^^^^^^^^^ the trait `Integer` is not implemented for `<
::Th as std::ops::Sub<::Th>>::Output` [INFO] [stdout] | [INFO] [stdout] ::: /opt/rustwide/cargo-home/registry/src/github.com-1ecc6299db9ec823/uom-0.22.2/src/si/mod.rs:10:1 [INFO] [stdout] | [INFO] [stdout] 10 | / system! { [INFO] [stdout] 11 | | /// [International System of Quantities](http://jcgm.bipm.org/vim/en/1.6.html) (ISQ). [INFO] [stdout] 12 | | quantities: ISQ { [INFO] [stdout] 13 | | length: meter, L; [INFO] [stdout] ... | [INFO] [stdout] 58 | | } [INFO] [stdout] 59 | | } [INFO] [stdout] | |_- in this macro invocation [INFO] [stdout] | [INFO] [stdout] note: required by a bound in `si::Quantity` [INFO] [stdout] --> /opt/rustwide/cargo-home/registry/src/github.com-1ecc6299db9ec823/uom-0.22.2/src/system.rs:232:16 [INFO] [stdout] | [INFO] [stdout] 230 | pub struct Quantity [INFO] [stdout] | -------- required by a bound in this [INFO] [stdout] 231 | where [INFO] [stdout] 232 | D: Dimension + ?Sized, [INFO] [stdout] | ^^^^^^^^^ required by this bound in `si::Quantity` [INFO] [stdout] | [INFO] [stdout] ::: /opt/rustwide/cargo-home/registry/src/github.com-1ecc6299db9ec823/uom-0.22.2/src/si/mod.rs:10:1 [INFO] [stdout] | [INFO] [stdout] 10 | / system! { [INFO] [stdout] 11 | | /// [International System of Quantities](http://jcgm.bipm.org/vim/en/1.6.html) (ISQ). [INFO] [stdout] 12 | | quantities: ISQ { [INFO] [stdout] 13 | | length: meter, L; [INFO] [stdout] ... | [INFO] [stdout] 58 | | } [INFO] [stdout] 59 | | } [INFO] [stdout] | |_- in this macro invocation [INFO] [stdout] = note: this error originates in the macro `impl_ops` (in Nightly builds, run with -Z macro-backtrace for more info) [INFO] [stdout] [INFO] [stdout] [INFO] [stdout] error[E0277]: the trait bound `<
::N as std::ops::Sub<::N>>::Output: Integer` is not satisfied [INFO] [stdout] --> /opt/rustwide/cargo-home/registry/src/github.com-1ecc6299db9ec823/uom-0.22.2/src/system.rs:423:71 [INFO] [stdout] | [INFO] [stdout] 423 | fn $muldiv_fun(self, rhs: Quantity) -> Self::Output { [INFO] [stdout] | ^^^^^^^^^^^^ the trait `Integer` is not implemented for `<
::N as std::ops::Sub<::N>>::Output` [INFO] [stdout] | [INFO] [stdout] ::: /opt/rustwide/cargo-home/registry/src/github.com-1ecc6299db9ec823/uom-0.22.2/src/si/mod.rs:10:1 [INFO] [stdout] | [INFO] [stdout] 10 | / system! { [INFO] [stdout] 11 | | /// [International System of Quantities](http://jcgm.bipm.org/vim/en/1.6.html) (ISQ). [INFO] [stdout] 12 | | quantities: ISQ { [INFO] [stdout] 13 | | length: meter, L; [INFO] [stdout] ... | [INFO] [stdout] 58 | | } [INFO] [stdout] 59 | | } [INFO] [stdout] | |_- in this macro invocation [INFO] [stdout] | [INFO] [stdout] note: required by a bound in `si::Quantity` [INFO] [stdout] --> /opt/rustwide/cargo-home/registry/src/github.com-1ecc6299db9ec823/uom-0.22.2/src/system.rs:232:16 [INFO] [stdout] | [INFO] [stdout] 230 | pub struct Quantity [INFO] [stdout] | -------- required by a bound in this [INFO] [stdout] 231 | where [INFO] [stdout] 232 | D: Dimension + ?Sized, [INFO] [stdout] | ^^^^^^^^^ required by this bound in `si::Quantity` [INFO] [stdout] | [INFO] [stdout] ::: /opt/rustwide/cargo-home/registry/src/github.com-1ecc6299db9ec823/uom-0.22.2/src/si/mod.rs:10:1 [INFO] [stdout] | [INFO] [stdout] 10 | / system! { [INFO] [stdout] 11 | | /// [International System of Quantities](http://jcgm.bipm.org/vim/en/1.6.html) (ISQ). [INFO] [stdout] 12 | | quantities: ISQ { [INFO] [stdout] 13 | | length: meter, L; [INFO] [stdout] ... | [INFO] [stdout] 58 | | } [INFO] [stdout] 59 | | } [INFO] [stdout] | |_- in this macro invocation [INFO] [stdout] = note: this error originates in the macro `impl_ops` (in Nightly builds, run with -Z macro-backtrace for more info) [INFO] [stdout] [INFO] [stdout] [INFO] [stdout] error[E0277]: the trait bound `<
::J as std::ops::Sub<::J>>::Output: Integer` is not satisfied [INFO] [stdout] --> /opt/rustwide/cargo-home/registry/src/github.com-1ecc6299db9ec823/uom-0.22.2/src/system.rs:423:71 [INFO] [stdout] | [INFO] [stdout] 423 | fn $muldiv_fun(self, rhs: Quantity) -> Self::Output { [INFO] [stdout] | ^^^^^^^^^^^^ the trait `Integer` is not implemented for `<
::J as std::ops::Sub<::J>>::Output` [INFO] [stdout] | [INFO] [stdout] ::: /opt/rustwide/cargo-home/registry/src/github.com-1ecc6299db9ec823/uom-0.22.2/src/si/mod.rs:10:1 [INFO] [stdout] | [INFO] [stdout] 10 | / system! { [INFO] [stdout] 11 | | /// [International System of Quantities](http://jcgm.bipm.org/vim/en/1.6.html) (ISQ). [INFO] [stdout] 12 | | quantities: ISQ { [INFO] [stdout] 13 | | length: meter, L; [INFO] [stdout] ... | [INFO] [stdout] 58 | | } [INFO] [stdout] 59 | | } [INFO] [stdout] | |_- in this macro invocation [INFO] [stdout] | [INFO] [stdout] note: required by a bound in `si::Quantity` [INFO] [stdout] --> /opt/rustwide/cargo-home/registry/src/github.com-1ecc6299db9ec823/uom-0.22.2/src/system.rs:232:16 [INFO] [stdout] | [INFO] [stdout] 230 | pub struct Quantity [INFO] [stdout] | -------- required by a bound in this [INFO] [stdout] 231 | where [INFO] [stdout] 232 | D: Dimension + ?Sized, [INFO] [stdout] | ^^^^^^^^^ required by this bound in `si::Quantity` [INFO] [stdout] | [INFO] [stdout] ::: /opt/rustwide/cargo-home/registry/src/github.com-1ecc6299db9ec823/uom-0.22.2/src/si/mod.rs:10:1 [INFO] [stdout] | [INFO] [stdout] 10 | / system! { [INFO] [stdout] 11 | | /// [International System of Quantities](http://jcgm.bipm.org/vim/en/1.6.html) (ISQ). [INFO] [stdout] 12 | | quantities: ISQ { [INFO] [stdout] 13 | | length: meter, L; [INFO] [stdout] ... | [INFO] [stdout] 58 | | } [INFO] [stdout] 59 | | } [INFO] [stdout] | |_- in this macro invocation [INFO] [stdout] = note: this error originates in the macro `impl_ops` (in Nightly builds, run with -Z macro-backtrace for more info) [INFO] [stdout] [INFO] [stdout] [INFO] [stdout] error[E0277]: the trait bound `::L>>::Output: Integer` is not satisfied [INFO] [stdout] --> /opt/rustwide/cargo-home/registry/src/github.com-1ecc6299db9ec823/uom-0.22.2/src/system.rs:503:43 [INFO] [stdout] | [INFO] [stdout] 503 | ... type Output = Quantity< [INFO] [stdout] | _____________________________________^ [INFO] [stdout] 504 | | ... $quantities< [INFO] [stdout] 505 | | ... $($crate::typenum::$AddSubAlias< [INFO] [stdout] 506 | | ... $crate::typenum::Z0, [INFO] [stdout] 507 | | ... D::$symbol>,)+>, [INFO] [stdout] 508 | | ... U, V>; [INFO] [stdout] | |_______________________________^ the trait `Integer` is not implemented for `::L>>::Output` [INFO] [stdout] | [INFO] [stdout] ::: /opt/rustwide/cargo-home/registry/src/github.com-1ecc6299db9ec823/uom-0.22.2/src/si/mod.rs:10:1 [INFO] [stdout] | [INFO] [stdout] 10 | / system! { [INFO] [stdout] 11 | | /// [International System of Quantities](http://jcgm.bipm.org/vim/en/1.6.html) (ISQ). [INFO] [stdout] 12 | | quantities: ISQ { [INFO] [stdout] 13 | | length: meter, L; [INFO] [stdout] ... | [INFO] [stdout] 58 | | } [INFO] [stdout] 59 | | } [INFO] [stdout] | |_- in this macro invocation [INFO] [stdout] | [INFO] [stdout] note: required by a bound in `si::Quantity` [INFO] [stdout] --> /opt/rustwide/cargo-home/registry/src/github.com-1ecc6299db9ec823/uom-0.22.2/src/system.rs:232:16 [INFO] [stdout] | [INFO] [stdout] 230 | pub struct Quantity [INFO] [stdout] | -------- required by a bound in this [INFO] [stdout] 231 | where [INFO] [stdout] 232 | D: Dimension + ?Sized, [INFO] [stdout] | ^^^^^^^^^ required by this bound in `si::Quantity` [INFO] [stdout] | [INFO] [stdout] ::: /opt/rustwide/cargo-home/registry/src/github.com-1ecc6299db9ec823/uom-0.22.2/src/si/mod.rs:10:1 [INFO] [stdout] | [INFO] [stdout] 10 | / system! { [INFO] [stdout] 11 | | /// [International System of Quantities](http://jcgm.bipm.org/vim/en/1.6.html) (ISQ). [INFO] [stdout] 12 | | quantities: ISQ { [INFO] [stdout] 13 | | length: meter, L; [INFO] [stdout] ... | [INFO] [stdout] 58 | | } [INFO] [stdout] 59 | | } [INFO] [stdout] | |_- in this macro invocation [INFO] [stdout] = note: this error originates in the macro `impl_ops` (in Nightly builds, run with -Z macro-backtrace for more info) [INFO] [stdout] [INFO] [stdout] [INFO] [stdout] error[E0277]: the trait bound `::M>>::Output: Integer` is not satisfied [INFO] [stdout] --> /opt/rustwide/cargo-home/registry/src/github.com-1ecc6299db9ec823/uom-0.22.2/src/system.rs:503:43 [INFO] [stdout] | [INFO] [stdout] 503 | ... type Output = Quantity< [INFO] [stdout] | _____________________________________^ [INFO] [stdout] 504 | | ... $quantities< [INFO] [stdout] 505 | | ... $($crate::typenum::$AddSubAlias< [INFO] [stdout] 506 | | ... $crate::typenum::Z0, [INFO] [stdout] 507 | | ... D::$symbol>,)+>, [INFO] [stdout] 508 | | ... U, V>; [INFO] [stdout] | |_______________________________^ the trait `Integer` is not implemented for `::M>>::Output` [INFO] [stdout] | [INFO] [stdout] ::: /opt/rustwide/cargo-home/registry/src/github.com-1ecc6299db9ec823/uom-0.22.2/src/si/mod.rs:10:1 [INFO] [stdout] | [INFO] [stdout] 10 | / system! { [INFO] [stdout] 11 | | /// [International System of Quantities](http://jcgm.bipm.org/vim/en/1.6.html) (ISQ). [INFO] [stdout] 12 | | quantities: ISQ { [INFO] [stdout] 13 | | length: meter, L; [INFO] [stdout] ... | [INFO] [stdout] 58 | | } [INFO] [stdout] 59 | | } [INFO] [stdout] | |_- in this macro invocation [INFO] [stdout] | [INFO] [stdout] note: required by a bound in `si::Quantity` [INFO] [stdout] --> /opt/rustwide/cargo-home/registry/src/github.com-1ecc6299db9ec823/uom-0.22.2/src/system.rs:232:16 [INFO] [stdout] | [INFO] [stdout] 230 | pub struct Quantity [INFO] [stdout] | -------- required by a bound in this [INFO] [stdout] 231 | where [INFO] [stdout] 232 | D: Dimension + ?Sized, [INFO] [stdout] | ^^^^^^^^^ required by this bound in `si::Quantity` [INFO] [stdout] | [INFO] [stdout] ::: /opt/rustwide/cargo-home/registry/src/github.com-1ecc6299db9ec823/uom-0.22.2/src/si/mod.rs:10:1 [INFO] [stdout] | [INFO] [stdout] 10 | / system! { [INFO] [stdout] 11 | | /// [International System of Quantities](http://jcgm.bipm.org/vim/en/1.6.html) (ISQ). [INFO] [stdout] 12 | | quantities: ISQ { [INFO] [stdout] 13 | | length: meter, L; [INFO] [stdout] ... | [INFO] [stdout] 58 | | } [INFO] [stdout] 59 | | } [INFO] [stdout] | |_- in this macro invocation [INFO] [stdout] = note: this error originates in the macro `impl_ops` (in Nightly builds, run with -Z macro-backtrace for more info) [INFO] [stdout] [INFO] [stdout] [INFO] [stdout] error[E0277]: the trait bound `::T>>::Output: Integer` is not satisfied [INFO] [stdout] --> /opt/rustwide/cargo-home/registry/src/github.com-1ecc6299db9ec823/uom-0.22.2/src/system.rs:503:43 [INFO] [stdout] | [INFO] [stdout] 503 | ... type Output = Quantity< [INFO] [stdout] | _____________________________________^ [INFO] [stdout] 504 | | ... $quantities< [INFO] [stdout] 505 | | ... $($crate::typenum::$AddSubAlias< [INFO] [stdout] 506 | | ... $crate::typenum::Z0, [INFO] [stdout] 507 | | ... D::$symbol>,)+>, [INFO] [stdout] 508 | | ... U, V>; [INFO] [stdout] | |_______________________________^ the trait `Integer` is not implemented for `::T>>::Output` [INFO] [stdout] | [INFO] [stdout] ::: /opt/rustwide/cargo-home/registry/src/github.com-1ecc6299db9ec823/uom-0.22.2/src/si/mod.rs:10:1 [INFO] [stdout] | [INFO] [stdout] 10 | / system! { [INFO] [stdout] 11 | | /// [International System of Quantities](http://jcgm.bipm.org/vim/en/1.6.html) (ISQ). [INFO] [stdout] 12 | | quantities: ISQ { [INFO] [stdout] 13 | | length: meter, L; [INFO] [stdout] ... | [INFO] [stdout] 58 | | } [INFO] [stdout] 59 | | } [INFO] [stdout] | |_- in this macro invocation [INFO] [stdout] | [INFO] [stdout] note: required by a bound in `si::Quantity` [INFO] [stdout] --> /opt/rustwide/cargo-home/registry/src/github.com-1ecc6299db9ec823/uom-0.22.2/src/system.rs:232:16 [INFO] [stdout] | [INFO] [stdout] 230 | pub struct Quantity [INFO] [stdout] | -------- required by a bound in this [INFO] [stdout] 231 | where [INFO] [stdout] 232 | D: Dimension + ?Sized, [INFO] [stdout] | ^^^^^^^^^ required by this bound in `si::Quantity` [INFO] [stdout] | [INFO] [stdout] ::: /opt/rustwide/cargo-home/registry/src/github.com-1ecc6299db9ec823/uom-0.22.2/src/si/mod.rs:10:1 [INFO] [stdout] | [INFO] [stdout] 10 | / system! { [INFO] [stdout] 11 | | /// [International System of Quantities](http://jcgm.bipm.org/vim/en/1.6.html) (ISQ). [INFO] [stdout] 12 | | quantities: ISQ { [INFO] [stdout] 13 | | length: meter, L; [INFO] [stdout] ... | [INFO] [stdout] 58 | | } [INFO] [stdout] 59 | | } [INFO] [stdout] | |_- in this macro invocation [INFO] [stdout] = note: this error originates in the macro `impl_ops` (in Nightly builds, run with -Z macro-backtrace for more info) [INFO] [stdout] [INFO] [stdout] [INFO] [stdout] error[E0277]: the trait bound `::I>>::Output: Integer` is not satisfied [INFO] [stdout] --> /opt/rustwide/cargo-home/registry/src/github.com-1ecc6299db9ec823/uom-0.22.2/src/system.rs:503:43 [INFO] [stdout] | [INFO] [stdout] 503 | ... type Output = Quantity< [INFO] [stdout] | _____________________________________^ [INFO] [stdout] 504 | | ... $quantities< [INFO] [stdout] 505 | | ... $($crate::typenum::$AddSubAlias< [INFO] [stdout] 506 | | ... $crate::typenum::Z0, [INFO] [stdout] 507 | | ... D::$symbol>,)+>, [INFO] [stdout] 508 | | ... U, V>; [INFO] [stdout] | |_______________________________^ the trait `Integer` is not implemented for `::I>>::Output` [INFO] [stdout] | [INFO] [stdout] ::: /opt/rustwide/cargo-home/registry/src/github.com-1ecc6299db9ec823/uom-0.22.2/src/si/mod.rs:10:1 [INFO] [stdout] | [INFO] [stdout] 10 | / system! { [INFO] [stdout] 11 | | /// [International System of Quantities](http://jcgm.bipm.org/vim/en/1.6.html) (ISQ). [INFO] [stdout] 12 | | quantities: ISQ { [INFO] [stdout] 13 | | length: meter, L; [INFO] [stdout] ... | [INFO] [stdout] 58 | | } [INFO] [stdout] 59 | | } [INFO] [stdout] | |_- in this macro invocation [INFO] [stdout] | [INFO] [stdout] note: required by a bound in `si::Quantity` [INFO] [stdout] --> /opt/rustwide/cargo-home/registry/src/github.com-1ecc6299db9ec823/uom-0.22.2/src/system.rs:232:16 [INFO] [stdout] | [INFO] [stdout] 230 | pub struct Quantity [INFO] [stdout] | -------- required by a bound in this [INFO] [stdout] 231 | where [INFO] [stdout] 232 | D: Dimension + ?Sized, [INFO] [stdout] | ^^^^^^^^^ required by this bound in `si::Quantity` [INFO] [stdout] | [INFO] [stdout] ::: /opt/rustwide/cargo-home/registry/src/github.com-1ecc6299db9ec823/uom-0.22.2/src/si/mod.rs:10:1 [INFO] [stdout] | [INFO] [stdout] 10 | / system! { [INFO] [stdout] 11 | | /// [International System of Quantities](http://jcgm.bipm.org/vim/en/1.6.html) (ISQ). [INFO] [stdout] 12 | | quantities: ISQ { [INFO] [stdout] 13 | | length: meter, L; [INFO] [stdout] ... | [INFO] [stdout] 58 | | } [INFO] [stdout] 59 | | } [INFO] [stdout] | |_- in this macro invocation [INFO] [stdout] = note: this error originates in the macro `impl_ops` (in Nightly builds, run with -Z macro-backtrace for more info) [INFO] [stdout] [INFO] [stdout] [INFO] [stdout] error[E0277]: the trait bound `::Th>>::Output: Integer` is not satisfied [INFO] [stdout] --> /opt/rustwide/cargo-home/registry/src/github.com-1ecc6299db9ec823/uom-0.22.2/src/system.rs:503:43 [INFO] [stdout] | [INFO] [stdout] 503 | ... type Output = Quantity< [INFO] [stdout] | _____________________________________^ [INFO] [stdout] 504 | | ... $quantities< [INFO] [stdout] 505 | | ... $($crate::typenum::$AddSubAlias< [INFO] [stdout] 506 | | ... $crate::typenum::Z0, [INFO] [stdout] 507 | | ... D::$symbol>,)+>, [INFO] [stdout] 508 | | ... U, V>; [INFO] [stdout] | |_______________________________^ the trait `Integer` is not implemented for `::Th>>::Output` [INFO] [stdout] | [INFO] [stdout] ::: /opt/rustwide/cargo-home/registry/src/github.com-1ecc6299db9ec823/uom-0.22.2/src/si/mod.rs:10:1 [INFO] [stdout] | [INFO] [stdout] 10 | / system! { [INFO] [stdout] 11 | | /// [International System of Quantities](http://jcgm.bipm.org/vim/en/1.6.html) (ISQ). [INFO] [stdout] 12 | | quantities: ISQ { [INFO] [stdout] 13 | | length: meter, L; [INFO] [stdout] ... | [INFO] [stdout] 58 | | } [INFO] [stdout] 59 | | } [INFO] [stdout] | |_- in this macro invocation [INFO] [stdout] | [INFO] [stdout] note: required by a bound in `si::Quantity` [INFO] [stdout] --> /opt/rustwide/cargo-home/registry/src/github.com-1ecc6299db9ec823/uom-0.22.2/src/system.rs:232:16 [INFO] [stdout] | [INFO] [stdout] 230 | pub struct Quantity [INFO] [stdout] | -------- required by a bound in this [INFO] [stdout] 231 | where [INFO] [stdout] 232 | D: Dimension + ?Sized, [INFO] [stdout] | ^^^^^^^^^ required by this bound in `si::Quantity` [INFO] [stdout] | [INFO] [stdout] ::: /opt/rustwide/cargo-home/registry/src/github.com-1ecc6299db9ec823/uom-0.22.2/src/si/mod.rs:10:1 [INFO] [stdout] | [INFO] [stdout] 10 | / system! { [INFO] [stdout] 11 | | /// [International System of Quantities](http://jcgm.bipm.org/vim/en/1.6.html) (ISQ). [INFO] [stdout] 12 | | quantities: ISQ { [INFO] [stdout] 13 | | length: meter, L; [INFO] [stdout] ... | [INFO] [stdout] 58 | | } [INFO] [stdout] 59 | | } [INFO] [stdout] | |_- in this macro invocation [INFO] [stdout] = note: this error originates in the macro `impl_ops` (in Nightly builds, run with -Z macro-backtrace for more info) [INFO] [stdout] [INFO] [stdout] [INFO] [stdout] error[E0277]: the trait bound `::N>>::Output: Integer` is not satisfied [INFO] [stdout] --> /opt/rustwide/cargo-home/registry/src/github.com-1ecc6299db9ec823/uom-0.22.2/src/system.rs:503:43 [INFO] [stdout] | [INFO] [stdout] 503 | ... type Output = Quantity< [INFO] [stdout] | _____________________________________^ [INFO] [stdout] 504 | | ... $quantities< [INFO] [stdout] 505 | | ... $($crate::typenum::$AddSubAlias< [INFO] [stdout] 506 | | ... $crate::typenum::Z0, [INFO] [stdout] 507 | | ... D::$symbol>,)+>, [INFO] [stdout] 508 | | ... U, V>; [INFO] [stdout] | |_______________________________^ the trait `Integer` is not implemented for `::N>>::Output` [INFO] [stdout] | [INFO] [stdout] ::: /opt/rustwide/cargo-home/registry/src/github.com-1ecc6299db9ec823/uom-0.22.2/src/si/mod.rs:10:1 [INFO] [stdout] | [INFO] [stdout] 10 | / system! { [INFO] [stdout] 11 | | /// [International System of Quantities](http://jcgm.bipm.org/vim/en/1.6.html) (ISQ). [INFO] [stdout] 12 | | quantities: ISQ { [INFO] [stdout] 13 | | length: meter, L; [INFO] [stdout] ... | [INFO] [stdout] 58 | | } [INFO] [stdout] 59 | | } [INFO] [stdout] | |_- in this macro invocation [INFO] [stdout] | [INFO] [stdout] note: required by a bound in `si::Quantity` [INFO] [stdout] --> /opt/rustwide/cargo-home/registry/src/github.com-1ecc6299db9ec823/uom-0.22.2/src/system.rs:232:16 [INFO] [stdout] | [INFO] [stdout] 230 | pub struct Quantity [INFO] [stdout] | -------- required by a bound in this [INFO] [stdout] 231 | where [INFO] [stdout] 232 | D: Dimension + ?Sized, [INFO] [stdout] | ^^^^^^^^^ required by this bound in `si::Quantity` [INFO] [stdout] | [INFO] [stdout] ::: /opt/rustwide/cargo-home/registry/src/github.com-1ecc6299db9ec823/uom-0.22.2/src/si/mod.rs:10:1 [INFO] [stdout] | [INFO] [stdout] 10 | / system! { [INFO] [stdout] 11 | | /// [International System of Quantities](http://jcgm.bipm.org/vim/en/1.6.html) (ISQ). [INFO] [stdout] 12 | | quantities: ISQ { [INFO] [stdout] 13 | | length: meter, L; [INFO] [stdout] ... | [INFO] [stdout] 58 | | } [INFO] [stdout] 59 | | } [INFO] [stdout] | |_- in this macro invocation [INFO] [stdout] = note: this error originates in the macro `impl_ops` (in Nightly builds, run with -Z macro-backtrace for more info) [INFO] [stdout] [INFO] [stdout] [INFO] [stdout] error[E0277]: the trait bound `::J>>::Output: Integer` is not satisfied [INFO] [stdout] --> /opt/rustwide/cargo-home/registry/src/github.com-1ecc6299db9ec823/uom-0.22.2/src/system.rs:503:43 [INFO] [stdout] | [INFO] [stdout] 503 | ... type Output = Quantity< [INFO] [stdout] | _____________________________________^ [INFO] [stdout] 504 | | ... $quantities< [INFO] [stdout] 505 | | ... $($crate::typenum::$AddSubAlias< [INFO] [stdout] 506 | | ... $crate::typenum::Z0, [INFO] [stdout] 507 | | ... D::$symbol>,)+>, [INFO] [stdout] 508 | | ... U, V>; [INFO] [stdout] | |_______________________________^ the trait `Integer` is not implemented for `::J>>::Output` [INFO] [stdout] | [INFO] [stdout] ::: /opt/rustwide/cargo-home/registry/src/github.com-1ecc6299db9ec823/uom-0.22.2/src/si/mod.rs:10:1 [INFO] [stdout] | [INFO] [stdout] 10 | / system! { [INFO] [stdout] 11 | | /// [International System of Quantities](http://jcgm.bipm.org/vim/en/1.6.html) (ISQ). [INFO] [stdout] 12 | | quantities: ISQ { [INFO] [stdout] 13 | | length: meter, L; [INFO] [stdout] ... | [INFO] [stdout] 58 | | } [INFO] [stdout] 59 | | } [INFO] [stdout] | |_- in this macro invocation [INFO] [stdout] | [INFO] [stdout] note: required by a bound in `si::Quantity` [INFO] [stdout] --> /opt/rustwide/cargo-home/registry/src/github.com-1ecc6299db9ec823/uom-0.22.2/src/system.rs:232:16 [INFO] [stdout] | [INFO] [stdout] 230 | pub struct Quantity [INFO] [stdout] | -------- required by a bound in this [INFO] [stdout] 231 | where [INFO] [stdout] 232 | D: Dimension + ?Sized, [INFO] [stdout] | ^^^^^^^^^ required by this bound in `si::Quantity` [INFO] [stdout] | [INFO] [stdout] ::: /opt/rustwide/cargo-home/registry/src/github.com-1ecc6299db9ec823/uom-0.22.2/src/si/mod.rs:10:1 [INFO] [stdout] | [INFO] [stdout] 10 | / system! { [INFO] [stdout] 11 | | /// [International System of Quantities](http://jcgm.bipm.org/vim/en/1.6.html) (ISQ). [INFO] [stdout] 12 | | quantities: ISQ { [INFO] [stdout] 13 | | length: meter, L; [INFO] [stdout] ... | [INFO] [stdout] 58 | | } [INFO] [stdout] 59 | | } [INFO] [stdout] | |_- in this macro invocation [INFO] [stdout] = note: this error originates in the macro `impl_ops` (in Nightly builds, run with -Z macro-backtrace for more info) [INFO] [stdout] [INFO] [stdout] [INFO] [stdout] error[E0277]: the trait bound `::L>>::Output: Integer` is not satisfied [INFO] [stdout] --> /opt/rustwide/cargo-home/registry/src/github.com-1ecc6299db9ec823/uom-0.22.2/src/system.rs:511:77 [INFO] [stdout] | [INFO] [stdout] 511 | ... fn $muldiv_fun(self, rhs: Quantity) -> Self::Output { [INFO] [stdout] | ^^^^^^^^^^^^ the trait `Integer` is not implemented for `::L>>::Output` [INFO] [stdout] | [INFO] [stdout] ::: /opt/rustwide/cargo-home/registry/src/github.com-1ecc6299db9ec823/uom-0.22.2/src/si/mod.rs:10:1 [INFO] [stdout] | [INFO] [stdout] 10 | / system! { [INFO] [stdout] 11 | | /// [International System of Quantities](http://jcgm.bipm.org/vim/en/1.6.html) (ISQ). [INFO] [stdout] 12 | | quantities: ISQ { [INFO] [stdout] 13 | | length: meter, L; [INFO] [stdout] ... | [INFO] [stdout] 58 | | } [INFO] [stdout] 59 | | } [INFO] [stdout] | |_- in this macro invocation [INFO] [stdout] | [INFO] [stdout] note: required by a bound in `si::Quantity` [INFO] [stdout] --> /opt/rustwide/cargo-home/registry/src/github.com-1ecc6299db9ec823/uom-0.22.2/src/system.rs:232:16 [INFO] [stdout] | [INFO] [stdout] 230 | pub struct Quantity [INFO] [stdout] | -------- required by a bound in this [INFO] [stdout] 231 | where [INFO] [stdout] 232 | D: Dimension + ?Sized, [INFO] [stdout] | ^^^^^^^^^ required by this bound in `si::Quantity` [INFO] [stdout] | [INFO] [stdout] ::: /opt/rustwide/cargo-home/registry/src/github.com-1ecc6299db9ec823/uom-0.22.2/src/si/mod.rs:10:1 [INFO] [stdout] | [INFO] [stdout] 10 | / system! { [INFO] [stdout] 11 | | /// [International System of Quantities](http://jcgm.bipm.org/vim/en/1.6.html) (ISQ). [INFO] [stdout] 12 | | quantities: ISQ { [INFO] [stdout] 13 | | length: meter, L; [INFO] [stdout] ... | [INFO] [stdout] 58 | | } [INFO] [stdout] 59 | | } [INFO] [stdout] | |_- in this macro invocation [INFO] [stdout] = note: this error originates in the macro `impl_ops` (in Nightly builds, run with -Z macro-backtrace for more info) [INFO] [stdout] [INFO] [stdout] [INFO] [stdout] error[E0277]: the trait bound `::M>>::Output: Integer` is not satisfied [INFO] [stdout] --> /opt/rustwide/cargo-home/registry/src/github.com-1ecc6299db9ec823/uom-0.22.2/src/system.rs:511:77 [INFO] [stdout] | [INFO] [stdout] 511 | ... fn $muldiv_fun(self, rhs: Quantity) -> Self::Output { [INFO] [stdout] | ^^^^^^^^^^^^ the trait `Integer` is not implemented for `::M>>::Output` [INFO] [stdout] | [INFO] [stdout] ::: /opt/rustwide/cargo-home/registry/src/github.com-1ecc6299db9ec823/uom-0.22.2/src/si/mod.rs:10:1 [INFO] [stdout] | [INFO] [stdout] 10 | / system! { [INFO] [stdout] 11 | | /// [International System of Quantities](http://jcgm.bipm.org/vim/en/1.6.html) (ISQ). [INFO] [stdout] 12 | | quantities: ISQ { [INFO] [stdout] 13 | | length: meter, L; [INFO] [stdout] ... | [INFO] [stdout] 58 | | } [INFO] [stdout] 59 | | } [INFO] [stdout] | |_- in this macro invocation [INFO] [stdout] | [INFO] [stdout] note: required by a bound in `si::Quantity` [INFO] [stdout] --> /opt/rustwide/cargo-home/registry/src/github.com-1ecc6299db9ec823/uom-0.22.2/src/system.rs:232:16 [INFO] [stdout] | [INFO] [stdout] 230 | pub struct Quantity [INFO] [stdout] | -------- required by a bound in this [INFO] [stdout] 231 | where [INFO] [stdout] 232 | D: Dimension + ?Sized, [INFO] [stdout] | ^^^^^^^^^ required by this bound in `si::Quantity` [INFO] [stdout] | [INFO] [stdout] ::: /opt/rustwide/cargo-home/registry/src/github.com-1ecc6299db9ec823/uom-0.22.2/src/si/mod.rs:10:1 [INFO] [stdout] | [INFO] [stdout] 10 | / system! { [INFO] [stdout] 11 | | /// [International System of Quantities](http://jcgm.bipm.org/vim/en/1.6.html) (ISQ). [INFO] [stdout] 12 | | quantities: ISQ { [INFO] [stdout] 13 | | length: meter, L; [INFO] [stdout] ... | [INFO] [stdout] 58 | | } [INFO] [stdout] 59 | | } [INFO] [stdout] | |_- in this macro invocation [INFO] [stdout] = note: this error originates in the macro `impl_ops` (in Nightly builds, run with -Z macro-backtrace for more info) [INFO] [stdout] [INFO] [stdout] [INFO] [stdout] error[E0277]: the trait bound `::T>>::Output: Integer` is not satisfied [INFO] [stdout] --> /opt/rustwide/cargo-home/registry/src/github.com-1ecc6299db9ec823/uom-0.22.2/src/system.rs:511:77 [INFO] [stdout] | [INFO] [stdout] 511 | ... fn $muldiv_fun(self, rhs: Quantity) -> Self::Output { [INFO] [stdout] | ^^^^^^^^^^^^ the trait `Integer` is not implemented for `::T>>::Output` [INFO] [stdout] | [INFO] [stdout] ::: /opt/rustwide/cargo-home/registry/src/github.com-1ecc6299db9ec823/uom-0.22.2/src/si/mod.rs:10:1 [INFO] [stdout] | [INFO] [stdout] 10 | / system! { [INFO] [stdout] 11 | | /// [International System of Quantities](http://jcgm.bipm.org/vim/en/1.6.html) (ISQ). [INFO] [stdout] 12 | | quantities: ISQ { [INFO] [stdout] 13 | | length: meter, L; [INFO] [stdout] ... | [INFO] [stdout] 58 | | } [INFO] [stdout] 59 | | } [INFO] [stdout] | |_- in this macro invocation [INFO] [stdout] | [INFO] [stdout] note: required by a bound in `si::Quantity` [INFO] [stdout] --> /opt/rustwide/cargo-home/registry/src/github.com-1ecc6299db9ec823/uom-0.22.2/src/system.rs:232:16 [INFO] [stdout] | [INFO] [stdout] 230 | pub struct Quantity [INFO] [stdout] | -------- required by a bound in this [INFO] [stdout] 231 | where [INFO] [stdout] 232 | D: Dimension + ?Sized, [INFO] [stdout] | ^^^^^^^^^ required by this bound in `si::Quantity` [INFO] [stdout] | [INFO] [stdout] ::: /opt/rustwide/cargo-home/registry/src/github.com-1ecc6299db9ec823/uom-0.22.2/src/si/mod.rs:10:1 [INFO] [stdout] | [INFO] [stdout] 10 | / system! { [INFO] [stdout] 11 | | /// [International System of Quantities](http://jcgm.bipm.org/vim/en/1.6.html) (ISQ). [INFO] [stdout] 12 | | quantities: ISQ { [INFO] [stdout] 13 | | length: meter, L; [INFO] [stdout] ... | [INFO] [stdout] 58 | | } [INFO] [stdout] 59 | | } [INFO] [stdout] | |_- in this macro invocation [INFO] [stdout] = note: this error originates in the macro `impl_ops` (in Nightly builds, run with -Z macro-backtrace for more info) [INFO] [stdout] [INFO] [stdout] [INFO] [stdout] error[E0277]: the trait bound `::I>>::Output: Integer` is not satisfied [INFO] [stdout] --> /opt/rustwide/cargo-home/registry/src/github.com-1ecc6299db9ec823/uom-0.22.2/src/system.rs:511:77 [INFO] [stdout] | [INFO] [stdout] 511 | ... fn $muldiv_fun(self, rhs: Quantity) -> Self::Output { [INFO] [stdout] | ^^^^^^^^^^^^ the trait `Integer` is not implemented for `::I>>::Output` [INFO] [stdout] | [INFO] [stdout] ::: /opt/rustwide/cargo-home/registry/src/github.com-1ecc6299db9ec823/uom-0.22.2/src/si/mod.rs:10:1 [INFO] [stdout] | [INFO] [stdout] 10 | / system! { [INFO] [stdout] 11 | | /// [International System of Quantities](http://jcgm.bipm.org/vim/en/1.6.html) (ISQ). [INFO] [stdout] 12 | | quantities: ISQ { [INFO] [stdout] 13 | | length: meter, L; [INFO] [stdout] ... | [INFO] [stdout] 58 | | } [INFO] [stdout] 59 | | } [INFO] [stdout] | |_- in this macro invocation [INFO] [stdout] | [INFO] [stdout] note: required by a bound in `si::Quantity` [INFO] [stdout] --> /opt/rustwide/cargo-home/registry/src/github.com-1ecc6299db9ec823/uom-0.22.2/src/system.rs:232:16 [INFO] [stdout] | [INFO] [stdout] 230 | pub struct Quantity [INFO] [stdout] | -------- required by a bound in this [INFO] [stdout] 231 | where [INFO] [stdout] 232 | D: Dimension + ?Sized, [INFO] [stdout] | ^^^^^^^^^ required by this bound in `si::Quantity` [INFO] [stdout] | [INFO] [stdout] ::: /opt/rustwide/cargo-home/registry/src/github.com-1ecc6299db9ec823/uom-0.22.2/src/si/mod.rs:10:1 [INFO] [stdout] | [INFO] [stdout] 10 | / system! { [INFO] [stdout] 11 | | /// [International System of Quantities](http://jcgm.bipm.org/vim/en/1.6.html) (ISQ). [INFO] [stdout] 12 | | quantities: ISQ { [INFO] [stdout] 13 | | length: meter, L; [INFO] [stdout] ... | [INFO] [stdout] 58 | | } [INFO] [stdout] 59 | | } [INFO] [stdout] | |_- in this macro invocation [INFO] [stdout] = note: this error originates in the macro `impl_ops` (in Nightly builds, run with -Z macro-backtrace for more info) [INFO] [stdout] [INFO] [stdout] [INFO] [stdout] error[E0277]: the trait bound `::Th>>::Output: Integer` is not satisfied [INFO] [stdout] --> /opt/rustwide/cargo-home/registry/src/github.com-1ecc6299db9ec823/uom-0.22.2/src/system.rs:511:77 [INFO] [stdout] | [INFO] [stdout] 511 | ... fn $muldiv_fun(self, rhs: Quantity) -> Self::Output { [INFO] [stdout] | ^^^^^^^^^^^^ the trait `Integer` is not implemented for `::Th>>::Output` [INFO] [stdout] | [INFO] [stdout] ::: /opt/rustwide/cargo-home/registry/src/github.com-1ecc6299db9ec823/uom-0.22.2/src/si/mod.rs:10:1 [INFO] [stdout] | [INFO] [stdout] 10 | / system! { [INFO] [stdout] 11 | | /// [International System of Quantities](http://jcgm.bipm.org/vim/en/1.6.html) (ISQ). [INFO] [stdout] 12 | | quantities: ISQ { [INFO] [stdout] 13 | | length: meter, L; [INFO] [stdout] ... | [INFO] [stdout] 58 | | } [INFO] [stdout] 59 | | } [INFO] [stdout] | |_- in this macro invocation [INFO] [stdout] | [INFO] [stdout] note: required by a bound in `si::Quantity` [INFO] [stdout] --> /opt/rustwide/cargo-home/registry/src/github.com-1ecc6299db9ec823/uom-0.22.2/src/system.rs:232:16 [INFO] [stdout] | [INFO] [stdout] 230 | pub struct Quantity [INFO] [stdout] | -------- required by a bound in this [INFO] [stdout] 231 | where [INFO] [stdout] 232 | D: Dimension + ?Sized, [INFO] [stdout] | ^^^^^^^^^ required by this bound in `si::Quantity` [INFO] [stdout] | [INFO] [stdout] ::: /opt/rustwide/cargo-home/registry/src/github.com-1ecc6299db9ec823/uom-0.22.2/src/si/mod.rs:10:1 [INFO] [stdout] | [INFO] [stdout] 10 | / system! { [INFO] [stdout] 11 | | /// [International System of Quantities](http://jcgm.bipm.org/vim/en/1.6.html) (ISQ). [INFO] [stdout] 12 | | quantities: ISQ { [INFO] [stdout] 13 | | length: meter, L; [INFO] [stdout] ... | [INFO] [stdout] 58 | | } [INFO] [stdout] 59 | | } [INFO] [stdout] | |_- in this macro invocation [INFO] [stdout] = note: this error originates in the macro `impl_ops` (in Nightly builds, run with -Z macro-backtrace for more info) [INFO] [stdout] [INFO] [stdout] [INFO] [stdout] error[E0277]: the trait bound `::N>>::Output: Integer` is not satisfied [INFO] [stdout] --> /opt/rustwide/cargo-home/registry/src/github.com-1ecc6299db9ec823/uom-0.22.2/src/system.rs:511:77 [INFO] [stdout] | [INFO] [stdout] 511 | ... fn $muldiv_fun(self, rhs: Quantity) -> Self::Output { [INFO] [stdout] | ^^^^^^^^^^^^ the trait `Integer` is not implemented for `::N>>::Output` [INFO] [stdout] | [INFO] [stdout] ::: /opt/rustwide/cargo-home/registry/src/github.com-1ecc6299db9ec823/uom-0.22.2/src/si/mod.rs:10:1 [INFO] [stdout] | [INFO] [stdout] 10 | / system! { [INFO] [stdout] 11 | | /// [International System of Quantities](http://jcgm.bipm.org/vim/en/1.6.html) (ISQ). [INFO] [stdout] 12 | | quantities: ISQ { [INFO] [stdout] 13 | | length: meter, L; [INFO] [stdout] ... | [INFO] [stdout] 58 | | } [INFO] [stdout] 59 | | } [INFO] [stdout] | |_- in this macro invocation [INFO] [stdout] | [INFO] [stdout] note: required by a bound in `si::Quantity` [INFO] [stdout] --> /opt/rustwide/cargo-home/registry/src/github.com-1ecc6299db9ec823/uom-0.22.2/src/system.rs:232:16 [INFO] [stdout] | [INFO] [stdout] 230 | pub struct Quantity [INFO] [stdout] | -------- required by a bound in this [INFO] [stdout] 231 | where [INFO] [stdout] 232 | D: Dimension + ?Sized, [INFO] [stdout] | ^^^^^^^^^ required by this bound in `si::Quantity` [INFO] [stdout] | [INFO] [stdout] ::: /opt/rustwide/cargo-home/registry/src/github.com-1ecc6299db9ec823/uom-0.22.2/src/si/mod.rs:10:1 [INFO] [stdout] | [INFO] [stdout] 10 | / system! { [INFO] [stdout] 11 | | /// [International System of Quantities](http://jcgm.bipm.org/vim/en/1.6.html) (ISQ). [INFO] [stdout] 12 | | quantities: ISQ { [INFO] [stdout] 13 | | length: meter, L; [INFO] [stdout] ... | [INFO] [stdout] 58 | | } [INFO] [stdout] 59 | | } [INFO] [stdout] | |_- in this macro invocation [INFO] [stdout] = note: this error originates in the macro `impl_ops` (in Nightly builds, run with -Z macro-backtrace for more info) [INFO] [stdout] [INFO] [stdout] [INFO] [stdout] error[E0277]: the trait bound `::J>>::Output: Integer` is not satisfied [INFO] [stdout] --> /opt/rustwide/cargo-home/registry/src/github.com-1ecc6299db9ec823/uom-0.22.2/src/system.rs:511:77 [INFO] [stdout] | [INFO] [stdout] 511 | ... fn $muldiv_fun(self, rhs: Quantity) -> Self::Output { [INFO] [stdout] | ^^^^^^^^^^^^ the trait `Integer` is not implemented for `::J>>::Output` [INFO] [stdout] | [INFO] [stdout] ::: /opt/rustwide/cargo-home/registry/src/github.com-1ecc6299db9ec823/uom-0.22.2/src/si/mod.rs:10:1 [INFO] [stdout] | [INFO] [stdout] 10 | / system! { [INFO] [stdout] 11 | | /// [International System of Quantities](http://jcgm.bipm.org/vim/en/1.6.html) (ISQ). [INFO] [stdout] 12 | | quantities: ISQ { [INFO] [stdout] 13 | | length: meter, L; [INFO] [stdout] ... | [INFO] [stdout] 58 | | } [INFO] [stdout] 59 | | } [INFO] [stdout] | |_- in this macro invocation [INFO] [stdout] | [INFO] [stdout] note: required by a bound in `si::Quantity` [INFO] [stdout] --> /opt/rustwide/cargo-home/registry/src/github.com-1ecc6299db9ec823/uom-0.22.2/src/system.rs:232:16 [INFO] [stdout] | [INFO] [stdout] 230 | pub struct Quantity [INFO] [stdout] | -------- required by a bound in this [INFO] [stdout] 231 | where [INFO] [stdout] 232 | D: Dimension + ?Sized, [INFO] [stdout] | ^^^^^^^^^ required by this bound in `si::Quantity` [INFO] [stdout] | [INFO] [stdout] ::: /opt/rustwide/cargo-home/registry/src/github.com-1ecc6299db9ec823/uom-0.22.2/src/si/mod.rs:10:1 [INFO] [stdout] | [INFO] [stdout] 10 | / system! { [INFO] [stdout] 11 | | /// [International System of Quantities](http://jcgm.bipm.org/vim/en/1.6.html) (ISQ). [INFO] [stdout] 12 | | quantities: ISQ { [INFO] [stdout] 13 | | length: meter, L; [INFO] [stdout] ... | [INFO] [stdout] 58 | | } [INFO] [stdout] 59 | | } [INFO] [stdout] | |_- in this macro invocation [INFO] [stdout] = note: this error originates in the macro `impl_ops` (in Nightly builds, run with -Z macro-backtrace for more info) [INFO] [stdout] [INFO] [stdout] [INFO] [stdout] error[E0277]: the trait bound `<::L as typenum::PartialDiv, B1>>>>::Output: Integer` is not satisfied [INFO] [stdout] --> /opt/rustwide/cargo-home/registry/src/github.com-1ecc6299db9ec823/uom-0.22.2/src/system.rs:609:18 [INFO] [stdout] | [INFO] [stdout] 609 | ) -> Quantity< [INFO] [stdout] | __________________^ [INFO] [stdout] 610 | | $quantities<$($crate::typenum::PartialQuot),+>, [INFO] [stdout] 611 | | U, V> [INFO] [stdout] | |_____________________^ the trait `Integer` is not implemented for `<::L as typenum::PartialDiv, B1>>>>::Output` [INFO] [stdout] | [INFO] [stdout] ::: /opt/rustwide/cargo-home/registry/src/github.com-1ecc6299db9ec823/uom-0.22.2/src/si/mod.rs:10:1 [INFO] [stdout] | [INFO] [stdout] 10 | / system! { [INFO] [stdout] 11 | | /// [International System of Quantities](http://jcgm.bipm.org/vim/en/1.6.html) (ISQ). [INFO] [stdout] 12 | | quantities: ISQ { [INFO] [stdout] 13 | | length: meter, L; [INFO] [stdout] ... | [INFO] [stdout] 58 | | } [INFO] [stdout] 59 | | } [INFO] [stdout] | |_- in this macro invocation [INFO] [stdout] | [INFO] [stdout] note: required by a bound in `si::Quantity` [INFO] [stdout] --> /opt/rustwide/cargo-home/registry/src/github.com-1ecc6299db9ec823/uom-0.22.2/src/system.rs:232:16 [INFO] [stdout] | [INFO] [stdout] 230 | pub struct Quantity [INFO] [stdout] | -------- required by a bound in this [INFO] [stdout] 231 | where [INFO] [stdout] 232 | D: Dimension + ?Sized, [INFO] [stdout] | ^^^^^^^^^ required by this bound in `si::Quantity` [INFO] [stdout] | [INFO] [stdout] ::: /opt/rustwide/cargo-home/registry/src/github.com-1ecc6299db9ec823/uom-0.22.2/src/si/mod.rs:10:1 [INFO] [stdout] | [INFO] [stdout] 10 | / system! { [INFO] [stdout] 11 | | /// [International System of Quantities](http://jcgm.bipm.org/vim/en/1.6.html) (ISQ). [INFO] [stdout] 12 | | quantities: ISQ { [INFO] [stdout] 13 | | length: meter, L; [INFO] [stdout] ... | [INFO] [stdout] 58 | | } [INFO] [stdout] 59 | | } [INFO] [stdout] | |_- in this macro invocation [INFO] [stdout] = note: this error originates in the macro `system` (in Nightly builds, run with -Z macro-backtrace for more info) [INFO] [stdout] [INFO] [stdout] [INFO] [stdout] error[E0277]: the trait bound `<::M as typenum::PartialDiv, B1>>>>::Output: Integer` is not satisfied [INFO] [stdout] --> /opt/rustwide/cargo-home/registry/src/github.com-1ecc6299db9ec823/uom-0.22.2/src/system.rs:609:18 [INFO] [stdout] | [INFO] [stdout] 609 | ) -> Quantity< [INFO] [stdout] | __________________^ [INFO] [stdout] 610 | | $quantities<$($crate::typenum::PartialQuot),+>, [INFO] [stdout] 611 | | U, V> [INFO] [stdout] | |_____________________^ the trait `Integer` is not implemented for `<::M as typenum::PartialDiv, B1>>>>::Output` [INFO] [stdout] | [INFO] [stdout] ::: /opt/rustwide/cargo-home/registry/src/github.com-1ecc6299db9ec823/uom-0.22.2/src/si/mod.rs:10:1 [INFO] [stdout] | [INFO] [stdout] 10 | / system! { [INFO] [stdout] 11 | | /// [International System of Quantities](http://jcgm.bipm.org/vim/en/1.6.html) (ISQ). [INFO] [stdout] 12 | | quantities: ISQ { [INFO] [stdout] 13 | | length: meter, L; [INFO] [stdout] ... | [INFO] [stdout] 58 | | } [INFO] [stdout] 59 | | } [INFO] [stdout] | |_- in this macro invocation [INFO] [stdout] | [INFO] [stdout] note: required by a bound in `si::Quantity` [INFO] [stdout] --> /opt/rustwide/cargo-home/registry/src/github.com-1ecc6299db9ec823/uom-0.22.2/src/system.rs:232:16 [INFO] [stdout] | [INFO] [stdout] 230 | pub struct Quantity [INFO] [stdout] | -------- required by a bound in this [INFO] [stdout] 231 | where [INFO] [stdout] 232 | D: Dimension + ?Sized, [INFO] [stdout] | ^^^^^^^^^ required by this bound in `si::Quantity` [INFO] [stdout] | [INFO] [stdout] ::: /opt/rustwide/cargo-home/registry/src/github.com-1ecc6299db9ec823/uom-0.22.2/src/si/mod.rs:10:1 [INFO] [stdout] | [INFO] [stdout] 10 | / system! { [INFO] [stdout] 11 | | /// [International System of Quantities](http://jcgm.bipm.org/vim/en/1.6.html) (ISQ). [INFO] [stdout] 12 | | quantities: ISQ { [INFO] [stdout] 13 | | length: meter, L; [INFO] [stdout] ... | [INFO] [stdout] 58 | | } [INFO] [stdout] 59 | | } [INFO] [stdout] | |_- in this macro invocation [INFO] [stdout] = note: this error originates in the macro `system` (in Nightly builds, run with -Z macro-backtrace for more info) [INFO] [stdout] [INFO] [stdout] [INFO] [stdout] error[E0277]: the trait bound `<::T as typenum::PartialDiv, B1>>>>::Output: Integer` is not satisfied [INFO] [stdout] --> /opt/rustwide/cargo-home/registry/src/github.com-1ecc6299db9ec823/uom-0.22.2/src/system.rs:609:18 [INFO] [stdout] | [INFO] [stdout] 609 | ) -> Quantity< [INFO] [stdout] | __________________^ [INFO] [stdout] 610 | | $quantities<$($crate::typenum::PartialQuot),+>, [INFO] [stdout] 611 | | U, V> [INFO] [stdout] | |_____________________^ the trait `Integer` is not implemented for `<::T as typenum::PartialDiv, B1>>>>::Output` [INFO] [stdout] | [INFO] [stdout] ::: /opt/rustwide/cargo-home/registry/src/github.com-1ecc6299db9ec823/uom-0.22.2/src/si/mod.rs:10:1 [INFO] [stdout] | [INFO] [stdout] 10 | / system! { [INFO] [stdout] 11 | | /// [International System of Quantities](http://jcgm.bipm.org/vim/en/1.6.html) (ISQ). [INFO] [stdout] 12 | | quantities: ISQ { [INFO] [stdout] 13 | | length: meter, L; [INFO] [stdout] ... | [INFO] [stdout] 58 | | } [INFO] [stdout] 59 | | } [INFO] [stdout] | |_- in this macro invocation [INFO] [stdout] | [INFO] [stdout] note: required by a bound in `si::Quantity` [INFO] [stdout] --> /opt/rustwide/cargo-home/registry/src/github.com-1ecc6299db9ec823/uom-0.22.2/src/system.rs:232:16 [INFO] [stdout] | [INFO] [stdout] 230 | pub struct Quantity [INFO] [stdout] | -------- required by a bound in this [INFO] [stdout] 231 | where [INFO] [stdout] 232 | D: Dimension + ?Sized, [INFO] [stdout] | ^^^^^^^^^ required by this bound in `si::Quantity` [INFO] [stdout] | [INFO] [stdout] ::: /opt/rustwide/cargo-home/registry/src/github.com-1ecc6299db9ec823/uom-0.22.2/src/si/mod.rs:10:1 [INFO] [stdout] | [INFO] [stdout] 10 | / system! { [INFO] [stdout] 11 | | /// [International System of Quantities](http://jcgm.bipm.org/vim/en/1.6.html) (ISQ). [INFO] [stdout] 12 | | quantities: ISQ { [INFO] [stdout] 13 | | length: meter, L; [INFO] [stdout] ... | [INFO] [stdout] 58 | | } [INFO] [stdout] 59 | | } [INFO] [stdout] | |_- in this macro invocation [INFO] [stdout] = note: this error originates in the macro `system` (in Nightly builds, run with -Z macro-backtrace for more info) [INFO] [stdout] [INFO] [stdout] [INFO] [stderr] Checking trust-dns-resolver v0.10.3 [INFO] [stdout] error[E0277]: the trait bound `<::I as typenum::PartialDiv, B1>>>>::Output: Integer` is not satisfied [INFO] [stdout] --> /opt/rustwide/cargo-home/registry/src/github.com-1ecc6299db9ec823/uom-0.22.2/src/system.rs:609:18 [INFO] [stdout] | [INFO] [stdout] 609 | ) -> Quantity< [INFO] [stdout] | __________________^ [INFO] [stdout] 610 | | $quantities<$($crate::typenum::PartialQuot),+>, [INFO] [stdout] 611 | | U, V> [INFO] [stdout] | |_____________________^ the trait `Integer` is not implemented for `<::I as typenum::PartialDiv, B1>>>>::Output` [INFO] [stdout] | [INFO] [stdout] ::: /opt/rustwide/cargo-home/registry/src/github.com-1ecc6299db9ec823/uom-0.22.2/src/si/mod.rs:10:1 [INFO] [stdout] | [INFO] [stdout] 10 | / system! { [INFO] [stdout] 11 | | /// [International System of Quantities](http://jcgm.bipm.org/vim/en/1.6.html) (ISQ). [INFO] [stdout] 12 | | quantities: ISQ { [INFO] [stdout] 13 | | length: meter, L; [INFO] [stdout] ... | [INFO] [stdout] 58 | | } [INFO] [stdout] 59 | | } [INFO] [stdout] | |_- in this macro invocation [INFO] [stdout] | [INFO] [stdout] note: required by a bound in `si::Quantity` [INFO] [stdout] --> /opt/rustwide/cargo-home/registry/src/github.com-1ecc6299db9ec823/uom-0.22.2/src/system.rs:232:16 [INFO] [stdout] | [INFO] [stdout] 230 | pub struct Quantity [INFO] [stdout] | -------- required by a bound in this [INFO] [stdout] 231 | where [INFO] [stdout] 232 | D: Dimension + ?Sized, [INFO] [stdout] | ^^^^^^^^^ required by this bound in `si::Quantity` [INFO] [stdout] | [INFO] [stdout] ::: /opt/rustwide/cargo-home/registry/src/github.com-1ecc6299db9ec823/uom-0.22.2/src/si/mod.rs:10:1 [INFO] [stdout] | [INFO] [stdout] 10 | / system! { [INFO] [stdout] 11 | | /// [International System of Quantities](http://jcgm.bipm.org/vim/en/1.6.html) (ISQ). [INFO] [stdout] 12 | | quantities: ISQ { [INFO] [stdout] 13 | | length: meter, L; [INFO] [stdout] ... | [INFO] [stdout] 58 | | } [INFO] [stdout] 59 | | } [INFO] [stdout] | |_- in this macro invocation [INFO] [stdout] = note: this error originates in the macro `system` (in Nightly builds, run with -Z macro-backtrace for more info) [INFO] [stdout] [INFO] [stdout] [INFO] [stdout] error[E0277]: the trait bound `<::Th as typenum::PartialDiv, B1>>>>::Output: Integer` is not satisfied [INFO] [stdout] --> /opt/rustwide/cargo-home/registry/src/github.com-1ecc6299db9ec823/uom-0.22.2/src/system.rs:609:18 [INFO] [stdout] | [INFO] [stdout] 609 | ) -> Quantity< [INFO] [stdout] | __________________^ [INFO] [stdout] 610 | | $quantities<$($crate::typenum::PartialQuot),+>, [INFO] [stdout] 611 | | U, V> [INFO] [stdout] | |_____________________^ the trait `Integer` is not implemented for `<::Th as typenum::PartialDiv, B1>>>>::Output` [INFO] [stdout] | [INFO] [stdout] ::: /opt/rustwide/cargo-home/registry/src/github.com-1ecc6299db9ec823/uom-0.22.2/src/si/mod.rs:10:1 [INFO] [stdout] | [INFO] [stdout] 10 | / system! { [INFO] [stdout] 11 | | /// [International System of Quantities](http://jcgm.bipm.org/vim/en/1.6.html) (ISQ). [INFO] [stdout] 12 | | quantities: ISQ { [INFO] [stdout] 13 | | length: meter, L; [INFO] [stdout] ... | [INFO] [stdout] 58 | | } [INFO] [stdout] 59 | | } [INFO] [stdout] | |_- in this macro invocation [INFO] [stdout] | [INFO] [stdout] note: required by a bound in `si::Quantity` [INFO] [stdout] --> /opt/rustwide/cargo-home/registry/src/github.com-1ecc6299db9ec823/uom-0.22.2/src/system.rs:232:16 [INFO] [stdout] | [INFO] [stdout] 230 | pub struct Quantity [INFO] [stdout] | -------- required by a bound in this [INFO] [stdout] 231 | where [INFO] [stdout] 232 | D: Dimension + ?Sized, [INFO] [stdout] | ^^^^^^^^^ required by this bound in `si::Quantity` [INFO] [stdout] | [INFO] [stdout] ::: /opt/rustwide/cargo-home/registry/src/github.com-1ecc6299db9ec823/uom-0.22.2/src/si/mod.rs:10:1 [INFO] [stdout] | [INFO] [stdout] 10 | / system! { [INFO] [stdout] 11 | | /// [International System of Quantities](http://jcgm.bipm.org/vim/en/1.6.html) (ISQ). [INFO] [stdout] 12 | | quantities: ISQ { [INFO] [stdout] 13 | | length: meter, L; [INFO] [stdout] ... | [INFO] [stdout] 58 | | } [INFO] [stdout] 59 | | } [INFO] [stdout] | |_- in this macro invocation [INFO] [stdout] = note: this error originates in the macro `system` (in Nightly builds, run with -Z macro-backtrace for more info) [INFO] [stdout] [INFO] [stdout] [INFO] [stdout] error[E0277]: the trait bound `<::N as typenum::PartialDiv, B1>>>>::Output: Integer` is not satisfied [INFO] [stdout] --> /opt/rustwide/cargo-home/registry/src/github.com-1ecc6299db9ec823/uom-0.22.2/src/system.rs:609:18 [INFO] [stdout] | [INFO] [stdout] 609 | ) -> Quantity< [INFO] [stdout] | __________________^ [INFO] [stdout] 610 | | $quantities<$($crate::typenum::PartialQuot),+>, [INFO] [stdout] 611 | | U, V> [INFO] [stdout] | |_____________________^ the trait `Integer` is not implemented for `<::N as typenum::PartialDiv, B1>>>>::Output` [INFO] [stdout] | [INFO] [stdout] ::: /opt/rustwide/cargo-home/registry/src/github.com-1ecc6299db9ec823/uom-0.22.2/src/si/mod.rs:10:1 [INFO] [stdout] | [INFO] [stdout] 10 | / system! { [INFO] [stdout] 11 | | /// [International System of Quantities](http://jcgm.bipm.org/vim/en/1.6.html) (ISQ). [INFO] [stdout] 12 | | quantities: ISQ { [INFO] [stdout] 13 | | length: meter, L; [INFO] [stdout] ... | [INFO] [stdout] 58 | | } [INFO] [stdout] 59 | | } [INFO] [stdout] | |_- in this macro invocation [INFO] [stdout] | [INFO] [stdout] note: required by a bound in `si::Quantity` [INFO] [stdout] --> /opt/rustwide/cargo-home/registry/src/github.com-1ecc6299db9ec823/uom-0.22.2/src/system.rs:232:16 [INFO] [stdout] | [INFO] [stdout] 230 | pub struct Quantity [INFO] [stdout] | -------- required by a bound in this [INFO] [stdout] 231 | where [INFO] [stdout] 232 | D: Dimension + ?Sized, [INFO] [stdout] | ^^^^^^^^^ required by this bound in `si::Quantity` [INFO] [stdout] | [INFO] [stdout] ::: /opt/rustwide/cargo-home/registry/src/github.com-1ecc6299db9ec823/uom-0.22.2/src/si/mod.rs:10:1 [INFO] [stdout] | [INFO] [stdout] 10 | / system! { [INFO] [stdout] 11 | | /// [International System of Quantities](http://jcgm.bipm.org/vim/en/1.6.html) (ISQ). [INFO] [stdout] 12 | | quantities: ISQ { [INFO] [stdout] 13 | | length: meter, L; [INFO] [stdout] ... | [INFO] [stdout] 58 | | } [INFO] [stdout] 59 | | } [INFO] [stdout] | |_- in this macro invocation [INFO] [stdout] = note: this error originates in the macro `system` (in Nightly builds, run with -Z macro-backtrace for more info) [INFO] [stdout] [INFO] [stdout] [INFO] [stdout] error[E0277]: the trait bound `<::J as typenum::PartialDiv, B1>>>>::Output: Integer` is not satisfied [INFO] [stdout] --> /opt/rustwide/cargo-home/registry/src/github.com-1ecc6299db9ec823/uom-0.22.2/src/system.rs:609:18 [INFO] [stdout] | [INFO] [stdout] 609 | ) -> Quantity< [INFO] [stdout] | __________________^ [INFO] [stdout] 610 | | $quantities<$($crate::typenum::PartialQuot),+>, [INFO] [stdout] 611 | | U, V> [INFO] [stdout] | |_____________________^ the trait `Integer` is not implemented for `<::J as typenum::PartialDiv, B1>>>>::Output` [INFO] [stdout] | [INFO] [stdout] ::: /opt/rustwide/cargo-home/registry/src/github.com-1ecc6299db9ec823/uom-0.22.2/src/si/mod.rs:10:1 [INFO] [stdout] | [INFO] [stdout] 10 | / system! { [INFO] [stdout] 11 | | /// [International System of Quantities](http://jcgm.bipm.org/vim/en/1.6.html) (ISQ). [INFO] [stdout] 12 | | quantities: ISQ { [INFO] [stdout] 13 | | length: meter, L; [INFO] [stdout] ... | [INFO] [stdout] 58 | | } [INFO] [stdout] 59 | | } [INFO] [stdout] | |_- in this macro invocation [INFO] [stdout] | [INFO] [stdout] note: required by a bound in `si::Quantity` [INFO] [stdout] --> /opt/rustwide/cargo-home/registry/src/github.com-1ecc6299db9ec823/uom-0.22.2/src/system.rs:232:16 [INFO] [stdout] | [INFO] [stdout] 230 | pub struct Quantity [INFO] [stdout] | -------- required by a bound in this [INFO] [stdout] 231 | where [INFO] [stdout] 232 | D: Dimension + ?Sized, [INFO] [stdout] | ^^^^^^^^^ required by this bound in `si::Quantity` [INFO] [stdout] | [INFO] [stdout] ::: /opt/rustwide/cargo-home/registry/src/github.com-1ecc6299db9ec823/uom-0.22.2/src/si/mod.rs:10:1 [INFO] [stdout] | [INFO] [stdout] 10 | / system! { [INFO] [stdout] 11 | | /// [International System of Quantities](http://jcgm.bipm.org/vim/en/1.6.html) (ISQ). [INFO] [stdout] 12 | | quantities: ISQ { [INFO] [stdout] 13 | | length: meter, L; [INFO] [stdout] ... | [INFO] [stdout] 58 | | } [INFO] [stdout] 59 | | } [INFO] [stdout] | |_- in this macro invocation [INFO] [stdout] = note: this error originates in the macro `system` (in Nightly builds, run with -Z macro-backtrace for more info) [INFO] [stdout] [INFO] [stdout] [INFO] [stdout] error[E0277]: the trait bound `<::L as std::ops::Add<::L>>::Output: Integer` is not satisfied [INFO] [stdout] --> /opt/rustwide/cargo-home/registry/src/github.com-1ecc6299db9ec823/uom-0.22.2/src/system.rs:686:20 [INFO] [stdout] | [INFO] [stdout] 686 | b: Quantity<$quantities<$($crate::typenum::Sum),+>, Ub, V>, [INFO] [stdout] | ^^^^^^^^^^^^^^^^^^^^^^^^^^^^^^^^^^^^^^^^^^^^^^^^^^^^^^^^^^^^^^^^^^^^^^^^^^^^^^^^ the trait `Integer` is not implemented for `<::L as std::ops::Add<::L>>::Output` [INFO] [stdout] | [INFO] [stdout] ::: /opt/rustwide/cargo-home/registry/src/github.com-1ecc6299db9ec823/uom-0.22.2/src/si/mod.rs:10:1 [INFO] [stdout] | [INFO] [stdout] 10 | / system! { [INFO] [stdout] 11 | | /// [International System of Quantities](http://jcgm.bipm.org/vim/en/1.6.html) (ISQ). [INFO] [stdout] 12 | | quantities: ISQ { [INFO] [stdout] 13 | | length: meter, L; [INFO] [stdout] ... | [INFO] [stdout] 58 | | } [INFO] [stdout] 59 | | } [INFO] [stdout] | |_- in this macro invocation [INFO] [stdout] | [INFO] [stdout] note: required by a bound in `si::Quantity` [INFO] [stdout] --> /opt/rustwide/cargo-home/registry/src/github.com-1ecc6299db9ec823/uom-0.22.2/src/system.rs:232:16 [INFO] [stdout] | [INFO] [stdout] 230 | pub struct Quantity [INFO] [stdout] | -------- required by a bound in this [INFO] [stdout] 231 | where [INFO] [stdout] 232 | D: Dimension + ?Sized, [INFO] [stdout] | ^^^^^^^^^ required by this bound in `si::Quantity` [INFO] [stdout] | [INFO] [stdout] ::: /opt/rustwide/cargo-home/registry/src/github.com-1ecc6299db9ec823/uom-0.22.2/src/si/mod.rs:10:1 [INFO] [stdout] | [INFO] [stdout] 10 | / system! { [INFO] [stdout] 11 | | /// [International System of Quantities](http://jcgm.bipm.org/vim/en/1.6.html) (ISQ). [INFO] [stdout] 12 | | quantities: ISQ { [INFO] [stdout] 13 | | length: meter, L; [INFO] [stdout] ... | [INFO] [stdout] 58 | | } [INFO] [stdout] 59 | | } [INFO] [stdout] | |_- in this macro invocation [INFO] [stdout] = note: this error originates in the macro `system` (in Nightly builds, run with -Z macro-backtrace for more info) [INFO] [stdout] [INFO] [stdout] [INFO] [stdout] error[E0277]: the trait bound `<::M as std::ops::Add<::M>>::Output: Integer` is not satisfied [INFO] [stdout] --> /opt/rustwide/cargo-home/registry/src/github.com-1ecc6299db9ec823/uom-0.22.2/src/system.rs:686:20 [INFO] [stdout] | [INFO] [stdout] 686 | b: Quantity<$quantities<$($crate::typenum::Sum),+>, Ub, V>, [INFO] [stdout] | ^^^^^^^^^^^^^^^^^^^^^^^^^^^^^^^^^^^^^^^^^^^^^^^^^^^^^^^^^^^^^^^^^^^^^^^^^^^^^^^^ the trait `Integer` is not implemented for `<::M as std::ops::Add<::M>>::Output` [INFO] [stdout] | [INFO] [stdout] ::: /opt/rustwide/cargo-home/registry/src/github.com-1ecc6299db9ec823/uom-0.22.2/src/si/mod.rs:10:1 [INFO] [stdout] | [INFO] [stdout] 10 | / system! { [INFO] [stdout] 11 | | /// [International System of Quantities](http://jcgm.bipm.org/vim/en/1.6.html) (ISQ). [INFO] [stdout] 12 | | quantities: ISQ { [INFO] [stdout] 13 | | length: meter, L; [INFO] [stdout] ... | [INFO] [stdout] 58 | | } [INFO] [stdout] 59 | | } [INFO] [stdout] | |_- in this macro invocation [INFO] [stdout] | [INFO] [stdout] note: required by a bound in `si::Quantity` [INFO] [stdout] --> /opt/rustwide/cargo-home/registry/src/github.com-1ecc6299db9ec823/uom-0.22.2/src/system.rs:232:16 [INFO] [stdout] | [INFO] [stdout] 230 | pub struct Quantity [INFO] [stdout] | -------- required by a bound in this [INFO] [stdout] 231 | where [INFO] [stdout] 232 | D: Dimension + ?Sized, [INFO] [stdout] | ^^^^^^^^^ required by this bound in `si::Quantity` [INFO] [stdout] | [INFO] [stdout] ::: /opt/rustwide/cargo-home/registry/src/github.com-1ecc6299db9ec823/uom-0.22.2/src/si/mod.rs:10:1 [INFO] [stdout] | [INFO] [stdout] 10 | / system! { [INFO] [stdout] 11 | | /// [International System of Quantities](http://jcgm.bipm.org/vim/en/1.6.html) (ISQ). [INFO] [stdout] 12 | | quantities: ISQ { [INFO] [stdout] 13 | | length: meter, L; [INFO] [stdout] ... | [INFO] [stdout] 58 | | } [INFO] [stdout] 59 | | } [INFO] [stdout] | |_- in this macro invocation [INFO] [stdout] = note: this error originates in the macro `system` (in Nightly builds, run with -Z macro-backtrace for more info) [INFO] [stdout] [INFO] [stdout] [INFO] [stdout] error[E0277]: the trait bound `<::T as std::ops::Add<::T>>::Output: Integer` is not satisfied [INFO] [stdout] --> /opt/rustwide/cargo-home/registry/src/github.com-1ecc6299db9ec823/uom-0.22.2/src/system.rs:686:20 [INFO] [stdout] | [INFO] [stdout] 686 | b: Quantity<$quantities<$($crate::typenum::Sum),+>, Ub, V>, [INFO] [stdout] | ^^^^^^^^^^^^^^^^^^^^^^^^^^^^^^^^^^^^^^^^^^^^^^^^^^^^^^^^^^^^^^^^^^^^^^^^^^^^^^^^ the trait `Integer` is not implemented for `<::T as std::ops::Add<::T>>::Output` [INFO] [stdout] | [INFO] [stdout] ::: /opt/rustwide/cargo-home/registry/src/github.com-1ecc6299db9ec823/uom-0.22.2/src/si/mod.rs:10:1 [INFO] [stdout] | [INFO] [stdout] 10 | / system! { [INFO] [stdout] 11 | | /// [International System of Quantities](http://jcgm.bipm.org/vim/en/1.6.html) (ISQ). [INFO] [stdout] 12 | | quantities: ISQ { [INFO] [stdout] 13 | | length: meter, L; [INFO] [stdout] ... | [INFO] [stdout] 58 | | } [INFO] [stdout] 59 | | } [INFO] [stdout] | |_- in this macro invocation [INFO] [stdout] | [INFO] [stdout] note: required by a bound in `si::Quantity` [INFO] [stdout] --> /opt/rustwide/cargo-home/registry/src/github.com-1ecc6299db9ec823/uom-0.22.2/src/system.rs:232:16 [INFO] [stdout] | [INFO] [stdout] 230 | pub struct Quantity [INFO] [stdout] | -------- required by a bound in this [INFO] [stdout] 231 | where [INFO] [stdout] 232 | D: Dimension + ?Sized, [INFO] [stdout] | ^^^^^^^^^ required by this bound in `si::Quantity` [INFO] [stdout] | [INFO] [stdout] ::: /opt/rustwide/cargo-home/registry/src/github.com-1ecc6299db9ec823/uom-0.22.2/src/si/mod.rs:10:1 [INFO] [stdout] | [INFO] [stdout] 10 | / system! { [INFO] [stdout] 11 | | /// [International System of Quantities](http://jcgm.bipm.org/vim/en/1.6.html) (ISQ). [INFO] [stdout] 12 | | quantities: ISQ { [INFO] [stdout] 13 | | length: meter, L; [INFO] [stdout] ... | [INFO] [stdout] 58 | | } [INFO] [stdout] 59 | | } [INFO] [stdout] | |_- in this macro invocation [INFO] [stdout] = note: this error originates in the macro `system` (in Nightly builds, run with -Z macro-backtrace for more info) [INFO] [stdout] [INFO] [stdout] [INFO] [stdout] error[E0277]: the trait bound `<::I as std::ops::Add<::I>>::Output: Integer` is not satisfied [INFO] [stdout] --> /opt/rustwide/cargo-home/registry/src/github.com-1ecc6299db9ec823/uom-0.22.2/src/system.rs:686:20 [INFO] [stdout] | [INFO] [stdout] 686 | b: Quantity<$quantities<$($crate::typenum::Sum),+>, Ub, V>, [INFO] [stdout] | ^^^^^^^^^^^^^^^^^^^^^^^^^^^^^^^^^^^^^^^^^^^^^^^^^^^^^^^^^^^^^^^^^^^^^^^^^^^^^^^^ the trait `Integer` is not implemented for `<::I as std::ops::Add<::I>>::Output` [INFO] [stdout] | [INFO] [stdout] ::: /opt/rustwide/cargo-home/registry/src/github.com-1ecc6299db9ec823/uom-0.22.2/src/si/mod.rs:10:1 [INFO] [stdout] | [INFO] [stdout] 10 | / system! { [INFO] [stdout] 11 | | /// [International System of Quantities](http://jcgm.bipm.org/vim/en/1.6.html) (ISQ). [INFO] [stdout] 12 | | quantities: ISQ { [INFO] [stdout] 13 | | length: meter, L; [INFO] [stdout] ... | [INFO] [stdout] 58 | | } [INFO] [stdout] 59 | | } [INFO] [stdout] | |_- in this macro invocation [INFO] [stdout] | [INFO] [stdout] note: required by a bound in `si::Quantity` [INFO] [stdout] --> /opt/rustwide/cargo-home/registry/src/github.com-1ecc6299db9ec823/uom-0.22.2/src/system.rs:232:16 [INFO] [stdout] | [INFO] [stdout] 230 | pub struct Quantity [INFO] [stdout] | -------- required by a bound in this [INFO] [stdout] 231 | where [INFO] [stdout] 232 | D: Dimension + ?Sized, [INFO] [stdout] | ^^^^^^^^^ required by this bound in `si::Quantity` [INFO] [stdout] | [INFO] [stdout] ::: /opt/rustwide/cargo-home/registry/src/github.com-1ecc6299db9ec823/uom-0.22.2/src/si/mod.rs:10:1 [INFO] [stdout] | [INFO] [stdout] 10 | / system! { [INFO] [stdout] 11 | | /// [International System of Quantities](http://jcgm.bipm.org/vim/en/1.6.html) (ISQ). [INFO] [stdout] 12 | | quantities: ISQ { [INFO] [stdout] 13 | | length: meter, L; [INFO] [stdout] ... | [INFO] [stdout] 58 | | } [INFO] [stdout] 59 | | } [INFO] [stdout] | |_- in this macro invocation [INFO] [stdout] = note: this error originates in the macro `system` (in Nightly builds, run with -Z macro-backtrace for more info) [INFO] [stdout] [INFO] [stdout] [INFO] [stdout] error[E0277]: the trait bound `<::Th as std::ops::Add<::Th>>::Output: Integer` is not satisfied [INFO] [stdout] --> /opt/rustwide/cargo-home/registry/src/github.com-1ecc6299db9ec823/uom-0.22.2/src/system.rs:686:20 [INFO] [stdout] | [INFO] [stdout] 686 | b: Quantity<$quantities<$($crate::typenum::Sum),+>, Ub, V>, [INFO] [stdout] | ^^^^^^^^^^^^^^^^^^^^^^^^^^^^^^^^^^^^^^^^^^^^^^^^^^^^^^^^^^^^^^^^^^^^^^^^^^^^^^^^ the trait `Integer` is not implemented for `<::Th as std::ops::Add<::Th>>::Output` [INFO] [stdout] | [INFO] [stdout] ::: /opt/rustwide/cargo-home/registry/src/github.com-1ecc6299db9ec823/uom-0.22.2/src/si/mod.rs:10:1 [INFO] [stdout] | [INFO] [stdout] 10 | / system! { [INFO] [stdout] 11 | | /// [International System of Quantities](http://jcgm.bipm.org/vim/en/1.6.html) (ISQ). [INFO] [stdout] 12 | | quantities: ISQ { [INFO] [stdout] 13 | | length: meter, L; [INFO] [stdout] ... | [INFO] [stdout] 58 | | } [INFO] [stdout] 59 | | } [INFO] [stdout] | |_- in this macro invocation [INFO] [stdout] | [INFO] [stdout] note: required by a bound in `si::Quantity` [INFO] [stdout] --> /opt/rustwide/cargo-home/registry/src/github.com-1ecc6299db9ec823/uom-0.22.2/src/system.rs:232:16 [INFO] [stdout] | [INFO] [stdout] 230 | pub struct Quantity [INFO] [stdout] | -------- required by a bound in this [INFO] [stdout] 231 | where [INFO] [stdout] 232 | D: Dimension + ?Sized, [INFO] [stdout] | ^^^^^^^^^ required by this bound in `si::Quantity` [INFO] [stdout] | [INFO] [stdout] ::: /opt/rustwide/cargo-home/registry/src/github.com-1ecc6299db9ec823/uom-0.22.2/src/si/mod.rs:10:1 [INFO] [stdout] | [INFO] [stdout] 10 | / system! { [INFO] [stdout] 11 | | /// [International System of Quantities](http://jcgm.bipm.org/vim/en/1.6.html) (ISQ). [INFO] [stdout] 12 | | quantities: ISQ { [INFO] [stdout] 13 | | length: meter, L; [INFO] [stdout] ... | [INFO] [stdout] 58 | | } [INFO] [stdout] 59 | | } [INFO] [stdout] | |_- in this macro invocation [INFO] [stdout] = note: this error originates in the macro `system` (in Nightly builds, run with -Z macro-backtrace for more info) [INFO] [stdout] [INFO] [stdout] [INFO] [stdout] error[E0277]: the trait bound `<::N as std::ops::Add<::N>>::Output: Integer` is not satisfied [INFO] [stdout] --> /opt/rustwide/cargo-home/registry/src/github.com-1ecc6299db9ec823/uom-0.22.2/src/system.rs:686:20 [INFO] [stdout] | [INFO] [stdout] 686 | b: Quantity<$quantities<$($crate::typenum::Sum),+>, Ub, V>, [INFO] [stdout] | ^^^^^^^^^^^^^^^^^^^^^^^^^^^^^^^^^^^^^^^^^^^^^^^^^^^^^^^^^^^^^^^^^^^^^^^^^^^^^^^^ the trait `Integer` is not implemented for `<::N as std::ops::Add<::N>>::Output` [INFO] [stdout] | [INFO] [stdout] ::: /opt/rustwide/cargo-home/registry/src/github.com-1ecc6299db9ec823/uom-0.22.2/src/si/mod.rs:10:1 [INFO] [stdout] | [INFO] [stdout] 10 | / system! { [INFO] [stdout] 11 | | /// [International System of Quantities](http://jcgm.bipm.org/vim/en/1.6.html) (ISQ). [INFO] [stdout] 12 | | quantities: ISQ { [INFO] [stdout] 13 | | length: meter, L; [INFO] [stdout] ... | [INFO] [stdout] 58 | | } [INFO] [stdout] 59 | | } [INFO] [stdout] | |_- in this macro invocation [INFO] [stdout] | [INFO] [stdout] note: required by a bound in `si::Quantity` [INFO] [stdout] --> /opt/rustwide/cargo-home/registry/src/github.com-1ecc6299db9ec823/uom-0.22.2/src/system.rs:232:16 [INFO] [stdout] | [INFO] [stdout] 230 | pub struct Quantity [INFO] [stdout] | -------- required by a bound in this [INFO] [stdout] 231 | where [INFO] [stdout] 232 | D: Dimension + ?Sized, [INFO] [stdout] | ^^^^^^^^^ required by this bound in `si::Quantity` [INFO] [stdout] | [INFO] [stdout] ::: /opt/rustwide/cargo-home/registry/src/github.com-1ecc6299db9ec823/uom-0.22.2/src/si/mod.rs:10:1 [INFO] [stdout] | [INFO] [stdout] 10 | / system! { [INFO] [stdout] 11 | | /// [International System of Quantities](http://jcgm.bipm.org/vim/en/1.6.html) (ISQ). [INFO] [stdout] 12 | | quantities: ISQ { [INFO] [stdout] 13 | | length: meter, L; [INFO] [stdout] ... | [INFO] [stdout] 58 | | } [INFO] [stdout] 59 | | } [INFO] [stdout] | |_- in this macro invocation [INFO] [stdout] = note: this error originates in the macro `system` (in Nightly builds, run with -Z macro-backtrace for more info) [INFO] [stdout] [INFO] [stdout] [INFO] [stdout] error[E0277]: the trait bound `<::J as std::ops::Add<::J>>::Output: Integer` is not satisfied [INFO] [stdout] --> /opt/rustwide/cargo-home/registry/src/github.com-1ecc6299db9ec823/uom-0.22.2/src/system.rs:686:20 [INFO] [stdout] | [INFO] [stdout] 686 | b: Quantity<$quantities<$($crate::typenum::Sum),+>, Ub, V>, [INFO] [stdout] | ^^^^^^^^^^^^^^^^^^^^^^^^^^^^^^^^^^^^^^^^^^^^^^^^^^^^^^^^^^^^^^^^^^^^^^^^^^^^^^^^ the trait `Integer` is not implemented for `<::J as std::ops::Add<::J>>::Output` [INFO] [stdout] | [INFO] [stdout] ::: /opt/rustwide/cargo-home/registry/src/github.com-1ecc6299db9ec823/uom-0.22.2/src/si/mod.rs:10:1 [INFO] [stdout] | [INFO] [stdout] 10 | / system! { [INFO] [stdout] 11 | | /// [International System of Quantities](http://jcgm.bipm.org/vim/en/1.6.html) (ISQ). [INFO] [stdout] 12 | | quantities: ISQ { [INFO] [stdout] 13 | | length: meter, L; [INFO] [stdout] ... | [INFO] [stdout] 58 | | } [INFO] [stdout] 59 | | } [INFO] [stdout] | |_- in this macro invocation [INFO] [stdout] | [INFO] [stdout] note: required by a bound in `si::Quantity` [INFO] [stdout] --> /opt/rustwide/cargo-home/registry/src/github.com-1ecc6299db9ec823/uom-0.22.2/src/system.rs:232:16 [INFO] [stdout] | [INFO] [stdout] 230 | pub struct Quantity [INFO] [stdout] | -------- required by a bound in this [INFO] [stdout] 231 | where [INFO] [stdout] 232 | D: Dimension + ?Sized, [INFO] [stdout] | ^^^^^^^^^ required by this bound in `si::Quantity` [INFO] [stdout] | [INFO] [stdout] ::: /opt/rustwide/cargo-home/registry/src/github.com-1ecc6299db9ec823/uom-0.22.2/src/si/mod.rs:10:1 [INFO] [stdout] | [INFO] [stdout] 10 | / system! { [INFO] [stdout] 11 | | /// [International System of Quantities](http://jcgm.bipm.org/vim/en/1.6.html) (ISQ). [INFO] [stdout] 12 | | quantities: ISQ { [INFO] [stdout] 13 | | length: meter, L; [INFO] [stdout] ... | [INFO] [stdout] 58 | | } [INFO] [stdout] 59 | | } [INFO] [stdout] | |_- in this macro invocation [INFO] [stdout] = note: this error originates in the macro `system` (in Nightly builds, run with -Z macro-backtrace for more info) [INFO] [stdout] [INFO] [stdout] [INFO] [stdout] error[E0277]: the trait bound `<::L as typenum::PartialDiv, B0>>>>::Output: Integer` is not satisfied [INFO] [stdout] --> /opt/rustwide/cargo-home/registry/src/github.com-1ecc6299db9ec823/uom-0.22.2/src/system.rs:777:18 [INFO] [stdout] | [INFO] [stdout] 777 | ) -> Quantity< [INFO] [stdout] | __________________^ [INFO] [stdout] 778 | | $quantities<$($crate::typenum::PartialQuot),+>, [INFO] [stdout] 779 | | U, V> [INFO] [stdout] | |_____________________^ the trait `Integer` is not implemented for `<::L as typenum::PartialDiv, B0>>>>::Output` [INFO] [stdout] | [INFO] [stdout] ::: /opt/rustwide/cargo-home/registry/src/github.com-1ecc6299db9ec823/uom-0.22.2/src/si/mod.rs:10:1 [INFO] [stdout] | [INFO] [stdout] 10 | / system! { [INFO] [stdout] 11 | | /// [International System of Quantities](http://jcgm.bipm.org/vim/en/1.6.html) (ISQ). [INFO] [stdout] 12 | | quantities: ISQ { [INFO] [stdout] 13 | | length: meter, L; [INFO] [stdout] ... | [INFO] [stdout] 58 | | } [INFO] [stdout] 59 | | } [INFO] [stdout] | |_- in this macro invocation [INFO] [stdout] | [INFO] [stdout] note: required by a bound in `si::Quantity` [INFO] [stdout] --> /opt/rustwide/cargo-home/registry/src/github.com-1ecc6299db9ec823/uom-0.22.2/src/system.rs:232:16 [INFO] [stdout] | [INFO] [stdout] 230 | pub struct Quantity [INFO] [stdout] | -------- required by a bound in this [INFO] [stdout] 231 | where [INFO] [stdout] 232 | D: Dimension + ?Sized, [INFO] [stdout] | ^^^^^^^^^ required by this bound in `si::Quantity` [INFO] [stdout] | [INFO] [stdout] ::: /opt/rustwide/cargo-home/registry/src/github.com-1ecc6299db9ec823/uom-0.22.2/src/si/mod.rs:10:1 [INFO] [stdout] | [INFO] [stdout] 10 | / system! { [INFO] [stdout] 11 | | /// [International System of Quantities](http://jcgm.bipm.org/vim/en/1.6.html) (ISQ). [INFO] [stdout] 12 | | quantities: ISQ { [INFO] [stdout] 13 | | length: meter, L; [INFO] [stdout] ... | [INFO] [stdout] 58 | | } [INFO] [stdout] 59 | | } [INFO] [stdout] | |_- in this macro invocation [INFO] [stdout] = note: this error originates in the macro `system` (in Nightly builds, run with -Z macro-backtrace for more info) [INFO] [stdout] [INFO] [stdout] [INFO] [stdout] error[E0277]: the trait bound `<::M as typenum::PartialDiv, B0>>>>::Output: Integer` is not satisfied [INFO] [stdout] --> /opt/rustwide/cargo-home/registry/src/github.com-1ecc6299db9ec823/uom-0.22.2/src/system.rs:777:18 [INFO] [stdout] | [INFO] [stdout] 777 | ) -> Quantity< [INFO] [stdout] | __________________^ [INFO] [stdout] 778 | | $quantities<$($crate::typenum::PartialQuot),+>, [INFO] [stdout] 779 | | U, V> [INFO] [stdout] | |_____________________^ the trait `Integer` is not implemented for `<::M as typenum::PartialDiv, B0>>>>::Output` [INFO] [stdout] | [INFO] [stdout] ::: /opt/rustwide/cargo-home/registry/src/github.com-1ecc6299db9ec823/uom-0.22.2/src/si/mod.rs:10:1 [INFO] [stdout] | [INFO] [stdout] 10 | / system! { [INFO] [stdout] 11 | | /// [International System of Quantities](http://jcgm.bipm.org/vim/en/1.6.html) (ISQ). [INFO] [stdout] 12 | | quantities: ISQ { [INFO] [stdout] 13 | | length: meter, L; [INFO] [stdout] ... | [INFO] [stdout] 58 | | } [INFO] [stdout] 59 | | } [INFO] [stdout] | |_- in this macro invocation [INFO] [stdout] | [INFO] [stdout] note: required by a bound in `si::Quantity` [INFO] [stdout] --> /opt/rustwide/cargo-home/registry/src/github.com-1ecc6299db9ec823/uom-0.22.2/src/system.rs:232:16 [INFO] [stdout] | [INFO] [stdout] 230 | pub struct Quantity [INFO] [stdout] | -------- required by a bound in this [INFO] [stdout] 231 | where [INFO] [stdout] 232 | D: Dimension + ?Sized, [INFO] [stdout] | ^^^^^^^^^ required by this bound in `si::Quantity` [INFO] [stdout] | [INFO] [stdout] ::: /opt/rustwide/cargo-home/registry/src/github.com-1ecc6299db9ec823/uom-0.22.2/src/si/mod.rs:10:1 [INFO] [stdout] | [INFO] [stdout] 10 | / system! { [INFO] [stdout] 11 | | /// [International System of Quantities](http://jcgm.bipm.org/vim/en/1.6.html) (ISQ). [INFO] [stdout] 12 | | quantities: ISQ { [INFO] [stdout] 13 | | length: meter, L; [INFO] [stdout] ... | [INFO] [stdout] 58 | | } [INFO] [stdout] 59 | | } [INFO] [stdout] | |_- in this macro invocation [INFO] [stdout] = note: this error originates in the macro `system` (in Nightly builds, run with -Z macro-backtrace for more info) [INFO] [stdout] [INFO] [stdout] [INFO] [stdout] error[E0277]: the trait bound `<::T as typenum::PartialDiv, B0>>>>::Output: Integer` is not satisfied [INFO] [stdout] --> /opt/rustwide/cargo-home/registry/src/github.com-1ecc6299db9ec823/uom-0.22.2/src/system.rs:777:18 [INFO] [stdout] | [INFO] [stdout] 777 | ) -> Quantity< [INFO] [stdout] | __________________^ [INFO] [stdout] 778 | | $quantities<$($crate::typenum::PartialQuot),+>, [INFO] [stdout] 779 | | U, V> [INFO] [stdout] | |_____________________^ the trait `Integer` is not implemented for `<::T as typenum::PartialDiv, B0>>>>::Output` [INFO] [stdout] | [INFO] [stdout] ::: /opt/rustwide/cargo-home/registry/src/github.com-1ecc6299db9ec823/uom-0.22.2/src/si/mod.rs:10:1 [INFO] [stdout] | [INFO] [stdout] 10 | / system! { [INFO] [stdout] 11 | | /// [International System of Quantities](http://jcgm.bipm.org/vim/en/1.6.html) (ISQ). [INFO] [stdout] 12 | | quantities: ISQ { [INFO] [stdout] 13 | | length: meter, L; [INFO] [stdout] ... | [INFO] [stdout] 58 | | } [INFO] [stdout] 59 | | } [INFO] [stdout] | |_- in this macro invocation [INFO] [stdout] | [INFO] [stdout] note: required by a bound in `si::Quantity` [INFO] [stdout] --> /opt/rustwide/cargo-home/registry/src/github.com-1ecc6299db9ec823/uom-0.22.2/src/system.rs:232:16 [INFO] [stdout] | [INFO] [stdout] 230 | pub struct Quantity [INFO] [stdout] | -------- required by a bound in this [INFO] [stdout] 231 | where [INFO] [stdout] 232 | D: Dimension + ?Sized, [INFO] [stdout] | ^^^^^^^^^ required by this bound in `si::Quantity` [INFO] [stdout] | [INFO] [stdout] ::: /opt/rustwide/cargo-home/registry/src/github.com-1ecc6299db9ec823/uom-0.22.2/src/si/mod.rs:10:1 [INFO] [stdout] | [INFO] [stdout] 10 | / system! { [INFO] [stdout] 11 | | /// [International System of Quantities](http://jcgm.bipm.org/vim/en/1.6.html) (ISQ). [INFO] [stdout] 12 | | quantities: ISQ { [INFO] [stdout] 13 | | length: meter, L; [INFO] [stdout] ... | [INFO] [stdout] 58 | | } [INFO] [stdout] 59 | | } [INFO] [stdout] | |_- in this macro invocation [INFO] [stdout] = note: this error originates in the macro `system` (in Nightly builds, run with -Z macro-backtrace for more info) [INFO] [stdout] [INFO] [stdout] [INFO] [stdout] error[E0277]: the trait bound `<::I as typenum::PartialDiv, B0>>>>::Output: Integer` is not satisfied [INFO] [stdout] --> /opt/rustwide/cargo-home/registry/src/github.com-1ecc6299db9ec823/uom-0.22.2/src/system.rs:777:18 [INFO] [stdout] | [INFO] [stdout] 777 | ) -> Quantity< [INFO] [stdout] | __________________^ [INFO] [stdout] 778 | | $quantities<$($crate::typenum::PartialQuot),+>, [INFO] [stdout] 779 | | U, V> [INFO] [stdout] | |_____________________^ the trait `Integer` is not implemented for `<::I as typenum::PartialDiv, B0>>>>::Output` [INFO] [stdout] | [INFO] [stdout] ::: /opt/rustwide/cargo-home/registry/src/github.com-1ecc6299db9ec823/uom-0.22.2/src/si/mod.rs:10:1 [INFO] [stdout] | [INFO] [stdout] 10 | / system! { [INFO] [stdout] 11 | | /// [International System of Quantities](http://jcgm.bipm.org/vim/en/1.6.html) (ISQ). [INFO] [stdout] 12 | | quantities: ISQ { [INFO] [stdout] 13 | | length: meter, L; [INFO] [stdout] ... | [INFO] [stdout] 58 | | } [INFO] [stdout] 59 | | } [INFO] [stdout] | |_- in this macro invocation [INFO] [stdout] | [INFO] [stdout] note: required by a bound in `si::Quantity` [INFO] [stdout] --> /opt/rustwide/cargo-home/registry/src/github.com-1ecc6299db9ec823/uom-0.22.2/src/system.rs:232:16 [INFO] [stdout] | [INFO] [stdout] 230 | pub struct Quantity [INFO] [stdout] | -------- required by a bound in this [INFO] [stdout] 231 | where [INFO] [stdout] 232 | D: Dimension + ?Sized, [INFO] [stdout] | ^^^^^^^^^ required by this bound in `si::Quantity` [INFO] [stdout] | [INFO] [stdout] ::: /opt/rustwide/cargo-home/registry/src/github.com-1ecc6299db9ec823/uom-0.22.2/src/si/mod.rs:10:1 [INFO] [stdout] | [INFO] [stdout] 10 | / system! { [INFO] [stdout] 11 | | /// [International System of Quantities](http://jcgm.bipm.org/vim/en/1.6.html) (ISQ). [INFO] [stdout] 12 | | quantities: ISQ { [INFO] [stdout] 13 | | length: meter, L; [INFO] [stdout] ... | [INFO] [stdout] 58 | | } [INFO] [stdout] 59 | | } [INFO] [stdout] | |_- in this macro invocation [INFO] [stdout] = note: this error originates in the macro `system` (in Nightly builds, run with -Z macro-backtrace for more info) [INFO] [stdout] [INFO] [stdout] [INFO] [stdout] error[E0277]: the trait bound `<::Th as typenum::PartialDiv, B0>>>>::Output: Integer` is not satisfied [INFO] [stdout] --> /opt/rustwide/cargo-home/registry/src/github.com-1ecc6299db9ec823/uom-0.22.2/src/system.rs:777:18 [INFO] [stdout] | [INFO] [stdout] 777 | ) -> Quantity< [INFO] [stdout] | __________________^ [INFO] [stdout] 778 | | $quantities<$($crate::typenum::PartialQuot),+>, [INFO] [stdout] 779 | | U, V> [INFO] [stdout] | |_____________________^ the trait `Integer` is not implemented for `<::Th as typenum::PartialDiv, B0>>>>::Output` [INFO] [stdout] | [INFO] [stdout] ::: /opt/rustwide/cargo-home/registry/src/github.com-1ecc6299db9ec823/uom-0.22.2/src/si/mod.rs:10:1 [INFO] [stdout] | [INFO] [stdout] 10 | / system! { [INFO] [stdout] 11 | | /// [International System of Quantities](http://jcgm.bipm.org/vim/en/1.6.html) (ISQ). [INFO] [stdout] 12 | | quantities: ISQ { [INFO] [stdout] 13 | | length: meter, L; [INFO] [stdout] ... | [INFO] [stdout] 58 | | } [INFO] [stdout] 59 | | } [INFO] [stdout] | |_- in this macro invocation [INFO] [stdout] | [INFO] [stdout] note: required by a bound in `si::Quantity` [INFO] [stdout] --> /opt/rustwide/cargo-home/registry/src/github.com-1ecc6299db9ec823/uom-0.22.2/src/system.rs:232:16 [INFO] [stdout] | [INFO] [stdout] 230 | pub struct Quantity [INFO] [stdout] | -------- required by a bound in this [INFO] [stdout] 231 | where [INFO] [stdout] 232 | D: Dimension + ?Sized, [INFO] [stdout] | ^^^^^^^^^ required by this bound in `si::Quantity` [INFO] [stdout] | [INFO] [stdout] ::: /opt/rustwide/cargo-home/registry/src/github.com-1ecc6299db9ec823/uom-0.22.2/src/si/mod.rs:10:1 [INFO] [stdout] | [INFO] [stdout] 10 | / system! { [INFO] [stdout] 11 | | /// [International System of Quantities](http://jcgm.bipm.org/vim/en/1.6.html) (ISQ). [INFO] [stdout] 12 | | quantities: ISQ { [INFO] [stdout] 13 | | length: meter, L; [INFO] [stdout] ... | [INFO] [stdout] 58 | | } [INFO] [stdout] 59 | | } [INFO] [stdout] | |_- in this macro invocation [INFO] [stdout] = note: this error originates in the macro `system` (in Nightly builds, run with -Z macro-backtrace for more info) [INFO] [stdout] [INFO] [stdout] [INFO] [stdout] error[E0277]: the trait bound `<::N as typenum::PartialDiv, B0>>>>::Output: Integer` is not satisfied [INFO] [stdout] --> /opt/rustwide/cargo-home/registry/src/github.com-1ecc6299db9ec823/uom-0.22.2/src/system.rs:777:18 [INFO] [stdout] | [INFO] [stdout] 777 | ) -> Quantity< [INFO] [stdout] | __________________^ [INFO] [stdout] 778 | | $quantities<$($crate::typenum::PartialQuot),+>, [INFO] [stdout] 779 | | U, V> [INFO] [stdout] | |_____________________^ the trait `Integer` is not implemented for `<::N as typenum::PartialDiv, B0>>>>::Output` [INFO] [stdout] | [INFO] [stdout] ::: /opt/rustwide/cargo-home/registry/src/github.com-1ecc6299db9ec823/uom-0.22.2/src/si/mod.rs:10:1 [INFO] [stdout] | [INFO] [stdout] 10 | / system! { [INFO] [stdout] 11 | | /// [International System of Quantities](http://jcgm.bipm.org/vim/en/1.6.html) (ISQ). [INFO] [stdout] 12 | | quantities: ISQ { [INFO] [stdout] 13 | | length: meter, L; [INFO] [stdout] ... | [INFO] [stdout] 58 | | } [INFO] [stdout] 59 | | } [INFO] [stdout] | |_- in this macro invocation [INFO] [stdout] | [INFO] [stdout] note: required by a bound in `si::Quantity` [INFO] [stdout] --> /opt/rustwide/cargo-home/registry/src/github.com-1ecc6299db9ec823/uom-0.22.2/src/system.rs:232:16 [INFO] [stdout] | [INFO] [stdout] 230 | pub struct Quantity [INFO] [stdout] | -------- required by a bound in this [INFO] [stdout] 231 | where [INFO] [stdout] 232 | D: Dimension + ?Sized, [INFO] [stdout] | ^^^^^^^^^ required by this bound in `si::Quantity` [INFO] [stdout] | [INFO] [stdout] ::: /opt/rustwide/cargo-home/registry/src/github.com-1ecc6299db9ec823/uom-0.22.2/src/si/mod.rs:10:1 [INFO] [stdout] | [INFO] [stdout] 10 | / system! { [INFO] [stdout] 11 | | /// [International System of Quantities](http://jcgm.bipm.org/vim/en/1.6.html) (ISQ). [INFO] [stdout] 12 | | quantities: ISQ { [INFO] [stdout] 13 | | length: meter, L; [INFO] [stdout] ... | [INFO] [stdout] 58 | | } [INFO] [stdout] 59 | | } [INFO] [stdout] | |_- in this macro invocation [INFO] [stdout] = note: this error originates in the macro `system` (in Nightly builds, run with -Z macro-backtrace for more info) [INFO] [stdout] [INFO] [stdout] [INFO] [stdout] error[E0277]: the trait bound `<::J as typenum::PartialDiv, B0>>>>::Output: Integer` is not satisfied [INFO] [stdout] --> /opt/rustwide/cargo-home/registry/src/github.com-1ecc6299db9ec823/uom-0.22.2/src/system.rs:777:18 [INFO] [stdout] | [INFO] [stdout] 777 | ) -> Quantity< [INFO] [stdout] | __________________^ [INFO] [stdout] 778 | | $quantities<$($crate::typenum::PartialQuot),+>, [INFO] [stdout] 779 | | U, V> [INFO] [stdout] | |_____________________^ the trait `Integer` is not implemented for `<::J as typenum::PartialDiv, B0>>>>::Output` [INFO] [stdout] | [INFO] [stdout] ::: /opt/rustwide/cargo-home/registry/src/github.com-1ecc6299db9ec823/uom-0.22.2/src/si/mod.rs:10:1 [INFO] [stdout] | [INFO] [stdout] 10 | / system! { [INFO] [stdout] 11 | | /// [International System of Quantities](http://jcgm.bipm.org/vim/en/1.6.html) (ISQ). [INFO] [stdout] 12 | | quantities: ISQ { [INFO] [stdout] 13 | | length: meter, L; [INFO] [stdout] ... | [INFO] [stdout] 58 | | } [INFO] [stdout] 59 | | } [INFO] [stdout] | |_- in this macro invocation [INFO] [stdout] | [INFO] [stdout] note: required by a bound in `si::Quantity` [INFO] [stdout] --> /opt/rustwide/cargo-home/registry/src/github.com-1ecc6299db9ec823/uom-0.22.2/src/system.rs:232:16 [INFO] [stdout] | [INFO] [stdout] 230 | pub struct Quantity [INFO] [stdout] | -------- required by a bound in this [INFO] [stdout] 231 | where [INFO] [stdout] 232 | D: Dimension + ?Sized, [INFO] [stdout] | ^^^^^^^^^ required by this bound in `si::Quantity` [INFO] [stdout] | [INFO] [stdout] ::: /opt/rustwide/cargo-home/registry/src/github.com-1ecc6299db9ec823/uom-0.22.2/src/si/mod.rs:10:1 [INFO] [stdout] | [INFO] [stdout] 10 | / system! { [INFO] [stdout] 11 | | /// [International System of Quantities](http://jcgm.bipm.org/vim/en/1.6.html) (ISQ). [INFO] [stdout] 12 | | quantities: ISQ { [INFO] [stdout] 13 | | length: meter, L; [INFO] [stdout] ... | [INFO] [stdout] 58 | | } [INFO] [stdout] 59 | | } [INFO] [stdout] | |_- in this macro invocation [INFO] [stdout] = note: this error originates in the macro `system` (in Nightly builds, run with -Z macro-backtrace for more info) [INFO] [stdout] [INFO] [stdout] [INFO] [stderr] error: could not compile `uom` due to 92 previous errors [INFO] [stdout] error: aborting due to 91 previous errors [INFO] [stdout] [INFO] [stdout] [INFO] [stderr] warning: build failed, waiting for other jobs to finish... [INFO] [stdout] For more information about this error, try `rustc --explain E0277`. [INFO] [stdout] [INFO] [stderr] error: build failed [INFO] running `Command { std: "docker" "inspect" "8e1cab374e2ef379f94090d055b22432848d3954cd67e8d19899a80edd759758", kill_on_drop: false }` [INFO] running `Command { std: "docker" "rm" "-f" "8e1cab374e2ef379f94090d055b22432848d3954cd67e8d19899a80edd759758", kill_on_drop: false }` [INFO] [stdout] 8e1cab374e2ef379f94090d055b22432848d3954cd67e8d19899a80edd759758