[INFO] cloning repository https://github.com/yoshuawuyts/playground-libui
[INFO] running `Command { std: "git" "-c" "credential.helper=" "-c" "credential.helper=/workspace/cargo-home/bin/git-credential-null" "clone" "--bare" "https://github.com/yoshuawuyts/playground-libui" "/workspace/cache/git-repos/https%3A%2F%2Fgithub.com%2Fyoshuawuyts%2Fplayground-libui", kill_on_drop: false }`
[INFO] [stderr] Cloning into bare repository '/workspace/cache/git-repos/https%3A%2F%2Fgithub.com%2Fyoshuawuyts%2Fplayground-libui'...
[INFO] running `Command { std: "git" "rev-parse" "HEAD", kill_on_drop: false }`
[INFO] [stdout] a81a670f33325b7f7c11a8f1bfb51479e6a71aae
[INFO] documenting yoshuawuyts/playground-libui against beta-2021-08-01 for beta-1.55-rustdoc-1
[INFO] running `Command { std: "git" "clone" "/workspace/cache/git-repos/https%3A%2F%2Fgithub.com%2Fyoshuawuyts%2Fplayground-libui" "/workspace/builds/worker-66/source", kill_on_drop: false }`
[INFO] [stderr] Cloning into '/workspace/builds/worker-66/source'...
[INFO] [stderr] done.
[INFO] validating manifest of git repo https://github.com/yoshuawuyts/playground-libui on toolchain beta-2021-08-01
[INFO] running `Command { std: "/workspace/cargo-home/bin/cargo" "+beta-2021-08-01" "metadata" "--manifest-path" "Cargo.toml" "--no-deps", kill_on_drop: false }`
[INFO] started tweaking git repo https://github.com/yoshuawuyts/playground-libui
[INFO] finished tweaking git repo https://github.com/yoshuawuyts/playground-libui
[INFO] tweaked toml for git repo https://github.com/yoshuawuyts/playground-libui written to /workspace/builds/worker-66/source/Cargo.toml
[INFO] crate git repo https://github.com/yoshuawuyts/playground-libui already has a lockfile, it will not be regenerated
[INFO] running `Command { std: "/workspace/cargo-home/bin/cargo" "+beta-2021-08-01" "fetch" "--manifest-path" "Cargo.toml", kill_on_drop: false }`
[INFO] [stderr]     Blocking waiting for file lock on package cache
[INFO] [stderr]     Blocking waiting for file lock on package cache
[INFO] [stderr]  Downloading crates ...
[INFO] [stderr]   Downloaded iui v0.2.0
[INFO] [stderr]   Downloaded cc v1.0.10
[INFO] [stderr]   Downloaded ui-sys v0.1.1
[INFO] running `Command { std: "docker" "create" "-v" "/var/lib/crater-agent-workspace/builds/worker-66/target:/opt/rustwide/target:rw,Z" "-v" "/var/lib/crater-agent-workspace/builds/worker-66/source:/opt/rustwide/workdir:ro,Z" "-v" "/var/lib/crater-agent-workspace/cargo-home:/opt/rustwide/cargo-home:ro,Z" "-v" "/var/lib/crater-agent-workspace/rustup-home:/opt/rustwide/rustup-home:ro,Z" "-e" "SOURCE_DIR=/opt/rustwide/workdir" "-e" "CARGO_TARGET_DIR=/opt/rustwide/target" "-e" "CARGO_HOME=/opt/rustwide/cargo-home" "-e" "RUSTUP_HOME=/opt/rustwide/rustup-home" "-w" "/opt/rustwide/workdir" "-m" "1610612736" "--user" "0:0" "--network" "none" "ghcr.io/rust-lang/crates-build-env/linux@sha256:34b6a614d2c27851fe6cbf88fbd1137609cefab8b10d0615aaeb6fd47975d74e" "/opt/rustwide/cargo-home/bin/cargo" "+beta-2021-08-01" "metadata" "--no-deps" "--format-version=1", kill_on_drop: false }`
[INFO] [stdout] 9d2d07f167fa5ea2959750eeeb1530d9a50ab6e97e02abb0fc483f232998a61b
[INFO] running `Command { std: "docker" "start" "-a" "9d2d07f167fa5ea2959750eeeb1530d9a50ab6e97e02abb0fc483f232998a61b", kill_on_drop: false }`
[INFO] running `Command { std: "docker" "inspect" "9d2d07f167fa5ea2959750eeeb1530d9a50ab6e97e02abb0fc483f232998a61b", kill_on_drop: false }`
[INFO] running `Command { std: "docker" "rm" "-f" "9d2d07f167fa5ea2959750eeeb1530d9a50ab6e97e02abb0fc483f232998a61b", kill_on_drop: false }`
[INFO] [stdout] 9d2d07f167fa5ea2959750eeeb1530d9a50ab6e97e02abb0fc483f232998a61b
[INFO] running `Command { std: "docker" "create" "-v" "/var/lib/crater-agent-workspace/builds/worker-66/target:/opt/rustwide/target:rw,Z" "-v" "/var/lib/crater-agent-workspace/builds/worker-66/source:/opt/rustwide/workdir:ro,Z" "-v" "/var/lib/crater-agent-workspace/cargo-home:/opt/rustwide/cargo-home:ro,Z" "-v" "/var/lib/crater-agent-workspace/rustup-home:/opt/rustwide/rustup-home:ro,Z" "-e" "SOURCE_DIR=/opt/rustwide/workdir" "-e" "CARGO_TARGET_DIR=/opt/rustwide/target" "-e" "CARGO_INCREMENTAL=0" "-e" "RUST_BACKTRACE=full" "-e" "RUSTDOCFLAGS=--cap-lints=warn" "-e" "CARGO_HOME=/opt/rustwide/cargo-home" "-e" "RUSTUP_HOME=/opt/rustwide/rustup-home" "-w" "/opt/rustwide/workdir" "-m" "1610612736" "--user" "0:0" "--network" "none" "ghcr.io/rust-lang/crates-build-env/linux@sha256:34b6a614d2c27851fe6cbf88fbd1137609cefab8b10d0615aaeb6fd47975d74e" "/opt/rustwide/cargo-home/bin/cargo" "+beta-2021-08-01" "doc" "--frozen" "--no-deps" "--document-private-items" "--message-format=json", kill_on_drop: false }`
[INFO] [stdout] 734ebe3216e0bbd5e8b6943d9af98df7244e2a6e6e97a636387080a7c20f01c1
[INFO] running `Command { std: "docker" "start" "-a" "734ebe3216e0bbd5e8b6943d9af98df7244e2a6e6e97a636387080a7c20f01c1", kill_on_drop: false }`
[INFO] [stderr]    Compiling cc v1.0.10
[INFO] [stderr]    Compiling unicode-xid v0.0.4
[INFO] [stderr]    Compiling quote v0.3.15
[INFO] [stderr]     Checking libc v0.2.40
[INFO] [stderr]    Compiling make-cmd v0.1.0
[INFO] [stderr]     Checking rustc-demangle v0.1.7
[INFO] [stderr]     Checking cfg-if v0.1.2
[INFO] [stderr]    Compiling synom v0.11.3
[INFO] [stderr]    Compiling cmake v0.1.30
[INFO] [stderr]    Compiling syn v0.11.11
[INFO] [stderr]    Compiling backtrace-sys v0.1.16
[INFO] [stderr]    Compiling ui-sys v0.1.1
[INFO] [stderr]    Compiling synstructure v0.6.1
[INFO] [stderr]    Compiling failure_derive v0.1.1
[INFO] [stderr] error: failed to run custom build command for `ui-sys v0.1.1`
[INFO] [stderr] 
[INFO] [stderr] Caused by:
[INFO] [stderr]   process didn't exit successfully: `/opt/rustwide/target/debug/build/ui-sys-3eaaaad3889718c8/build-script-build` (exit status: 101)
[INFO] [stderr]   --- stdout
[INFO] [stderr]   running: "cmake" "/opt/rustwide/cargo-home/registry/src/github.com-1ecc6299db9ec823/ui-sys-0.1.1/libui" "-DCMAKE_INSTALL_PREFIX=/opt/rustwide/target/debug/build/ui-sys-6c11664e3118dd4b/out" "-DCMAKE_C_FLAGS= -ffunction-sections -fdata-sections -fPIC -m64" "-DCMAKE_C_COMPILER=/usr/bin/cc" "-DCMAKE_CXX_FLAGS= -ffunction-sections -fdata-sections -fPIC -m64" "-DCMAKE_CXX_COMPILER=/usr/bin/c++" "-DCMAKE_BUILD_TYPE=Debug"
[INFO] [stderr]   -- The C compiler identification is GNU 9.3.0
[INFO] [stderr]   -- The CXX compiler identification is GNU 9.3.0
[INFO] [stderr]   -- Check for working C compiler: /usr/bin/cc
[INFO] [stderr]   -- Check for working C compiler: /usr/bin/cc -- works
[INFO] [stderr]   -- Detecting C compiler ABI info
[INFO] [stderr]   -- Detecting C compiler ABI info - done
[INFO] [stderr]   -- Detecting C compile features
[INFO] [stderr]   -- Detecting C compile features - done
[INFO] [stderr]   -- Check for working CXX compiler: /usr/bin/c++
[INFO] [stderr]   -- Check for working CXX compiler: /usr/bin/c++ -- works
[INFO] [stderr]   -- Detecting CXX compiler ABI info
[INFO] [stderr]   -- Detecting CXX compiler ABI info - done
[INFO] [stderr]   -- Detecting CXX compile features
[INFO] [stderr]   -- Detecting CXX compile features - done
[INFO] [stderr]   -- Found PkgConfig: /usr/bin/pkg-config (found version "0.29.1") 
[INFO] [stderr]   -- Checking for module 'gtk+-3.0'
[INFO] [stderr]   --   Found gtk+-3.0, version 3.24.20
[INFO] [stderr]   -- Configuring done
[INFO] [stderr]   -- Generating done
[INFO] [stderr]   -- Build files have been written to: /opt/rustwide/target/debug/build/ui-sys-6c11664e3118dd4b/out/build
[INFO] [stderr]   running: "cmake" "--build" "." "--target" "" "--config" "Debug" "--"
[INFO] [stderr]   Scanning dependencies of target libui
[INFO] [stderr]   [  2%] Building C object CMakeFiles/libui.dir/common/control.c.o
[INFO] [stderr]   [  4%] Building C object CMakeFiles/libui.dir/common/areaevents.c.o
[INFO] [stderr]   [  6%] Building C object CMakeFiles/libui.dir/common/debug.c.o
[INFO] [stderr]   [  8%] Building C object CMakeFiles/libui.dir/common/matrix.c.o
[INFO] [stderr]   [ 10%] Building C object CMakeFiles/libui.dir/common/userbugs.c.o
[INFO] [stderr]   [ 13%] Building C object CMakeFiles/libui.dir/unix/alloc.c.o
[INFO] [stderr]   [ 15%] Building C object CMakeFiles/libui.dir/common/shouldquit.c.o
[INFO] [stderr]   [ 17%] Building C object CMakeFiles/libui.dir/unix/box.c.o
[INFO] [stderr]   [ 19%] Building C object CMakeFiles/libui.dir/unix/area.c.o
[INFO] [stderr]   [ 21%] Building C object CMakeFiles/libui.dir/unix/child.c.o
[INFO] [stderr]   [ 23%] Building C object CMakeFiles/libui.dir/unix/checkbox.c.o
[INFO] [stderr]   [ 26%] Building C object CMakeFiles/libui.dir/unix/cellrendererbutton.c.o
[INFO] [stderr]   [ 28%] Building C object CMakeFiles/libui.dir/unix/button.c.o
[INFO] [stderr]   [ 30%] Building C object CMakeFiles/libui.dir/unix/combobox.c.o
[INFO] [stderr]   [ 32%] Building C object CMakeFiles/libui.dir/unix/colorbutton.c.o
[INFO] [stderr]   [ 34%] Building C object CMakeFiles/libui.dir/unix/datetimepicker.c.o
[INFO] [stderr]   [ 36%] Building C object CMakeFiles/libui.dir/unix/control.c.o
[INFO] [stderr]   [ 39%] Building C object CMakeFiles/libui.dir/unix/drawmatrix.c.o
[INFO] [stderr]   [ 41%] Building C object CMakeFiles/libui.dir/unix/draw.c.o
[INFO] [stderr]   [ 43%] Building C object CMakeFiles/libui.dir/unix/drawpath.c.o
[INFO] [stderr]   [ 45%] Building C object CMakeFiles/libui.dir/unix/debug.c.o
[INFO] [stderr]   [ 47%] Building C object CMakeFiles/libui.dir/unix/drawtext.c.o
[INFO] [stderr]   [ 50%] Building C object CMakeFiles/libui.dir/unix/fontbutton.c.o
[INFO] [stderr]   [ 52%] Building C object CMakeFiles/libui.dir/unix/editablecombo.c.o
[INFO] [stderr]   [ 54%] Building C object CMakeFiles/libui.dir/unix/form.c.o
[INFO] [stderr]   [ 56%] Building C object CMakeFiles/libui.dir/unix/entry.c.o
[INFO] [stderr]   [ 58%] Building C object CMakeFiles/libui.dir/unix/graphemes.c.o
[INFO] [stderr]   [ 60%] Building C object CMakeFiles/libui.dir/unix/future.c.o
[INFO] [stderr]   [ 63%] Building C object CMakeFiles/libui.dir/unix/grid.c.o
[INFO] [stderr]   [ 65%] Building C object CMakeFiles/libui.dir/unix/label.c.o
[INFO] [stderr]   [ 67%] Building C object CMakeFiles/libui.dir/unix/group.c.o
[INFO] [stderr]   [ 69%] Building C object CMakeFiles/libui.dir/unix/multilineentry.c.o
[INFO] [stderr]   [ 71%] Building C object CMakeFiles/libui.dir/unix/radiobuttons.c.o
[INFO] [stderr]   [ 73%] Building C object CMakeFiles/libui.dir/unix/slider.c.o
[INFO] [stderr]   [ 76%] Building C object CMakeFiles/libui.dir/unix/spinbox.c.o
[INFO] [stderr]   [ 78%] Building C object CMakeFiles/libui.dir/unix/main.c.o
[INFO] [stderr]   [ 80%] Building C object CMakeFiles/libui.dir/unix/stddialogs.c.o
[INFO] [stderr]   [ 82%] Building C object CMakeFiles/libui.dir/unix/tab.c.o
[INFO] [stderr]   [ 84%] Building C object CMakeFiles/libui.dir/unix/util.c.o
[INFO] [stderr]   [ 86%] Building C object CMakeFiles/libui.dir/unix/text.c.o
[INFO] [stderr]   [ 89%] Building C object CMakeFiles/libui.dir/unix/menu.c.o
[INFO] [stderr]   [ 91%] Building C object CMakeFiles/libui.dir/unix/window.c.o
[INFO] [stderr]   [ 93%] Building C object CMakeFiles/libui.dir/unix/separator.c.o
[INFO] [stderr]   [ 95%] Building C object CMakeFiles/libui.dir/unix/image.c.o
[INFO] [stderr]   [ 97%] Building C object CMakeFiles/libui.dir/unix/progressbar.c.o
[INFO] [stderr] 
[INFO] [stderr]   --- stderr
[INFO] [stderr]   fatal: not a git repository (or any parent up to mount point /opt/rustwide)
[INFO] [stderr]   Stopping at filesystem boundary (GIT_DISCOVERY_ACROSS_FILESYSTEM not set).
[INFO] [stderr]   Warning: Argument number 4 after --target option is empty.
[INFO] [stderr]   cc: fatal error: Killed signal terminated program cc1
[INFO] [stderr]   compilation terminated.
[INFO] [stderr]   make[2]: *** [CMakeFiles/libui.dir/build.make:154: CMakeFiles/libui.dir/unix/area.c.o] Error 1
[INFO] [stderr]   make[2]: *** Waiting for unfinished jobs....
[INFO] [stderr]   cc: fatal error: Killed signal terminated program cc1
[INFO] [stderr]   compilation terminated.
[INFO] [stderr]   make[2]: *** [CMakeFiles/libui.dir/build.make:219: CMakeFiles/libui.dir/unix/child.c.o] Error 1
[INFO] [stderr]   cc: fatal error: Killed signal terminated program cc1
[INFO] [stderr]   compilation terminated.
[INFO] [stderr]   make[2]: *** [CMakeFiles/libui.dir/build.make:492: CMakeFiles/libui.dir/unix/menu.c.o] Error 1
[INFO] [stderr]   cc: fatal error: Killed signal terminated program cc1
[INFO] [stderr]   compilation terminated.
[INFO] [stderr]   make[2]: *** [CMakeFiles/libui.dir/build.make:622: CMakeFiles/libui.dir/unix/util.c.o] Error 1
[INFO] [stderr]   cc: fatal error: Killed signal terminated program cc1
[INFO] [stderr]   compilation terminated.
[INFO] [stderr]   make[2]: *** [CMakeFiles/libui.dir/build.make:206: CMakeFiles/libui.dir/unix/checkbox.c.o] Error 1
[INFO] [stderr]   cc: fatal error: Killed signal terminated program cc1
[INFO] [stderr]   compilation terminated.
[INFO] [stderr]   make[2]: *** [CMakeFiles/libui.dir/build.make:453: CMakeFiles/libui.dir/unix/image.c.o] Error 1
[INFO] [stderr]   cc: fatal error: Killed signal terminated program cc1
[INFO] [stderr]   compilation terminated.
[INFO] [stderr]   make[2]: *** [CMakeFiles/libui.dir/build.make:505: CMakeFiles/libui.dir/unix/multilineentry.c.o] Error 1
[INFO] [stderr]   cc: fatal error: Killed signal terminated program cc1
[INFO] [stderr]   compilation terminated.
[INFO] [stderr]   /opt/rustwide/cargo-home/registry/src/github.com-1ecc6299db9ec823/ui-sys-0.1.1/libui/unix/alloc.c: In function 'uninitComplain':
[INFO] [stderr]   /opt/rustwide/cargo-home/registry/src/github.com-1ecc6299db9ec823/ui-sys-0.1.1/libui/unix/alloc.c:27:26: warning: zero-length gnu_printf format string [-Wformat-zero-length]
[INFO] [stderr]      27 |   *str = g_strdup_printf("");
[INFO] [stderr]         |                          ^~
[INFO] [stderr]   make[2]: *** [CMakeFiles/libui.dir/build.make:635: CMakeFiles/libui.dir/unix/window.c.o] Error 1
[INFO] [stderr]   cc: fatal error: Killed signal terminated program cc1
[INFO] [stderr]   compilation terminated.
[INFO] [stderr]   make[2]: *** [CMakeFiles/libui.dir/build.make:336: CMakeFiles/libui.dir/unix/drawtext.c.o] Error 1
[INFO] [stderr]   make[1]: *** [CMakeFiles/Makefile2:162: CMakeFiles/libui.dir/all] Error 2
[INFO] [stderr]   make: *** [Makefile:84: all] Error 2
[INFO] [stderr]   thread 'main' panicked at '
[INFO] [stderr]   command did not execute successfully, got: exit status: 2
[INFO] [stderr] 
[INFO] [stderr]   build script failed, must exit now', /opt/rustwide/cargo-home/registry/src/github.com-1ecc6299db9ec823/cmake-0.1.30/src/lib.rs:643:5
[INFO] [stderr]   stack backtrace:
[INFO] [stderr]      0:     0x5614b3b01a80 - std::backtrace_rs::backtrace::libunwind::trace::hff4d1766e93f64f1
[INFO] [stderr]                                  at /rustc/53fd98ca776cb875bc9e5514f56b52eb74f9e7a9/library/std/src/../../backtrace/src/backtrace/libunwind.rs:90:5
[INFO] [stderr]      1:     0x5614b3b01a80 - std::backtrace_rs::backtrace::trace_unsynchronized::h56bbc8eb78770bcb
[INFO] [stderr]                                  at /rustc/53fd98ca776cb875bc9e5514f56b52eb74f9e7a9/library/std/src/../../backtrace/src/backtrace/mod.rs:66:5
[INFO] [stderr]      2:     0x5614b3b01a80 - std::sys_common::backtrace::_print_fmt::h5c8e75464faca780
[INFO] [stderr]                                  at /rustc/53fd98ca776cb875bc9e5514f56b52eb74f9e7a9/library/std/src/sys_common/backtrace.rs:67:5
[INFO] [stderr]      3:     0x5614b3b01a80 - <std::sys_common::backtrace::_print::DisplayBacktrace as core::fmt::Display>::fmt::h48b88277def8b362
[INFO] [stderr]                                  at /rustc/53fd98ca776cb875bc9e5514f56b52eb74f9e7a9/library/std/src/sys_common/backtrace.rs:46:22
[INFO] [stderr]      4:     0x5614b3b20fec - core::fmt::write::h3381b3176fe2b3d3
[INFO] [stderr]                                  at /rustc/53fd98ca776cb875bc9e5514f56b52eb74f9e7a9/library/core/src/fmt/mod.rs:1115:17
[INFO] [stderr]      5:     0x5614b3afeca5 - std::io::Write::write_fmt::hd42607e5d8e44db0
[INFO] [stderr]                                  at /rustc/53fd98ca776cb875bc9e5514f56b52eb74f9e7a9/library/std/src/io/mod.rs:1665:15
[INFO] [stderr]      6:     0x5614b3b03f8b - std::sys_common::backtrace::_print::ha537687d6c17dd0d
[INFO] [stderr]                                  at /rustc/53fd98ca776cb875bc9e5514f56b52eb74f9e7a9/library/std/src/sys_common/backtrace.rs:49:5
[INFO] [stderr]      7:     0x5614b3b03f8b - std::sys_common::backtrace::print::h61376ae57d131d72
[INFO] [stderr]                                  at /rustc/53fd98ca776cb875bc9e5514f56b52eb74f9e7a9/library/std/src/sys_common/backtrace.rs:36:9
[INFO] [stderr]      8:     0x5614b3b03f8b - std::panicking::default_hook::{{closure}}::h0f7208c0b9644a54
[INFO] [stderr]                                  at /rustc/53fd98ca776cb875bc9e5514f56b52eb74f9e7a9/library/std/src/panicking.rs:208:50
[INFO] [stderr]      9:     0x5614b3b03a61 - std::panicking::default_hook::hdac7fc06578c14ce
[INFO] [stderr]                                  at /rustc/53fd98ca776cb875bc9e5514f56b52eb74f9e7a9/library/std/src/panicking.rs:225:9
[INFO] [stderr]     10:     0x5614b3b04654 - std::panicking::rust_panic_with_hook::h72b21c283da3d1ef
[INFO] [stderr]                                  at /rustc/53fd98ca776cb875bc9e5514f56b52eb74f9e7a9/library/std/src/panicking.rs:622:17
[INFO] [stderr]     11:     0x5614b3b04137 - std::panicking::begin_panic_handler::{{closure}}::he5778f1729cff84a
[INFO] [stderr]                                  at /rustc/53fd98ca776cb875bc9e5514f56b52eb74f9e7a9/library/std/src/panicking.rs:519:13
[INFO] [stderr]     12:     0x5614b3b01f5c - std::sys_common::backtrace::__rust_end_short_backtrace::h2d11ca8b453b4b1d
[INFO] [stderr]                                  at /rustc/53fd98ca776cb875bc9e5514f56b52eb74f9e7a9/library/std/src/sys_common/backtrace.rs:141:18
[INFO] [stderr]     13:     0x5614b3b04099 - rust_begin_unwind
[INFO] [stderr]                                  at /rustc/53fd98ca776cb875bc9e5514f56b52eb74f9e7a9/library/std/src/panicking.rs:515:5
[INFO] [stderr]     14:     0x5614b3aa4bbb - std::panicking::begin_panic_fmt::h746518bde832d259
[INFO] [stderr]                                  at /rustc/53fd98ca776cb875bc9e5514f56b52eb74f9e7a9/library/std/src/panicking.rs:457:5
[INFO] [stderr]     15:     0x5614b3aad4b3 - cmake::fail::h66ffe88ca0903696
[INFO] [stderr]                                  at /opt/rustwide/cargo-home/registry/src/github.com-1ecc6299db9ec823/cmake-0.1.30/src/lib.rs:643:5
[INFO] [stderr]     16:     0x5614b3aacec1 - cmake::run::h0267fe7848b0b33a
[INFO] [stderr]                                  at /opt/rustwide/cargo-home/registry/src/github.com-1ecc6299db9ec823/cmake-0.1.30/src/lib.rs:624:9
[INFO] [stderr]     17:     0x5614b3aaa950 - cmake::Config::build::hb646824f1fefb469
[INFO] [stderr]                                  at /opt/rustwide/cargo-home/registry/src/github.com-1ecc6299db9ec823/cmake-0.1.30/src/lib.rs:531:9
[INFO] [stderr]     18:     0x5614b3aa6515 - build_script_build::main::h79ed3e6c1292b721
[INFO] [stderr]                                  at /opt/rustwide/cargo-home/registry/src/github.com-1ecc6299db9ec823/ui-sys-0.1.1/build.rs:15:15
[INFO] [stderr]     19:     0x5614b3aa5b1b - core::ops::function::FnOnce::call_once::h94d884972e99d0a6
[INFO] [stderr]                                  at /rustc/53fd98ca776cb875bc9e5514f56b52eb74f9e7a9/library/core/src/ops/function.rs:227:5
[INFO] [stderr]     20:     0x5614b3aa637e - std::sys_common::backtrace::__rust_begin_short_backtrace::ha749e671bcba0a44
[INFO] [stderr]                                  at /rustc/53fd98ca776cb875bc9e5514f56b52eb74f9e7a9/library/std/src/sys_common/backtrace.rs:125:18
[INFO] [stderr]     21:     0x5614b3aa7371 - std::rt::lang_start::{{closure}}::hf151ba5298b96b18
[INFO] [stderr]                                  at /rustc/53fd98ca776cb875bc9e5514f56b52eb74f9e7a9/library/std/src/rt.rs:63:18
[INFO] [stderr]     22:     0x5614b3b04b5a - core::ops::function::impls::<impl core::ops::function::FnOnce<A> for &F>::call_once::ha88a7d1a4d24e549
[INFO] [stderr]                                  at /rustc/53fd98ca776cb875bc9e5514f56b52eb74f9e7a9/library/core/src/ops/function.rs:259:13
[INFO] [stderr]     23:     0x5614b3b04b5a - std::panicking::try::do_call::hd3b1d7740607ccc7
[INFO] [stderr]                                  at /rustc/53fd98ca776cb875bc9e5514f56b52eb74f9e7a9/library/std/src/panicking.rs:401:40
[INFO] [stderr]     24:     0x5614b3b04b5a - std::panicking::try::h0ee8c65ac7461507
[INFO] [stderr]                                  at /rustc/53fd98ca776cb875bc9e5514f56b52eb74f9e7a9/library/std/src/panicking.rs:365:19
[INFO] [stderr]     25:     0x5614b3b04b5a - std::panic::catch_unwind::head47f0de4ccd838
[INFO] [stderr]                                  at /rustc/53fd98ca776cb875bc9e5514f56b52eb74f9e7a9/library/std/src/panic.rs:434:14
[INFO] [stderr]     26:     0x5614b3b04b5a - std::rt::lang_start_internal::{{closure}}::hbc7de8ec820ac085
[INFO] [stderr]                                  at /rustc/53fd98ca776cb875bc9e5514f56b52eb74f9e7a9/library/std/src/rt.rs:45:48
[INFO] [stderr]     27:     0x5614b3b04b5a - std::panicking::try::do_call::h2609e52e8bad4a7b
[INFO] [stderr]                                  at /rustc/53fd98ca776cb875bc9e5514f56b52eb74f9e7a9/library/std/src/panicking.rs:401:40
[INFO] [stderr]     28:     0x5614b3b04b5a - std::panicking::try::hd0929f0b603e0389
[INFO] [stderr]                                  at /rustc/53fd98ca776cb875bc9e5514f56b52eb74f9e7a9/library/std/src/panicking.rs:365:19
[INFO] [stderr]     29:     0x5614b3b04b5a - std::panic::catch_unwind::h27902b81c3e47571
[INFO] [stderr]                                  at /rustc/53fd98ca776cb875bc9e5514f56b52eb74f9e7a9/library/std/src/panic.rs:434:14
[INFO] [stderr]     30:     0x5614b3b04b5a - std::rt::lang_start_internal::h3fb2d794dd391e3e
[INFO] [stderr]                                  at /rustc/53fd98ca776cb875bc9e5514f56b52eb74f9e7a9/library/std/src/rt.rs:45:20
[INFO] [stderr]     31:     0x5614b3aa7340 - std::rt::lang_start::he5e3fbd371328e0a
[INFO] [stderr]                                  at /rustc/53fd98ca776cb875bc9e5514f56b52eb74f9e7a9/library/std/src/rt.rs:62:5
[INFO] [stderr]     32:     0x5614b3aa6bfc - main
[INFO] [stderr]     33:     0x7f69ac88a0b3 - __libc_start_main
[INFO] [stderr]     34:     0x5614b3aa59ce - _start
[INFO] [stderr]     35:                0x0 - <unknown>
[INFO] [stderr] warning: build failed, waiting for other jobs to finish...
[INFO] [stderr] error: build failed
[INFO] running `Command { std: "docker" "inspect" "734ebe3216e0bbd5e8b6943d9af98df7244e2a6e6e97a636387080a7c20f01c1", kill_on_drop: false }`
[INFO] running `Command { std: "docker" "rm" "-f" "734ebe3216e0bbd5e8b6943d9af98df7244e2a6e6e97a636387080a7c20f01c1", kill_on_drop: false }`
[INFO] [stdout] 734ebe3216e0bbd5e8b6943d9af98df7244e2a6e6e97a636387080a7c20f01c1
