[INFO] fetching crate cafs 0.0.1...
[INFO] documenting cafs-0.0.1 against 1.54.0 for beta-1.55-rustdoc-1
[INFO] extracting crate cafs 0.0.1 into /workspace/builds/worker-101/source
[INFO] validating manifest of crates.io crate cafs 0.0.1 on toolchain 1.54.0
[INFO] running `Command { std: "/workspace/cargo-home/bin/cargo" "+1.54.0" "metadata" "--manifest-path" "Cargo.toml" "--no-deps", kill_on_drop: false }`
[INFO] started tweaking crates.io crate cafs 0.0.1
[INFO] finished tweaking crates.io crate cafs 0.0.1
[INFO] tweaked toml for crates.io crate cafs 0.0.1 written to /workspace/builds/worker-101/source/Cargo.toml
[INFO] running `Command { std: "/workspace/cargo-home/bin/cargo" "+1.54.0" "generate-lockfile" "--manifest-path" "Cargo.toml" "-Zno-index-update", kill_on_drop: false }`
[INFO] [stderr]     Blocking waiting for file lock on package cache
[INFO] running `Command { std: "/workspace/cargo-home/bin/cargo" "+1.54.0" "fetch" "--manifest-path" "Cargo.toml", kill_on_drop: false }`
[INFO] [stderr]     Blocking waiting for file lock on package cache
[INFO] [stderr]     Blocking waiting for file lock on package cache
[INFO] running `Command { std: "docker" "create" "-v" "/var/lib/crater-agent-workspace/builds/worker-101/target:/opt/rustwide/target:rw,Z" "-v" "/var/lib/crater-agent-workspace/builds/worker-101/source:/opt/rustwide/workdir:ro,Z" "-v" "/var/lib/crater-agent-workspace/cargo-home:/opt/rustwide/cargo-home:ro,Z" "-v" "/var/lib/crater-agent-workspace/rustup-home:/opt/rustwide/rustup-home:ro,Z" "-e" "SOURCE_DIR=/opt/rustwide/workdir" "-e" "CARGO_TARGET_DIR=/opt/rustwide/target" "-e" "CARGO_HOME=/opt/rustwide/cargo-home" "-e" "RUSTUP_HOME=/opt/rustwide/rustup-home" "-w" "/opt/rustwide/workdir" "-m" "1610612736" "--user" "0:0" "--network" "none" "ghcr.io/rust-lang/crates-build-env/linux@sha256:34b6a614d2c27851fe6cbf88fbd1137609cefab8b10d0615aaeb6fd47975d74e" "/opt/rustwide/cargo-home/bin/cargo" "+1.54.0" "metadata" "--no-deps" "--format-version=1", kill_on_drop: false }`
[INFO] [stdout] 7c274f5a21cb2c7e48130a2b0fddfb4ce5497dc16d1e96e7d389bb574387e1f5
[INFO] running `Command { std: "docker" "start" "-a" "7c274f5a21cb2c7e48130a2b0fddfb4ce5497dc16d1e96e7d389bb574387e1f5", kill_on_drop: false }`
[INFO] running `Command { std: "docker" "inspect" "7c274f5a21cb2c7e48130a2b0fddfb4ce5497dc16d1e96e7d389bb574387e1f5", kill_on_drop: false }`
[INFO] running `Command { std: "docker" "rm" "-f" "7c274f5a21cb2c7e48130a2b0fddfb4ce5497dc16d1e96e7d389bb574387e1f5", kill_on_drop: false }`
[INFO] [stdout] 7c274f5a21cb2c7e48130a2b0fddfb4ce5497dc16d1e96e7d389bb574387e1f5
[INFO] running `Command { std: "docker" "create" "-v" "/var/lib/crater-agent-workspace/builds/worker-101/target:/opt/rustwide/target:rw,Z" "-v" "/var/lib/crater-agent-workspace/builds/worker-101/source:/opt/rustwide/workdir:ro,Z" "-v" "/var/lib/crater-agent-workspace/cargo-home:/opt/rustwide/cargo-home:ro,Z" "-v" "/var/lib/crater-agent-workspace/rustup-home:/opt/rustwide/rustup-home:ro,Z" "-e" "SOURCE_DIR=/opt/rustwide/workdir" "-e" "CARGO_TARGET_DIR=/opt/rustwide/target" "-e" "CARGO_INCREMENTAL=0" "-e" "RUST_BACKTRACE=full" "-e" "RUSTDOCFLAGS=--cap-lints=warn" "-e" "CARGO_HOME=/opt/rustwide/cargo-home" "-e" "RUSTUP_HOME=/opt/rustwide/rustup-home" "-w" "/opt/rustwide/workdir" "-m" "1610612736" "--user" "0:0" "--network" "none" "ghcr.io/rust-lang/crates-build-env/linux@sha256:34b6a614d2c27851fe6cbf88fbd1137609cefab8b10d0615aaeb6fd47975d74e" "/opt/rustwide/cargo-home/bin/cargo" "+1.54.0" "doc" "--frozen" "--no-deps" "--document-private-items" "--message-format=json", kill_on_drop: false }`
[INFO] [stdout] cf4d990df70f2faa2212f9da21fe607a51cc31a349140c7d6c0cc57aa9f8e1ad
[INFO] running `Command { std: "docker" "start" "-a" "cf4d990df70f2faa2212f9da21fe607a51cc31a349140c7d6c0cc57aa9f8e1ad", kill_on_drop: false }`
[INFO] [stderr]    Compiling gcc v0.3.55
[INFO] [stderr]     Checking debug-builders v0.1.0
[INFO] [stderr]     Checking bitflags v0.1.1
[INFO] [stderr]     Checking db-key v0.0.5
[INFO] [stderr]     Checking time v0.3.1
[INFO] [stderr]     Checking byteorder v0.4.2
[INFO] [stderr]    Compiling cmake v0.1.45
[INFO] [stderr]    Compiling backtrace-sys v0.1.37
[INFO] [stderr]    Compiling openssl-sys v0.7.17
[INFO] [stderr]    Compiling dbghelp-sys v0.2.0
[INFO] [stderr]     Checking toml v0.1.30
[INFO] [stderr]    Compiling num_cpus v1.13.0
[INFO] [stderr]     Checking enum_primitive v0.1.1
[INFO] [stderr]     Checking capnp v0.6.2
[INFO] [stderr]     Checking rust-sqlite v0.2.0
[INFO] [stderr]     Checking toml-config v0.1.1
[INFO] [stderr]    Compiling leveldb-sys v2.0.8
[INFO] [stdout] error[E0412]: cannot find type `Tm` in crate `time`
[INFO] [stdout]    --> /opt/rustwide/cargo-home/registry/src/github.com-1ecc6299db9ec823/rust-sqlite-0.2.0/src/types.rs:124:24
[INFO] [stdout]     |
[INFO] [stdout] 124 | impl FromSql for time::Tm {
[INFO] [stdout]     |                        ^^ not found in `time`
[INFO] [stdout] 
[INFO] [stdout] 
[INFO] [stdout] error[E0412]: cannot find type `Tm` in crate `time`
[INFO] [stdout]    --> /opt/rustwide/cargo-home/registry/src/github.com-1ecc6299db9ec823/rust-sqlite-0.2.0/src/types.rs:125:72
[INFO] [stdout]     |
[INFO] [stdout] 125 |     fn from_sql(row: &mut ResultRow, col: ColIx) -> SqliteResult<time::Tm> {
[INFO] [stdout]     |                                                                        ^^ not found in `time`
[INFO] [stdout] 
[INFO] [stdout] 
[INFO] [stdout] error[E0425]: cannot find function `strptime` in crate `time`
[INFO] [stdout]    --> /opt/rustwide/cargo-home/registry/src/github.com-1ecc6299db9ec823/rust-sqlite-0.2.0/src/types.rs:127:24
[INFO] [stdout]     |
[INFO] [stdout] 127 |         Ok( try!(time::strptime(txt.as_ref(), SQLITE_TIME_FMT)) )
[INFO] [stdout]     |                        ^^^^^^^^ not found in `time`
[INFO] [stdout] 
[INFO] [stdout] 
[INFO] [stdout] error[E0412]: cannot find type `ParseError` in crate `time`
[INFO] [stdout]    --> /opt/rustwide/cargo-home/registry/src/github.com-1ecc6299db9ec823/rust-sqlite-0.2.0/src/types.rs:131:17
[INFO] [stdout]     |
[INFO] [stdout] 131 | impl From<time::ParseError> for SqliteError {
[INFO] [stdout]     |                 ^^^^^^^^^^ not found in `time`
[INFO] [stdout]     |
[INFO] [stdout] help: consider importing this type alias
[INFO] [stdout]     |
[INFO] [stdout] 3   | use std::string::ParseError;
[INFO] [stdout]     |
[INFO] [stdout] 
[INFO] [stdout] 
[INFO] [stdout] error[E0412]: cannot find type `ParseError` in crate `time`
[INFO] [stdout]    --> /opt/rustwide/cargo-home/registry/src/github.com-1ecc6299db9ec823/rust-sqlite-0.2.0/src/types.rs:132:24
[INFO] [stdout]     |
[INFO] [stdout] 132 |     fn from(err: time::ParseError) -> SqliteError {
[INFO] [stdout]     |                        ^^^^^^^^^^ not found in `time`
[INFO] [stdout]     |
[INFO] [stdout] help: consider importing this type alias
[INFO] [stdout]     |
[INFO] [stdout] 3   | use std::string::ParseError;
[INFO] [stdout]     |
[INFO] [stdout] 
[INFO] [stdout] 
[INFO] [stdout] error[E0412]: cannot find type `Timespec` in crate `time`
[INFO] [stdout]    --> /opt/rustwide/cargo-home/registry/src/github.com-1ecc6299db9ec823/rust-sqlite-0.2.0/src/types.rs:141:22
[INFO] [stdout]     |
[INFO] [stdout] 141 | impl ToSql for time::Timespec {
[INFO] [stdout]     |                      ^^^^^^^^ not found in `time`
[INFO] [stdout] 
[INFO] [stdout] 
[INFO] [stdout] error[E0425]: cannot find function `at_utc` in crate `time`
[INFO] [stdout]    --> /opt/rustwide/cargo-home/registry/src/github.com-1ecc6299db9ec823/rust-sqlite-0.2.0/src/types.rs:143:29
[INFO] [stdout]     |
[INFO] [stdout] 143 |         let timestr = time::at_utc(*self).strftime(SQLITE_TIME_FMT)
[INFO] [stdout]     |                             ^^^^^^ not found in `time`
[INFO] [stdout] 
[INFO] [stdout] 
[INFO] [stdout] error[E0412]: cannot find type `Timespec` in crate `time`
[INFO] [stdout]    --> /opt/rustwide/cargo-home/registry/src/github.com-1ecc6299db9ec823/rust-sqlite-0.2.0/src/types.rs:150:24
[INFO] [stdout]     |
[INFO] [stdout] 150 | impl FromSql for time::Timespec {
[INFO] [stdout]     |                        ^^^^^^^^ not found in `time`
[INFO] [stdout] 
[INFO] [stdout] 
[INFO] [stdout] error[E0412]: cannot find type `Timespec` in crate `time`
[INFO] [stdout]    --> /opt/rustwide/cargo-home/registry/src/github.com-1ecc6299db9ec823/rust-sqlite-0.2.0/src/types.rs:152:72
[INFO] [stdout]     |
[INFO] [stdout] 152 |     fn from_sql(row: &mut ResultRow, col: ColIx) -> SqliteResult<time::Timespec> {
[INFO] [stdout]     |                                                                        ^^^^^^^^ not found in `time`
[INFO] [stdout] 
[INFO] [stdout] 
[INFO] [stdout] error[E0412]: cannot find type `Tm` in crate `time`
[INFO] [stdout]    --> /opt/rustwide/cargo-home/registry/src/github.com-1ecc6299db9ec823/rust-sqlite-0.2.0/src/types.rs:153:37
[INFO] [stdout]     |
[INFO] [stdout] 153 |         let tmo: SqliteResult<time::Tm> = FromSql::from_sql(row, col);
[INFO] [stdout]     |                                     ^^ not found in `time`
[INFO] [stdout] 
[INFO] [stdout] 
[INFO] [stdout] error[E0502]: cannot borrow `*reff` as immutable because it is also borrowed as mutable
[INFO] [stdout]    --> /opt/rustwide/cargo-home/registry/src/github.com-1ecc6299db9ec823/capnp-0.6.2/src/private/layout.rs:639:47
[INFO] [stdout]     |
[INFO] [stdout] 639 |         let ptr = try!(follow_fars(&mut reff, (*reff).target(), &mut segment));
[INFO] [stdout]     |                        ----------- ---------  ^^^^^^^ immutable borrow occurs here
[INFO] [stdout]     |                        |           |
[INFO] [stdout]     |                        |           mutable borrow occurs here
[INFO] [stdout]     |                        mutable borrow later used by call
[INFO] [stdout] 
[INFO] [stdout] 
[INFO] [stdout] error[E0277]: the size for values of type `Self` cannot be known at compilation time
[INFO] [stdout]    --> /opt/rustwide/cargo-home/registry/src/github.com-1ecc6299db9ec823/rust-sqlite-0.2.0/src/types.rs:30:53
[INFO] [stdout]     |
[INFO] [stdout] 30  |     fn from_sql(row: &mut ResultRow, col: ColIx) -> SqliteResult<Self>;
[INFO] [stdout]     |                                                     ^^^^^^^^^^^^^^^^^^ doesn't have a size known at compile-time
[INFO] [stdout]     |
[INFO] [stdout] help: consider further restricting `Self`
[INFO] [stdout]     |
[INFO] [stdout] 30  |     fn from_sql(row: &mut ResultRow, col: ColIx) -> SqliteResult<Self> where Self: Sized;
[INFO] [stdout]     |                                                                        ^^^^^^^^^^^^^^^^^
[INFO] [stdout] 
[INFO] [stdout] 
[INFO] [stdout] error: aborting due to 11 previous errors
[INFO] [stdout] 
[INFO] [stdout] 
[INFO] [stderr] error: could not compile `rust-sqlite`
[INFO] [stdout] Some errors have detailed explanations: E0277, E0412, E0425.
[INFO] [stdout] 
[INFO] [stderr] 
[INFO] [stdout] For more information about an error, try `rustc --explain E0277`.
[INFO] [stdout] 
[INFO] [stderr] To learn more, run the command again with --verbose.
[INFO] [stderr] warning: build failed, waiting for other jobs to finish...
[INFO] [stdout] error: aborting due to previous error
[INFO] [stdout] 
[INFO] [stdout] 
[INFO] [stdout] For more information about this error, try `rustc --explain E0502`.
[INFO] [stdout] 
[INFO] [stderr] error: build failed
[INFO] running `Command { std: "docker" "inspect" "cf4d990df70f2faa2212f9da21fe607a51cc31a349140c7d6c0cc57aa9f8e1ad", kill_on_drop: false }`
[INFO] running `Command { std: "docker" "rm" "-f" "cf4d990df70f2faa2212f9da21fe607a51cc31a349140c7d6c0cc57aa9f8e1ad", kill_on_drop: false }`
[INFO] [stdout] cf4d990df70f2faa2212f9da21fe607a51cc31a349140c7d6c0cc57aa9f8e1ad
