[INFO] cloning repository https://github.com/yberreby/hypest-api
[INFO] running `Command { std: "git" "-c" "credential.helper=" "-c" "credential.helper=/workspace/cargo-home/bin/git-credential-null" "clone" "--bare" "https://github.com/yberreby/hypest-api" "/workspace/cache/git-repos/https%3A%2F%2Fgithub.com%2Fyberreby%2Fhypest-api", kill_on_drop: false }`
[INFO] [stderr] Cloning into bare repository '/workspace/cache/git-repos/https%3A%2F%2Fgithub.com%2Fyberreby%2Fhypest-api'...
[INFO] running `Command { std: "git" "rev-parse" "HEAD", kill_on_drop: false }`
[INFO] [stdout] 7b3350bb969e7b4aa0b9b8afa5fa7bfc523c611a
[INFO] documenting yberreby/hypest-api against 1.54.0 for beta-1.55-rustdoc-1
[INFO] running `Command { std: "git" "clone" "/workspace/cache/git-repos/https%3A%2F%2Fgithub.com%2Fyberreby%2Fhypest-api" "/workspace/builds/worker-55/source", kill_on_drop: false }`
[INFO] [stderr] Cloning into '/workspace/builds/worker-55/source'...
[INFO] [stderr] done.
[INFO] validating manifest of git repo https://github.com/yberreby/hypest-api on toolchain 1.54.0
[INFO] running `Command { std: "/workspace/cargo-home/bin/cargo" "+1.54.0" "metadata" "--manifest-path" "Cargo.toml" "--no-deps", kill_on_drop: false }`
[INFO] started tweaking git repo https://github.com/yberreby/hypest-api
[INFO] finished tweaking git repo https://github.com/yberreby/hypest-api
[INFO] tweaked toml for git repo https://github.com/yberreby/hypest-api written to /workspace/builds/worker-55/source/Cargo.toml
[INFO] crate git repo https://github.com/yberreby/hypest-api already has a lockfile, it will not be regenerated
[INFO] running `Command { std: "/workspace/cargo-home/bin/cargo" "+1.54.0" "fetch" "--manifest-path" "Cargo.toml", kill_on_drop: false }`
[INFO] [stderr]     Blocking waiting for file lock on package cache
[INFO] [stderr]     Blocking waiting for file lock on package cache
[INFO] [stderr]  Downloading crates ...
[INFO] [stderr]   Downloaded r2d2_postgres v0.9.3
[INFO] [stderr]   Downloaded phf_generator v0.7.5
[INFO] [stderr]   Downloaded phf_codegen v0.7.5
[INFO] [stderr]   Downloaded phf_shared v0.7.5
[INFO] [stderr]   Downloaded phf v0.7.5
[INFO] [stderr]   Downloaded quasi_macros v0.3.5
[INFO] [stderr]   Downloaded r2d2 v0.6.1
[INFO] [stderr]   Downloaded aster v0.5.0
[INFO] [stderr]   Downloaded serde v0.6.1
[INFO] [stderr]   Downloaded clap v1.4.5
[INFO] running `Command { std: "docker" "create" "-v" "/var/lib/crater-agent-workspace/builds/worker-55/target:/opt/rustwide/target:rw,Z" "-v" "/var/lib/crater-agent-workspace/builds/worker-55/source:/opt/rustwide/workdir:ro,Z" "-v" "/var/lib/crater-agent-workspace/cargo-home:/opt/rustwide/cargo-home:ro,Z" "-v" "/var/lib/crater-agent-workspace/rustup-home:/opt/rustwide/rustup-home:ro,Z" "-e" "SOURCE_DIR=/opt/rustwide/workdir" "-e" "CARGO_TARGET_DIR=/opt/rustwide/target" "-e" "CARGO_HOME=/opt/rustwide/cargo-home" "-e" "RUSTUP_HOME=/opt/rustwide/rustup-home" "-w" "/opt/rustwide/workdir" "-m" "1610612736" "--user" "0:0" "--network" "none" "ghcr.io/rust-lang/crates-build-env/linux@sha256:34b6a614d2c27851fe6cbf88fbd1137609cefab8b10d0615aaeb6fd47975d74e" "/opt/rustwide/cargo-home/bin/cargo" "+1.54.0" "metadata" "--no-deps" "--format-version=1", kill_on_drop: false }`
[INFO] [stdout] e3cb28becb236fb76968fbcb686d1a7455083688c7af9164da900ad7ff1f972c
[INFO] running `Command { std: "docker" "start" "-a" "e3cb28becb236fb76968fbcb686d1a7455083688c7af9164da900ad7ff1f972c", kill_on_drop: false }`
[INFO] running `Command { std: "docker" "inspect" "e3cb28becb236fb76968fbcb686d1a7455083688c7af9164da900ad7ff1f972c", kill_on_drop: false }`
[INFO] running `Command { std: "docker" "rm" "-f" "e3cb28becb236fb76968fbcb686d1a7455083688c7af9164da900ad7ff1f972c", kill_on_drop: false }`
[INFO] [stdout] e3cb28becb236fb76968fbcb686d1a7455083688c7af9164da900ad7ff1f972c
[INFO] running `Command { std: "docker" "create" "-v" "/var/lib/crater-agent-workspace/builds/worker-55/target:/opt/rustwide/target:rw,Z" "-v" "/var/lib/crater-agent-workspace/builds/worker-55/source:/opt/rustwide/workdir:ro,Z" "-v" "/var/lib/crater-agent-workspace/cargo-home:/opt/rustwide/cargo-home:ro,Z" "-v" "/var/lib/crater-agent-workspace/rustup-home:/opt/rustwide/rustup-home:ro,Z" "-e" "SOURCE_DIR=/opt/rustwide/workdir" "-e" "CARGO_TARGET_DIR=/opt/rustwide/target" "-e" "CARGO_INCREMENTAL=0" "-e" "RUST_BACKTRACE=full" "-e" "RUSTDOCFLAGS=--cap-lints=warn" "-e" "CARGO_HOME=/opt/rustwide/cargo-home" "-e" "RUSTUP_HOME=/opt/rustwide/rustup-home" "-w" "/opt/rustwide/workdir" "-m" "1610612736" "--user" "0:0" "--network" "none" "ghcr.io/rust-lang/crates-build-env/linux@sha256:34b6a614d2c27851fe6cbf88fbd1137609cefab8b10d0615aaeb6fd47975d74e" "/opt/rustwide/cargo-home/bin/cargo" "+1.54.0" "doc" "--frozen" "--no-deps" "--document-private-items" "--message-format=json", kill_on_drop: false }`
[INFO] [stdout] 1bcd1f77187953bf78900775080c76c20a75ed58c25757378d13a41ecf6a1bca
[INFO] running `Command { std: "docker" "start" "-a" "1bcd1f77187953bf78900775080c76c20a75ed58c25757378d13a41ecf6a1bca", kill_on_drop: false }`
[INFO] [stderr]     Blocking waiting for file lock on package cache
[INFO] [stderr]    Compiling winapi-build v0.1.1
[INFO] [stderr]     Checking libc v0.1.10
[INFO] [stderr]     Checking winapi v0.2.4
[INFO] [stderr]     Checking rustc-serialize v0.3.16
[INFO] [stderr]    Compiling gcc v0.3.19
[INFO] [stderr]    Compiling pkg-config v0.3.6
[INFO] [stderr]     Checking bitflags v0.3.2
[INFO] [stderr]    Compiling phf_shared v0.7.5
[INFO] [stderr]     Checking lazy_static v0.1.15
[INFO] [stderr]     Checking matches v0.1.2
[INFO] [stderr]     Checking traitobject v0.0.3
[INFO] [stderr]     Checking debug-builders v0.1.0
[INFO] [stderr]    Compiling aster v0.5.0
[INFO] [stderr]     Checking byteorder v0.3.13
[INFO] [stderr]     Checking typeable v0.1.2
[INFO] [stderr]     Checking bufstream v0.1.1
[INFO] [stderr]    Compiling serde_codegen v0.6.1
[INFO] [stderr]     Checking unicase v1.0.1
[INFO] [stderr]     Checking traitobject v0.0.1
[INFO] [stderr]     Checking regex-syntax v0.2.2
[INFO] [stderr]     Checking httparse v1.0.0
[INFO] [stderr]     Checking language-tags v0.0.7
[INFO] [stderr]     Checking strsim v0.4.0
[INFO] [stderr]    Compiling quasi v0.3.5
[INFO] [stderr]     Checking groupable v0.2.0
[INFO] [stderr]     Checking ansi_term v0.6.3
[INFO] [stderr]     Checking modifier v0.1.0
[INFO] [stdout] error[E0463]: can't find crate for `syntax`
[INFO] [stdout]   --> /opt/rustwide/cargo-home/registry/src/github.com-1ecc6299db9ec823/aster-0.5.0/src/lib.rs:10:1
[INFO] [stdout]    |
[INFO] [stdout] 10 | extern crate syntax;
[INFO] [stdout]    | ^^^^^^^^^^^^^^^^^^^^ can't find crate
[INFO] [stdout] 
[INFO] [stdout] 
[INFO] [stdout] error: aborting due to previous error
[INFO] [stdout] 
[INFO] [stdout] 
[INFO] [stderr] error: could not compile `aster`
[INFO] [stdout] For more information about this error, try `rustc --explain E0463`.
[INFO] [stdout] 
[INFO] [stderr] 
[INFO] [stderr] To learn more, run the command again with --verbose.
[INFO] [stderr] warning: build failed, waiting for other jobs to finish...
[INFO] [stdout] error[E0463]: can't find crate for `syntax`
[INFO] [stdout]   --> /opt/rustwide/cargo-home/registry/src/github.com-1ecc6299db9ec823/quasi-0.3.5/src/lib.rs:17:1
[INFO] [stdout]    |
[INFO] [stdout] 17 | extern crate syntax;
[INFO] [stdout]    | ^^^^^^^^^^^^^^^^^^^^ can't find crate
[INFO] [stdout] 
[INFO] [stdout] 
[INFO] [stdout] error: aborting due to previous error
[INFO] [stdout] 
[INFO] [stdout] 
[INFO] [stdout] For more information about this error, try `rustc --explain E0463`.
[INFO] [stdout] 
[INFO] [stdout] error[E0642]: patterns aren't allowed in functions without bodies
[INFO] [stdout]    --> /opt/rustwide/cargo-home/registry/src/github.com-1ecc6299db9ec823/rustc-serialize-0.3.16/src/serialize.rs:145:45
[INFO] [stdout]     |
[INFO] [stdout] 145 | ...                   &f_name: &str,
[INFO] [stdout]     |                       ^^^^^^^ pattern not allowed in function without body
[INFO] [stdout] 
[INFO] [stdout] 
[INFO] [stdout] error: aborting due to previous error
[INFO] [stdout] 
[INFO] [stdout] 
[INFO] [stdout] For more information about this error, try `rustc --explain E0642`.
[INFO] [stdout] 
[INFO] [stderr] error: build failed
[INFO] running `Command { std: "docker" "inspect" "1bcd1f77187953bf78900775080c76c20a75ed58c25757378d13a41ecf6a1bca", kill_on_drop: false }`
[INFO] running `Command { std: "docker" "rm" "-f" "1bcd1f77187953bf78900775080c76c20a75ed58c25757378d13a41ecf6a1bca", kill_on_drop: false }`
[INFO] [stdout] 1bcd1f77187953bf78900775080c76c20a75ed58c25757378d13a41ecf6a1bca
