[INFO] cloning repository https://github.com/aij/cafs
[INFO] running `Command { std: "git" "-c" "credential.helper=" "-c" "credential.helper=/workspace/cargo-home/bin/git-credential-null" "clone" "--bare" "https://github.com/aij/cafs" "/workspace/cache/git-repos/https%3A%2F%2Fgithub.com%2Faij%2Fcafs", kill_on_drop: false }`
[INFO] [stderr] Cloning into bare repository '/workspace/cache/git-repos/https%3A%2F%2Fgithub.com%2Faij%2Fcafs'...
[INFO] running `Command { std: "git" "rev-parse" "HEAD", kill_on_drop: false }`
[INFO] [stdout] f934e2cb6ba5e70a55317010c049f345ad6b83a0
[INFO] documenting aij/cafs against 1.54.0 for beta-1.55-rustdoc-1
[INFO] running `Command { std: "git" "clone" "/workspace/cache/git-repos/https%3A%2F%2Fgithub.com%2Faij%2Fcafs" "/workspace/builds/worker-1/source", kill_on_drop: false }`
[INFO] [stderr] Cloning into '/workspace/builds/worker-1/source'...
[INFO] [stderr] done.
[INFO] validating manifest of git repo https://github.com/aij/cafs on toolchain 1.54.0
[INFO] running `Command { std: "/workspace/cargo-home/bin/cargo" "+1.54.0" "metadata" "--manifest-path" "Cargo.toml" "--no-deps", kill_on_drop: false }`
[INFO] started tweaking git repo https://github.com/aij/cafs
[INFO] finished tweaking git repo https://github.com/aij/cafs
[INFO] tweaked toml for git repo https://github.com/aij/cafs written to /workspace/builds/worker-1/source/Cargo.toml
[INFO] crate git repo https://github.com/aij/cafs already has a lockfile, it will not be regenerated
[INFO] running `Command { std: "/workspace/cargo-home/bin/cargo" "+1.54.0" "fetch" "--manifest-path" "Cargo.toml", kill_on_drop: false }`
[INFO] [stderr]     Blocking waiting for file lock on package cache
[INFO] [stderr]     Blocking waiting for file lock on package cache
[INFO] [stderr]  Downloading crates ...
[INFO] [stderr]   Downloaded rand v0.3.13
[INFO] [stderr]   Downloaded regex v0.1.48
[INFO] [stderr]   Downloaded fuse v0.2.7
[INFO] [stderr]   Downloaded leveldb-sys v2.0.0
[INFO] [stderr]   Downloaded aho-corasick v0.4.1
[INFO] [stderr]   Downloaded gcc v0.3.22
[INFO] [stderr]   Downloaded backtrace v0.1.8
[INFO] [stderr]   Downloaded leveldb v0.8.3
[INFO] [stderr]   Downloaded backtrace-sys v0.1.3
[INFO] running `Command { std: "docker" "create" "-v" "/var/lib/crater-agent-workspace/builds/worker-1/target:/opt/rustwide/target:rw,Z" "-v" "/var/lib/crater-agent-workspace/builds/worker-1/source:/opt/rustwide/workdir:ro,Z" "-v" "/var/lib/crater-agent-workspace/cargo-home:/opt/rustwide/cargo-home:ro,Z" "-v" "/var/lib/crater-agent-workspace/rustup-home:/opt/rustwide/rustup-home:ro,Z" "-e" "SOURCE_DIR=/opt/rustwide/workdir" "-e" "CARGO_TARGET_DIR=/opt/rustwide/target" "-e" "CARGO_HOME=/opt/rustwide/cargo-home" "-e" "RUSTUP_HOME=/opt/rustwide/rustup-home" "-w" "/opt/rustwide/workdir" "-m" "1610612736" "--user" "0:0" "--network" "none" "ghcr.io/rust-lang/crates-build-env/linux@sha256:34b6a614d2c27851fe6cbf88fbd1137609cefab8b10d0615aaeb6fd47975d74e" "/opt/rustwide/cargo-home/bin/cargo" "+1.54.0" "metadata" "--no-deps" "--format-version=1", kill_on_drop: false }`
[INFO] [stdout] df35152706c1207ec84c0600ec7b3d73aae92db7067d5bba90049d032bdcc724
[INFO] running `Command { std: "docker" "start" "-a" "df35152706c1207ec84c0600ec7b3d73aae92db7067d5bba90049d032bdcc724", kill_on_drop: false }`
[INFO] running `Command { std: "docker" "inspect" "df35152706c1207ec84c0600ec7b3d73aae92db7067d5bba90049d032bdcc724", kill_on_drop: false }`
[INFO] running `Command { std: "docker" "rm" "-f" "df35152706c1207ec84c0600ec7b3d73aae92db7067d5bba90049d032bdcc724", kill_on_drop: false }`
[INFO] [stdout] df35152706c1207ec84c0600ec7b3d73aae92db7067d5bba90049d032bdcc724
[INFO] running `Command { std: "docker" "create" "-v" "/var/lib/crater-agent-workspace/builds/worker-1/target:/opt/rustwide/target:rw,Z" "-v" "/var/lib/crater-agent-workspace/builds/worker-1/source:/opt/rustwide/workdir:ro,Z" "-v" "/var/lib/crater-agent-workspace/cargo-home:/opt/rustwide/cargo-home:ro,Z" "-v" "/var/lib/crater-agent-workspace/rustup-home:/opt/rustwide/rustup-home:ro,Z" "-e" "SOURCE_DIR=/opt/rustwide/workdir" "-e" "CARGO_TARGET_DIR=/opt/rustwide/target" "-e" "CARGO_INCREMENTAL=0" "-e" "RUST_BACKTRACE=full" "-e" "RUSTDOCFLAGS=--cap-lints=warn" "-e" "CARGO_HOME=/opt/rustwide/cargo-home" "-e" "RUSTUP_HOME=/opt/rustwide/rustup-home" "-w" "/opt/rustwide/workdir" "-m" "1610612736" "--user" "0:0" "--network" "none" "ghcr.io/rust-lang/crates-build-env/linux@sha256:34b6a614d2c27851fe6cbf88fbd1137609cefab8b10d0615aaeb6fd47975d74e" "/opt/rustwide/cargo-home/bin/cargo" "+1.54.0" "doc" "--frozen" "--no-deps" "--document-private-items" "--message-format=json", kill_on_drop: false }`
[INFO] [stdout] fbe6bcae18486332d9a656f5d4275028399e800ab1623b7aaf40e022cdc9c8ce
[INFO] running `Command { std: "docker" "start" "-a" "fbe6bcae18486332d9a656f5d4275028399e800ab1623b7aaf40e022cdc9c8ce", kill_on_drop: false }`
[INFO] [stderr]     Checking libc v0.2.7
[INFO] [stderr]    Compiling pkg-config v0.3.6
[INFO] [stderr]     Checking winapi v0.2.5
[INFO] [stderr]    Compiling gcc v0.3.22
[INFO] [stderr]    Compiling backtrace-sys v0.1.3
[INFO] [stderr]    Compiling leveldb-sys v2.0.0
[INFO] [stderr]     Checking num v0.1.30
[INFO] [stderr]     Checking bitflags v0.3.3
[INFO] [stderr]     Checking debug-builders v0.1.0
[INFO] [stderr]     Checking lazy_static v0.1.15
[INFO] [stderr]     Checking cfg-if v0.1.0
[INFO] [stderr]     Checking bitflags v0.1.1
[INFO] [stderr]     Checking byteorder v0.4.2
[INFO] [stderr]     Checking thread-scoped v1.0.1
[INFO] [stderr]     Checking db-key v0.0.5
[INFO] [stderr]     Checking rustc-serialize v0.3.18
[INFO] [stderr]    Compiling kernel32-sys v0.2.1
[INFO] [stderr]    Compiling dbghelp-sys v0.2.0
[INFO] [stdout] error[E0642]: patterns aren't allowed in functions without bodies
[INFO] [stdout]    --> /opt/rustwide/cargo-home/registry/src/github.com-1ecc6299db9ec823/rustc-serialize-0.3.18/src/serialize.rs:145:45
[INFO] [stdout]     |
[INFO] [stdout] 145 | ...                   &f_name: &str,
[INFO] [stdout]     |                       ^^^^^^^ pattern not allowed in function without body
[INFO] [stdout] 
[INFO] [stdout] 
[INFO] [stderr]     Checking log v0.3.5
[INFO] [stderr]     Checking time v0.1.34
[INFO] [stderr]     Checking capnp v0.6.2
[INFO] [stderr]    Compiling openssl-sys v0.7.6
[INFO] [stderr]    Compiling fuse v0.2.7
[INFO] [stderr]     Checking backtrace v0.1.8
[INFO] [stderr]     Checking enum_primitive v0.1.0
[INFO] [stderr]    Compiling openssl-sys-extras v0.7.6
[INFO] [stderr]    Compiling openssl v0.7.6
[INFO] [stderr]     Checking rust-sqlite v0.2.0
[INFO] [stderr] error: failed to run custom build command for `leveldb-sys v2.0.0`
[INFO] [stderr] 
[INFO] [stderr] Caused by:
[INFO] [stderr]   process didn't exit successfully: `/opt/rustwide/target/debug/build/leveldb-sys-3c9233294be5b34a/build-script-build` (exit status: 101)
[INFO] [stderr]   --- stdout
[INFO] [stderr]   [build] Started
[INFO] [stderr]   [snappy] Cleaning
[INFO] [stderr]   make: Entering directory '/opt/rustwide/cargo-home/registry/src/github.com-1ecc6299db9ec823/leveldb-sys-2.0.0/deps/snappy-1.1.2'
[INFO] [stderr]   make: Leaving directory '/opt/rustwide/cargo-home/registry/src/github.com-1ecc6299db9ec823/leveldb-sys-2.0.0/deps/snappy-1.1.2'
[INFO] [stderr]   [snappy] Configuring
[INFO] [stderr]   [snappy] Building
[INFO] [stderr]   make: Entering directory '/opt/rustwide/cargo-home/registry/src/github.com-1ecc6299db9ec823/leveldb-sys-2.0.0/deps/snappy-1.1.2'
[INFO] [stderr]   make: Leaving directory '/opt/rustwide/cargo-home/registry/src/github.com-1ecc6299db9ec823/leveldb-sys-2.0.0/deps/snappy-1.1.2'
[INFO] [stderr]   [build] Copying output files
[INFO] [stderr] 
[INFO] [stderr]   --- stderr
[INFO] [stderr]   make: *** No rule to make target 'distclean'.  Stop.
[INFO] [stderr]   ./configure: line 2171: config.log: Read-only file system
[INFO] [stderr]   ./configure: line 2181: config.log: Read-only file system
[INFO] [stderr]   make: *** No targets specified and no makefile found.  Stop.
[INFO] [stderr]   thread 'main' panicked at 'copy of output files failed', /opt/rustwide/cargo-home/registry/src/github.com-1ecc6299db9ec823/leveldb-sys-2.0.0/src/build.rs:46:14
[INFO] [stderr]   stack backtrace:
[INFO] [stderr]      0:     0x5615240157e0 - std::backtrace_rs::backtrace::libunwind::trace::h34055254b57d8e79
[INFO] [stderr]                                  at /rustc/a178d0322ce20e33eac124758e837cbd80a6f633/library/std/src/../../backtrace/src/backtrace/libunwind.rs:90:5
[INFO] [stderr]      1:     0x5615240157e0 - std::backtrace_rs::backtrace::trace_unsynchronized::h8f1e3fbd9afff6ec
[INFO] [stderr]                                  at /rustc/a178d0322ce20e33eac124758e837cbd80a6f633/library/std/src/../../backtrace/src/backtrace/mod.rs:66:5
[INFO] [stderr]      2:     0x5615240157e0 - std::sys_common::backtrace::_print_fmt::h3a99a796b770c360
[INFO] [stderr]                                  at /rustc/a178d0322ce20e33eac124758e837cbd80a6f633/library/std/src/sys_common/backtrace.rs:67:5
[INFO] [stderr]      3:     0x5615240157e0 - <std::sys_common::backtrace::_print::DisplayBacktrace as core::fmt::Display>::fmt::h32d1f94a80615d18
[INFO] [stderr]                                  at /rustc/a178d0322ce20e33eac124758e837cbd80a6f633/library/std/src/sys_common/backtrace.rs:46:22
[INFO] [stderr]      4:     0x5615240338dc - core::fmt::write::h306731c068f7162c
[INFO] [stderr]                                  at /rustc/a178d0322ce20e33eac124758e837cbd80a6f633/library/core/src/fmt/mod.rs:1110:17
[INFO] [stderr]      5:     0x561524013d85 - std::io::Write::write_fmt::hd2fa90334eee2a21
[INFO] [stderr]                                  at /rustc/a178d0322ce20e33eac124758e837cbd80a6f633/library/std/src/io/mod.rs:1588:15
[INFO] [stderr]      6:     0x56152401760b - std::sys_common::backtrace::_print::h5abaa2601a852287
[INFO] [stderr]                                  at /rustc/a178d0322ce20e33eac124758e837cbd80a6f633/library/std/src/sys_common/backtrace.rs:49:5
[INFO] [stderr]      7:     0x56152401760b - std::sys_common::backtrace::print::h8d81445442bb638f
[INFO] [stderr]                                  at /rustc/a178d0322ce20e33eac124758e837cbd80a6f633/library/std/src/sys_common/backtrace.rs:36:9
[INFO] [stderr]      8:     0x56152401760b - std::panicking::default_hook::{{closure}}::hcfe804496a9fa747
[INFO] [stderr]                                  at /rustc/a178d0322ce20e33eac124758e837cbd80a6f633/library/std/src/panicking.rs:208:50
[INFO] [stderr]      9:     0x5615240170e1 - std::panicking::default_hook::hbea8e3ccf2ba8901
[INFO] [stderr]                                  at /rustc/a178d0322ce20e33eac124758e837cbd80a6f633/library/std/src/panicking.rs:225:9
[INFO] [stderr]     10:     0x561524017cd4 - std::panicking::rust_panic_with_hook::h7ee9e1a2d0f8975a
[INFO] [stderr]                                  at /rustc/a178d0322ce20e33eac124758e837cbd80a6f633/library/std/src/panicking.rs:622:17
[INFO] [stderr]     11:     0x5615240177b7 - std::panicking::begin_panic_handler::{{closure}}::h8ab3b4491718b2c7
[INFO] [stderr]                                  at /rustc/a178d0322ce20e33eac124758e837cbd80a6f633/library/std/src/panicking.rs:519:13
[INFO] [stderr]     12:     0x561524015cdc - std::sys_common::backtrace::__rust_end_short_backtrace::hd489062ffa586a9f
[INFO] [stderr]                                  at /rustc/a178d0322ce20e33eac124758e837cbd80a6f633/library/std/src/sys_common/backtrace.rs:141:18
[INFO] [stderr]     13:     0x561524017719 - rust_begin_unwind
[INFO] [stderr]                                  at /rustc/a178d0322ce20e33eac124758e837cbd80a6f633/library/std/src/panicking.rs:515:5
[INFO] [stderr]     14:     0x561523fe2361 - core::panicking::panic_fmt::hca6330e3e14086b4
[INFO] [stderr]                                  at /rustc/a178d0322ce20e33eac124758e837cbd80a6f633/library/core/src/panicking.rs:92:14
[INFO] [stderr]     15:     0x561523fe2253 - core::option::expect_failed::hb6407502861d5eec
[INFO] [stderr]                                  at /rustc/a178d0322ce20e33eac124758e837cbd80a6f633/library/core/src/option.rs:1243:5
[INFO] [stderr]     16:     0x561523fffb7f - core::option::Option<T>::expect::h1b1780d7e691cb28
[INFO] [stderr]                                  at /rustc/a178d0322ce20e33eac124758e837cbd80a6f633/library/core/src/option.rs:351:21
[INFO] [stderr]     17:     0x561523ffc861 - build_script_build::build_snappy::h03733e4a4bde9b35
[INFO] [stderr]                                  at /opt/rustwide/cargo-home/registry/src/github.com-1ecc6299db9ec823/leveldb-sys-2.0.0/src/build.rs:46:5
[INFO] [stderr]     18:     0x561523ffdda2 - build_script_build::main::h4a0510cfe4465a31
[INFO] [stderr]                                  at /opt/rustwide/cargo-home/registry/src/github.com-1ecc6299db9ec823/leveldb-sys-2.0.0/src/build.rs:125:9
[INFO] [stderr]     19:     0x561523ff964b - core::ops::function::FnOnce::call_once::h666ff6d0449542d2
[INFO] [stderr]                                  at /rustc/a178d0322ce20e33eac124758e837cbd80a6f633/library/core/src/ops/function.rs:227:5
[INFO] [stderr]     20:     0x561523ff555e - std::sys_common::backtrace::__rust_begin_short_backtrace::hdac801b4b27da83d
[INFO] [stderr]                                  at /rustc/a178d0322ce20e33eac124758e837cbd80a6f633/library/std/src/sys_common/backtrace.rs:125:18
[INFO] [stderr]     21:     0x561523fed021 - std::rt::lang_start::{{closure}}::h7928a3b4a91a3128
[INFO] [stderr]                                  at /rustc/a178d0322ce20e33eac124758e837cbd80a6f633/library/std/src/rt.rs:49:18
[INFO] [stderr]     22:     0x5615240181d9 - core::ops::function::impls::<impl core::ops::function::FnOnce<A> for &F>::call_once::h2aabc384aab89b7b
[INFO] [stderr]                                  at /rustc/a178d0322ce20e33eac124758e837cbd80a6f633/library/core/src/ops/function.rs:259:13
[INFO] [stderr]     23:     0x5615240181d9 - std::panicking::try::do_call::hc5fcacb7a85fc7b1
[INFO] [stderr]                                  at /rustc/a178d0322ce20e33eac124758e837cbd80a6f633/library/std/src/panicking.rs:401:40
[INFO] [stderr]     24:     0x5615240181d9 - std::panicking::try::hb5d9603af3abbe3a
[INFO] [stderr]                                  at /rustc/a178d0322ce20e33eac124758e837cbd80a6f633/library/std/src/panicking.rs:365:19
[INFO] [stderr]     25:     0x5615240181d9 - std::panic::catch_unwind::h98fe6ac3925e64b4
[INFO] [stderr]                                  at /rustc/a178d0322ce20e33eac124758e837cbd80a6f633/library/std/src/panic.rs:434:14
[INFO] [stderr]     26:     0x5615240181d9 - std::rt::lang_start_internal::h22ac7383c516f93e
[INFO] [stderr]                                  at /rustc/a178d0322ce20e33eac124758e837cbd80a6f633/library/std/src/rt.rs:34:21
[INFO] [stderr]     27:     0x561523fed000 - std::rt::lang_start::h19ce0852eee75728
[INFO] [stderr]                                  at /rustc/a178d0322ce20e33eac124758e837cbd80a6f633/library/std/src/rt.rs:48:5
[INFO] [stderr]     28:     0x561523ffeb5c - main
[INFO] [stderr]     29:     0x7f87102570b3 - __libc_start_main
[INFO] [stderr]     30:     0x561523fe2ade - _start
[INFO] [stderr]     31:                0x0 - <unknown>
[INFO] [stderr] warning: build failed, waiting for other jobs to finish...
[INFO] [stdout] error: aborting due to previous error
[INFO] [stdout] 
[INFO] [stdout] 
[INFO] [stdout] For more information about this error, try `rustc --explain E0642`.
[INFO] [stdout] 
[INFO] [stdout] error[E0277]: the size for values of type `Self` cannot be known at compilation time
[INFO] [stdout]    --> /opt/rustwide/cargo-home/registry/src/github.com-1ecc6299db9ec823/rust-sqlite-0.2.0/src/types.rs:30:53
[INFO] [stdout]     |
[INFO] [stdout] 30  |     fn from_sql(row: &mut ResultRow, col: ColIx) -> SqliteResult<Self>;
[INFO] [stdout]     |                                                     ^^^^^^^^^^^^^^^^^^ doesn't have a size known at compile-time
[INFO] [stdout]     |
[INFO] [stdout] help: consider further restricting `Self`
[INFO] [stdout]     |
[INFO] [stdout] 30  |     fn from_sql(row: &mut ResultRow, col: ColIx) -> SqliteResult<Self> where Self: Sized;
[INFO] [stdout]     |                                                                        ^^^^^^^^^^^^^^^^^
[INFO] [stdout] 
[INFO] [stdout] 
[INFO] [stdout] error: aborting due to previous error
[INFO] [stdout] 
[INFO] [stdout] 
[INFO] [stdout] For more information about this error, try `rustc --explain E0277`.
[INFO] [stdout] 
[INFO] [stdout] error[E0502]: cannot borrow `*reff` as immutable because it is also borrowed as mutable
[INFO] [stdout]    --> /opt/rustwide/cargo-home/registry/src/github.com-1ecc6299db9ec823/capnp-0.6.2/src/private/layout.rs:639:47
[INFO] [stdout]     |
[INFO] [stdout] 639 |         let ptr = try!(follow_fars(&mut reff, (*reff).target(), &mut segment));
[INFO] [stdout]     |                        ----------- ---------  ^^^^^^^ immutable borrow occurs here
[INFO] [stdout]     |                        |           |
[INFO] [stdout]     |                        |           mutable borrow occurs here
[INFO] [stdout]     |                        mutable borrow later used by call
[INFO] [stdout] 
[INFO] [stdout] 
[INFO] [stdout] error: aborting due to previous error
[INFO] [stdout] 
[INFO] [stdout] 
[INFO] [stdout] For more information about this error, try `rustc --explain E0502`.
[INFO] [stdout] 
[INFO] [stderr] error: build failed
[INFO] running `Command { std: "docker" "inspect" "fbe6bcae18486332d9a656f5d4275028399e800ab1623b7aaf40e022cdc9c8ce", kill_on_drop: false }`
[INFO] running `Command { std: "docker" "rm" "-f" "fbe6bcae18486332d9a656f5d4275028399e800ab1623b7aaf40e022cdc9c8ce", kill_on_drop: false }`
[INFO] [stdout] fbe6bcae18486332d9a656f5d4275028399e800ab1623b7aaf40e022cdc9c8ce
