[INFO] fetching crate xinput 0.1.1...
[INFO] documenting xinput-0.1.1 against 1.54.0 for beta-1.55-rustdoc-1
[INFO] extracting crate xinput 0.1.1 into /workspace/builds/worker-2/source
[INFO] validating manifest of crates.io crate xinput 0.1.1 on toolchain 1.54.0
[INFO] running `Command { std: "/workspace/cargo-home/bin/cargo" "+1.54.0" "metadata" "--manifest-path" "Cargo.toml" "--no-deps", kill_on_drop: false }`
[INFO] started tweaking crates.io crate xinput 0.1.1
[INFO] finished tweaking crates.io crate xinput 0.1.1
[INFO] tweaked toml for crates.io crate xinput 0.1.1 written to /workspace/builds/worker-2/source/Cargo.toml
[INFO] running `Command { std: "/workspace/cargo-home/bin/cargo" "+1.54.0" "generate-lockfile" "--manifest-path" "Cargo.toml" "-Zno-index-update", kill_on_drop: false }`
[INFO] running `Command { std: "/workspace/cargo-home/bin/cargo" "+1.54.0" "fetch" "--manifest-path" "Cargo.toml", kill_on_drop: false }`
[INFO] [stderr]     Blocking waiting for file lock on package cache
[INFO] running `Command { std: "docker" "create" "-v" "/var/lib/crater-agent-workspace/builds/worker-2/target:/opt/rustwide/target:rw,Z" "-v" "/var/lib/crater-agent-workspace/builds/worker-2/source:/opt/rustwide/workdir:ro,Z" "-v" "/var/lib/crater-agent-workspace/cargo-home:/opt/rustwide/cargo-home:ro,Z" "-v" "/var/lib/crater-agent-workspace/rustup-home:/opt/rustwide/rustup-home:ro,Z" "-e" "SOURCE_DIR=/opt/rustwide/workdir" "-e" "CARGO_TARGET_DIR=/opt/rustwide/target" "-e" "CARGO_HOME=/opt/rustwide/cargo-home" "-e" "RUSTUP_HOME=/opt/rustwide/rustup-home" "-w" "/opt/rustwide/workdir" "-m" "1610612736" "--user" "0:0" "--network" "none" "ghcr.io/rust-lang/crates-build-env/linux@sha256:34b6a614d2c27851fe6cbf88fbd1137609cefab8b10d0615aaeb6fd47975d74e" "/opt/rustwide/cargo-home/bin/cargo" "+1.54.0" "metadata" "--no-deps" "--format-version=1", kill_on_drop: false }`
[INFO] [stdout] 335c450247fd5df8fd8be1bef8abdb69242130c06ebb8a0dc4314e9fcd8379d3
[INFO] [stderr] WARNING: Your kernel does not support swap limit capabilities or the cgroup is not mounted. Memory limited without swap.
[INFO] running `Command { std: "docker" "start" "-a" "335c450247fd5df8fd8be1bef8abdb69242130c06ebb8a0dc4314e9fcd8379d3", kill_on_drop: false }`
[INFO] running `Command { std: "docker" "inspect" "335c450247fd5df8fd8be1bef8abdb69242130c06ebb8a0dc4314e9fcd8379d3", kill_on_drop: false }`
[INFO] running `Command { std: "docker" "rm" "-f" "335c450247fd5df8fd8be1bef8abdb69242130c06ebb8a0dc4314e9fcd8379d3", kill_on_drop: false }`
[INFO] [stdout] 335c450247fd5df8fd8be1bef8abdb69242130c06ebb8a0dc4314e9fcd8379d3
[INFO] running `Command { std: "docker" "create" "-v" "/var/lib/crater-agent-workspace/builds/worker-2/target:/opt/rustwide/target:rw,Z" "-v" "/var/lib/crater-agent-workspace/builds/worker-2/source:/opt/rustwide/workdir:ro,Z" "-v" "/var/lib/crater-agent-workspace/cargo-home:/opt/rustwide/cargo-home:ro,Z" "-v" "/var/lib/crater-agent-workspace/rustup-home:/opt/rustwide/rustup-home:ro,Z" "-e" "SOURCE_DIR=/opt/rustwide/workdir" "-e" "CARGO_TARGET_DIR=/opt/rustwide/target" "-e" "CARGO_INCREMENTAL=0" "-e" "RUST_BACKTRACE=full" "-e" "RUSTDOCFLAGS=--cap-lints=warn" "-e" "CARGO_HOME=/opt/rustwide/cargo-home" "-e" "RUSTUP_HOME=/opt/rustwide/rustup-home" "-w" "/opt/rustwide/workdir" "-m" "1610612736" "--user" "0:0" "--network" "none" "ghcr.io/rust-lang/crates-build-env/linux@sha256:34b6a614d2c27851fe6cbf88fbd1137609cefab8b10d0615aaeb6fd47975d74e" "/opt/rustwide/cargo-home/bin/cargo" "+1.54.0" "doc" "--frozen" "--no-deps" "--document-private-items" "--message-format=json", kill_on_drop: false }`
[INFO] [stdout] d01d57fd17bbbd141cad07f916cdead46c34f61c93e6bc312a4220269387fd5b
[INFO] [stderr] WARNING: Your kernel does not support swap limit capabilities or the cgroup is not mounted. Memory limited without swap.
[INFO] running `Command { std: "docker" "start" "-a" "d01d57fd17bbbd141cad07f916cdead46c34f61c93e6bc312a4220269387fd5b", kill_on_drop: false }`
[INFO] [stderr]    Compiling xinput-sys v0.2.0
[INFO] [stderr]  Documenting xinput v0.1.1 (/opt/rustwide/workdir)
[INFO] [stdout] error[E0412]: cannot find type `DWORD` in crate `winapi`
[INFO] [stdout]   --> src/lib.rs:10:22
[INFO] [stdout]    |
[INFO] [stdout] 10 |     user_index: winapi::DWORD
[INFO] [stdout]    |                         ^^^^^ not found in `winapi`
[INFO] [stdout] 
[INFO] [stdout] 
[INFO] [stdout] error[E0425]: cannot find value `XINPUT_GAMEPAD_LEFT_THUMB_DEADZONE` in crate `winapi`
[INFO] [stdout]   --> src/lib.rs:21:12
[INFO] [stdout]    |
[INFO] [stdout] 21 |     = winapi::XINPUT_GAMEPAD_LEFT_THUMB_DEADZONE;
[INFO] [stdout]    |               ^^^^^^^^^^^^^^^^^^^^^^^^^^^^^^^^^^ not found in `winapi`
[INFO] [stdout] 
[INFO] [stdout] 
[INFO] [stdout] error[E0425]: cannot find value `XINPUT_GAMEPAD_RIGHT_THUMB_DEADZONE` in crate `winapi`
[INFO] [stdout]   --> src/lib.rs:23:12
[INFO] [stdout]    |
[INFO] [stdout] 23 |     = winapi::XINPUT_GAMEPAD_RIGHT_THUMB_DEADZONE;
[INFO] [stdout]    |               ^^^^^^^^^^^^^^^^^^^^^^^^^^^^^^^^^^^ not found in `winapi`
[INFO] [stdout] 
[INFO] [stdout] 
[INFO] [stdout] error[E0425]: cannot find value `XINPUT_GAMEPAD_TRIGGER_THRESHOLD` in crate `winapi`
[INFO] [stdout]   --> src/lib.rs:25:12
[INFO] [stdout]    |
[INFO] [stdout] 25 |     = winapi::XINPUT_GAMEPAD_TRIGGER_THRESHOLD;
[INFO] [stdout]    |               ^^^^^^^^^^^^^^^^^^^^^^^^^^^^^^^^ not found in `winapi`
[INFO] [stdout] 
[INFO] [stdout] 
[INFO] [stdout] error: Compilation failed, aborting rustdoc
[INFO] [stdout] 
[INFO] [stdout] 
[INFO] [stdout] error: aborting due to 5 previous errors
[INFO] [stdout] 
[INFO] [stdout] 
[INFO] [stdout] Some errors have detailed explanations: E0412, E0425.
[INFO] [stdout] 
[INFO] [stdout] For more information about an error, try `rustc --explain E0412`.
[INFO] [stdout] 
[INFO] [stderr] error: could not document `xinput`
[INFO] [stderr] 
[INFO] [stderr] Caused by:
[INFO] [stderr]   process didn't exit successfully: `rustdoc --crate-type lib --crate-name xinput src/lib.rs -o /opt/rustwide/target/doc --error-format=json --json=diagnostic-rendered-ansi --document-private-items -L dependency=/opt/rustwide/target/debug/deps --extern winapi=/opt/rustwide/target/debug/deps/libwinapi-fc24033f8415559e.rmeta --extern xinput=/opt/rustwide/target/debug/deps/libxinput-b23a6ac1e100dc35.rmeta --cap-lints=warn --crate-version 0.1.1` (exit status: 1)
[INFO] running `Command { std: "docker" "inspect" "d01d57fd17bbbd141cad07f916cdead46c34f61c93e6bc312a4220269387fd5b", kill_on_drop: false }`
[INFO] running `Command { std: "docker" "rm" "-f" "d01d57fd17bbbd141cad07f916cdead46c34f61c93e6bc312a4220269387fd5b", kill_on_drop: false }`
[INFO] [stdout] d01d57fd17bbbd141cad07f916cdead46c34f61c93e6bc312a4220269387fd5b
