[INFO] fetching crate winping 0.10.1...
[INFO] documenting winping-0.10.1 against beta-2021-08-01 for beta-1.55-rustdoc-1
[INFO] extracting crate winping 0.10.1 into /workspace/builds/worker-15/source
[INFO] validating manifest of crates.io crate winping 0.10.1 on toolchain beta-2021-08-01
[INFO] running `Command { std: "/workspace/cargo-home/bin/cargo" "+beta-2021-08-01" "metadata" "--manifest-path" "Cargo.toml" "--no-deps", kill_on_drop: false }`
[INFO] started tweaking crates.io crate winping 0.10.1
[INFO] finished tweaking crates.io crate winping 0.10.1
[INFO] tweaked toml for crates.io crate winping 0.10.1 written to /workspace/builds/worker-15/source/Cargo.toml
[INFO] crate crates.io crate winping 0.10.1 already has a lockfile, it will not be regenerated
[INFO] running `Command { std: "/workspace/cargo-home/bin/cargo" "+beta-2021-08-01" "fetch" "--manifest-path" "Cargo.toml", kill_on_drop: false }`
[INFO] [stderr]  Downloading crates ...
[INFO] [stderr]   Downloaded slab v0.4.2
[INFO] [stderr]   Downloaded unicode-xid v0.2.0
[INFO] [stderr]   Downloaded futures-task v0.3.4
[INFO] [stderr]   Downloaded futures-executor v0.3.4
[INFO] [stderr]   Downloaded futures-channel v0.3.4
[INFO] [stderr]   Downloaded futures-sink v0.3.4
[INFO] [stderr]   Downloaded futures-core v0.3.4
[INFO] [stderr]   Downloaded futures v0.3.4
[INFO] [stderr]   Downloaded quote v1.0.4
[INFO] [stderr]   Downloaded futures-macro v0.3.4
[INFO] [stderr]   Downloaded syn v1.0.18
[INFO] [stderr]   Downloaded pin-utils v0.1.0
[INFO] [stderr]   Downloaded memchr v2.3.3
[INFO] [stderr]   Downloaded proc-macro-hack v0.5.15
[INFO] [stderr]   Downloaded proc-macro2 v1.0.12
[INFO] [stderr]   Downloaded futures-io v0.3.4
[INFO] [stderr]   Downloaded proc-macro-nested v0.1.4
[INFO] [stderr]   Downloaded futures-util v0.3.4
[INFO] [stderr]   Downloaded winapi_forked_icmpapi v0.3.7
[INFO] running `Command { std: "docker" "create" "-v" "/var/lib/crater-agent-workspace/builds/worker-15/target:/opt/rustwide/target:rw,Z" "-v" "/var/lib/crater-agent-workspace/builds/worker-15/source:/opt/rustwide/workdir:ro,Z" "-v" "/var/lib/crater-agent-workspace/cargo-home:/opt/rustwide/cargo-home:ro,Z" "-v" "/var/lib/crater-agent-workspace/rustup-home:/opt/rustwide/rustup-home:ro,Z" "-e" "SOURCE_DIR=/opt/rustwide/workdir" "-e" "CARGO_TARGET_DIR=/opt/rustwide/target" "-e" "CARGO_HOME=/opt/rustwide/cargo-home" "-e" "RUSTUP_HOME=/opt/rustwide/rustup-home" "-w" "/opt/rustwide/workdir" "-m" "1610612736" "--user" "0:0" "--network" "none" "ghcr.io/rust-lang/crates-build-env/linux@sha256:34b6a614d2c27851fe6cbf88fbd1137609cefab8b10d0615aaeb6fd47975d74e" "/opt/rustwide/cargo-home/bin/cargo" "+beta-2021-08-01" "metadata" "--no-deps" "--format-version=1", kill_on_drop: false }`
[INFO] [stdout] 11b244f3f14dcf5e5227d2dc57730532060c44eb82831fce837d329dfc47d962
[INFO] running `Command { std: "docker" "start" "-a" "11b244f3f14dcf5e5227d2dc57730532060c44eb82831fce837d329dfc47d962", kill_on_drop: false }`
[INFO] running `Command { std: "docker" "inspect" "11b244f3f14dcf5e5227d2dc57730532060c44eb82831fce837d329dfc47d962", kill_on_drop: false }`
[INFO] running `Command { std: "docker" "rm" "-f" "11b244f3f14dcf5e5227d2dc57730532060c44eb82831fce837d329dfc47d962", kill_on_drop: false }`
[INFO] [stdout] 11b244f3f14dcf5e5227d2dc57730532060c44eb82831fce837d329dfc47d962
[INFO] running `Command { std: "docker" "create" "-v" "/var/lib/crater-agent-workspace/builds/worker-15/target:/opt/rustwide/target:rw,Z" "-v" "/var/lib/crater-agent-workspace/builds/worker-15/source:/opt/rustwide/workdir:ro,Z" "-v" "/var/lib/crater-agent-workspace/cargo-home:/opt/rustwide/cargo-home:ro,Z" "-v" "/var/lib/crater-agent-workspace/rustup-home:/opt/rustwide/rustup-home:ro,Z" "-e" "SOURCE_DIR=/opt/rustwide/workdir" "-e" "CARGO_TARGET_DIR=/opt/rustwide/target" "-e" "CARGO_INCREMENTAL=0" "-e" "RUST_BACKTRACE=full" "-e" "RUSTDOCFLAGS=--cap-lints=warn" "-e" "CARGO_HOME=/opt/rustwide/cargo-home" "-e" "RUSTUP_HOME=/opt/rustwide/rustup-home" "-w" "/opt/rustwide/workdir" "-m" "1610612736" "--user" "0:0" "--network" "none" "ghcr.io/rust-lang/crates-build-env/linux@sha256:34b6a614d2c27851fe6cbf88fbd1137609cefab8b10d0615aaeb6fd47975d74e" "/opt/rustwide/cargo-home/bin/cargo" "+beta-2021-08-01" "doc" "--frozen" "--no-deps" "--document-private-items" "--message-format=json", kill_on_drop: false }`
[INFO] [stdout] 2cdc54ea151297d2e5ff453177ac2775126064e76848ed68a6d678f880846e21
[INFO] running `Command { std: "docker" "start" "-a" "2cdc54ea151297d2e5ff453177ac2775126064e76848ed68a6d678f880846e21", kill_on_drop: false }`
[INFO] [stderr]    Compiling winapi_forked_icmpapi v0.3.7
[INFO] [stderr]  Documenting winping v0.10.1 (/opt/rustwide/workdir)
[INFO] [stdout] error[E0433]: failed to resolve: could not find `shared` in `winapi`
[INFO] [stdout]  --> src/async_pinger.rs:2:5
[INFO] [stdout]   |
[INFO] [stdout] 2 |     shared::{
[INFO] [stdout]   |     ^^^^^^ could not find `shared` in `winapi`
[INFO] [stdout] 
[INFO] [stdout] 
[INFO] [stdout] error[E0433]: failed to resolve: could not find `um` in `winapi`
[INFO] [stdout]  --> src/async_pinger.rs:9:5
[INFO] [stdout]   |
[INFO] [stdout] 9 |     um::{
[INFO] [stdout]   |     ^^ could not find `um` in `winapi`
[INFO] [stdout] 
[INFO] [stdout] 
[INFO] [stdout] error[E0433]: failed to resolve: could not find `um` in `winapi`
[INFO] [stdout]   --> src/async_pinger.rs:26:13
[INFO] [stdout]    |
[INFO] [stdout] 26 | use winapi::um::ipexport::IP_OPTION_INFORMATION32 as IP_OPTION_INFORMATION;
[INFO] [stdout]    |             ^^ could not find `um` in `winapi`
[INFO] [stdout] 
[INFO] [stdout] 
[INFO] [stdout] error[E0433]: failed to resolve: could not find `um` in `winapi`
[INFO] [stdout]  --> src/buffer.rs:3:13
[INFO] [stdout]   |
[INFO] [stdout] 3 | use winapi::um::ipexport::ICMP_ECHO_REPLY32;
[INFO] [stdout]   |             ^^ could not find `um` in `winapi`
[INFO] [stdout] 
[INFO] [stdout] 
[INFO] [stdout] error[E0433]: failed to resolve: could not find `shared` in `winapi`
[INFO] [stdout]  --> src/buffer.rs:5:5
[INFO] [stdout]   |
[INFO] [stdout] 5 |     shared::ntdef::VOID,
[INFO] [stdout]   |     ^^^^^^ could not find `shared` in `winapi`
[INFO] [stdout] 
[INFO] [stdout] 
[INFO] [stdout] error[E0433]: failed to resolve: could not find `um` in `winapi`
[INFO] [stdout]  --> src/buffer.rs:6:5
[INFO] [stdout]   |
[INFO] [stdout] 6 |     um::ipexport::{ICMPV6_ECHO_REPLY, ICMP_ECHO_REPLY},
[INFO] [stdout]   |     ^^ could not find `um` in `winapi`
[INFO] [stdout] 
[INFO] [stdout] 
[INFO] [stdout] error[E0433]: failed to resolve: could not find `shared` in `winapi`
[INFO] [stdout]  --> src/error.rs:2:5
[INFO] [stdout]   |
[INFO] [stdout] 2 |     shared::{
[INFO] [stdout]   |     ^^^^^^ could not find `shared` in `winapi`
[INFO] [stdout] 
[INFO] [stdout] 
[INFO] [stdout] error[E0433]: failed to resolve: could not find `um` in `winapi`
[INFO] [stdout]  --> src/error.rs:8:5
[INFO] [stdout]   |
[INFO] [stdout] 8 |     um::{
[INFO] [stdout]   |     ^^ could not find `um` in `winapi`
[INFO] [stdout] 
[INFO] [stdout] 
[INFO] [stdout] error[E0433]: failed to resolve: could not find `shared` in `winapi`
[INFO] [stdout]  --> src/pinger.rs:2:5
[INFO] [stdout]   |
[INFO] [stdout] 2 |     shared::{
[INFO] [stdout]   |     ^^^^^^ could not find `shared` in `winapi`
[INFO] [stdout] 
[INFO] [stdout] 
[INFO] [stdout] error[E0433]: failed to resolve: could not find `um` in `winapi`
[INFO] [stdout]  --> src/pinger.rs:8:5
[INFO] [stdout]   |
[INFO] [stdout] 8 |     um::{
[INFO] [stdout]   |     ^^ could not find `um` in `winapi`
[INFO] [stdout] 
[INFO] [stdout] 
[INFO] [stdout] error[E0433]: failed to resolve: could not find `um` in `winapi`
[INFO] [stdout]   --> src/pinger.rs:21:13
[INFO] [stdout]    |
[INFO] [stdout] 21 | use winapi::um::ipexport::IP_OPTION_INFORMATION32 as IP_OPTION_INFORMATION;
[INFO] [stdout]    |             ^^ could not find `um` in `winapi`
[INFO] [stdout] 
[INFO] [stdout] 
[INFO] [stdout] error[E0412]: cannot find type `VOID` in this scope
[INFO] [stdout]    --> src/async_pinger.rs:214:20
[INFO] [stdout]     |
[INFO] [stdout] 214 |     data_ptr: *mut VOID,
[INFO] [stdout]     |                    ^^^^ not found in this scope
[INFO] [stdout] 
[INFO] [stdout] 
[INFO] [stdout] error[E0412]: cannot find type `VOID` in this scope
[INFO] [stdout]    --> src/async_pinger.rs:216:21
[INFO] [stdout]     |
[INFO] [stdout] 216 |     reply_ptr: *mut VOID,
[INFO] [stdout]     |                     ^^^^ not found in this scope
[INFO] [stdout] 
[INFO] [stdout] 
[INFO] [stdout] error[E0412]: cannot find type `HANDLE` in this scope
[INFO] [stdout]    --> src/async_pinger.rs:297:25
[INFO] [stdout]     |
[INFO] [stdout] 297 | static mut INPUT_EVENT: HANDLE = NULL;
[INFO] [stdout]     |                         ^^^^^^ not found in this scope
[INFO] [stdout] 
[INFO] [stdout] 
[INFO] [stdout] error[E0425]: cannot find value `NULL` in this scope
[INFO] [stdout]    --> src/async_pinger.rs:297:34
[INFO] [stdout]     |
[INFO] [stdout] 297 | static mut INPUT_EVENT: HANDLE = NULL;
[INFO] [stdout]     |                                  ^^^^ not found in this scope
[INFO] [stdout] 
[INFO] [stdout] 
[INFO] [stdout] error[E0412]: cannot find type `HANDLE` in this scope
[INFO] [stdout]    --> src/async_pinger.rs:298:25
[INFO] [stdout]     |
[INFO] [stdout] 298 | static mut ICMP_HANDLE: HANDLE = INVALID_HANDLE_VALUE;
[INFO] [stdout]     |                         ^^^^^^ not found in this scope
[INFO] [stdout] 
[INFO] [stdout] 
[INFO] [stdout] error[E0425]: cannot find value `INVALID_HANDLE_VALUE` in this scope
[INFO] [stdout]    --> src/async_pinger.rs:298:34
[INFO] [stdout]     |
[INFO] [stdout] 298 | static mut ICMP_HANDLE: HANDLE = INVALID_HANDLE_VALUE;
[INFO] [stdout]     |                                  ^^^^^^^^^^^^^^^^^^^^ not found in this scope
[INFO] [stdout] 
[INFO] [stdout] 
[INFO] [stdout] error[E0412]: cannot find type `HANDLE` in this scope
[INFO] [stdout]    --> src/async_pinger.rs:299:26
[INFO] [stdout]     |
[INFO] [stdout] 299 | static mut ICMP6_HANDLE: HANDLE = INVALID_HANDLE_VALUE;
[INFO] [stdout]     |                          ^^^^^^ not found in this scope
[INFO] [stdout] 
[INFO] [stdout] 
[INFO] [stdout] error[E0425]: cannot find value `INVALID_HANDLE_VALUE` in this scope
[INFO] [stdout]    --> src/async_pinger.rs:299:35
[INFO] [stdout]     |
[INFO] [stdout] 299 | static mut ICMP6_HANDLE: HANDLE = INVALID_HANDLE_VALUE;
[INFO] [stdout]     |                                   ^^^^^^^^^^^^^^^^^^^^ not found in this scope
[INFO] [stdout] 
[INFO] [stdout] 
[INFO] [stdout] error[E0412]: cannot find type `DWORD` in this scope
[INFO] [stdout]    --> src/async_pinger.rs:339:29
[INFO] [stdout]     |
[INFO] [stdout] 339 |         const EVENT_ACCESS: DWORD = DELETE | EVENT_MODIFY_STATE | SYNCHRONIZE;
[INFO] [stdout]     |                             ^^^^^ not found in this scope
[INFO] [stdout] 
[INFO] [stdout] 
[INFO] [stdout] error[E0425]: cannot find value `DELETE` in this scope
[INFO] [stdout]    --> src/async_pinger.rs:339:37
[INFO] [stdout]     |
[INFO] [stdout] 339 |         const EVENT_ACCESS: DWORD = DELETE | EVENT_MODIFY_STATE | SYNCHRONIZE;
[INFO] [stdout]     |                                     ^^^^^^ not found in this scope
[INFO] [stdout] 
[INFO] [stdout] 
[INFO] [stdout] error[E0425]: cannot find value `EVENT_MODIFY_STATE` in this scope
[INFO] [stdout]    --> src/async_pinger.rs:339:46
[INFO] [stdout]     |
[INFO] [stdout] 339 |         const EVENT_ACCESS: DWORD = DELETE | EVENT_MODIFY_STATE | SYNCHRONIZE;
[INFO] [stdout]     |                                              ^^^^^^^^^^^^^^^^^^ not found in this scope
[INFO] [stdout] 
[INFO] [stdout] 
[INFO] [stdout] error[E0425]: cannot find value `SYNCHRONIZE` in this scope
[INFO] [stdout]    --> src/async_pinger.rs:339:67
[INFO] [stdout]     |
[INFO] [stdout] 339 |         const EVENT_ACCESS: DWORD = DELETE | EVENT_MODIFY_STATE | SYNCHRONIZE;
[INFO] [stdout]     |                                                                   ^^^^^^^^^^^ not found in this scope
[INFO] [stdout] 
[INFO] [stdout] 
[INFO] [stdout] error[E0412]: cannot find type `VOID` in this scope
[INFO] [stdout]    --> src/async_pinger.rs:488:28
[INFO] [stdout]     |
[INFO] [stdout] 488 |     _io_status_block: *mut VOID,
[INFO] [stdout]     |                            ^^^^ not found in this scope
[INFO] [stdout] 
[INFO] [stdout] 
[INFO] [stdout] error[E0412]: cannot find type `ULONG` in this scope
[INFO] [stdout]    --> src/async_pinger.rs:489:12
[INFO] [stdout]     |
[INFO] [stdout] 489 |     _rsvd: ULONG,
[INFO] [stdout]     |            ^^^^^ not found in this scope
[INFO] [stdout] 
[INFO] [stdout] 
[INFO] [stdout] error[E0412]: cannot find type `ICMP_ECHO_REPLY` in this scope
[INFO] [stdout]   --> src/buffer.rs:28:41
[INFO] [stdout]    |
[INFO] [stdout] 28 | const_assert_eq!(CHUNK_SIZE, align_of::<ICMP_ECHO_REPLY>());
[INFO] [stdout]    |                                         ^^^^^^^^^^^^^^^ not found in this scope
[INFO] [stdout] 
[INFO] [stdout] 
[INFO] [stdout] error[E0412]: cannot find type `ICMPV6_ECHO_REPLY` in this scope
[INFO] [stdout]   --> src/buffer.rs:29:40
[INFO] [stdout]    |
[INFO] [stdout] 29 | const_assert!(CHUNK_SIZE >= align_of::<ICMPV6_ECHO_REPLY>());
[INFO] [stdout]    |                                        ^^^^^^^^^^^^^^^^^ not found in this scope
[INFO] [stdout] 
[INFO] [stdout] 
[INFO] [stdout] error[E0412]: cannot find type `ICMP_ECHO_REPLY32` in this scope
[INFO] [stdout]   --> src/buffer.rs:31:40
[INFO] [stdout]    |
[INFO] [stdout] 31 | const_assert!(CHUNK_SIZE >= align_of::<ICMP_ECHO_REPLY32>());
[INFO] [stdout]    |                                        ^^^^^^^^^^^^^^^^^ not found in this scope
[INFO] [stdout] 
[INFO] [stdout] 
[INFO] [stdout] error[E0412]: cannot find type `ICMPV6_ECHO_REPLY` in this scope
[INFO] [stdout]   --> src/buffer.rs:79:37
[INFO] [stdout]    |
[INFO] [stdout] 79 |             const_assert!(size_of::<ICMPV6_ECHO_REPLY>() <= size_of::<ICMP_ECHO_REPLY>());
[INFO] [stdout]    |                                     ^^^^^^^^^^^^^^^^^ not found in this scope
[INFO] [stdout] 
[INFO] [stdout] 
[INFO] [stdout] error[E0412]: cannot find type `ICMP_ECHO_REPLY` in this scope
[INFO] [stdout]   --> src/buffer.rs:79:71
[INFO] [stdout]    |
[INFO] [stdout] 79 |             const_assert!(size_of::<ICMPV6_ECHO_REPLY>() <= size_of::<ICMP_ECHO_REPLY>());
[INFO] [stdout]    |                                                                       ^^^^^^^^^^^^^^^ not found in this scope
[INFO] [stdout] 
[INFO] [stdout] 
[INFO] [stdout] error[E0412]: cannot find type `ICMP_ECHO_REPLY32` in this scope
[INFO] [stdout]   --> src/buffer.rs:80:37
[INFO] [stdout]    |
[INFO] [stdout] 80 |             const_assert!(size_of::<ICMP_ECHO_REPLY32>() <= size_of::<ICMP_ECHO_REPLY>());
[INFO] [stdout]    |                                     ^^^^^^^^^^^^^^^^^ not found in this scope
[INFO] [stdout] 
[INFO] [stdout] 
[INFO] [stdout] error[E0412]: cannot find type `ICMP_ECHO_REPLY` in this scope
[INFO] [stdout]   --> src/buffer.rs:80:71
[INFO] [stdout]    |
[INFO] [stdout] 80 |             const_assert!(size_of::<ICMP_ECHO_REPLY32>() <= size_of::<ICMP_ECHO_REPLY>());
[INFO] [stdout]    |                                                                       ^^^^^^^^^^^^^^^ not found in this scope
[INFO] [stdout] 
[INFO] [stdout] 
[INFO] [stdout] error[E0412]: cannot find type `ICMP_ECHO_REPLY` in this scope
[INFO] [stdout]   --> src/buffer.rs:81:23
[INFO] [stdout]    |
[INFO] [stdout] 81 |             size_of::<ICMP_ECHO_REPLY>()
[INFO] [stdout]    |                       ^^^^^^^^^^^^^^^ not found in this scope
[INFO] [stdout] 
[INFO] [stdout] 
[INFO] [stdout] error[E0412]: cannot find type `VOID` in this scope
[INFO] [stdout]   --> src/buffer.rs:99:55
[INFO] [stdout]    |
[INFO] [stdout] 99 |     pub(crate) fn request_data_ptr(&mut self) -> *mut VOID {
[INFO] [stdout]    |                                                       ^^^^ not found in this scope
[INFO] [stdout] 
[INFO] [stdout] 
[INFO] [stdout] error[E0412]: cannot find type `VOID` in this scope
[INFO] [stdout]    --> src/buffer.rs:106:53
[INFO] [stdout]     |
[INFO] [stdout] 106 |     pub(crate) fn reply_data_ptr(&mut self) -> *mut VOID {
[INFO] [stdout]     |                                                     ^^^^ not found in this scope
[INFO] [stdout] 
[INFO] [stdout] 
[INFO] [stdout] error[E0412]: cannot find type `VOID` in this scope
[INFO] [stdout]    --> src/buffer.rs:110:46
[INFO] [stdout]     |
[INFO] [stdout] 110 |     fn reply_data_ptr_const(&self) -> *const VOID {
[INFO] [stdout]     |                                              ^^^^ not found in this scope
[INFO] [stdout] 
[INFO] [stdout] 
[INFO] [stdout] error[E0412]: cannot find type `ICMP_ECHO_REPLY` in this scope
[INFO] [stdout]    --> src/buffer.rs:117:51
[INFO] [stdout]     |
[INFO] [stdout] 53  | impl Buffer {
[INFO] [stdout]     |     - help: you might be missing a type parameter: `<ICMP_ECHO_REPLY>`
[INFO] [stdout] ...
[INFO] [stdout] 117 |     pub(crate) fn as_echo_reply(&self) -> Option<&ICMP_ECHO_REPLY> {
[INFO] [stdout]     |                                                   ^^^^^^^^^^^^^^^ not found in this scope
[INFO] [stdout] 
[INFO] [stdout] 
[INFO] [stdout] error[E0412]: cannot find type `ICMP_ECHO_REPLY32` in this scope
[INFO] [stdout]    --> src/buffer.rs:129:53
[INFO] [stdout]     |
[INFO] [stdout] 53  | impl Buffer {
[INFO] [stdout]     |     - help: you might be missing a type parameter: `<ICMP_ECHO_REPLY32>`
[INFO] [stdout] ...
[INFO] [stdout] 129 |     pub(crate) fn as_echo_reply32(&self) -> Option<&ICMP_ECHO_REPLY32> {
[INFO] [stdout]     |                                                     ^^^^^^^^^^^^^^^^^ not found in this scope
[INFO] [stdout] 
[INFO] [stdout] 
[INFO] [stdout] error[E0412]: cannot find type `ICMPV6_ECHO_REPLY` in this scope
[INFO] [stdout]    --> src/buffer.rs:136:52
[INFO] [stdout]     |
[INFO] [stdout] 53  | impl Buffer {
[INFO] [stdout]     |     - help: you might be missing a type parameter: `<ICMPV6_ECHO_REPLY>`
[INFO] [stdout] ...
[INFO] [stdout] 136 |     pub(crate) fn as_echo_reply6(&self) -> Option<&ICMPV6_ECHO_REPLY> {
[INFO] [stdout]     |                                                    ^^^^^^^^^^^^^^^^^ not found in this scope
[INFO] [stdout] 
[INFO] [stdout] 
[INFO] [stdout] error[E0425]: cannot find value `FORMAT_MESSAGE_FROM_SYSTEM` in this scope
[INFO] [stdout]   --> src/error.rs:92:36
[INFO] [stdout]    |
[INFO] [stdout] 92 |                 const FLAGS: u32 = FORMAT_MESSAGE_FROM_SYSTEM | FORMAT_MESSAGE_IGNORE_INSERTS;
[INFO] [stdout]    |                                    ^^^^^^^^^^^^^^^^^^^^^^^^^^ not found in this scope
[INFO] [stdout] 
[INFO] [stdout] 
[INFO] [stdout] error[E0425]: cannot find value `FORMAT_MESSAGE_IGNORE_INSERTS` in this scope
[INFO] [stdout]   --> src/error.rs:92:65
[INFO] [stdout]    |
[INFO] [stdout] 92 |                 const FLAGS: u32 = FORMAT_MESSAGE_FROM_SYSTEM | FORMAT_MESSAGE_IGNORE_INSERTS;
[INFO] [stdout]    |                                                                 ^^^^^^^^^^^^^^^^^^^^^^^^^^^^^ not found in this scope
[INFO] [stdout] 
[INFO] [stdout] 
[INFO] [stdout] error[E0412]: cannot find type `HANDLE` in this scope
[INFO] [stdout]   --> src/pinger.rs:33:9
[INFO] [stdout]    |
[INFO] [stdout] 33 |     v4: HANDLE,
[INFO] [stdout]    |         ^^^^^^ not found in this scope
[INFO] [stdout] 
[INFO] [stdout] 
[INFO] [stdout] error[E0412]: cannot find type `HANDLE` in this scope
[INFO] [stdout]   --> src/pinger.rs:34:9
[INFO] [stdout]    |
[INFO] [stdout] 34 |     v6: HANDLE,
[INFO] [stdout]    |         ^^^^^^ not found in this scope
[INFO] [stdout] 
[INFO] [stdout] 
[INFO] [stdout] error[E0412]: cannot find type `IP_OPTION_INFORMATION` in this scope
[INFO] [stdout]    --> src/pinger.rs:146:31
[INFO] [stdout]     |
[INFO] [stdout] 146 |     fn make_ip_opts(&self) -> IP_OPTION_INFORMATION {
[INFO] [stdout]     |                               ^^^^^^^^^^^^^^^^^^^^^ not found in this scope
[INFO] [stdout] 
[INFO] [stdout] 
[INFO] [stdout] error: Compilation failed, aborting rustdoc
[INFO] [stdout] 
[INFO] [stdout] 
[INFO] [stdout] error: aborting due to 45 previous errors
[INFO] [stdout] 
[INFO] [stdout] 
[INFO] [stdout] Some errors have detailed explanations: E0412, E0425, E0433.
[INFO] [stdout] 
[INFO] [stdout] For more information about an error, try `rustc --explain E0412`.
[INFO] [stdout] 
[INFO] [stderr] error: could not document `winping`
[INFO] [stderr] 
[INFO] [stderr] Caused by:
[INFO] [stderr]   process didn't exit successfully: `rustdoc --edition=2018 --crate-type lib --crate-name winping src/lib.rs -o /opt/rustwide/target/doc --cfg 'feature="async"' --cfg 'feature="default"' --error-format=json --json=diagnostic-rendered-ansi --document-private-items -L dependency=/opt/rustwide/target/debug/deps --extern lazy_static=/opt/rustwide/target/debug/deps/liblazy_static-5e37eee3e84fafab.rmeta --extern static_assertions=/opt/rustwide/target/debug/deps/libstatic_assertions-d349298a6426b9af.rmeta --extern winapi=/opt/rustwide/target/debug/deps/libwinapi_forked_icmpapi-cc214fcc6939e9d4.rmeta --cap-lints=warn --crate-version 0.10.1` (exit status: 1)
[INFO] running `Command { std: "docker" "inspect" "2cdc54ea151297d2e5ff453177ac2775126064e76848ed68a6d678f880846e21", kill_on_drop: false }`
[INFO] running `Command { std: "docker" "rm" "-f" "2cdc54ea151297d2e5ff453177ac2775126064e76848ed68a6d678f880846e21", kill_on_drop: false }`
[INFO] [stdout] 2cdc54ea151297d2e5ff453177ac2775126064e76848ed68a6d678f880846e21
