[INFO] fetching crate winhandle 0.3.0...
[INFO] documenting winhandle-0.3.0 against 1.54.0 for beta-1.55-rustdoc-1
[INFO] extracting crate winhandle 0.3.0 into /workspace/builds/worker-13/source
[INFO] validating manifest of crates.io crate winhandle 0.3.0 on toolchain 1.54.0
[INFO] running `Command { std: "/workspace/cargo-home/bin/cargo" "+1.54.0" "metadata" "--manifest-path" "Cargo.toml" "--no-deps", kill_on_drop: false }`
[INFO] started tweaking crates.io crate winhandle 0.3.0
[INFO] finished tweaking crates.io crate winhandle 0.3.0
[INFO] tweaked toml for crates.io crate winhandle 0.3.0 written to /workspace/builds/worker-13/source/Cargo.toml
[INFO] running `Command { std: "/workspace/cargo-home/bin/cargo" "+1.54.0" "generate-lockfile" "--manifest-path" "Cargo.toml" "-Zno-index-update", kill_on_drop: false }`
[INFO] running `Command { std: "/workspace/cargo-home/bin/cargo" "+1.54.0" "fetch" "--manifest-path" "Cargo.toml", kill_on_drop: false }`
[INFO] [stderr]     Blocking waiting for file lock on package cache
[INFO] running `Command { std: "docker" "create" "-v" "/var/lib/crater-agent-workspace/builds/worker-13/target:/opt/rustwide/target:rw,Z" "-v" "/var/lib/crater-agent-workspace/builds/worker-13/source:/opt/rustwide/workdir:ro,Z" "-v" "/var/lib/crater-agent-workspace/cargo-home:/opt/rustwide/cargo-home:ro,Z" "-v" "/var/lib/crater-agent-workspace/rustup-home:/opt/rustwide/rustup-home:ro,Z" "-e" "SOURCE_DIR=/opt/rustwide/workdir" "-e" "CARGO_TARGET_DIR=/opt/rustwide/target" "-e" "CARGO_HOME=/opt/rustwide/cargo-home" "-e" "RUSTUP_HOME=/opt/rustwide/rustup-home" "-w" "/opt/rustwide/workdir" "-m" "1610612736" "--user" "0:0" "--network" "none" "ghcr.io/rust-lang/crates-build-env/linux@sha256:34b6a614d2c27851fe6cbf88fbd1137609cefab8b10d0615aaeb6fd47975d74e" "/opt/rustwide/cargo-home/bin/cargo" "+1.54.0" "metadata" "--no-deps" "--format-version=1", kill_on_drop: false }`
[INFO] [stdout] 64e7d1ccb3e03c1db1063590778417a6fdf07c81b2326aa6da9cbd53411750b5
[INFO] running `Command { std: "docker" "start" "-a" "64e7d1ccb3e03c1db1063590778417a6fdf07c81b2326aa6da9cbd53411750b5", kill_on_drop: false }`
[INFO] running `Command { std: "docker" "inspect" "64e7d1ccb3e03c1db1063590778417a6fdf07c81b2326aa6da9cbd53411750b5", kill_on_drop: false }`
[INFO] running `Command { std: "docker" "rm" "-f" "64e7d1ccb3e03c1db1063590778417a6fdf07c81b2326aa6da9cbd53411750b5", kill_on_drop: false }`
[INFO] [stdout] 64e7d1ccb3e03c1db1063590778417a6fdf07c81b2326aa6da9cbd53411750b5
[INFO] running `Command { std: "docker" "create" "-v" "/var/lib/crater-agent-workspace/builds/worker-13/target:/opt/rustwide/target:rw,Z" "-v" "/var/lib/crater-agent-workspace/builds/worker-13/source:/opt/rustwide/workdir:ro,Z" "-v" "/var/lib/crater-agent-workspace/cargo-home:/opt/rustwide/cargo-home:ro,Z" "-v" "/var/lib/crater-agent-workspace/rustup-home:/opt/rustwide/rustup-home:ro,Z" "-e" "SOURCE_DIR=/opt/rustwide/workdir" "-e" "CARGO_TARGET_DIR=/opt/rustwide/target" "-e" "CARGO_INCREMENTAL=0" "-e" "RUST_BACKTRACE=full" "-e" "RUSTDOCFLAGS=--cap-lints=warn" "-e" "CARGO_HOME=/opt/rustwide/cargo-home" "-e" "RUSTUP_HOME=/opt/rustwide/rustup-home" "-w" "/opt/rustwide/workdir" "-m" "1610612736" "--user" "0:0" "--network" "none" "ghcr.io/rust-lang/crates-build-env/linux@sha256:34b6a614d2c27851fe6cbf88fbd1137609cefab8b10d0615aaeb6fd47975d74e" "/opt/rustwide/cargo-home/bin/cargo" "+1.54.0" "doc" "--frozen" "--no-deps" "--document-private-items" "--message-format=json", kill_on_drop: false }`
[INFO] [stdout] 9fb5d3d73dec81bea0b3084cc9c2a329e3b7f4cd179c3109318f6fdea26a97e8
[INFO] running `Command { std: "docker" "start" "-a" "9fb5d3d73dec81bea0b3084cc9c2a329e3b7f4cd179c3109318f6fdea26a97e8", kill_on_drop: false }`
[INFO] [stderr]    Compiling winapi v0.3.9
[INFO] [stderr]     Checking widestring v0.2.2
[INFO] [stderr]  Documenting winhandle v0.3.0 (/opt/rustwide/workdir)
[INFO] [stdout] error[E0433]: failed to resolve: could not find `shared` in `winapi`
[INFO] [stdout]  --> src/macros.rs:2:17
[INFO] [stdout]   |
[INFO] [stdout] 2 | pub use winapi::shared::minwindef::{FALSE};
[INFO] [stdout]   |                 ^^^^^^ could not find `shared` in `winapi`
[INFO] [stdout] 
[INFO] [stdout] 
[INFO] [stdout] error[E0433]: failed to resolve: could not find `shared` in `winapi`
[INFO] [stdout]  --> src/macros.rs:3:17
[INFO] [stdout]   |
[INFO] [stdout] 3 | pub use winapi::shared::winerror::{E_FAIL, S_OK};
[INFO] [stdout]   |                 ^^^^^^ could not find `shared` in `winapi`
[INFO] [stdout] 
[INFO] [stdout] 
[INFO] [stdout] error[E0433]: failed to resolve: could not find `shared` in `winapi`
[INFO] [stdout]  --> src/macros.rs:4:17
[INFO] [stdout]   |
[INFO] [stdout] 4 | pub use winapi::shared::winerror::{SUCCEEDED};
[INFO] [stdout]   |                 ^^^^^^ could not find `shared` in `winapi`
[INFO] [stdout] 
[INFO] [stdout] 
[INFO] [stdout] error[E0433]: failed to resolve: could not find `um` in `winapi`
[INFO] [stdout]  --> src/macros.rs:5:17
[INFO] [stdout]   |
[INFO] [stdout] 5 | pub use winapi::um::errhandlingapi::{GetLastError};
[INFO] [stdout]   |                 ^^ could not find `um` in `winapi`
[INFO] [stdout] 
[INFO] [stdout] 
[INFO] [stdout] error[E0433]: failed to resolve: could not find `um` in `winapi`
[INFO] [stdout]  --> src/macros.rs:6:17
[INFO] [stdout]   |
[INFO] [stdout] 6 | pub use winapi::um::handleapi::{INVALID_HANDLE_VALUE};
[INFO] [stdout]   |                 ^^ could not find `um` in `winapi`
[INFO] [stdout] 
[INFO] [stdout] 
[INFO] [stdout] error[E0433]: failed to resolve: could not find `windows` in `os`
[INFO] [stdout]  --> src/handle.rs:7:14
[INFO] [stdout]   |
[INFO] [stdout] 7 | use std::os::windows::prelude::*;
[INFO] [stdout]   |              ^^^^^^^ could not find `windows` in `os`
[INFO] [stdout] 
[INFO] [stdout] 
[INFO] [stdout] error[E0433]: failed to resolve: could not find `um` in `winapi`
[INFO] [stdout]  --> src/handle.rs:9:13
[INFO] [stdout]   |
[INFO] [stdout] 9 | use winapi::um::winnt::{HANDLE, PVOID, ACCESS_MASK};
[INFO] [stdout]   |             ^^ could not find `um` in `winapi`
[INFO] [stdout] 
[INFO] [stdout] 
[INFO] [stdout] error[E0433]: failed to resolve: could not find `um` in `winapi`
[INFO] [stdout]   --> src/handle.rs:10:13
[INFO] [stdout]    |
[INFO] [stdout] 10 | use winapi::um::winnt::{DUPLICATE_SAME_ACCESS, DUPLICATE_CLOSE_SOURCE};
[INFO] [stdout]    |             ^^ could not find `um` in `winapi`
[INFO] [stdout] 
[INFO] [stdout] 
[INFO] [stdout] error[E0433]: failed to resolve: could not find `shared` in `winapi`
[INFO] [stdout]   --> src/handle.rs:11:13
[INFO] [stdout]    |
[INFO] [stdout] 11 | use winapi::shared::minwindef::{DWORD, ULONG, TRUE, FALSE};
[INFO] [stdout]    |             ^^^^^^ could not find `shared` in `winapi`
[INFO] [stdout] 
[INFO] [stdout] 
[INFO] [stdout] error[E0433]: failed to resolve: could not find `shared` in `winapi`
[INFO] [stdout]   --> src/handle.rs:12:13
[INFO] [stdout]    |
[INFO] [stdout] 12 | use winapi::shared::winerror::{SUCCEEDED, NO_ERROR};
[INFO] [stdout]    |             ^^^^^^ could not find `shared` in `winapi`
[INFO] [stdout] 
[INFO] [stdout] 
[INFO] [stdout] error[E0433]: failed to resolve: could not find `um` in `winapi`
[INFO] [stdout]   --> src/handle.rs:13:13
[INFO] [stdout]    |
[INFO] [stdout] 13 | use winapi::um::handleapi::{INVALID_HANDLE_VALUE, CloseHandle, GetHandleInformation, DuplicateHandle};
[INFO] [stdout]    |             ^^ could not find `um` in `winapi`
[INFO] [stdout] 
[INFO] [stdout] 
[INFO] [stdout] error[E0433]: failed to resolve: could not find `um` in `winapi`
[INFO] [stdout]   --> src/handle.rs:14:13
[INFO] [stdout]    |
[INFO] [stdout] 14 | use winapi::um::processthreadsapi::{GetCurrentProcess};
[INFO] [stdout]    |             ^^ could not find `um` in `winapi`
[INFO] [stdout] 
[INFO] [stdout] 
[INFO] [stdout] error[E0433]: failed to resolve: could not find `um` in `winapi`
[INFO] [stdout]   --> src/handle.rs:15:13
[INFO] [stdout]    |
[INFO] [stdout] 15 | use winapi::um::fileapi::{GetFileType};
[INFO] [stdout]    |             ^^ could not find `um` in `winapi`
[INFO] [stdout] 
[INFO] [stdout] 
[INFO] [stdout] error[E0433]: failed to resolve: could not find `um` in `winapi`
[INFO] [stdout]   --> src/handle.rs:16:13
[INFO] [stdout]    |
[INFO] [stdout] 16 | use winapi::um::winbase::{FILE_TYPE_CHAR, FILE_TYPE_DISK, FILE_TYPE_PIPE, FILE_TYPE_UNKNOWN};
[INFO] [stdout]    |             ^^ could not find `um` in `winapi`
[INFO] [stdout] 
[INFO] [stdout] 
[INFO] [stdout] error[E0433]: failed to resolve: could not find `um` in `winapi`
[INFO] [stdout]   --> src/handle.rs:17:13
[INFO] [stdout]    |
[INFO] [stdout] 17 | use winapi::um::errhandlingapi::{GetLastError};
[INFO] [stdout]    |             ^^ could not find `um` in `winapi`
[INFO] [stdout] 
[INFO] [stdout] 
[INFO] [stdout] error[E0433]: failed to resolve: could not find `um` in `winapi`
[INFO] [stdout]  --> src/comptr.rs:5:13
[INFO] [stdout]   |
[INFO] [stdout] 5 | use winapi::um::unknwnbase::IUnknown;
[INFO] [stdout]   |             ^^ could not find `um` in `winapi`
[INFO] [stdout] 
[INFO] [stdout] 
[INFO] [stdout] error[E0433]: failed to resolve: could not find `um` in `winapi`
[INFO] [stdout]  --> src/mem.rs:4:13
[INFO] [stdout]   |
[INFO] [stdout] 4 | use winapi::um::winbase::{LocalFree};
[INFO] [stdout]   |             ^^ could not find `um` in `winapi`
[INFO] [stdout] 
[INFO] [stdout] 
[INFO] [stdout] error[E0433]: failed to resolve: could not find `um` in `winapi`
[INFO] [stdout]  --> src/sys.rs:6:13
[INFO] [stdout]   |
[INFO] [stdout] 6 | use winapi::um::winnt::{HANDLE, HRESULT, PVOID, LPSTR, ACCESS_MASK};
[INFO] [stdout]   |             ^^ could not find `um` in `winapi`
[INFO] [stdout] 
[INFO] [stdout] 
[INFO] [stdout] error[E0433]: failed to resolve: could not find `shared` in `winapi`
[INFO] [stdout]  --> src/sys.rs:7:13
[INFO] [stdout]   |
[INFO] [stdout] 7 | use winapi::shared::ntdef::{UNICODE_STRING};
[INFO] [stdout]   |             ^^^^^^ could not find `shared` in `winapi`
[INFO] [stdout] 
[INFO] [stdout] 
[INFO] [stdout] error[E0433]: failed to resolve: could not find `shared` in `winapi`
[INFO] [stdout]  --> src/sys.rs:8:13
[INFO] [stdout]   |
[INFO] [stdout] 8 | use winapi::shared::minwindef::{DWORD, HMODULE, ULONG, PULONG};
[INFO] [stdout]   |             ^^^^^^ could not find `shared` in `winapi`
[INFO] [stdout] 
[INFO] [stdout] 
[INFO] [stdout] error[E0433]: failed to resolve: could not find `um` in `winapi`
[INFO] [stdout]  --> src/sys.rs:9:13
[INFO] [stdout]   |
[INFO] [stdout] 9 | use winapi::um::libloaderapi::{GetModuleHandleExW, GetProcAddress};
[INFO] [stdout]   |             ^^ could not find `um` in `winapi`
[INFO] [stdout] 
[INFO] [stdout] 
[INFO] [stdout] error[E0432]: unresolved import `Opaque`
[INFO] [stdout]  --> src/handle.rs:1:8
[INFO] [stdout]   |
[INFO] [stdout] 1 | use ::{Opaque};
[INFO] [stdout]   |        ^^^^^^
[INFO] [stdout] 
[INFO] [stdout] 
[INFO] [stdout] error[E0412]: cannot find type `HANDLE` in this scope
[INFO] [stdout]   --> src/handle.rs:20:22
[INFO] [stdout]    |
[INFO] [stdout] 20 | pub struct WinHandle(HANDLE);
[INFO] [stdout]    |                      ^^^^^^ not found in this scope
[INFO] [stdout] 
[INFO] [stdout] 
[INFO] [stdout] error[E0412]: cannot find type `HANDLE` in this scope
[INFO] [stdout]   --> src/handle.rs:42:28
[INFO] [stdout]    |
[INFO] [stdout] 42 | pub struct WinHandleTarget(HANDLE);
[INFO] [stdout]    |                            ^^^^^^ not found in this scope
[INFO] [stdout] 
[INFO] [stdout] 
[INFO] [stdout] error[E0412]: cannot find type `HANDLE` in this scope
[INFO] [stdout]   --> src/handle.rs:54:46
[INFO] [stdout]    |
[INFO] [stdout] 54 |     pub unsafe fn from_raw_unchecked(handle: HANDLE) -> WinHandle {
[INFO] [stdout]    |                                              ^^^^^^ not found in this scope
[INFO] [stdout] 
[INFO] [stdout] 
[INFO] [stdout] error[E0412]: cannot find type `HANDLE` in this scope
[INFO] [stdout]   --> src/handle.rs:65:29
[INFO] [stdout]    |
[INFO] [stdout] 65 |     pub fn from_raw(handle: HANDLE) -> Option<WinHandle> {
[INFO] [stdout]    |                             ^^^^^^ not found in this scope
[INFO] [stdout] 
[INFO] [stdout] 
[INFO] [stdout] error[E0405]: cannot find trait `AsRawHandle` in this scope
[INFO] [stdout]   --> src/handle.rs:76:67
[INFO] [stdout]    |
[INFO] [stdout] 76 |     pub fn clone_from<T>(t: &T) -> io::Result<WinHandle> where T: AsRawHandle {
[INFO] [stdout]    |                                                                   ^^^^^^^^^^^ not found in this scope
[INFO] [stdout] 
[INFO] [stdout] 
[INFO] [stdout] error[E0412]: cannot find type `HANDLE` in this scope
[INFO] [stdout]   --> src/handle.rs:80:35
[INFO] [stdout]    |
[INFO] [stdout] 80 |     pub fn clone_from_raw(handle: HANDLE) -> io::Result<WinHandle> {
[INFO] [stdout]    |                                   ^^^^^^ not found in this scope
[INFO] [stdout] 
[INFO] [stdout] 
[INFO] [stdout] error[E0405]: cannot find trait `AsRawHandle` in this scope
[INFO] [stdout]   --> src/handle.rs:84:117
[INFO] [stdout]    |
[INFO] [stdout] 84 |     pub fn clone_from_ex<T>(t: &T, inheritable: bool, access: ClonedHandleAccess) -> io::Result<WinHandle> where T: AsRawHandle
[INFO] [stdout]    |                                                                                                                     ^^^^^^^^^^^ not found in this scope
[INFO] [stdout] 
[INFO] [stdout] 
[INFO] [stdout] error[E0412]: cannot find type `HANDLE` in this scope
[INFO] [stdout]   --> src/handle.rs:89:45
[INFO] [stdout]    |
[INFO] [stdout] 89 |     pub unsafe fn clone_from_raw_ex(handle: HANDLE, inheritable: bool, access: ClonedHandleAccess) -> io::Result<WinHandle> {
[INFO] [stdout]    |                                             ^^^^^^ not found in this scope
[INFO] [stdout] 
[INFO] [stdout] 
[INFO] [stdout] error[E0412]: cannot find type `HANDLE` in this scope
[INFO] [stdout]    --> src/handle.rs:107:30
[INFO] [stdout]     |
[INFO] [stdout] 107 |     pub fn into_raw(self) -> HANDLE {
[INFO] [stdout]     |                              ^^^^^^ not found in this scope
[INFO] [stdout] 
[INFO] [stdout] 
[INFO] [stdout] error[E0405]: cannot find trait `AsRawHandle` in this scope
[INFO] [stdout]    --> src/handle.rs:147:50
[INFO] [stdout]     |
[INFO] [stdout] 147 |     pub fn from<T>(handle: &T) -> &Self where T: AsRawHandle {
[INFO] [stdout]     |                                                  ^^^^^^^^^^^ not found in this scope
[INFO] [stdout] 
[INFO] [stdout] 
[INFO] [stdout] error[E0412]: cannot find type `HANDLE` in this scope
[INFO] [stdout]    --> src/handle.rs:152:50
[INFO] [stdout]     |
[INFO] [stdout] 152 |     pub unsafe fn from_raw_unchecked<'a>(handle: HANDLE) -> &'a Self {
[INFO] [stdout]     |                                                  ^^^^^^ not found in this scope
[INFO] [stdout] 
[INFO] [stdout] 
[INFO] [stdout] error[E0412]: cannot find type `HANDLE` in this scope
[INFO] [stdout]    --> src/handle.rs:163:30
[INFO] [stdout]     |
[INFO] [stdout] 163 |     pub fn from_raw(handle: &HANDLE) -> Option<&Self> {
[INFO] [stdout]     |                              ^^^^^^ not found in this scope
[INFO] [stdout] 
[INFO] [stdout] 
[INFO] [stdout] error[E0412]: cannot find type `HANDLE` in this scope
[INFO] [stdout]    --> src/handle.rs:174:26
[INFO] [stdout]     |
[INFO] [stdout] 174 |     pub fn get(&self) -> HANDLE {
[INFO] [stdout]     |                          ^^^^^^ not found in this scope
[INFO] [stdout] 
[INFO] [stdout] 
[INFO] [stdout] error[E0412]: cannot find type `ACCESS_MASK` in this scope
[INFO] [stdout]    --> src/handle.rs:265:45
[INFO] [stdout]     |
[INFO] [stdout] 146 | impl WinHandleRef {
[INFO] [stdout]     |     - help: you might be missing a type parameter: `<ACCESS_MASK>`
[INFO] [stdout] ...
[INFO] [stdout] 265 |     pub fn access_mask(&self) -> io::Result<ACCESS_MASK> {
[INFO] [stdout]     |                                             ^^^^^^^^^^^ not found in this scope
[INFO] [stdout] 
[INFO] [stdout] 
[INFO] [stdout] error[E0412]: cannot find type `ULONG` in this scope
[INFO] [stdout]    --> src/handle.rs:270:46
[INFO] [stdout]     |
[INFO] [stdout] 146 | impl WinHandleRef {
[INFO] [stdout]     |     - help: you might be missing a type parameter: `<ULONG>`
[INFO] [stdout] ...
[INFO] [stdout] 270 |     pub fn handle_count(&self) -> io::Result<ULONG> {
[INFO] [stdout]     |                                              ^^^^^ not found in this scope
[INFO] [stdout] 
[INFO] [stdout] 
[INFO] [stdout] error[E0405]: cannot find trait `AsRawHandle` in this scope
[INFO] [stdout]    --> src/handle.rs:295:6
[INFO] [stdout]     |
[INFO] [stdout] 295 | impl AsRawHandle for WinHandle {
[INFO] [stdout]     |      ^^^^^^^^^^^ not found in this scope
[INFO] [stdout] 
[INFO] [stdout] 
[INFO] [stdout] error[E0412]: cannot find type `RawHandle` in this scope
[INFO] [stdout]    --> src/handle.rs:296:32
[INFO] [stdout]     |
[INFO] [stdout] 20  | pub struct WinHandle(HANDLE);
[INFO] [stdout]     | ----------------------------- similarly named struct `WinHandle` defined here
[INFO] [stdout] ...
[INFO] [stdout] 296 |     fn as_raw_handle(&self) -> RawHandle { unsafe { mem::transmute(self.get()) } }
[INFO] [stdout]     |                                ^^^^^^^^^ help: a struct with a similar name exists: `WinHandle`
[INFO] [stdout] 
[INFO] [stdout] 
[INFO] [stdout] error[E0405]: cannot find trait `AsRawHandle` in this scope
[INFO] [stdout]    --> src/handle.rs:299:6
[INFO] [stdout]     |
[INFO] [stdout] 299 | impl AsRawHandle for WinHandleRef {
[INFO] [stdout]     |      ^^^^^^^^^^^ not found in this scope
[INFO] [stdout] 
[INFO] [stdout] 
[INFO] [stdout] error[E0412]: cannot find type `RawHandle` in this scope
[INFO] [stdout]    --> src/handle.rs:300:32
[INFO] [stdout]     |
[INFO] [stdout] 20  | pub struct WinHandle(HANDLE);
[INFO] [stdout]     | ----------------------------- similarly named struct `WinHandle` defined here
[INFO] [stdout] ...
[INFO] [stdout] 300 |     fn as_raw_handle(&self) -> RawHandle { unsafe { mem::transmute(self.get()) } }
[INFO] [stdout]     |                                ^^^^^^^^^ help: a struct with a similar name exists: `WinHandle`
[INFO] [stdout] 
[INFO] [stdout] 
[INFO] [stdout] error[E0405]: cannot find trait `IntoRawHandle` in this scope
[INFO] [stdout]    --> src/handle.rs:303:40
[INFO] [stdout]     |
[INFO] [stdout] 303 | impl<T> From<T> for WinHandle where T: IntoRawHandle {
[INFO] [stdout]     |                                        ^^^^^^^^^^^^^ not found in this scope
[INFO] [stdout] 
[INFO] [stdout] 
[INFO] [stdout] error[E0412]: cannot find type `DWORD` in this scope
[INFO] [stdout]    --> src/handle.rs:333:14
[INFO] [stdout]     |
[INFO] [stdout] 333 |     Explicit(DWORD),
[INFO] [stdout]     |              ^^^^^ not found in this scope
[INFO] [stdout] 
[INFO] [stdout] 
[INFO] [stdout] error[E0412]: cannot find type `HANDLE` in this scope
[INFO] [stdout]    --> src/handle.rs:368:19
[INFO] [stdout]     |
[INFO] [stdout] 368 |     type Target = HANDLE;
[INFO] [stdout]     |                   ^^^^^^ not found in this scope
[INFO] [stdout] 
[INFO] [stdout] 
[INFO] [stdout] error[E0412]: cannot find type `HANDLE` in this scope
[INFO] [stdout]    --> src/handle.rs:370:25
[INFO] [stdout]     |
[INFO] [stdout] 370 |     fn deref(&self) -> &HANDLE {
[INFO] [stdout]     |                         ^^^^^^ not found in this scope
[INFO] [stdout] 
[INFO] [stdout] 
[INFO] [stdout] error[E0412]: cannot find type `HANDLE` in this scope
[INFO] [stdout]    --> src/handle.rs:376:37
[INFO] [stdout]     |
[INFO] [stdout] 376 |     fn deref_mut(&mut self) -> &mut HANDLE {
[INFO] [stdout]     |                                     ^^^^^^ not found in this scope
[INFO] [stdout] 
[INFO] [stdout] 
[INFO] [stdout] error[E0412]: cannot find type `DWORD` in this scope
[INFO] [stdout]    --> src/handle.rs:402:11
[INFO] [stdout]     |
[INFO] [stdout] 402 |     Other(DWORD),
[INFO] [stdout]     |           ^^^^^ not found in this scope
[INFO] [stdout] 
[INFO] [stdout] 
[INFO] [stdout] error[E0412]: cannot find type `IUnknown` in this scope
[INFO] [stdout]  --> src/comptr.rs:7:27
[INFO] [stdout]   |
[INFO] [stdout] 7 | pub struct ComPtr<T>(*mut IUnknown, PhantomData<T>);
[INFO] [stdout]   |                           ^^^^^^^^ not found in this scope
[INFO] [stdout] 
[INFO] [stdout] 
[INFO] [stdout] error[E0412]: cannot find type `IUnknown` in this scope
[INFO] [stdout]  --> src/comptr.rs:8:33
[INFO] [stdout]   |
[INFO] [stdout] 8 | pub struct ComPtrTarget<T>(*mut IUnknown, PhantomData<T>);
[INFO] [stdout]   |                                 ^^^^^^^^ not found in this scope
[INFO] [stdout] 
[INFO] [stdout] 
[INFO] [stdout] error[E0412]: cannot find type `IUnknown` in this scope
[INFO] [stdout]   --> src/comptr.rs:44:62
[INFO] [stdout]    |
[INFO] [stdout] 39 | impl<T> ComPtrTarget<T> {
[INFO] [stdout]    |       - help: you might be missing a type parameter: `, IUnknown`
[INFO] [stdout] ...
[INFO] [stdout] 44 |     pub unsafe fn as_unknown(&mut self) -> &mut ComPtrTarget<IUnknown> {
[INFO] [stdout]    |                                                              ^^^^^^^^ not found in this scope
[INFO] [stdout] 
[INFO] [stdout] 
[INFO] [stdout] error[E0412]: cannot find type `DWORD` in this scope
[INFO] [stdout]   --> src/sys.rs:12:27
[INFO] [stdout]    |
[INFO] [stdout] 12 | pub fn HRESULT_FROM_NT(x: DWORD) -> HRESULT {
[INFO] [stdout]    |                           ^^^^^ not found in this scope
[INFO] [stdout] 
[INFO] [stdout] 
[INFO] [stdout] error[E0412]: cannot find type `HRESULT` in this scope
[INFO] [stdout]   --> src/sys.rs:12:37
[INFO] [stdout]    |
[INFO] [stdout] 12 | pub fn HRESULT_FROM_NT(x: DWORD) -> HRESULT {
[INFO] [stdout]    |                                     ^^^^^^^ not found in this scope
[INFO] [stdout] 
[INFO] [stdout] 
[INFO] [stdout] error[E0412]: cannot find type `DWORD` in this scope
[INFO] [stdout]   --> src/sys.rs:13:28
[INFO] [stdout]    |
[INFO] [stdout] 13 |     const FACILITY_NT_BIT: DWORD = 0x10000000;
[INFO] [stdout]    |                            ^^^^^ not found in this scope
[INFO] [stdout] 
[INFO] [stdout] 
[INFO] [stdout] error[E0412]: cannot find type `HANDLE` in this scope
[INFO] [stdout]   --> src/sys.rs:19:13
[INFO] [stdout]    |
[INFO] [stdout] 19 |     handle: HANDLE,
[INFO] [stdout]    |             ^^^^^^ not found in this scope
[INFO] [stdout] 
[INFO] [stdout] 
[INFO] [stdout] error[E0412]: cannot find type `PVOID` in this scope
[INFO] [stdout]   --> src/sys.rs:21:25
[INFO] [stdout]    |
[INFO] [stdout] 21 |     object_information: PVOID,
[INFO] [stdout]    |                         ^^^^^ not found in this scope
[INFO] [stdout] 
[INFO] [stdout] 
[INFO] [stdout] error[E0412]: cannot find type `ULONG` in this scope
[INFO] [stdout]   --> src/sys.rs:22:32
[INFO] [stdout]    |
[INFO] [stdout] 22 |     object_information_length: ULONG,
[INFO] [stdout]    |                                ^^^^^ not found in this scope
[INFO] [stdout] 
[INFO] [stdout] 
[INFO] [stdout] error[E0412]: cannot find type `PULONG` in this scope
[INFO] [stdout]   --> src/sys.rs:23:20
[INFO] [stdout]    |
[INFO] [stdout] 23 |     return_length: PULONG,
[INFO] [stdout]    |                    ^^^^^^ not found in this scope
[INFO] [stdout] 
[INFO] [stdout] 
[INFO] [stdout] error[E0412]: cannot find type `DWORD` in this scope
[INFO] [stdout]   --> src/sys.rs:24:6
[INFO] [stdout]    |
[INFO] [stdout] 24 | ) -> DWORD;
[INFO] [stdout]    |      ^^^^^ not found in this scope
[INFO] [stdout] 
[INFO] [stdout] 
[INFO] [stdout] error[E0412]: cannot find type `DWORD` in this scope
[INFO] [stdout]   --> src/sys.rs:26:38
[INFO] [stdout]    |
[INFO] [stdout] 26 | const GET_MODULE_HANDLE_EX_FLAG_PIN: DWORD = 0x1;
[INFO] [stdout]    |                                      ^^^^^ not found in this scope
[INFO] [stdout] 
[INFO] [stdout] 
[INFO] [stderr] error: could not document `winhandle`
[INFO] [stderr] 
[INFO] [stderr] Caused by:
[INFO] [stderr]   process didn't exit successfully: `rustdoc --crate-type lib --crate-name winhandle src/lib.rs -o /opt/rustwide/target/doc --error-format=json --json=diagnostic-rendered-ansi --document-private-items -L dependency=/opt/rustwide/target/debug/deps --extern lazy_static=/opt/rustwide/target/debug/deps/liblazy_static-dcbd8fda68976995.rmeta --extern log=/opt/rustwide/target/debug/deps/liblog-325d2e3c8b888de3.rmeta --extern widestring=/opt/rustwide/target/debug/deps/libwidestring-4e69b8cac5ae4b70.rmeta --extern winapi=/opt/rustwide/target/debug/deps/libwinapi-c0a54f5bba519b17.rmeta --cap-lints=warn --crate-version 0.3.0` (exit status: 1)
[INFO] [stdout] error[E0412]: cannot find type `ULONG` in this scope
[INFO] [stdout]   --> src/sys.rs:69:21
[INFO] [stdout]    |
[INFO] [stdout] 69 |     pub Attributes: ULONG,
[INFO] [stdout]    |                     ^^^^^ not found in this scope
[INFO] [stdout] 
[INFO] [stdout] 
[INFO] [stdout] error[E0412]: cannot find type `ACCESS_MASK` in this scope
[INFO] [stdout]   --> src/sys.rs:70:24
[INFO] [stdout]    |
[INFO] [stdout] 70 |     pub GrantedAccess: ACCESS_MASK,
[INFO] [stdout]    |                        ^^^^^^^^^^^ not found in this scope
[INFO] [stdout] 
[INFO] [stdout] 
[INFO] [stdout] error[E0412]: cannot find type `ULONG` in this scope
[INFO] [stdout]   --> src/sys.rs:71:22
[INFO] [stdout]    |
[INFO] [stdout] 71 |     pub HandleCount: ULONG,
[INFO] [stdout]    |                      ^^^^^ not found in this scope
[INFO] [stdout] 
[INFO] [stdout] 
[INFO] [stdout] error[E0412]: cannot find type `ULONG` in this scope
[INFO] [stdout]   --> src/sys.rs:72:23
[INFO] [stdout]    |
[INFO] [stdout] 72 |     pub PointerCount: ULONG,
[INFO] [stdout]    |                       ^^^^^ not found in this scope
[INFO] [stdout] 
[INFO] [stdout] 
[INFO] [stdout] error[E0412]: cannot find type `ULONG` in this scope
[INFO] [stdout]   --> src/sys.rs:73:16
[INFO] [stdout]    |
[INFO] [stdout] 73 |     Reserved: [ULONG; 10],
[INFO] [stdout]    |                ^^^^^ not found in this scope
[INFO] [stdout] 
[INFO] [stdout] 
[INFO] [stdout] error[E0412]: cannot find type `UNICODE_STRING` in this scope
[INFO] [stdout]   --> src/sys.rs:78:19
[INFO] [stdout]    |
[INFO] [stdout] 78 |     pub TypeName: UNICODE_STRING,
[INFO] [stdout]    |                   ^^^^^^^^^^^^^^ not found in this scope
[INFO] [stdout] 
[INFO] [stdout] 
[INFO] [stdout] error[E0412]: cannot find type `ULONG` in this scope
[INFO] [stdout]   --> src/sys.rs:79:16
[INFO] [stdout]    |
[INFO] [stdout] 79 |     Reserved: [ULONG; 22],
[INFO] [stdout]    |                ^^^^^ not found in this scope
[INFO] [stdout] 
[INFO] [stdout] 
[INFO] [stdout] error[E0412]: cannot find type `UNICODE_STRING` in this scope
[INFO] [stdout]   --> src/sys.rs:84:15
[INFO] [stdout]    |
[INFO] [stdout] 84 |     pub Name: UNICODE_STRING,
[INFO] [stdout]    |               ^^^^^^^^^^^^^^ not found in this scope
[INFO] [stdout] 
[INFO] [stdout] 
[INFO] [stdout] error[E0412]: cannot find type `HMODULE` in this scope
[INFO] [stdout]   --> src/sys.rs:89:23
[INFO] [stdout]    |
[INFO] [stdout] 89 | struct HModuleWrapper(HMODULE);
[INFO] [stdout]    |                       ^^^^^^^ not found in this scope
[INFO] [stdout] 
[INFO] [stdout] 
[INFO] [stdout] error[E0412]: cannot find type `HMODULE` in this scope
[INFO] [stdout]   --> src/sys.rs:94:19
[INFO] [stdout]    |
[INFO] [stdout] 94 |     type Target = HMODULE;
[INFO] [stdout]    |                   ^^^^^^^ not found in this scope
[INFO] [stdout] 
[INFO] [stdout] 
[INFO] [stdout] error[E0412]: cannot find type `HMODULE` in this scope
[INFO] [stdout]   --> src/sys.rs:96:25
[INFO] [stdout]    |
[INFO] [stdout] 96 |     fn deref(&self) -> &HMODULE {
[INFO] [stdout]    |                         ^^^^^^^ not found in this scope
[INFO] [stdout] 
[INFO] [stdout] 
[INFO] [stdout] error: Compilation failed, aborting rustdoc
[INFO] [stdout] 
[INFO] [stdout] 
[INFO] [stdout] error: aborting due to 71 previous errors
[INFO] [stdout] 
[INFO] [stdout] 
[INFO] [stdout] Some errors have detailed explanations: E0405, E0412, E0432, E0433.
[INFO] [stdout] 
[INFO] [stdout] For more information about an error, try `rustc --explain E0405`.
[INFO] [stdout] 
[INFO] running `Command { std: "docker" "inspect" "9fb5d3d73dec81bea0b3084cc9c2a329e3b7f4cd179c3109318f6fdea26a97e8", kill_on_drop: false }`
[INFO] running `Command { std: "docker" "rm" "-f" "9fb5d3d73dec81bea0b3084cc9c2a329e3b7f4cd179c3109318f6fdea26a97e8", kill_on_drop: false }`
[INFO] [stdout] 9fb5d3d73dec81bea0b3084cc9c2a329e3b7f4cd179c3109318f6fdea26a97e8
