[INFO] fetching crate windows-drives 0.5.0...
[INFO] documenting windows-drives-0.5.0 against beta-2021-08-01 for beta-1.55-rustdoc-1
[INFO] extracting crate windows-drives 0.5.0 into /workspace/builds/worker-4/source
[INFO] validating manifest of crates.io crate windows-drives 0.5.0 on toolchain beta-2021-08-01
[INFO] running `Command { std: "/workspace/cargo-home/bin/cargo" "+beta-2021-08-01" "metadata" "--manifest-path" "Cargo.toml" "--no-deps", kill_on_drop: false }`
[INFO] started tweaking crates.io crate windows-drives 0.5.0
[INFO] finished tweaking crates.io crate windows-drives 0.5.0
[INFO] tweaked toml for crates.io crate windows-drives 0.5.0 written to /workspace/builds/worker-4/source/Cargo.toml
[INFO] running `Command { std: "/workspace/cargo-home/bin/cargo" "+beta-2021-08-01" "generate-lockfile" "--manifest-path" "Cargo.toml" "-Zno-index-update", kill_on_drop: false }`
[INFO] [stderr]     Blocking waiting for file lock on package cache
[INFO] running `Command { std: "/workspace/cargo-home/bin/cargo" "+beta-2021-08-01" "fetch" "--manifest-path" "Cargo.toml", kill_on_drop: false }`
[INFO] [stderr]     Blocking waiting for file lock on package cache
[INFO] running `Command { std: "docker" "create" "-v" "/var/lib/crater-agent-workspace/builds/worker-4/target:/opt/rustwide/target:rw,Z" "-v" "/var/lib/crater-agent-workspace/builds/worker-4/source:/opt/rustwide/workdir:ro,Z" "-v" "/var/lib/crater-agent-workspace/cargo-home:/opt/rustwide/cargo-home:ro,Z" "-v" "/var/lib/crater-agent-workspace/rustup-home:/opt/rustwide/rustup-home:ro,Z" "-e" "SOURCE_DIR=/opt/rustwide/workdir" "-e" "CARGO_TARGET_DIR=/opt/rustwide/target" "-e" "CARGO_HOME=/opt/rustwide/cargo-home" "-e" "RUSTUP_HOME=/opt/rustwide/rustup-home" "-w" "/opt/rustwide/workdir" "-m" "1610612736" "--user" "0:0" "--network" "none" "ghcr.io/rust-lang/crates-build-env/linux@sha256:34b6a614d2c27851fe6cbf88fbd1137609cefab8b10d0615aaeb6fd47975d74e" "/opt/rustwide/cargo-home/bin/cargo" "+beta-2021-08-01" "metadata" "--no-deps" "--format-version=1", kill_on_drop: false }`
[INFO] [stdout] e428272a176428a917c5636b4ec259f77575ee407bea2d5a5bb16e76307ea11c
[INFO] running `Command { std: "docker" "start" "-a" "e428272a176428a917c5636b4ec259f77575ee407bea2d5a5bb16e76307ea11c", kill_on_drop: false }`
[INFO] running `Command { std: "docker" "inspect" "e428272a176428a917c5636b4ec259f77575ee407bea2d5a5bb16e76307ea11c", kill_on_drop: false }`
[INFO] running `Command { std: "docker" "rm" "-f" "e428272a176428a917c5636b4ec259f77575ee407bea2d5a5bb16e76307ea11c", kill_on_drop: false }`
[INFO] [stdout] e428272a176428a917c5636b4ec259f77575ee407bea2d5a5bb16e76307ea11c
[INFO] running `Command { std: "docker" "create" "-v" "/var/lib/crater-agent-workspace/builds/worker-4/target:/opt/rustwide/target:rw,Z" "-v" "/var/lib/crater-agent-workspace/builds/worker-4/source:/opt/rustwide/workdir:ro,Z" "-v" "/var/lib/crater-agent-workspace/cargo-home:/opt/rustwide/cargo-home:ro,Z" "-v" "/var/lib/crater-agent-workspace/rustup-home:/opt/rustwide/rustup-home:ro,Z" "-e" "SOURCE_DIR=/opt/rustwide/workdir" "-e" "CARGO_TARGET_DIR=/opt/rustwide/target" "-e" "CARGO_INCREMENTAL=0" "-e" "RUST_BACKTRACE=full" "-e" "RUSTDOCFLAGS=--cap-lints=warn" "-e" "CARGO_HOME=/opt/rustwide/cargo-home" "-e" "RUSTUP_HOME=/opt/rustwide/rustup-home" "-w" "/opt/rustwide/workdir" "-m" "1610612736" "--user" "0:0" "--network" "none" "ghcr.io/rust-lang/crates-build-env/linux@sha256:34b6a614d2c27851fe6cbf88fbd1137609cefab8b10d0615aaeb6fd47975d74e" "/opt/rustwide/cargo-home/bin/cargo" "+beta-2021-08-01" "doc" "--frozen" "--no-deps" "--document-private-items" "--message-format=json", kill_on_drop: false }`
[INFO] [stdout] fd010aca2df909c32bc9cc5e9253825a4ff3d9db784d8eec14d0338954220960
[INFO] running `Command { std: "docker" "start" "-a" "fd010aca2df909c32bc9cc5e9253825a4ff3d9db784d8eec14d0338954220960", kill_on_drop: false }`
[INFO] [stderr]    Compiling winapi v0.3.9
[INFO] [stderr]    Compiling derive-try-from-primitive v1.0.0
[INFO] [stderr]  Documenting windows-drives v0.5.0 (/opt/rustwide/workdir)
[INFO] [stdout] error[E0433]: failed to resolve: could not find `shared` in `winapi`
[INFO] [stdout]   --> src/drive.rs:12:5
[INFO] [stdout]    |
[INFO] [stdout] 12 |     shared::ntdef::LARGE_INTEGER,
[INFO] [stdout]    |     ^^^^^^ could not find `shared` in `winapi`
[INFO] [stdout] 
[INFO] [stdout] 
[INFO] [stdout] error[E0433]: failed to resolve: could not find `um` in `winapi`
[INFO] [stdout]   --> src/drive.rs:13:5
[INFO] [stdout]    |
[INFO] [stdout] 13 |     um::{
[INFO] [stdout]    |     ^^ could not find `um` in `winapi`
[INFO] [stdout] 
[INFO] [stdout] 
[INFO] [stdout] error[E0433]: failed to resolve: could not find `windows` in `os`
[INFO] [stdout]  --> src/win32.rs:3:14
[INFO] [stdout]   |
[INFO] [stdout] 3 | use std::os::windows::ffi::OsStrExt;
[INFO] [stdout]   |              ^^^^^^^ could not find `windows` in `os`
[INFO] [stdout] 
[INFO] [stdout] 
[INFO] [stdout] error[E0433]: failed to resolve: could not find `um` in `winapi`
[INFO] [stdout]  --> src/win32.rs:5:13
[INFO] [stdout]   |
[INFO] [stdout] 5 | use winapi::um::errhandlingapi::GetLastError;
[INFO] [stdout]   |             ^^ could not find `um` in `winapi`
[INFO] [stdout] 
[INFO] [stdout] 
[INFO] [stdout] error[E0432]: unresolved imports `winapi::ctypes`, `winapi::um`
[INFO] [stdout]   --> src/drive.rs:11:5
[INFO] [stdout]    |
[INFO] [stdout] 11 |     ctypes::c_void,
[INFO] [stdout]    |     ^^^^^^ could not find `ctypes` in `winapi`
[INFO] [stdout] 12 |     shared::ntdef::LARGE_INTEGER,
[INFO] [stdout] 13 |     um::{
[INFO] [stdout]    |     ^^ could not find `um` in `winapi`
[INFO] [stdout] 
[INFO] [stdout] 
[INFO] [stdout] error[E0412]: cannot find type `HANDLE` in this scope
[INFO] [stdout]   --> src/drive.rs:33:13
[INFO] [stdout]    |
[INFO] [stdout] 33 |     handle: HANDLE,
[INFO] [stdout]    |             ^^^^^^ not found in this scope
[INFO] [stdout] 
[INFO] [stdout] 
[INFO] [stdout] error[E0412]: cannot find type `HANDLE` in this scope
[INFO] [stdout]   --> src/drive.rs:56:13
[INFO] [stdout]    |
[INFO] [stdout] 56 |     handle: HANDLE,
[INFO] [stdout]    |             ^^^^^^ not found in this scope
[INFO] [stdout] 
[INFO] [stdout] 
[INFO] [stdout] error[E0425]: cannot find value `PARTITION_STYLE_GPT` in this scope
[INFO] [stdout]   --> src/drive.rs:91:11
[INFO] [stdout]    |
[INFO] [stdout] 91 |     Gpt = PARTITION_STYLE_GPT,
[INFO] [stdout]    |           ^^^^^^^^^^^^^^^^^^^ not found in this scope
[INFO] [stdout] 
[INFO] [stdout] 
[INFO] [stdout] error[E0425]: cannot find value `PARTITION_STYLE_MBR` in this scope
[INFO] [stdout]   --> src/drive.rs:92:11
[INFO] [stdout]    |
[INFO] [stdout] 92 |     Mbr = PARTITION_STYLE_MBR,
[INFO] [stdout]    |           ^^^^^^^^^^^^^^^^^^^ not found in this scope
[INFO] [stdout] 
[INFO] [stdout] 
[INFO] [stdout] error[E0425]: cannot find value `PARTITION_STYLE_RAW` in this scope
[INFO] [stdout]   --> src/drive.rs:93:11
[INFO] [stdout]    |
[INFO] [stdout] 93 |     Raw = PARTITION_STYLE_RAW,
[INFO] [stdout]    |           ^^^^^^^^^^^^^^^^^^^ not found in this scope
[INFO] [stdout] 
[INFO] [stdout] 
[INFO] [stdout] error[E0412]: cannot find type `DISK_GEOMETRY` in this scope
[INFO] [stdout]    --> src/drive.rs:237:11
[INFO] [stdout]     |
[INFO] [stdout] 237 | impl From<DISK_GEOMETRY> for DiskGeometry {
[INFO] [stdout]     |     -     ^^^^^^^^^^^^^ not found in this scope
[INFO] [stdout]     |     |
[INFO] [stdout]     |     help: you might be missing a type parameter: `<DISK_GEOMETRY>`
[INFO] [stdout] 
[INFO] [stdout] 
[INFO] [stdout] error[E0412]: cannot find type `DISK_GEOMETRY` in this scope
[INFO] [stdout]    --> src/drive.rs:238:18
[INFO] [stdout]     |
[INFO] [stdout] 238 |     fn from(geo: DISK_GEOMETRY) -> Self {
[INFO] [stdout]     |                  ^^^^^^^^^^^^^ not found in this scope
[INFO] [stdout] 
[INFO] [stdout] 
[INFO] [stdout] error[E0412]: cannot find type `PARTITION_INFORMATION_EX` in this scope
[INFO] [stdout]    --> src/drive.rs:249:11
[INFO] [stdout]     |
[INFO] [stdout] 249 | impl From<PARTITION_INFORMATION_EX> for PartitionInfo {
[INFO] [stdout]     |     -     ^^^^^^^^^^^^^^^^^^^^^^^^ not found in this scope
[INFO] [stdout]     |     |
[INFO] [stdout]     |     help: you might be missing a type parameter: `<PARTITION_INFORMATION_EX>`
[INFO] [stdout] 
[INFO] [stdout] 
[INFO] [stdout] error[E0412]: cannot find type `PARTITION_INFORMATION_EX` in this scope
[INFO] [stdout]    --> src/drive.rs:250:19
[INFO] [stdout]     |
[INFO] [stdout] 250 |     fn from(info: PARTITION_INFORMATION_EX) -> Self {
[INFO] [stdout]     |                   ^^^^^^^^^^^^^^^^^^^^^^^^ not found in this scope
[INFO] [stdout] 
[INFO] [stdout] 
[INFO] [stdout] error[E0412]: cannot find type `HANDLE` in this scope
[INFO] [stdout]    --> src/drive.rs:260:38
[INFO] [stdout]     |
[INFO] [stdout] 260 | fn open_handle(path: &str) -> Result<HANDLE, String> {
[INFO] [stdout]     |               -                      ^^^^^^ not found in this scope
[INFO] [stdout]     |               |
[INFO] [stdout]     |               help: you might be missing a type parameter: `<HANDLE>`
[INFO] [stdout] 
[INFO] [stdout] 
[INFO] [stdout] error[E0412]: cannot find type `HANDLE` in this scope
[INFO] [stdout]    --> src/drive.rs:287:21
[INFO] [stdout]     |
[INFO] [stdout] 287 | fn geometry(drive: &HANDLE) -> Result<DiskGeometry, String> {
[INFO] [stdout]     |                     ^^^^^^ not found in this scope
[INFO] [stdout] 
[INFO] [stdout] 
[INFO] [stdout] error[E0412]: cannot find type `HANDLE` in this scope
[INFO] [stdout]    --> src/drive.rs:315:31
[INFO] [stdout]     |
[INFO] [stdout] 315 | fn partition_info(partition: &HANDLE) -> Result<PartitionInfo, String> {
[INFO] [stdout]     |                               ^^^^^^ not found in this scope
[INFO] [stdout] 
[INFO] [stdout] 
[INFO] [stdout] error: Compilation failed, aborting rustdoc
[INFO] [stdout] 
[INFO] [stdout] 
[INFO] [stdout] error: aborting due to 18 previous errors
[INFO] [stdout] 
[INFO] [stdout] 
[INFO] [stdout] Some errors have detailed explanations: E0412, E0425, E0432, E0433.
[INFO] [stdout] 
[INFO] [stdout] For more information about an error, try `rustc --explain E0412`.
[INFO] [stdout] 
[INFO] [stderr] error: could not document `windows-drives`
[INFO] [stderr] 
[INFO] [stderr] Caused by:
[INFO] [stderr]   process didn't exit successfully: `rustdoc --edition=2018 --crate-type lib --crate-name windows_drives src/lib.rs -o /opt/rustwide/target/doc --error-format=json --json=diagnostic-rendered-ansi --document-private-items -L dependency=/opt/rustwide/target/debug/deps --extern derive_try_from_primitive=/opt/rustwide/target/debug/deps/libderive_try_from_primitive-4070a32b9d307760.so --extern winapi=/opt/rustwide/target/debug/deps/libwinapi-d855259836d3dec2.rmeta --cap-lints=warn --crate-version 0.5.0` (exit status: 1)
[INFO] running `Command { std: "docker" "inspect" "fd010aca2df909c32bc9cc5e9253825a4ff3d9db784d8eec14d0338954220960", kill_on_drop: false }`
[INFO] running `Command { std: "docker" "rm" "-f" "fd010aca2df909c32bc9cc5e9253825a4ff3d9db784d8eec14d0338954220960", kill_on_drop: false }`
[INFO] [stdout] fd010aca2df909c32bc9cc5e9253825a4ff3d9db784d8eec14d0338954220960
