[INFO] fetching crate win_mem 0.2.2...
[INFO] documenting win_mem-0.2.2 against 1.54.0 for beta-1.55-rustdoc-1
[INFO] extracting crate win_mem 0.2.2 into /workspace/builds/worker-12/source
[INFO] validating manifest of crates.io crate win_mem 0.2.2 on toolchain 1.54.0
[INFO] running `Command { std: "/workspace/cargo-home/bin/cargo" "+1.54.0" "metadata" "--manifest-path" "Cargo.toml" "--no-deps", kill_on_drop: false }`
[INFO] started tweaking crates.io crate win_mem 0.2.2
[INFO] finished tweaking crates.io crate win_mem 0.2.2
[INFO] tweaked toml for crates.io crate win_mem 0.2.2 written to /workspace/builds/worker-12/source/Cargo.toml
[INFO] running `Command { std: "/workspace/cargo-home/bin/cargo" "+1.54.0" "generate-lockfile" "--manifest-path" "Cargo.toml" "-Zno-index-update", kill_on_drop: false }`
[INFO] running `Command { std: "/workspace/cargo-home/bin/cargo" "+1.54.0" "fetch" "--manifest-path" "Cargo.toml", kill_on_drop: false }`
[INFO] running `Command { std: "docker" "create" "-v" "/var/lib/crater-agent-workspace/builds/worker-12/target:/opt/rustwide/target:rw,Z" "-v" "/var/lib/crater-agent-workspace/builds/worker-12/source:/opt/rustwide/workdir:ro,Z" "-v" "/var/lib/crater-agent-workspace/cargo-home:/opt/rustwide/cargo-home:ro,Z" "-v" "/var/lib/crater-agent-workspace/rustup-home:/opt/rustwide/rustup-home:ro,Z" "-e" "SOURCE_DIR=/opt/rustwide/workdir" "-e" "CARGO_TARGET_DIR=/opt/rustwide/target" "-e" "CARGO_HOME=/opt/rustwide/cargo-home" "-e" "RUSTUP_HOME=/opt/rustwide/rustup-home" "-w" "/opt/rustwide/workdir" "-m" "1610612736" "--user" "0:0" "--network" "none" "ghcr.io/rust-lang/crates-build-env/linux@sha256:34b6a614d2c27851fe6cbf88fbd1137609cefab8b10d0615aaeb6fd47975d74e" "/opt/rustwide/cargo-home/bin/cargo" "+1.54.0" "metadata" "--no-deps" "--format-version=1", kill_on_drop: false }`
[INFO] [stdout] 74e6279ee258c5a021862f6a94854b4dbdc20ac5d461f3c086d64d1af4ce0c7e
[INFO] running `Command { std: "docker" "start" "-a" "74e6279ee258c5a021862f6a94854b4dbdc20ac5d461f3c086d64d1af4ce0c7e", kill_on_drop: false }`
[INFO] running `Command { std: "docker" "inspect" "74e6279ee258c5a021862f6a94854b4dbdc20ac5d461f3c086d64d1af4ce0c7e", kill_on_drop: false }`
[INFO] running `Command { std: "docker" "rm" "-f" "74e6279ee258c5a021862f6a94854b4dbdc20ac5d461f3c086d64d1af4ce0c7e", kill_on_drop: false }`
[INFO] [stdout] 74e6279ee258c5a021862f6a94854b4dbdc20ac5d461f3c086d64d1af4ce0c7e
[INFO] running `Command { std: "docker" "create" "-v" "/var/lib/crater-agent-workspace/builds/worker-12/target:/opt/rustwide/target:rw,Z" "-v" "/var/lib/crater-agent-workspace/builds/worker-12/source:/opt/rustwide/workdir:ro,Z" "-v" "/var/lib/crater-agent-workspace/cargo-home:/opt/rustwide/cargo-home:ro,Z" "-v" "/var/lib/crater-agent-workspace/rustup-home:/opt/rustwide/rustup-home:ro,Z" "-e" "SOURCE_DIR=/opt/rustwide/workdir" "-e" "CARGO_TARGET_DIR=/opt/rustwide/target" "-e" "CARGO_INCREMENTAL=0" "-e" "RUST_BACKTRACE=full" "-e" "RUSTDOCFLAGS=--cap-lints=warn" "-e" "CARGO_HOME=/opt/rustwide/cargo-home" "-e" "RUSTUP_HOME=/opt/rustwide/rustup-home" "-w" "/opt/rustwide/workdir" "-m" "1610612736" "--user" "0:0" "--network" "none" "ghcr.io/rust-lang/crates-build-env/linux@sha256:34b6a614d2c27851fe6cbf88fbd1137609cefab8b10d0615aaeb6fd47975d74e" "/opt/rustwide/cargo-home/bin/cargo" "+1.54.0" "doc" "--frozen" "--no-deps" "--document-private-items" "--message-format=json", kill_on_drop: false }`
[INFO] [stdout] f5e549d0d9b813fe7314223e9af24ec2d983508ca8c2009e9114c036e0363373
[INFO] running `Command { std: "docker" "start" "-a" "f5e549d0d9b813fe7314223e9af24ec2d983508ca8c2009e9114c036e0363373", kill_on_drop: false }`
[INFO] [stderr]    Compiling winapi v0.3.9
[INFO] [stderr]  Documenting win_mem v0.2.2 (/opt/rustwide/workdir)
[INFO] [stdout] error[E0433]: failed to resolve: could not find `um` in `winapi`
[INFO] [stdout]  --> src/snapshot.rs:1:13
[INFO] [stdout]   |
[INFO] [stdout] 1 | use winapi::um::tlhelp32::{CreateToolhelp32Snapshot, TH32CS_SNAPMODULE, TH32CS_SNAPMODULE32, TH32CS_SNAPPROCESS};
[INFO] [stdout]   |             ^^ could not find `um` in `winapi`
[INFO] [stdout] 
[INFO] [stdout] 
[INFO] [stdout] error[E0433]: failed to resolve: could not find `um` in `winapi`
[INFO] [stdout]  --> src/snapshot.rs:2:13
[INFO] [stdout]   |
[INFO] [stdout] 2 | use winapi::um::winnt::HANDLE;
[INFO] [stdout]   |             ^^ could not find `um` in `winapi`
[INFO] [stdout] 
[INFO] [stdout] 
[INFO] [stdout] error[E0433]: failed to resolve: could not find `shared` in `winapi`
[INFO] [stdout]  --> src/module.rs:1:13
[INFO] [stdout]   |
[INFO] [stdout] 1 | use winapi::shared::minwindef::DWORD;
[INFO] [stdout]   |             ^^^^^^ could not find `shared` in `winapi`
[INFO] [stdout] 
[INFO] [stdout] 
[INFO] [stdout] error[E0433]: failed to resolve: could not find `shared` in `winapi`
[INFO] [stdout]  --> src/process.rs:4:13
[INFO] [stdout]   |
[INFO] [stdout] 4 | use winapi::shared::minwindef::{DWORD, FALSE, LPCVOID, LPVOID, TRUE};
[INFO] [stdout]   |             ^^^^^^ could not find `shared` in `winapi`
[INFO] [stdout] 
[INFO] [stdout] 
[INFO] [stdout] error[E0433]: failed to resolve: could not find `um` in `winapi`
[INFO] [stdout]  --> src/process.rs:5:13
[INFO] [stdout]   |
[INFO] [stdout] 5 | use winapi::um::handleapi::INVALID_HANDLE_VALUE;
[INFO] [stdout]   |             ^^ could not find `um` in `winapi`
[INFO] [stdout] 
[INFO] [stdout] 
[INFO] [stdout] error[E0433]: failed to resolve: could not find `um` in `winapi`
[INFO] [stdout]  --> src/process.rs:6:13
[INFO] [stdout]   |
[INFO] [stdout] 6 | use winapi::um::memoryapi::{ReadProcessMemory, WriteProcessMemory};
[INFO] [stdout]   |             ^^ could not find `um` in `winapi`
[INFO] [stdout] 
[INFO] [stdout] 
[INFO] [stdout] error[E0433]: failed to resolve: could not find `um` in `winapi`
[INFO] [stdout]  --> src/process.rs:7:13
[INFO] [stdout]   |
[INFO] [stdout] 7 | use winapi::um::processthreadsapi::OpenProcess;
[INFO] [stdout]   |             ^^ could not find `um` in `winapi`
[INFO] [stdout] 
[INFO] [stdout] 
[INFO] [stdout] error[E0433]: failed to resolve: could not find `um` in `winapi`
[INFO] [stdout]  --> src/process.rs:8:13
[INFO] [stdout]   |
[INFO] [stdout] 8 | use winapi::um::tlhelp32::{Module32FirstW, Module32NextW, MODULEENTRY32W, Process32FirstW, Process32NextW, PROCESSENTRY32W};
[INFO] [stdout]   |             ^^ could not find `um` in `winapi`
[INFO] [stdout] 
[INFO] [stdout] 
[INFO] [stdout] error[E0433]: failed to resolve: could not find `um` in `winapi`
[INFO] [stdout]  --> src/process.rs:9:13
[INFO] [stdout]   |
[INFO] [stdout] 9 | use winapi::um::winnt::{HANDLE, PROCESS_ALL_ACCESS};
[INFO] [stdout]   |             ^^ could not find `um` in `winapi`
[INFO] [stdout] 
[INFO] [stdout] 
[INFO] [stdout] error[E0433]: failed to resolve: could not find `um` in `winapi`
[INFO] [stdout]  --> src/utils.rs:3:13
[INFO] [stdout]   |
[INFO] [stdout] 3 | use winapi::um::handleapi::{CloseHandle, INVALID_HANDLE_VALUE};
[INFO] [stdout]   |             ^^ could not find `um` in `winapi`
[INFO] [stdout] 
[INFO] [stdout] 
[INFO] [stdout] error[E0433]: failed to resolve: could not find `um` in `winapi`
[INFO] [stdout]  --> src/utils.rs:4:13
[INFO] [stdout]   |
[INFO] [stdout] 4 | use winapi::um::winnt::{HANDLE, WCHAR};
[INFO] [stdout]   |             ^^ could not find `um` in `winapi`
[INFO] [stdout] 
[INFO] [stdout] 
[INFO] [stdout] error[E0412]: cannot find type `HANDLE` in this scope
[INFO] [stdout]   --> src/snapshot.rs:10:21
[INFO] [stdout]    |
[INFO] [stdout] 10 | pub struct Snapshot(HANDLE);
[INFO] [stdout]    |                     ^^^^^^ not found in this scope
[INFO] [stdout] 
[INFO] [stdout] 
[INFO] [stdout] error[E0412]: cannot find type `HANDLE` in this scope
[INFO] [stdout]   --> src/snapshot.rs:25:29
[INFO] [stdout]    |
[INFO] [stdout] 25 |     pub fn handle(&self) -> HANDLE {
[INFO] [stdout]    |                             ^^^^^^ not found in this scope
[INFO] [stdout] 
[INFO] [stdout] 
[INFO] [stdout] error[E0412]: cannot find type `DWORD` in this scope
[INFO] [stdout]  --> src/module.rs:6:25
[INFO] [stdout]   |
[INFO] [stdout] 6 |     pub(crate) address: DWORD,
[INFO] [stdout]   |                         ^^^^^ not found in this scope
[INFO] [stdout] 
[INFO] [stdout] 
[INFO] [stdout] error[E0412]: cannot find type `DWORD` in this scope
[INFO] [stdout]  --> src/module.rs:8:21
[INFO] [stdout]   |
[INFO] [stdout] 8 |     pub(crate) len: DWORD,
[INFO] [stdout]   |                     ^^^^^ not found in this scope
[INFO] [stdout] 
[INFO] [stdout] 
[INFO] [stdout] error[E0412]: cannot find type `DWORD` in this scope
[INFO] [stdout]   --> src/module.rs:17:30
[INFO] [stdout]    |
[INFO] [stdout] 17 |     pub fn address(&self) -> DWORD {
[INFO] [stdout]    |                              ^^^^^ not found in this scope
[INFO] [stdout] 
[INFO] [stdout] 
[INFO] [stdout] error[E0412]: cannot find type `DWORD` in this scope
[INFO] [stdout]   --> src/module.rs:21:26
[INFO] [stdout]    |
[INFO] [stdout] 21 |     pub fn len(&self) -> DWORD {
[INFO] [stdout]    |                          ^^^^^ not found in this scope
[INFO] [stdout] 
[INFO] [stdout] 
[INFO] [stdout] error[E0412]: cannot find type `DWORD` in this scope
[INFO] [stdout]   --> src/process.rs:18:10
[INFO] [stdout]    |
[INFO] [stdout] 18 |     pid: DWORD,
[INFO] [stdout]    |          ^^^^^ not found in this scope
[INFO] [stdout] 
[INFO] [stdout] 
[INFO] [stdout] error[E0412]: cannot find type `HANDLE` in this scope
[INFO] [stdout]   --> src/process.rs:19:13
[INFO] [stdout]    |
[INFO] [stdout] 19 |     handle: HANDLE,
[INFO] [stdout]    |             ^^^^^^ not found in this scope
[INFO] [stdout] 
[INFO] [stdout] 
[INFO] [stdout] error[E0412]: cannot find type `DWORD` in this scope
[INFO] [stdout]   --> src/process.rs:98:53
[INFO] [stdout]    |
[INFO] [stdout] 98 |     pub fn write_mem<T>(&self, buffer: &T, address: DWORD) -> WinResult<()> {
[INFO] [stdout]    |                                                     ^^^^^ not found in this scope
[INFO] [stdout] 
[INFO] [stdout] 
[INFO] [stdout] error[E0412]: cannot find type `DWORD` in this scope
[INFO] [stdout]    --> src/process.rs:114:81
[INFO] [stdout]     |
[INFO] [stdout] 114 |     pub fn write_mem_relative<T>(&self, buffer: &T, module_name: &str, address: DWORD) -> WinResult<()> {
[INFO] [stdout]     |                                                                                 ^^^^^ not found in this scope
[INFO] [stdout] 
[INFO] [stdout] 
[INFO] [stdout] error[E0412]: cannot find type `DWORD` in this scope
[INFO] [stdout]    --> src/process.rs:124:40
[INFO] [stdout]     |
[INFO] [stdout] 124 |     pub fn read_mem<T>(&self, address: DWORD) -> WinResult<T> {
[INFO] [stdout]     |                                        ^^^^^ not found in this scope
[INFO] [stdout] 
[INFO] [stdout] 
[INFO] [stdout] error[E0412]: cannot find type `DWORD` in this scope
[INFO] [stdout]    --> src/process.rs:142:68
[INFO] [stdout]     |
[INFO] [stdout] 142 |     pub fn read_mem_relative<T>(&self, module_name: &str, address: DWORD) -> WinResult<T> {
[INFO] [stdout]     |                                                                    ^^^^^ not found in this scope
[INFO] [stdout] 
[INFO] [stdout] 
[INFO] [stdout] error[E0412]: cannot find type `DWORD` in this scope
[INFO] [stdout]    --> src/process.rs:156:26
[INFO] [stdout]     |
[INFO] [stdout] 156 |     pub fn pid(&self) -> DWORD {
[INFO] [stdout]     |                          ^^^^^ not found in this scope
[INFO] [stdout] 
[INFO] [stdout] 
[INFO] [stdout] error[E0412]: cannot find type `HANDLE` in this scope
[INFO] [stdout]    --> src/process.rs:161:29
[INFO] [stdout]     |
[INFO] [stdout] 161 |     pub fn handle(&self) -> HANDLE {
[INFO] [stdout]     |                             ^^^^^^ not found in this scope
[INFO] [stdout] 
[INFO] [stdout] 
[INFO] [stdout] error[E0412]: cannot find type `HANDLE` in this scope
[INFO] [stdout]   --> src/utils.rs:18:24
[INFO] [stdout]    |
[INFO] [stdout] 18 | pub fn close_h(handle: HANDLE) {
[INFO] [stdout]    |                        ^^^^^^ not found in this scope
[INFO] [stdout] 
[INFO] [stdout] 
[INFO] [stdout] error[E0412]: cannot find type `WCHAR` in this scope
[INFO] [stdout]   --> src/utils.rs:24:65
[INFO] [stdout]    |
[INFO] [stdout] 24 | pub fn remove_nil_bytes<const C_STR_SIZE: usize>(c_style_str: &[WCHAR; C_STR_SIZE]) -> Result<String, FromUtf16Error> {
[INFO] [stdout]    |                                                                 ^^^^^ not found in this scope
[INFO] [stdout] 
[INFO] [stdout] 
[INFO] [stdout] error[E0554]: `#![feature]` may not be used on the stable release channel
[INFO] [stdout]  --> src/lib.rs:1:1
[INFO] [stdout]   |
[INFO] [stdout] 1 | #![feature(min_const_generics)]
[INFO] [stdout]   | ^^^^^^^^^^^^^^^^^^^^^^^^^^^^^^^ help: remove the attribute
[INFO] [stdout]   |
[INFO] [stdout]   = help: the feature `min_const_generics` has been stable since 1.51.0 and no longer requires an attribute to enable
[INFO] [stdout] 
[INFO] [stdout] 
[INFO] [stdout] error: Compilation failed, aborting rustdoc
[INFO] [stdout] 
[INFO] [stdout] 
[INFO] [stdout] error: aborting due to 29 previous errors
[INFO] [stdout] 
[INFO] [stdout] 
[INFO] [stdout] Some errors have detailed explanations: E0412, E0433, E0554.
[INFO] [stdout] 
[INFO] [stdout] For more information about an error, try `rustc --explain E0412`.
[INFO] [stdout] 
[INFO] [stderr] error: could not document `win_mem`
[INFO] [stderr] 
[INFO] [stderr] Caused by:
[INFO] [stderr]   process didn't exit successfully: `rustdoc --crate-type lib --crate-name win_mem src/lib.rs -o /opt/rustwide/target/doc --error-format=json --json=diagnostic-rendered-ansi --document-private-items -L dependency=/opt/rustwide/target/debug/deps --extern winapi=/opt/rustwide/target/debug/deps/libwinapi-f86291e4da24a3f4.rmeta --cap-lints=warn --crate-version 0.2.2` (exit status: 1)
[INFO] running `Command { std: "docker" "inspect" "f5e549d0d9b813fe7314223e9af24ec2d983508ca8c2009e9114c036e0363373", kill_on_drop: false }`
[INFO] running `Command { std: "docker" "rm" "-f" "f5e549d0d9b813fe7314223e9af24ec2d983508ca8c2009e9114c036e0363373", kill_on_drop: false }`
[INFO] [stdout] f5e549d0d9b813fe7314223e9af24ec2d983508ca8c2009e9114c036e0363373
