[INFO] fetching crate win-opacity 1.0.0...
[INFO] documenting win-opacity-1.0.0 against beta-2021-08-01 for beta-1.55-rustdoc-1
[INFO] extracting crate win-opacity 1.0.0 into /workspace/builds/worker-1/source
[INFO] validating manifest of crates.io crate win-opacity 1.0.0 on toolchain beta-2021-08-01
[INFO] running `Command { std: "/workspace/cargo-home/bin/cargo" "+beta-2021-08-01" "metadata" "--manifest-path" "Cargo.toml" "--no-deps", kill_on_drop: false }`
[INFO] started tweaking crates.io crate win-opacity 1.0.0
[INFO] finished tweaking crates.io crate win-opacity 1.0.0
[INFO] tweaked toml for crates.io crate win-opacity 1.0.0 written to /workspace/builds/worker-1/source/Cargo.toml
[INFO] running `Command { std: "/workspace/cargo-home/bin/cargo" "+beta-2021-08-01" "generate-lockfile" "--manifest-path" "Cargo.toml" "-Zno-index-update", kill_on_drop: false }`
[INFO] running `Command { std: "/workspace/cargo-home/bin/cargo" "+beta-2021-08-01" "fetch" "--manifest-path" "Cargo.toml", kill_on_drop: false }`
[INFO] [stderr]     Blocking waiting for file lock on package cache
[INFO] running `Command { std: "docker" "create" "-v" "/var/lib/crater-agent-workspace/builds/worker-1/target:/opt/rustwide/target:rw,Z" "-v" "/var/lib/crater-agent-workspace/builds/worker-1/source:/opt/rustwide/workdir:ro,Z" "-v" "/var/lib/crater-agent-workspace/cargo-home:/opt/rustwide/cargo-home:ro,Z" "-v" "/var/lib/crater-agent-workspace/rustup-home:/opt/rustwide/rustup-home:ro,Z" "-e" "SOURCE_DIR=/opt/rustwide/workdir" "-e" "CARGO_TARGET_DIR=/opt/rustwide/target" "-e" "CARGO_HOME=/opt/rustwide/cargo-home" "-e" "RUSTUP_HOME=/opt/rustwide/rustup-home" "-w" "/opt/rustwide/workdir" "-m" "1610612736" "--user" "0:0" "--network" "none" "ghcr.io/rust-lang/crates-build-env/linux@sha256:34b6a614d2c27851fe6cbf88fbd1137609cefab8b10d0615aaeb6fd47975d74e" "/opt/rustwide/cargo-home/bin/cargo" "+beta-2021-08-01" "metadata" "--no-deps" "--format-version=1", kill_on_drop: false }`
[INFO] [stdout] 882e7e5fda196329254478f84a257738da26a24941acd5245765ce3729aced19
[INFO] running `Command { std: "docker" "start" "-a" "882e7e5fda196329254478f84a257738da26a24941acd5245765ce3729aced19", kill_on_drop: false }`
[INFO] running `Command { std: "docker" "inspect" "882e7e5fda196329254478f84a257738da26a24941acd5245765ce3729aced19", kill_on_drop: false }`
[INFO] running `Command { std: "docker" "rm" "-f" "882e7e5fda196329254478f84a257738da26a24941acd5245765ce3729aced19", kill_on_drop: false }`
[INFO] [stdout] 882e7e5fda196329254478f84a257738da26a24941acd5245765ce3729aced19
[INFO] running `Command { std: "docker" "create" "-v" "/var/lib/crater-agent-workspace/builds/worker-1/target:/opt/rustwide/target:rw,Z" "-v" "/var/lib/crater-agent-workspace/builds/worker-1/source:/opt/rustwide/workdir:ro,Z" "-v" "/var/lib/crater-agent-workspace/cargo-home:/opt/rustwide/cargo-home:ro,Z" "-v" "/var/lib/crater-agent-workspace/rustup-home:/opt/rustwide/rustup-home:ro,Z" "-e" "SOURCE_DIR=/opt/rustwide/workdir" "-e" "CARGO_TARGET_DIR=/opt/rustwide/target" "-e" "CARGO_INCREMENTAL=0" "-e" "RUST_BACKTRACE=full" "-e" "RUSTDOCFLAGS=--cap-lints=warn" "-e" "CARGO_HOME=/opt/rustwide/cargo-home" "-e" "RUSTUP_HOME=/opt/rustwide/rustup-home" "-w" "/opt/rustwide/workdir" "-m" "1610612736" "--user" "0:0" "--network" "none" "ghcr.io/rust-lang/crates-build-env/linux@sha256:34b6a614d2c27851fe6cbf88fbd1137609cefab8b10d0615aaeb6fd47975d74e" "/opt/rustwide/cargo-home/bin/cargo" "+beta-2021-08-01" "doc" "--frozen" "--no-deps" "--document-private-items" "--message-format=json", kill_on_drop: false }`
[INFO] [stdout] 0bc62e24941af8cd3950f04c315d839fceda4b6bd0397a20e7ceca8feb0fa33d
[INFO] running `Command { std: "docker" "start" "-a" "0bc62e24941af8cd3950f04c315d839fceda4b6bd0397a20e7ceca8feb0fa33d", kill_on_drop: false }`
[INFO] [stderr]     Blocking waiting for file lock on package cache
[INFO] [stderr]    Compiling winapi v0.3.9
[INFO] [stderr]     Checking termios v0.3.3
[INFO] [stderr]     Checking crossterm v0.2.2
[INFO] [stderr]  Documenting win-opacity v1.0.0 (/opt/rustwide/workdir)
[INFO] [stdout] error[E0433]: failed to resolve: maybe a missing crate `winapi`?
[INFO] [stdout]   --> src/lib.rs:12:5
[INFO] [stdout]    |
[INFO] [stdout] 12 | use winapi::shared::minwindef::{BOOL, DWORD, LPARAM, TRUE};
[INFO] [stdout]    |     ^^^^^^ maybe a missing crate `winapi`?
[INFO] [stdout] 
[INFO] [stdout] 
[INFO] [stdout] error[E0433]: failed to resolve: maybe a missing crate `winapi`?
[INFO] [stdout]   --> src/lib.rs:13:5
[INFO] [stdout]    |
[INFO] [stdout] 13 | use winapi::shared::windef::HWND as Handle;
[INFO] [stdout]    |     ^^^^^^ maybe a missing crate `winapi`?
[INFO] [stdout] 
[INFO] [stdout] 
[INFO] [stdout] error[E0433]: failed to resolve: maybe a missing crate `winapi`?
[INFO] [stdout]   --> src/lib.rs:14:5
[INFO] [stdout]    |
[INFO] [stdout] 14 | use winapi::um::winnt::{LONG, LPSTR};
[INFO] [stdout]    |     ^^^^^^ maybe a missing crate `winapi`?
[INFO] [stdout] 
[INFO] [stdout] 
[INFO] [stdout] error[E0433]: failed to resolve: maybe a missing crate `winapi`?
[INFO] [stdout]   --> src/lib.rs:15:5
[INFO] [stdout]    |
[INFO] [stdout] 15 | use winapi::um::winuser;
[INFO] [stdout]    |     ^^^^^^ maybe a missing crate `winapi`?
[INFO] [stdout] 
[INFO] [stdout] 
[INFO] [stdout] error[E0412]: cannot find type `Handle` in this scope
[INFO] [stdout]   --> src/lib.rs:17:50
[INFO] [stdout]    |
[INFO] [stdout] 17 | extern "system" fn enum_windows_callback(handle: Handle, lparam: LPARAM) -> BOOL {
[INFO] [stdout]    |                                                  ^^^^^^ not found in this scope
[INFO] [stdout] 
[INFO] [stdout] 
[INFO] [stdout] error[E0412]: cannot find type `LPARAM` in this scope
[INFO] [stdout]   --> src/lib.rs:17:66
[INFO] [stdout]    |
[INFO] [stdout] 17 | extern "system" fn enum_windows_callback(handle: Handle, lparam: LPARAM) -> BOOL {
[INFO] [stdout]    |                                                                  ^^^^^^ not found in this scope
[INFO] [stdout] 
[INFO] [stdout] 
[INFO] [stdout] error[E0412]: cannot find type `BOOL` in this scope
[INFO] [stdout]   --> src/lib.rs:17:77
[INFO] [stdout]    |
[INFO] [stdout] 17 | extern "system" fn enum_windows_callback(handle: Handle, lparam: LPARAM) -> BOOL {
[INFO] [stdout]    |                                                                             ^^^^ not found in this scope
[INFO] [stdout] 
[INFO] [stdout] 
[INFO] [stdout] error[E0412]: cannot find type `Handle` in this scope
[INFO] [stdout]   --> src/lib.rs:33:33
[INFO] [stdout]    |
[INFO] [stdout] 33 | pub fn get_all_windows() -> Vec<Handle> {
[INFO] [stdout]    |                       -         ^^^^^^ not found in this scope
[INFO] [stdout]    |                       |
[INFO] [stdout]    |                       help: you might be missing a type parameter: `<Handle>`
[INFO] [stdout] 
[INFO] [stdout] 
[INFO] [stdout] error[E0412]: cannot find type `Handle` in this scope
[INFO] [stdout]   --> src/lib.rs:52:34
[INFO] [stdout]    |
[INFO] [stdout] 52 | pub fn get_window_title(handle: &Handle) -> String {
[INFO] [stdout]    |                                  ^^^^^^ not found in this scope
[INFO] [stdout] 
[INFO] [stdout] 
[INFO] [stdout] error[E0412]: cannot find type `Handle` in this scope
[INFO] [stdout]   --> src/lib.rs:74:35
[INFO] [stdout]    |
[INFO] [stdout] 74 | pub fn is_window_visible(handle: &Handle) -> bool {
[INFO] [stdout]    |                                   ^^^^^^ not found in this scope
[INFO] [stdout] 
[INFO] [stdout] 
[INFO] [stdout] error[E0412]: cannot find type `Handle` in this scope
[INFO] [stdout]   --> src/lib.rs:90:37
[INFO] [stdout]    |
[INFO] [stdout] 90 | pub fn get_visible_windows() -> Vec<Handle> {
[INFO] [stdout]    |                           -         ^^^^^^ not found in this scope
[INFO] [stdout]    |                           |
[INFO] [stdout]    |                           help: you might be missing a type parameter: `<Handle>`
[INFO] [stdout] 
[INFO] [stdout] 
[INFO] [stdout] error[E0412]: cannot find type `Handle` in this scope
[INFO] [stdout]    --> src/lib.rs:105:28
[INFO] [stdout]     |
[INFO] [stdout] 105 | pub fn set_opacity(handle: Handle, opacity: u8) {
[INFO] [stdout]     |                            ^^^^^^ not found in this scope
[INFO] [stdout] 
[INFO] [stdout] 
[INFO] [stdout] error[E0412]: cannot find type `LONG` in this scope
[INFO] [stdout]    --> src/lib.rs:107:23
[INFO] [stdout]     |
[INFO] [stdout] 107 |     const WS_EX_LAYERED: LONG = 0x80000;
[INFO] [stdout]     |                          ^^^^ not found in this scope
[INFO] [stdout] 
[INFO] [stdout] 
[INFO] [stdout] error[E0412]: cannot find type `DWORD` in this scope
[INFO] [stdout]    --> src/lib.rs:108:19
[INFO] [stdout]     |
[INFO] [stdout] 108 |     const LWA_ALPHA: DWORD = 0x2;
[INFO] [stdout]     |                      ^^^^^ not found in this scope
[INFO] [stdout] 
[INFO] [stdout] 
[INFO] [stdout] error: Compilation failed, aborting rustdoc
[INFO] [stdout] 
[INFO] [stdout] 
[INFO] [stdout] error: aborting due to 15 previous errors
[INFO] [stdout] 
[INFO] [stdout] 
[INFO] [stdout] Some errors have detailed explanations: E0412, E0433.
[INFO] [stdout] 
[INFO] [stdout] For more information about an error, try `rustc --explain E0412`.
[INFO] [stdout] 
[INFO] [stderr] error: could not document `win-opacity`
[INFO] [stderr] 
[INFO] [stderr] Caused by:
[INFO] [stderr]   process didn't exit successfully: `rustdoc --crate-type lib --crate-name win_opacity src/lib.rs -o /opt/rustwide/target/doc --error-format=json --json=diagnostic-rendered-ansi --document-private-items -L dependency=/opt/rustwide/target/debug/deps --extern crossterm=/opt/rustwide/target/debug/deps/libcrossterm-e1213cc062c9fa36.rmeta --extern winapi=/opt/rustwide/target/debug/deps/libwinapi-f19c77f8fcdd1eb1.rmeta --cap-lints=warn --crate-version 1.0.0` (exit status: 1)
[INFO] running `Command { std: "docker" "inspect" "0bc62e24941af8cd3950f04c315d839fceda4b6bd0397a20e7ceca8feb0fa33d", kill_on_drop: false }`
[INFO] running `Command { std: "docker" "rm" "-f" "0bc62e24941af8cd3950f04c315d839fceda4b6bd0397a20e7ceca8feb0fa33d", kill_on_drop: false }`
[INFO] [stdout] 0bc62e24941af8cd3950f04c315d839fceda4b6bd0397a20e7ceca8feb0fa33d
