[INFO] fetching crate wcolor 0.1.3...
[INFO] documenting wcolor-0.1.3 against beta-2021-08-01 for beta-1.55-rustdoc-1
[INFO] extracting crate wcolor 0.1.3 into /workspace/builds/worker-2/source
[INFO] validating manifest of crates.io crate wcolor 0.1.3 on toolchain beta-2021-08-01
[INFO] running `Command { std: "/workspace/cargo-home/bin/cargo" "+beta-2021-08-01" "metadata" "--manifest-path" "Cargo.toml" "--no-deps", kill_on_drop: false }`
[INFO] started tweaking crates.io crate wcolor 0.1.3
[INFO] finished tweaking crates.io crate wcolor 0.1.3
[INFO] tweaked toml for crates.io crate wcolor 0.1.3 written to /workspace/builds/worker-2/source/Cargo.toml
[INFO] crate crates.io crate wcolor 0.1.3 already has a lockfile, it will not be regenerated
[INFO] running `Command { std: "/workspace/cargo-home/bin/cargo" "+beta-2021-08-01" "fetch" "--manifest-path" "Cargo.toml", kill_on_drop: false }`
[INFO] [stderr]     Blocking waiting for file lock on package cache
[INFO] running `Command { std: "docker" "create" "-v" "/var/lib/crater-agent-workspace/builds/worker-2/target:/opt/rustwide/target:rw,Z" "-v" "/var/lib/crater-agent-workspace/builds/worker-2/source:/opt/rustwide/workdir:ro,Z" "-v" "/var/lib/crater-agent-workspace/cargo-home:/opt/rustwide/cargo-home:ro,Z" "-v" "/var/lib/crater-agent-workspace/rustup-home:/opt/rustwide/rustup-home:ro,Z" "-e" "SOURCE_DIR=/opt/rustwide/workdir" "-e" "CARGO_TARGET_DIR=/opt/rustwide/target" "-e" "CARGO_HOME=/opt/rustwide/cargo-home" "-e" "RUSTUP_HOME=/opt/rustwide/rustup-home" "-w" "/opt/rustwide/workdir" "-m" "1610612736" "--user" "0:0" "--network" "none" "ghcr.io/rust-lang/crates-build-env/linux@sha256:34b6a614d2c27851fe6cbf88fbd1137609cefab8b10d0615aaeb6fd47975d74e" "/opt/rustwide/cargo-home/bin/cargo" "+beta-2021-08-01" "metadata" "--no-deps" "--format-version=1", kill_on_drop: false }`
[INFO] [stdout] 2be026dabe7f78b50939f47831275061623e64225ef682b21bb20b2f1852dc07
[INFO] running `Command { std: "docker" "start" "-a" "2be026dabe7f78b50939f47831275061623e64225ef682b21bb20b2f1852dc07", kill_on_drop: false }`
[INFO] running `Command { std: "docker" "inspect" "2be026dabe7f78b50939f47831275061623e64225ef682b21bb20b2f1852dc07", kill_on_drop: false }`
[INFO] running `Command { std: "docker" "rm" "-f" "2be026dabe7f78b50939f47831275061623e64225ef682b21bb20b2f1852dc07", kill_on_drop: false }`
[INFO] [stdout] 2be026dabe7f78b50939f47831275061623e64225ef682b21bb20b2f1852dc07
[INFO] running `Command { std: "docker" "create" "-v" "/var/lib/crater-agent-workspace/builds/worker-2/target:/opt/rustwide/target:rw,Z" "-v" "/var/lib/crater-agent-workspace/builds/worker-2/source:/opt/rustwide/workdir:ro,Z" "-v" "/var/lib/crater-agent-workspace/cargo-home:/opt/rustwide/cargo-home:ro,Z" "-v" "/var/lib/crater-agent-workspace/rustup-home:/opt/rustwide/rustup-home:ro,Z" "-e" "SOURCE_DIR=/opt/rustwide/workdir" "-e" "CARGO_TARGET_DIR=/opt/rustwide/target" "-e" "CARGO_INCREMENTAL=0" "-e" "RUST_BACKTRACE=full" "-e" "RUSTDOCFLAGS=--cap-lints=warn" "-e" "CARGO_HOME=/opt/rustwide/cargo-home" "-e" "RUSTUP_HOME=/opt/rustwide/rustup-home" "-w" "/opt/rustwide/workdir" "-m" "1610612736" "--user" "0:0" "--network" "none" "ghcr.io/rust-lang/crates-build-env/linux@sha256:34b6a614d2c27851fe6cbf88fbd1137609cefab8b10d0615aaeb6fd47975d74e" "/opt/rustwide/cargo-home/bin/cargo" "+beta-2021-08-01" "doc" "--frozen" "--no-deps" "--document-private-items" "--message-format=json", kill_on_drop: false }`
[INFO] [stdout] 85dfb9fe5247b21c3be28d872850ea38886b0fbe4711c0d4f0deab0a8ccd4b3f
[INFO] running `Command { std: "docker" "start" "-a" "85dfb9fe5247b21c3be28d872850ea38886b0fbe4711c0d4f0deab0a8ccd4b3f", kill_on_drop: false }`
[INFO] [stderr]    Compiling syn v1.0.54
[INFO] [stderr]    Compiling libc v0.2.81
[INFO] [stderr]    Compiling winapi v0.3.9
[INFO] [stderr]    Compiling heck v0.3.1
[INFO] [stderr]     Checking wio v0.2.2
[INFO] [stderr]     Checking atty v0.2.14
[INFO] [stderr]     Checking clap v2.33.3
[INFO] [stderr]    Compiling proc-macro-error v1.0.4
[INFO] [stderr]    Compiling structopt-derive v0.4.14
[INFO] [stderr]     Checking structopt v0.3.21
[INFO] [stderr]  Documenting wcolor v0.1.3 (/opt/rustwide/workdir)
[INFO] [stdout] error[E0433]: failed to resolve: could not find `um` in `winapi`
[INFO] [stdout]  --> src/win.rs:6:13
[INFO] [stdout]   |
[INFO] [stdout] 6 | use winapi::um::wingdi::GetPixel;
[INFO] [stdout]   |             ^^ could not find `um` in `winapi`
[INFO] [stdout] 
[INFO] [stdout] 
[INFO] [stdout] error[E0433]: failed to resolve: could not find `um` in `winapi`
[INFO] [stdout]  --> src/win.rs:7:13
[INFO] [stdout]   |
[INFO] [stdout] 7 | use winapi::um::winnt::HRESULT;
[INFO] [stdout]   |             ^^ could not find `um` in `winapi`
[INFO] [stdout] 
[INFO] [stdout] 
[INFO] [stdout] error[E0433]: failed to resolve: could not find `um` in `winapi`
[INFO] [stdout]  --> src/win.rs:8:13
[INFO] [stdout]   |
[INFO] [stdout] 8 | use winapi::um::winuser::*;
[INFO] [stdout]   |             ^^ could not find `um` in `winapi`
[INFO] [stdout] 
[INFO] [stdout] 
[INFO] [stdout] error[E0433]: failed to resolve: could not find `shared` in `winapi`
[INFO] [stdout]   --> src/win.rs:10:13
[INFO] [stdout]    |
[INFO] [stdout] 10 | use winapi::shared::minwindef::{LPARAM, LRESULT, WPARAM};
[INFO] [stdout]    |             ^^^^^^ could not find `shared` in `winapi`
[INFO] [stdout] 
[INFO] [stdout] 
[INFO] [stdout] error[E0433]: failed to resolve: could not find `shared` in `winapi`
[INFO] [stdout]   --> src/win.rs:11:13
[INFO] [stdout]    |
[INFO] [stdout] 11 | use winapi::shared::windef::{HDC, COLORREF};
[INFO] [stdout]    |             ^^^^^^ could not find `shared` in `winapi`
[INFO] [stdout] 
[INFO] [stdout] 
[INFO] [stdout] error[E0433]: failed to resolve: could not find `shared` in `winapi`
[INFO] [stdout]   --> src/win.rs:12:13
[INFO] [stdout]    |
[INFO] [stdout] 12 | use winapi::shared::winerror::S_OK;
[INFO] [stdout]    |             ^^^^^^ could not find `shared` in `winapi`
[INFO] [stdout] 
[INFO] [stdout] 
[INFO] [stdout] error[E0433]: failed to resolve: could not find `shared` in `winapi`
[INFO] [stdout]  --> src/color.rs:3:13
[INFO] [stdout]   |
[INFO] [stdout] 3 | use winapi::shared::d3d9types::D3DCOLORVALUE;
[INFO] [stdout]   |             ^^^^^^ could not find `shared` in `winapi`
[INFO] [stdout] 
[INFO] [stdout] 
[INFO] [stdout] error[E0432]: unresolved import `wio::wide`
[INFO] [stdout]   --> src/win.rs:14:10
[INFO] [stdout]    |
[INFO] [stdout] 14 | use wio::wide::ToWide;
[INFO] [stdout]    |          ^^^^ could not find `wide` in `wio`
[INFO] [stdout] 
[INFO] [stdout] 
[INFO] [stdout] error[E0432]: unresolved import `wio::com`
[INFO] [stdout]  --> src/preview.rs:8:10
[INFO] [stdout]   |
[INFO] [stdout] 8 | use wio::com::ComPtr;
[INFO] [stdout]   |          ^^^ could not find `com` in `wio`
[INFO] [stdout] 
[INFO] [stdout] 
[INFO] [stdout] error[E0432]: unresolved import `wio::wide`
[INFO] [stdout]  --> src/preview.rs:9:10
[INFO] [stdout]   |
[INFO] [stdout] 9 | use wio::wide::ToWide;
[INFO] [stdout]   |          ^^^^ could not find `wide` in `wio`
[INFO] [stdout] 
[INFO] [stdout] 
[INFO] [stdout] error[E0433]: failed to resolve: could not find `um` in `winapi`
[INFO] [stdout]   --> src/preview.rs:12:13
[INFO] [stdout]    |
[INFO] [stdout] 12 | use winapi::um::dcommon::{D2D1_PIXEL_FORMAT, D2D1_ALPHA_MODE_PREMULTIPLIED};
[INFO] [stdout]    |             ^^ could not find `um` in `winapi`
[INFO] [stdout] 
[INFO] [stdout] 
[INFO] [stdout] error[E0433]: failed to resolve: could not find `um` in `winapi`
[INFO] [stdout]   --> src/preview.rs:13:13
[INFO] [stdout]    |
[INFO] [stdout] 13 | use winapi::um::dcomp::{DCompositionCreateDevice, IDCompositionDevice, IDCompositionTarget, IDCompositionVisual};
[INFO] [stdout]    |             ^^ could not find `um` in `winapi`
[INFO] [stdout] 
[INFO] [stdout] 
[INFO] [stdout] error[E0433]: failed to resolve: could not find `um` in `winapi`
[INFO] [stdout]   --> src/preview.rs:14:13
[INFO] [stdout]    |
[INFO] [stdout] 14 | use winapi::um::d3dcommon::D3D_DRIVER_TYPE_HARDWARE;
[INFO] [stdout]    |             ^^ could not find `um` in `winapi`
[INFO] [stdout] 
[INFO] [stdout] 
[INFO] [stdout] error[E0433]: failed to resolve: could not find `um` in `winapi`
[INFO] [stdout]   --> src/preview.rs:15:13
[INFO] [stdout]    |
[INFO] [stdout] 15 | use winapi::um::libloaderapi::GetModuleHandleW;
[INFO] [stdout]    |             ^^ could not find `um` in `winapi`
[INFO] [stdout] 
[INFO] [stdout] 
[INFO] [stdout] error[E0433]: failed to resolve: could not find `um` in `winapi`
[INFO] [stdout]   --> src/preview.rs:16:13
[INFO] [stdout]    |
[INFO] [stdout] 16 | use winapi::um::winuser::*;
[INFO] [stdout]    |             ^^ could not find `um` in `winapi`
[INFO] [stdout] 
[INFO] [stdout] 
[INFO] [stdout] error[E0433]: failed to resolve: could not find `um` in `winapi`
[INFO] [stdout]   --> src/preview.rs:17:13
[INFO] [stdout]    |
[INFO] [stdout] 17 | use winapi::um::d2d1::*;
[INFO] [stdout]    |             ^^ could not find `um` in `winapi`
[INFO] [stdout] 
[INFO] [stdout] 
[INFO] [stdout] error[E0433]: failed to resolve: could not find `um` in `winapi`
[INFO] [stdout]   --> src/preview.rs:18:13
[INFO] [stdout]    |
[INFO] [stdout] 18 | use winapi::um::d2d1_1::{ID2D1Bitmap1, D2D1_BITMAP_PROPERTIES1, D2D1_DEVICE_CONTEXT_OPTIONS_NONE, D2D1_BITMAP_OPTIONS_TARGET, D2D1_BITMAP...
[INFO] [stdout]    |             ^^ could not find `um` in `winapi`
[INFO] [stdout] 
[INFO] [stdout] 
[INFO] [stdout] error[E0433]: failed to resolve: could not find `um` in `winapi`
[INFO] [stdout]   --> src/preview.rs:19:13
[INFO] [stdout]    |
[INFO] [stdout] 19 | use winapi::um::d2d1_2::{ID2D1Device1, ID2D1Factory2, ID2D1DeviceContext1, ID2D1GeometryRealization};
[INFO] [stdout]    |             ^^ could not find `um` in `winapi`
[INFO] [stdout] 
[INFO] [stdout] 
[INFO] [stdout] error[E0433]: failed to resolve: could not find `um` in `winapi`
[INFO] [stdout]   --> src/preview.rs:20:13
[INFO] [stdout]    |
[INFO] [stdout] 20 | use winapi::um::d3d11::{D3D11CreateDevice, ID3D11Device, D3D11_CREATE_DEVICE_BGRA_SUPPORT, D3D11_SDK_VERSION};
[INFO] [stdout]    |             ^^ could not find `um` in `winapi`
[INFO] [stdout] 
[INFO] [stdout] 
[INFO] [stdout] error[E0433]: failed to resolve: could not find `shared` in `winapi`
[INFO] [stdout]   --> src/preview.rs:22:13
[INFO] [stdout]    |
[INFO] [stdout] 22 | use winapi::shared::winerror::HRESULT;
[INFO] [stdout]    |             ^^^^^^ could not find `shared` in `winapi`
[INFO] [stdout] 
[INFO] [stdout] 
[INFO] [stdout] error[E0433]: failed to resolve: could not find `shared` in `winapi`
[INFO] [stdout]   --> src/preview.rs:23:13
[INFO] [stdout]    |
[INFO] [stdout] 23 | use winapi::shared::windef::{HWND, RECT, POINT};
[INFO] [stdout]    |             ^^^^^^ could not find `shared` in `winapi`
[INFO] [stdout] 
[INFO] [stdout] 
[INFO] [stdout] error[E0433]: failed to resolve: could not find `shared` in `winapi`
[INFO] [stdout]   --> src/preview.rs:24:13
[INFO] [stdout]    |
[INFO] [stdout] 24 | use winapi::shared::minwindef::LRESULT;
[INFO] [stdout]    |             ^^^^^^ could not find `shared` in `winapi`
[INFO] [stdout] 
[INFO] [stdout] 
[INFO] [stdout] error[E0433]: failed to resolve: could not find `shared` in `winapi`
[INFO] [stdout]   --> src/preview.rs:25:13
[INFO] [stdout]    |
[INFO] [stdout] 25 | use winapi::shared::dxgi::*;
[INFO] [stdout]    |             ^^^^^^ could not find `shared` in `winapi`
[INFO] [stdout] 
[INFO] [stdout] 
[INFO] [stdout] error[E0433]: failed to resolve: could not find `shared` in `winapi`
[INFO] [stdout]   --> src/preview.rs:26:13
[INFO] [stdout]    |
[INFO] [stdout] 26 | use winapi::shared::dxgi1_2::*;
[INFO] [stdout]    |             ^^^^^^ could not find `shared` in `winapi`
[INFO] [stdout] 
[INFO] [stdout] 
[INFO] [stdout] error[E0433]: failed to resolve: could not find `shared` in `winapi`
[INFO] [stdout]   --> src/preview.rs:27:13
[INFO] [stdout]    |
[INFO] [stdout] 27 | use winapi::shared::dxgi1_3::{CreateDXGIFactory2, DXGI_CREATE_FACTORY_DEBUG};
[INFO] [stdout]    |             ^^^^^^ could not find `shared` in `winapi`
[INFO] [stdout] 
[INFO] [stdout] 
[INFO] [stdout] error[E0433]: failed to resolve: could not find `shared` in `winapi`
[INFO] [stdout]   --> src/preview.rs:28:13
[INFO] [stdout]    |
[INFO] [stdout] 28 | use winapi::shared::dxgiformat::DXGI_FORMAT_B8G8R8A8_UNORM;
[INFO] [stdout]    |             ^^^^^^ could not find `shared` in `winapi`
[INFO] [stdout] 
[INFO] [stdout] 
[INFO] [stdout] error[E0433]: failed to resolve: could not find `shared` in `winapi`
[INFO] [stdout]   --> src/preview.rs:29:13
[INFO] [stdout]    |
[INFO] [stdout] 29 | use winapi::shared::d3d9types::D3DCOLORVALUE;
[INFO] [stdout]    |             ^^^^^^ could not find `shared` in `winapi`
[INFO] [stdout] 
[INFO] [stdout] 
[INFO] [stdout] error[E0433]: failed to resolve: could not find `shared` in `winapi`
[INFO] [stdout]   --> src/preview.rs:30:13
[INFO] [stdout]    |
[INFO] [stdout] 30 | use winapi::shared::dxgitype::{DXGI_SAMPLE_DESC, DXGI_USAGE_RENDER_TARGET_OUTPUT};
[INFO] [stdout]    |             ^^^^^^ could not find `shared` in `winapi`
[INFO] [stdout] 
[INFO] [stdout] 
[INFO] [stdout] error[E0433]: failed to resolve: could not find `shared` in `winapi`
[INFO] [stdout]   --> src/main.rs:13:13
[INFO] [stdout]    |
[INFO] [stdout] 13 | use winapi::shared::windef::POINT;
[INFO] [stdout]    |             ^^^^^^ could not find `shared` in `winapi`
[INFO] [stdout] 
[INFO] [stdout] 
[INFO] [stdout] error[E0433]: failed to resolve: could not find `um` in `winapi`
[INFO] [stdout]   --> src/main.rs:14:13
[INFO] [stdout]    |
[INFO] [stdout] 14 | use winapi::um::winuser::*;
[INFO] [stdout]    |             ^^ could not find `um` in `winapi`
[INFO] [stdout] 
[INFO] [stdout] 
[INFO] [stdout] error[E0433]: failed to resolve: could not find `um` in `winapi`
[INFO] [stdout]   --> src/main.rs:15:13
[INFO] [stdout]    |
[INFO] [stdout] 15 | use winapi::um::processthreadsapi::GetCurrentThreadId;
[INFO] [stdout]    |             ^^ could not find `um` in `winapi`
[INFO] [stdout] 
[INFO] [stdout] 
[INFO] [stdout] error[E0432]: unresolved import `winapi::Interface`
[INFO] [stdout]   --> src/preview.rs:10:5
[INFO] [stdout]    |
[INFO] [stdout] 10 | use winapi::Interface;
[INFO] [stdout]    |     ^^^^^^^^^^^^^^^^^ no `Interface` in the root
[INFO] [stdout] 
[INFO] [stdout] 
[INFO] [stdout] error[E0412]: cannot find type `HRESULT` in this scope
[INFO] [stdout]   --> src/win.rs:18:17
[INFO] [stdout]    |
[INFO] [stdout] 18 | pub fn hr(code: HRESULT) -> Result<(), HRESULT> {
[INFO] [stdout]    |                 ^^^^^^^ not found in this scope
[INFO] [stdout] 
[INFO] [stdout] 
[INFO] [stdout] error[E0412]: cannot find type `HRESULT` in this scope
[INFO] [stdout]   --> src/win.rs:18:40
[INFO] [stdout]    |
[INFO] [stdout] 18 | pub fn hr(code: HRESULT) -> Result<(), HRESULT> {
[INFO] [stdout]    |          -                             ^^^^^^^ not found in this scope
[INFO] [stdout]    |          |
[INFO] [stdout]    |          help: you might be missing a type parameter: `<HRESULT>`
[INFO] [stdout] 
[INFO] [stdout] 
[INFO] [stdout] error[E0412]: cannot find type `WPARAM` in this scope
[INFO] [stdout]   --> src/win.rs:32:66
[INFO] [stdout]    |
[INFO] [stdout] 32 | pub unsafe extern "system" fn low_mouse_proc(code: i32, w_param: WPARAM, l_param: LPARAM) -> LRESULT {
[INFO] [stdout]    |                                                                  ^^^^^^ not found in this scope
[INFO] [stdout] 
[INFO] [stdout] 
[INFO] [stdout] error[E0412]: cannot find type `LPARAM` in this scope
[INFO] [stdout]   --> src/win.rs:32:83
[INFO] [stdout]    |
[INFO] [stdout] 32 | pub unsafe extern "system" fn low_mouse_proc(code: i32, w_param: WPARAM, l_param: LPARAM) -> LRESULT {
[INFO] [stdout]    |                                                                                   ^^^^^^ not found in this scope
[INFO] [stdout] 
[INFO] [stdout] 
[INFO] [stdout] error[E0412]: cannot find type `LRESULT` in this scope
[INFO] [stdout]   --> src/win.rs:32:94
[INFO] [stdout]    |
[INFO] [stdout] 32 | pub unsafe extern "system" fn low_mouse_proc(code: i32, w_param: WPARAM, l_param: LPARAM) -> LRESULT {
[INFO] [stdout]    |                                                                                              ^^^^^^^ not found in this scope
[INFO] [stdout] 
[INFO] [stdout] 
[INFO] [stdout] error[E0412]: cannot find type `HDC` in this scope
[INFO] [stdout]   --> src/win.rs:48:22
[INFO] [stdout]    |
[INFO] [stdout] 48 | pub fn color_at(hdc: HDC, x: i32, y: i32) -> Color {
[INFO] [stdout]    |                      ^^^ not found in this scope
[INFO] [stdout] 
[INFO] [stdout] 
[INFO] [stdout] error[E0412]: cannot find type `D3DCOLORVALUE` in this scope
[INFO] [stdout]   --> src/color.rs:48:22
[INFO] [stdout]    |
[INFO] [stdout] 48 | impl From<Color> for D3DCOLORVALUE {
[INFO] [stdout]    |                      ^^^^^^^^^^^^^ not found in this scope
[INFO] [stdout] 
[INFO] [stdout] 
[INFO] [stdout] error[E0412]: cannot find type `D3DCOLORVALUE` in this scope
[INFO] [stdout]   --> src/color.rs:59:11
[INFO] [stdout]    |
[INFO] [stdout] 59 | impl From<D3DCOLORVALUE> for Color {
[INFO] [stdout]    |     -     ^^^^^^^^^^^^^ not found in this scope
[INFO] [stdout]    |     |
[INFO] [stdout]    |     help: you might be missing a type parameter: `<D3DCOLORVALUE>`
[INFO] [stdout] 
[INFO] [stdout] 
[INFO] [stdout] error[E0412]: cannot find type `D3DCOLORVALUE` in this scope
[INFO] [stdout]   --> src/color.rs:60:20
[INFO] [stdout]    |
[INFO] [stdout] 60 |     fn from(color: D3DCOLORVALUE) -> Self {
[INFO] [stdout]    |                    ^^^^^^^^^^^^^ not found in this scope
[INFO] [stdout] 
[INFO] [stdout] 
[INFO] [stdout] error[E0412]: cannot find type `HWND` in this scope
[INFO] [stdout]   --> src/preview.rs:33:18
[INFO] [stdout]    |
[INFO] [stdout] 33 |     pub hwnd:    HWND,
[INFO] [stdout]    |                  ^^^^ not found in this scope
[INFO] [stdout] 
[INFO] [stdout] 
[INFO] [stdout] error[E0412]: cannot find type `ID2D1DeviceContext1` in this scope
[INFO] [stdout]   --> src/preview.rs:34:25
[INFO] [stdout]    |
[INFO] [stdout] 32 | pub struct Preview {
[INFO] [stdout]    |                   - help: you might be missing a type parameter: `<ID2D1DeviceContext1>`
[INFO] [stdout] 33 |     pub hwnd:    HWND,
[INFO] [stdout] 34 |     context:     ComPtr<ID2D1DeviceContext1>,
[INFO] [stdout]    |                         ^^^^^^^^^^^^^^^^^^^ not found in this scope
[INFO] [stdout] 
[INFO] [stdout] 
[INFO] [stdout] error[E0412]: cannot find type `IDXGISwapChain1` in this scope
[INFO] [stdout]   --> src/preview.rs:35:25
[INFO] [stdout]    |
[INFO] [stdout] 32 | pub struct Preview {
[INFO] [stdout]    |                   - help: you might be missing a type parameter: `<IDXGISwapChain1>`
[INFO] [stdout] ...
[INFO] [stdout] 35 |     swap_chain:  ComPtr<IDXGISwapChain1>,
[INFO] [stdout]    |                         ^^^^^^^^^^^^^^^ not found in this scope
[INFO] [stdout] 
[INFO] [stdout] 
[INFO] [stdout] error[E0412]: cannot find type `IDCompositionTarget` in this scope
[INFO] [stdout]   --> src/preview.rs:36:25
[INFO] [stdout]    |
[INFO] [stdout] 32 | pub struct Preview {
[INFO] [stdout]    |                   - help: you might be missing a type parameter: `<IDCompositionTarget>`
[INFO] [stdout] ...
[INFO] [stdout] 36 |     _target:     ComPtr<IDCompositionTarget>,
[INFO] [stdout]    |                         ^^^^^^^^^^^^^^^^^^^ not found in this scope
[INFO] [stdout] 
[INFO] [stdout] 
[INFO] [stdout] error[E0412]: cannot find type `ID2D1SolidColorBrush` in this scope
[INFO] [stdout]   --> src/preview.rs:37:25
[INFO] [stdout]    |
[INFO] [stdout] 32 | pub struct Preview {
[INFO] [stdout]    |                   - help: you might be missing a type parameter: `<ID2D1SolidColorBrush>`
[INFO] [stdout] ...
[INFO] [stdout] 37 |     brush:       ComPtr<ID2D1SolidColorBrush>,
[INFO] [stdout]    |                         ^^^^^^^^^^^^^^^^^^^^ not found in this scope
[INFO] [stdout] 
[INFO] [stdout] 
[INFO] [stdout] error[E0412]: cannot find type `ID2D1GeometryRealization` in this scope
[INFO] [stdout]   --> src/preview.rs:38:25
[INFO] [stdout]    |
[INFO] [stdout] 32 | pub struct Preview {
[INFO] [stdout]    |                   - help: you might be missing a type parameter: `<ID2D1GeometryRealization>`
[INFO] [stdout] ...
[INFO] [stdout] 38 |     ellipse:     ComPtr<ID2D1GeometryRealization>,
[INFO] [stdout]    |                         ^^^^^^^^^^^^^^^^^^^^^^^^ not found in this scope
[INFO] [stdout] 
[INFO] [stdout] 
[INFO] [stdout] error[E0412]: cannot find type `ID2D1GeometryRealization` in this scope
[INFO] [stdout]   --> src/preview.rs:39:25
[INFO] [stdout]    |
[INFO] [stdout] 32 | pub struct Preview {
[INFO] [stdout]    |                   - help: you might be missing a type parameter: `<ID2D1GeometryRealization>`
[INFO] [stdout] ...
[INFO] [stdout] 39 |     stroke:      ComPtr<ID2D1GeometryRealization>,
[INFO] [stdout]    |                         ^^^^^^^^^^^^^^^^^^^^^^^^ not found in this scope
[INFO] [stdout] 
[INFO] [stdout] 
[INFO] [stdout] error[E0412]: cannot find type `HRESULT` in this scope
[INFO] [stdout]   --> src/preview.rs:58:31
[INFO] [stdout]    |
[INFO] [stdout] 58 |     pub fn draw(&mut self) -> HRESULT {
[INFO] [stdout]    |                               ^^^^^^^ not found in this scope
[INFO] [stdout] 
[INFO] [stdout] 
[INFO] [stdout] error[E0412]: cannot find type `HWND` in this scope
[INFO] [stdout]   --> src/preview.rs:84:45
[INFO] [stdout]    |
[INFO] [stdout] 84 | unsafe extern "system" fn window_proc(hwnd: HWND, msg: u32, wparam: usize, lparam: isize) -> LRESULT {
[INFO] [stdout]    |                                             ^^^^ not found in this scope
[INFO] [stdout] 
[INFO] [stdout] 
[INFO] [stdout] error[E0412]: cannot find type `LRESULT` in this scope
[INFO] [stdout]   --> src/preview.rs:84:94
[INFO] [stdout]    |
[INFO] [stdout] 84 | unsafe extern "system" fn window_proc(hwnd: HWND, msg: u32, wparam: usize, lparam: isize) -> LRESULT {
[INFO] [stdout]    |                                                                                              ^^^^^^^ not found in this scope
[INFO] [stdout] 
[INFO] [stdout] 
[INFO] [stdout] error[E0412]: cannot find type `IDXGIDevice` in this scope
[INFO] [stdout]    --> src/preview.rs:185:42
[INFO] [stdout]     |
[INFO] [stdout] 185 | fn create_dxgi_device() -> Result<ComPtr<IDXGIDevice>, HRESULT> {
[INFO] [stdout]     |                      -                   ^^^^^^^^^^^ not found in this scope
[INFO] [stdout]     |                      |
[INFO] [stdout]     |                      help: you might be missing a type parameter: `<IDXGIDevice>`
[INFO] [stdout] 
[INFO] [stdout] 
[INFO] [stdout] error[E0412]: cannot find type `HRESULT` in this scope
[INFO] [stdout]    --> src/preview.rs:185:56
[INFO] [stdout]     |
[INFO] [stdout] 185 | fn create_dxgi_device() -> Result<ComPtr<IDXGIDevice>, HRESULT> {
[INFO] [stdout]     |                      -                                 ^^^^^^^ not found in this scope
[INFO] [stdout]     |                      |
[INFO] [stdout]     |                      help: you might be missing a type parameter: `<HRESULT>`
[INFO] [stdout] 
[INFO] [stdout] 
[INFO] [stdout] error[E0412]: cannot find type `ID2D1Factory2` in this scope
[INFO] [stdout]    --> src/preview.rs:197:38
[INFO] [stdout]     |
[INFO] [stdout] 197 | fn create_factory() -> Result<ComPtr<ID2D1Factory2>, HRESULT> {
[INFO] [stdout]     |                  -                   ^^^^^^^^^^^^^ not found in this scope
[INFO] [stdout]     |                  |
[INFO] [stdout]     |                  help: you might be missing a type parameter: `<ID2D1Factory2>`
[INFO] [stdout] 
[INFO] [stdout] 
[INFO] [stdout] error[E0412]: cannot find type `HRESULT` in this scope
[INFO] [stdout]    --> src/preview.rs:197:54
[INFO] [stdout]     |
[INFO] [stdout] 197 | fn create_factory() -> Result<ComPtr<ID2D1Factory2>, HRESULT> {
[INFO] [stdout]     |                  -                                   ^^^^^^^ not found in this scope
[INFO] [stdout]     |                  |
[INFO] [stdout]     |                  help: you might be missing a type parameter: `<HRESULT>`
[INFO] [stdout] 
[INFO] [stdout] 
[INFO] [stdout] error[E0412]: cannot find type `IDXGIDevice` in this scope
[INFO] [stdout]    --> src/preview.rs:211:47
[INFO] [stdout]     |
[INFO] [stdout] 211 | fn create_device_context(dxgi_device: &ComPtr<IDXGIDevice>, factory: &ComPtr<ID2D1Factory2>) -> Result<ComPtr<ID2D1DeviceContext1>, HRESU...
[INFO] [stdout]     |                         -                     ^^^^^^^^^^^ not found in this scope
[INFO] [stdout]     |                         |
[INFO] [stdout]     |                         help: you might be missing a type parameter: `<IDXGIDevice>`
[INFO] [stdout] 
[INFO] [stdout] 
[INFO] [stdout] error[E0412]: cannot find type `ID2D1Factory2` in this scope
[INFO] [stdout]    --> src/preview.rs:211:78
[INFO] [stdout]     |
[INFO] [stdout] 211 | fn create_device_context(dxgi_device: &ComPtr<IDXGIDevice>, factory: &ComPtr<ID2D1Factory2>) -> Result<ComPtr<ID2D1DeviceContext1>, HRESU...
[INFO] [stdout]     |                         -                                                    ^^^^^^^^^^^^^ not found in this scope
[INFO] [stdout]     |                         |
[INFO] [stdout]     |                         help: you might be missing a type parameter: `<ID2D1Factory2>`
[INFO] [stdout] 
[INFO] [stdout] 
[INFO] [stdout] error[E0412]: cannot find type `ID2D1DeviceContext1` in this scope
[INFO] [stdout]    --> src/preview.rs:211:111
[INFO] [stdout]     |
[INFO] [stdout] 211 | ...ice_context(dxgi_device: &ComPtr<IDXGIDevice>, factory: &ComPtr<ID2D1Factory2>) -> Result<ComPtr<ID2D1DeviceContext1>, HRESULT> {
[INFO] [stdout]     |               - help: you might be missing a type parameter: `<ID2D1DeviceContext1>`                ^^^^^^^^^^^^^^^^^^^ not found in this scope
[INFO] [stdout] 
[INFO] [stdout] 
[INFO] [stdout] error[E0412]: cannot find type `HRESULT` in this scope
[INFO] [stdout]    --> src/preview.rs:211:133
[INFO] [stdout]     |
[INFO] [stdout] 211 | ...context(dxgi_device: &ComPtr<IDXGIDevice>, factory: &ComPtr<ID2D1Factory2>) -> Result<ComPtr<ID2D1DeviceContext1>, HRESULT> {
[INFO] [stdout]     |           - help: you might be missing a type parameter: `<HRESULT>`                                                  ^^^^^^^ not found in this scope
[INFO] [stdout] 
[INFO] [stdout] 
[INFO] [stdout] error[E0412]: cannot find type `HWND` in this scope
[INFO] [stdout]    --> src/preview.rs:223:28
[INFO] [stdout]     |
[INFO] [stdout] 223 | fn create_swap_chain(hwnd: HWND, device: &ComPtr<IDXGIDevice>) -> Result<ComPtr<IDXGISwapChain1>, HRESULT> {
[INFO] [stdout]     |                            ^^^^ not found in this scope
[INFO] [stdout] 
[INFO] [stdout] 
[INFO] [stdout] error[E0412]: cannot find type `IDXGIDevice` in this scope
[INFO] [stdout]    --> src/preview.rs:223:50
[INFO] [stdout]     |
[INFO] [stdout] 223 | fn create_swap_chain(hwnd: HWND, device: &ComPtr<IDXGIDevice>) -> Result<ComPtr<IDXGISwapChain1>, HRESULT> {
[INFO] [stdout]     |                     -                            ^^^^^^^^^^^ not found in this scope
[INFO] [stdout]     |                     |
[INFO] [stdout]     |                     help: you might be missing a type parameter: `<IDXGIDevice>`
[INFO] [stdout] 
[INFO] [stdout] 
[INFO] [stdout] error[E0412]: cannot find type `IDXGISwapChain1` in this scope
[INFO] [stdout]    --> src/preview.rs:223:81
[INFO] [stdout]     |
[INFO] [stdout] 223 | fn create_swap_chain(hwnd: HWND, device: &ComPtr<IDXGIDevice>) -> Result<ComPtr<IDXGISwapChain1>, HRESULT> {
[INFO] [stdout]     |                     -                                                           ^^^^^^^^^^^^^^^ not found in this scope
[INFO] [stdout]     |                     |
[INFO] [stdout]     |                     help: you might be missing a type parameter: `<IDXGISwapChain1>`
[INFO] [stdout] 
[INFO] [stdout] 
[INFO] [stdout] error[E0412]: cannot find type `HRESULT` in this scope
[INFO] [stdout]    --> src/preview.rs:223:99
[INFO] [stdout]     |
[INFO] [stdout] 223 | fn create_swap_chain(hwnd: HWND, device: &ComPtr<IDXGIDevice>) -> Result<ComPtr<IDXGISwapChain1>, HRESULT> {
[INFO] [stdout]     |                     - help: you might be missing a type parameter: `<HRESULT>`                    ^^^^^^^ not found in this scope
[INFO] [stdout] 
[INFO] [stdout] 
[INFO] [stdout] error[E0412]: cannot find type `ID2D1DeviceContext1` in this scope
[INFO] [stdout]    --> src/preview.rs:254:30
[INFO] [stdout]     |
[INFO] [stdout] 254 | fn create_bitmap(dc: &ComPtr<ID2D1DeviceContext1>, swap_chain: &ComPtr<IDXGISwapChain1>) -> Result<ComPtr<ID2D1Bitmap1>, HRESULT> {
[INFO] [stdout]     |                 -            ^^^^^^^^^^^^^^^^^^^ not found in this scope
[INFO] [stdout]     |                 |
[INFO] [stdout]     |                 help: you might be missing a type parameter: `<ID2D1DeviceContext1>`
[INFO] [stdout] 
[INFO] [stdout] 
[INFO] [stdout] error[E0412]: cannot find type `IDXGISwapChain1` in this scope
[INFO] [stdout]    --> src/preview.rs:254:72
[INFO] [stdout]     |
[INFO] [stdout] 254 | fn create_bitmap(dc: &ComPtr<ID2D1DeviceContext1>, swap_chain: &ComPtr<IDXGISwapChain1>) -> Result<ComPtr<ID2D1Bitmap1>, HRESULT> {
[INFO] [stdout]     |                 -                                                      ^^^^^^^^^^^^^^^ not found in this scope
[INFO] [stdout]     |                 |
[INFO] [stdout]     |                 help: you might be missing a type parameter: `<IDXGISwapChain1>`
[INFO] [stdout] 
[INFO] [stdout] 
[INFO] [stdout] error[E0412]: cannot find type `ID2D1Bitmap1` in this scope
[INFO] [stdout]    --> src/preview.rs:254:107
[INFO] [stdout]     |
[INFO] [stdout] 254 | fn create_bitmap(dc: &ComPtr<ID2D1DeviceContext1>, swap_chain: &ComPtr<IDXGISwapChain1>) -> Result<ComPtr<ID2D1Bitmap1>, HRESULT> {
[INFO] [stdout]     |                 - help: you might be missing a type parameter: `<ID2D1Bitmap1>`                           ^^^^^^^^^^^^ not found in this scope
[INFO] [stdout] 
[INFO] [stdout] 
[INFO] [stdout] error[E0412]: cannot find type `HRESULT` in this scope
[INFO] [stdout]    --> src/preview.rs:254:122
[INFO] [stdout]     |
[INFO] [stdout] 254 | fn create_bitmap(dc: &ComPtr<ID2D1DeviceContext1>, swap_chain: &ComPtr<IDXGISwapChain1>) -> Result<ComPtr<ID2D1Bitmap1>, HRESULT> {
[INFO] [stdout]     |                 - help: you might be missing a type parameter: `<HRESULT>`                                               ^^^^^^^ not found in this scope
[INFO] [stdout] 
[INFO] [stdout] 
[INFO] [stdout] error[E0412]: cannot find type `HWND` in this scope
[INFO] [stdout]    --> src/preview.rs:276:29
[INFO] [stdout]     |
[INFO] [stdout] 276 | fn create_composition(hwnd: HWND, device: &ComPtr<IDXGIDevice>, swap_chain: &ComPtr<IDXGISwapChain1>) -> Result<ComPtr<IDCompositionTarge...
[INFO] [stdout]     |                             ^^^^ not found in this scope
[INFO] [stdout] 
[INFO] [stdout] 
[INFO] [stdout] error[E0412]: cannot find type `IDXGIDevice` in this scope
[INFO] [stdout]    --> src/preview.rs:276:51
[INFO] [stdout]     |
[INFO] [stdout] 276 | fn create_composition(hwnd: HWND, device: &ComPtr<IDXGIDevice>, swap_chain: &ComPtr<IDXGISwapChain1>) -> Result<ComPtr<IDCompositionTarge...
[INFO] [stdout]     |                      -                            ^^^^^^^^^^^ not found in this scope
[INFO] [stdout]     |                      |
[INFO] [stdout]     |                      help: you might be missing a type parameter: `<IDXGIDevice>`
[INFO] [stdout] 
[INFO] [stdout] 
[INFO] [stdout] error[E0412]: cannot find type `IDXGISwapChain1` in this scope
[INFO] [stdout]    --> src/preview.rs:276:85
[INFO] [stdout]     |
[INFO] [stdout] 276 | fn create_composition(hwnd: HWND, device: &ComPtr<IDXGIDevice>, swap_chain: &ComPtr<IDXGISwapChain1>) -> Result<ComPtr<IDCompositionTarge...
[INFO] [stdout]     |                      -                                                              ^^^^^^^^^^^^^^^ not found in this scope
[INFO] [stdout]     |                      |
[INFO] [stdout]     |                      help: you might be missing a type parameter: `<IDXGISwapChain1>`
[INFO] [stdout] 
[INFO] [stdout] 
[INFO] [stdout] error[E0412]: cannot find type `IDCompositionTarget` in this scope
[INFO] [stdout]    --> src/preview.rs:276:120
[INFO] [stdout]     |
[INFO] [stdout] 276 | ...osition(hwnd: HWND, device: &ComPtr<IDXGIDevice>, swap_chain: &ComPtr<IDXGISwapChain1>) -> Result<ComPtr<IDCompositionTarget>, HRESULT> {
[INFO] [stdout]     |           - help: you might be missing a type parameter: `<IDCompositionTarget>`                            ^^^^^^^^^^^^^^^^^^^ not found in this scope
[INFO] [stdout] 
[INFO] [stdout] 
[INFO] [stdout] error[E0412]: cannot find type `HRESULT` in this scope
[INFO] [stdout]    --> src/preview.rs:276:142
[INFO] [stdout]     |
[INFO] [stdout] 276 | ...ion(hwnd: HWND, device: &ComPtr<IDXGIDevice>, swap_chain: &ComPtr<IDXGISwapChain1>) -> Result<ComPtr<IDCompositionTarget>, HRESULT> {
[INFO] [stdout]     |       - help: you might be missing a type parameter: `<HRESULT>`                                                              ^^^^^^^ not found in this scope
[INFO] [stdout] 
[INFO] [stdout] 
[INFO] [stdout] error: Compilation failed, aborting rustdoc
[INFO] [stdout] 
[INFO] [stdout] 
[INFO] [stdout] error: aborting due to 73 previous errors
[INFO] [stdout] 
[INFO] [stdout] 
[INFO] [stdout] Some errors have detailed explanations: E0412, E0432, E0433.
[INFO] [stdout] 
[INFO] [stdout] For more information about an error, try `rustc --explain E0412`.
[INFO] [stdout] 
[INFO] [stderr] error: could not document `wcolor`
[INFO] [stderr] 
[INFO] [stderr] Caused by:
[INFO] [stderr]   process didn't exit successfully: `rustdoc --edition=2018 --crate-type bin --crate-name wcolor src/main.rs -o /opt/rustwide/target/doc --error-format=json --json=diagnostic-rendered-ansi --document-private-items -L dependency=/opt/rustwide/target/debug/deps --extern structopt=/opt/rustwide/target/debug/deps/libstructopt-7e9399caba65fc22.rmeta --extern winapi=/opt/rustwide/target/debug/deps/libwinapi-1036729510408dbd.rmeta --extern wio=/opt/rustwide/target/debug/deps/libwio-f9505a18a4cacfd7.rmeta --cap-lints=warn --crate-version 0.1.3` (exit status: 1)
[INFO] running `Command { std: "docker" "inspect" "85dfb9fe5247b21c3be28d872850ea38886b0fbe4711c0d4f0deab0a8ccd4b3f", kill_on_drop: false }`
[INFO] running `Command { std: "docker" "rm" "-f" "85dfb9fe5247b21c3be28d872850ea38886b0fbe4711c0d4f0deab0a8ccd4b3f", kill_on_drop: false }`
[INFO] [stdout] 85dfb9fe5247b21c3be28d872850ea38886b0fbe4711c0d4f0deab0a8ccd4b3f
