[INFO] fetching crate wbs-backup-daemon 1.1.15...
[INFO] documenting wbs-backup-daemon-1.1.15 against 1.54.0 for beta-1.55-rustdoc-1
[INFO] extracting crate wbs-backup-daemon 1.1.15 into /workspace/builds/worker-9/source
[INFO] validating manifest of crates.io crate wbs-backup-daemon 1.1.15 on toolchain 1.54.0
[INFO] running `Command { std: "/workspace/cargo-home/bin/cargo" "+1.54.0" "metadata" "--manifest-path" "Cargo.toml" "--no-deps", kill_on_drop: false }`
[INFO] started tweaking crates.io crate wbs-backup-daemon 1.1.15
[INFO] finished tweaking crates.io crate wbs-backup-daemon 1.1.15
[INFO] tweaked toml for crates.io crate wbs-backup-daemon 1.1.15 written to /workspace/builds/worker-9/source/Cargo.toml
[INFO] running `Command { std: "/workspace/cargo-home/bin/cargo" "+1.54.0" "generate-lockfile" "--manifest-path" "Cargo.toml" "-Zno-index-update", kill_on_drop: false }`
[INFO] running `Command { std: "/workspace/cargo-home/bin/cargo" "+1.54.0" "fetch" "--manifest-path" "Cargo.toml", kill_on_drop: false }`
[INFO] [stderr] warning: path `/workspace/builds/worker-9/source/src/backup-daemon.rs` was erroneously implicitly accepted for binary `backup-daemon`,
[INFO] [stderr] please set bin.path in Cargo.toml
[INFO] running `Command { std: "docker" "create" "-v" "/var/lib/crater-agent-workspace/builds/worker-9/target:/opt/rustwide/target:rw,Z" "-v" "/var/lib/crater-agent-workspace/builds/worker-9/source:/opt/rustwide/workdir:ro,Z" "-v" "/var/lib/crater-agent-workspace/cargo-home:/opt/rustwide/cargo-home:ro,Z" "-v" "/var/lib/crater-agent-workspace/rustup-home:/opt/rustwide/rustup-home:ro,Z" "-e" "SOURCE_DIR=/opt/rustwide/workdir" "-e" "CARGO_TARGET_DIR=/opt/rustwide/target" "-e" "CARGO_HOME=/opt/rustwide/cargo-home" "-e" "RUSTUP_HOME=/opt/rustwide/rustup-home" "-w" "/opt/rustwide/workdir" "-m" "1610612736" "--user" "0:0" "--network" "none" "ghcr.io/rust-lang/crates-build-env/linux@sha256:34b6a614d2c27851fe6cbf88fbd1137609cefab8b10d0615aaeb6fd47975d74e" "/opt/rustwide/cargo-home/bin/cargo" "+1.54.0" "metadata" "--no-deps" "--format-version=1", kill_on_drop: false }`
[INFO] [stdout] 85e8603e87f8ef0bcd1b1dc47f1ba7b259820415d90ab8bab8dbdbb25db3d32c
[INFO] running `Command { std: "docker" "start" "-a" "85e8603e87f8ef0bcd1b1dc47f1ba7b259820415d90ab8bab8dbdbb25db3d32c", kill_on_drop: false }`
[INFO] running `Command { std: "docker" "inspect" "85e8603e87f8ef0bcd1b1dc47f1ba7b259820415d90ab8bab8dbdbb25db3d32c", kill_on_drop: false }`
[INFO] running `Command { std: "docker" "rm" "-f" "85e8603e87f8ef0bcd1b1dc47f1ba7b259820415d90ab8bab8dbdbb25db3d32c", kill_on_drop: false }`
[INFO] [stdout] 85e8603e87f8ef0bcd1b1dc47f1ba7b259820415d90ab8bab8dbdbb25db3d32c
[INFO] running `Command { std: "docker" "create" "-v" "/var/lib/crater-agent-workspace/builds/worker-9/target:/opt/rustwide/target:rw,Z" "-v" "/var/lib/crater-agent-workspace/builds/worker-9/source:/opt/rustwide/workdir:ro,Z" "-v" "/var/lib/crater-agent-workspace/cargo-home:/opt/rustwide/cargo-home:ro,Z" "-v" "/var/lib/crater-agent-workspace/rustup-home:/opt/rustwide/rustup-home:ro,Z" "-e" "SOURCE_DIR=/opt/rustwide/workdir" "-e" "CARGO_TARGET_DIR=/opt/rustwide/target" "-e" "CARGO_INCREMENTAL=0" "-e" "RUST_BACKTRACE=full" "-e" "RUSTDOCFLAGS=--cap-lints=warn" "-e" "CARGO_HOME=/opt/rustwide/cargo-home" "-e" "RUSTUP_HOME=/opt/rustwide/rustup-home" "-w" "/opt/rustwide/workdir" "-m" "1610612736" "--user" "0:0" "--network" "none" "ghcr.io/rust-lang/crates-build-env/linux@sha256:34b6a614d2c27851fe6cbf88fbd1137609cefab8b10d0615aaeb6fd47975d74e" "/opt/rustwide/cargo-home/bin/cargo" "+1.54.0" "doc" "--frozen" "--no-deps" "--document-private-items" "--message-format=json", kill_on_drop: false }`
[INFO] [stdout] 16f62e0647cbd283199d379f599a5af61a067a5977715baa6ef5f5a6551b0c36
[INFO] running `Command { std: "docker" "start" "-a" "16f62e0647cbd283199d379f599a5af61a067a5977715baa6ef5f5a6551b0c36", kill_on_drop: false }`
[INFO] [stderr] warning: path `/opt/rustwide/workdir/src/backup-daemon.rs` was erroneously implicitly accepted for binary `backup-daemon`,
[INFO] [stderr] please set bin.path in Cargo.toml
[INFO] [stderr]     Checking time v0.3.1
[INFO] [stderr]  Documenting wbs-backup-daemon v1.1.15 (/opt/rustwide/workdir)
[INFO] [stdout] error[E0432]: unresolved import `time::Timespec`
[INFO] [stdout]  --> src/wbs/backup/run.rs:9:5
[INFO] [stdout]   |
[INFO] [stdout] 9 | use time::Timespec;
[INFO] [stdout]   |     ^^^^^^^^^^^^^^ no `Timespec` in the root
[INFO] [stdout] 
[INFO] [stdout] 
[INFO] [stdout] error[E0432]: unresolved import `time::Timespec`
[INFO] [stdout]   --> src/wbs/backup/state.rs:14:5
[INFO] [stdout]    |
[INFO] [stdout] 14 | use time::Timespec;
[INFO] [stdout]    |     ^^^^^^^^^^^^^^ no `Timespec` in the root
[INFO] [stdout] 
[INFO] [stdout] 
[INFO] [stdout] error[E0432]: unresolved import `time::Timespec`
[INFO] [stdout]  --> src/wbs/backup/time.rs:3:5
[INFO] [stdout]   |
[INFO] [stdout] 3 | use time::Timespec;
[INFO] [stdout]   |     ^^^^^^^^^^^^^^ no `Timespec` in the root
[INFO] [stdout] 
[INFO] [stdout] 
[INFO] [stdout] error[E0432]: unresolved import `time::Tm`
[INFO] [stdout]  --> src/wbs/backup/time.rs:4:5
[INFO] [stdout]   |
[INFO] [stdout] 4 | use time::Tm;
[INFO] [stdout]   |     ^^^^^^^^ no `Tm` in the root
[INFO] [stdout] 
[INFO] [stdout] 
[INFO] [stdout] error: Compilation failed, aborting rustdoc
[INFO] [stdout] 
[INFO] [stdout] 
[INFO] [stdout] error: aborting due to 5 previous errors
[INFO] [stdout] 
[INFO] [stdout] 
[INFO] [stdout] For more information about this error, try `rustc --explain E0432`.
[INFO] [stdout] 
[INFO] [stderr] error: could not document `wbs-backup-daemon`
[INFO] [stderr] 
[INFO] [stderr] Caused by:
[INFO] [stderr]   process didn't exit successfully: `rustdoc --crate-type bin --crate-name backup_daemon src/backup-daemon.rs -o /opt/rustwide/target/doc --error-format=json --json=diagnostic-rendered-ansi --document-private-items -L dependency=/opt/rustwide/target/debug/deps --extern rustc_serialize=/opt/rustwide/target/debug/deps/librustc_serialize-67e30c758e0c56b4.rmeta --extern time=/opt/rustwide/target/debug/deps/libtime-c1e258fdc16d8907.rmeta --cap-lints=warn --crate-version 1.1.15` (exit status: 1)
[INFO] running `Command { std: "docker" "inspect" "16f62e0647cbd283199d379f599a5af61a067a5977715baa6ef5f5a6551b0c36", kill_on_drop: false }`
[INFO] running `Command { std: "docker" "rm" "-f" "16f62e0647cbd283199d379f599a5af61a067a5977715baa6ef5f5a6551b0c36", kill_on_drop: false }`
[INFO] [stdout] 16f62e0647cbd283199d379f599a5af61a067a5977715baa6ef5f5a6551b0c36
