[INFO] fetching crate voronoiify-image 1.0.2...
[INFO] documenting voronoiify-image-1.0.2 against 1.54.0 for beta-1.55-rustdoc-1
[INFO] extracting crate voronoiify-image 1.0.2 into /workspace/builds/worker-9/source
[INFO] validating manifest of crates.io crate voronoiify-image 1.0.2 on toolchain 1.54.0
[INFO] running `Command { std: "/workspace/cargo-home/bin/cargo" "+1.54.0" "metadata" "--manifest-path" "Cargo.toml" "--no-deps", kill_on_drop: false }`
[INFO] started tweaking crates.io crate voronoiify-image 1.0.2
[INFO] disabled cargo feature 'default-run' from crates.io crate voronoiify-image 1.0.2
[INFO] finished tweaking crates.io crate voronoiify-image 1.0.2
[INFO] tweaked toml for crates.io crate voronoiify-image 1.0.2 written to /workspace/builds/worker-9/source/Cargo.toml
[INFO] running `Command { std: "/workspace/cargo-home/bin/cargo" "+1.54.0" "generate-lockfile" "--manifest-path" "Cargo.toml" "-Zno-index-update", kill_on_drop: false }`
[INFO] [stderr]     Blocking waiting for file lock on package cache
[INFO] running `Command { std: "/workspace/cargo-home/bin/cargo" "+1.54.0" "fetch" "--manifest-path" "Cargo.toml", kill_on_drop: false }`
[INFO] [stderr] warning: the cargo feature `profile-overrides` has been stabilized in the 1.41 release and is no longer necessary to be listed in the manifest
[INFO] [stderr]   See https://doc.rust-lang.org/cargo/reference/profiles.html#overrides for more information about using this feature.
[INFO] [stderr] warning: unused manifest key: profile.dev.overrides
[INFO] [stderr] warning: unused manifest key: profile.release.overrides
[INFO] [stderr]     Blocking waiting for file lock on package cache
[INFO] [stderr]     Blocking waiting for file lock on package cache
[INFO] [stderr]  Downloading crates ...
[INFO] [stderr]   Downloaded byteorder v1.2.7
[INFO] [stderr]   Downloaded scopeguard v0.1.2
[INFO] [stderr]   Downloaded variance v0.1.3
[INFO] [stderr]   Downloaded image v0.19.0
[INFO] [stderr]   Downloaded clap v2.32.0
[INFO] [stderr]   Downloaded scoped-pool v1.0.0
[INFO] [stderr]   Downloaded rayon v0.6.0
[INFO] [stderr]   Downloaded deque v0.3.2
[INFO] [stderr]   Downloaded num_cpus v1.0.0
[INFO] [stderr]   Downloaded jpeg-decoder v0.1.11
[INFO] [stderr]   Downloaded textwrap v0.10.0
[INFO] [stderr]   Downloaded separator v0.3.1
[INFO] running `Command { std: "docker" "create" "-v" "/var/lib/crater-agent-workspace/builds/worker-9/target:/opt/rustwide/target:rw,Z" "-v" "/var/lib/crater-agent-workspace/builds/worker-9/source:/opt/rustwide/workdir:ro,Z" "-v" "/var/lib/crater-agent-workspace/cargo-home:/opt/rustwide/cargo-home:ro,Z" "-v" "/var/lib/crater-agent-workspace/rustup-home:/opt/rustwide/rustup-home:ro,Z" "-e" "SOURCE_DIR=/opt/rustwide/workdir" "-e" "CARGO_TARGET_DIR=/opt/rustwide/target" "-e" "CARGO_HOME=/opt/rustwide/cargo-home" "-e" "RUSTUP_HOME=/opt/rustwide/rustup-home" "-w" "/opt/rustwide/workdir" "-m" "1610612736" "--user" "0:0" "--network" "none" "ghcr.io/rust-lang/crates-build-env/linux@sha256:34b6a614d2c27851fe6cbf88fbd1137609cefab8b10d0615aaeb6fd47975d74e" "/opt/rustwide/cargo-home/bin/cargo" "+1.54.0" "metadata" "--no-deps" "--format-version=1", kill_on_drop: false }`
[INFO] [stdout] 903a30677a04b8ceaa3ca14176ed80b60e2803fa9769d0aaaa560128ca353db5
[INFO] running `Command { std: "docker" "start" "-a" "903a30677a04b8ceaa3ca14176ed80b60e2803fa9769d0aaaa560128ca353db5", kill_on_drop: false }`
[INFO] running `Command { std: "docker" "inspect" "903a30677a04b8ceaa3ca14176ed80b60e2803fa9769d0aaaa560128ca353db5", kill_on_drop: false }`
[INFO] running `Command { std: "docker" "rm" "-f" "903a30677a04b8ceaa3ca14176ed80b60e2803fa9769d0aaaa560128ca353db5", kill_on_drop: false }`
[INFO] [stdout] 903a30677a04b8ceaa3ca14176ed80b60e2803fa9769d0aaaa560128ca353db5
[INFO] running `Command { std: "docker" "create" "-v" "/var/lib/crater-agent-workspace/builds/worker-9/target:/opt/rustwide/target:rw,Z" "-v" "/var/lib/crater-agent-workspace/builds/worker-9/source:/opt/rustwide/workdir:ro,Z" "-v" "/var/lib/crater-agent-workspace/cargo-home:/opt/rustwide/cargo-home:ro,Z" "-v" "/var/lib/crater-agent-workspace/rustup-home:/opt/rustwide/rustup-home:ro,Z" "-e" "SOURCE_DIR=/opt/rustwide/workdir" "-e" "CARGO_TARGET_DIR=/opt/rustwide/target" "-e" "CARGO_INCREMENTAL=0" "-e" "RUST_BACKTRACE=full" "-e" "RUSTDOCFLAGS=--cap-lints=warn" "-e" "CARGO_HOME=/opt/rustwide/cargo-home" "-e" "RUSTUP_HOME=/opt/rustwide/rustup-home" "-w" "/opt/rustwide/workdir" "-m" "1610612736" "--user" "0:0" "--network" "none" "ghcr.io/rust-lang/crates-build-env/linux@sha256:34b6a614d2c27851fe6cbf88fbd1137609cefab8b10d0615aaeb6fd47975d74e" "/opt/rustwide/cargo-home/bin/cargo" "+1.54.0" "doc" "--frozen" "--no-deps" "--document-private-items" "--message-format=json", kill_on_drop: false }`
[INFO] [stdout] ca17c681d9ff9abcc85762e1c032883b2537418e8c4304746efc2fc1c222b1d3
[INFO] running `Command { std: "docker" "start" "-a" "ca17c681d9ff9abcc85762e1c032883b2537418e8c4304746efc2fc1c222b1d3", kill_on_drop: false }`
[INFO] [stderr] warning: the cargo feature `profile-overrides` has been stabilized in the 1.41 release and is no longer necessary to be listed in the manifest
[INFO] [stderr]   See https://doc.rust-lang.org/cargo/reference/profiles.html#overrides for more information about using this feature.
[INFO] [stderr] warning: unused manifest key: profile.dev.overrides
[INFO] [stderr] warning: unused manifest key: profile.release.overrides
[INFO] [stderr]    Compiling proc-macro2 v0.4.30
[INFO] [stderr]    Compiling unicode-xid v0.1.0
[INFO] [stderr]     Checking adler32 v1.2.0
[INFO] [stderr]     Checking byteorder v1.2.7
[INFO] [stderr]    Compiling syn v0.15.44
[INFO] [stderr]    Compiling num-derive v0.2.5
[INFO] [stderr]     Checking deque v0.3.2
[INFO] [stderr]     Checking rand_core v0.4.2
[INFO] [stderr]     Checking lzw v0.10.0
[INFO] [stderr]     Checking color_quant v1.1.0
[INFO] [stderr]     Checking unicode-width v0.1.8
[INFO] [stderr]     Checking crossbeam v0.2.12
[INFO] [stderr]     Checking strsim v0.7.0
[INFO] [stderr]     Checking variance v0.1.3
[INFO] [stderr]     Checking vec_map v0.8.2
[INFO] [stderr]     Checking scoped_threadpool v0.1.9
[INFO] [stderr]     Checking ansi_term v0.11.0
[INFO] [stderr]     Checking scopeguard v0.1.2
[INFO] [stderr]     Checking separator v0.3.1
[INFO] [stderr]    Compiling num-integer v0.1.44
[INFO] [stderr]    Compiling num-iter v0.1.42
[INFO] [stderr]     Checking rand v0.4.6
[INFO] [stderr]     Checking num_cpus v1.0.0
[INFO] [stderr]     Checking atty v0.2.14
[INFO] [stderr]     Checking inflate v0.4.5
[INFO] [stderr]     Checking deflate v0.7.20
[INFO] [stderr]     Checking scoped-pool v1.0.0
[INFO] [stderr]     Checking textwrap v0.10.0
[INFO] [stderr]     Checking rand v0.3.23
[INFO] [stderr]     Checking gif v0.10.3
[INFO] [stderr]     Checking rand_core v0.3.1
[INFO] [stderr]     Checking clap v2.32.0
[INFO] [stderr]     Checking rayon v0.6.0
[INFO] [stderr]     Checking rand v0.5.6
[INFO] [stderr]    Compiling quote v0.6.13
[INFO] [stderr]     Checking num-rational v0.1.42
[INFO] [stderr]     Checking jpeg-decoder v0.1.11
[INFO] [stderr]     Checking png v0.12.0
[INFO] [stderr]     Checking image v0.19.0
[INFO] [stderr]     Checking voronoiify-image v1.0.2 (/opt/rustwide/workdir)
[INFO] [stderr]  Documenting voronoiify-image v1.0.2 (/opt/rustwide/workdir)
[INFO] [stdout] error[E0554]: `#![feature]` may not be used on the stable release channel
[INFO] [stdout]  --> src/voronoi.rs:1:1
[INFO] [stdout]   |
[INFO] [stdout] 1 | #![feature(extern_prelude)]
[INFO] [stdout]   | ^^^^^^^^^^^^^^^^^^^^^^^^^^^ help: remove the attribute
[INFO] [stdout]   |
[INFO] [stdout]   = help: the feature `extern_prelude` has been stable since 1.30.0 and no longer requires an attribute to enable
[INFO] [stdout] 
[INFO] [stdout] 
[INFO] [stdout] error[E0554]: `#![feature]` may not be used on the stable release channel
[INFO] [stdout]  --> src/voronoi.rs:1:1
[INFO] [stdout]   |
[INFO] [stdout] 1 | #![feature(extern_prelude)]
[INFO] [stdout]   | ^^^^^^^^^^^^^^^^^^^^^^^^^^^ help: remove the attribute
[INFO] [stdout]   |
[INFO] [stdout]   = help: the feature `extern_prelude` has been stable since 1.30.0 and no longer requires an attribute to enable
[INFO] [stdout] 
[INFO] [stdout] 
[INFO] [stdout] error[E0554]: `#![feature]` may not be used on the stable release channel
[INFO] [stdout]  --> src/voronoi.rs:2:1
[INFO] [stdout]   |
[INFO] [stdout] 2 | #![feature(nll)]
[INFO] [stdout]   | ^^^^^^^^^^^^^^^^
[INFO] [stdout] 
[INFO] [stdout] 
[INFO] [stdout] error[E0554]: `#![feature]` may not be used on the stable release channel
[INFO] [stdout]  --> src/voronoi.rs:3:1
[INFO] [stdout]   |
[INFO] [stdout] 3 | #![feature(test)]
[INFO] [stdout]   | ^^^^^^^^^^^^^^^^^
[INFO] [stdout] 
[INFO] [stdout] 
[INFO] [stdout] error[E0554]: `#![feature]` may not be used on the stable release channel
[INFO] [stdout]  --> src/voronoi.rs:2:1
[INFO] [stdout]   |
[INFO] [stdout] 2 | #![feature(nll)]
[INFO] [stdout]   | ^^^^^^^^^^^^^^^^
[INFO] [stdout] 
[INFO] [stdout] 
[INFO] [stdout] error[E0554]: `#![feature]` may not be used on the stable release channel
[INFO] [stdout]  --> src/voronoi.rs:3:1
[INFO] [stdout]   |
[INFO] [stdout] 3 | #![feature(test)]
[INFO] [stdout]   | ^^^^^^^^^^^^^^^^^
[INFO] [stdout] 
[INFO] [stdout] 
[INFO] [stdout] error[E0554]: `#![feature]` may not be used on the stable release channel
[INFO] [stdout]  --> src/voronoi.rs:4:1
[INFO] [stdout]   |
[INFO] [stdout] 4 | #![feature(duration_as_u128)]
[INFO] [stdout]   | ^^^^^^^^^^^^^^^^^^^^^^^^^^^^^
[INFO] [stdout] 
[INFO] [stdout] 
[INFO] [stdout] error[E0554]: `#![feature]` may not be used on the stable release channel
[INFO] [stdout]  --> src/voronoi.rs:4:1
[INFO] [stdout]   |
[INFO] [stdout] 4 | #![feature(duration_as_u128)]
[INFO] [stdout]   | ^^^^^^^^^^^^^^^^^^^^^^^^^^^^^
[INFO] [stdout] 
[INFO] [stdout] 
[INFO] [stdout] error: Compilation failed, aborting rustdoc
[INFO] [stdout] 
[INFO] [stdout] 
[INFO] [stdout] error: aborting due to 5 previous errors
[INFO] [stdout] 
[INFO] [stdout] 
[INFO] [stdout] For more information about this error, try `rustc --explain E0554`.
[INFO] [stdout] 
[INFO] [stdout] warning: unused doc comment
[INFO] [stdout]   --> src/norms.rs:87:1
[INFO] [stdout]    |
[INFO] [stdout] 87 | / /// Pseudo-distance is not a valid norm, but rather a value with the only guarantees
[INFO] [stdout] 88 | | /// that is has the exact same partial order as the real norm ([Dist]) and is non-negative.
[INFO] [stdout]    | |_------------------------------------------------------------------------------------------^
[INFO] [stdout]    |   |
[INFO] [stdout]    |   rustdoc does not generate documentation for macro invocations
[INFO] [stdout]    |
[INFO] [stdout]    = note: `#[warn(unused_doc_comments)]` on by default
[INFO] [stdout]    = help: to document an item produced by a macro, the macro must produce the documentation as part of its expansion
[INFO] [stdout] 
[INFO] [stdout] 
[INFO] [stderr] error: could not document `voronoiify-image`
[INFO] [stderr] 
[INFO] [stderr] Caused by:
[INFO] [stderr]   process didn't exit successfully: `rustdoc --crate-type lib --crate-name vorolib src/voronoi.rs -o /opt/rustwide/target/doc --error-format=json --json=diagnostic-rendered-ansi --document-private-items -L dependency=/opt/rustwide/target/debug/deps --extern byteorder=/opt/rustwide/target/debug/deps/libbyteorder-3c811a5da224171a.rmeta --extern clap=/opt/rustwide/target/debug/deps/libclap-e03e574b089e5f3d.rmeta --extern image=/opt/rustwide/target/debug/deps/libimage-99935c47968a1232.rmeta --extern num_cpus=/opt/rustwide/target/debug/deps/libnum_cpus-e9d549ce18aa638a.rmeta --extern rand=/opt/rustwide/target/debug/deps/librand-af6378c4dbf8e8cc.rmeta --extern scoped_pool=/opt/rustwide/target/debug/deps/libscoped_pool-c5369d7ec696e988.rmeta --extern separator=/opt/rustwide/target/debug/deps/libseparator-e7e9f67d6ce66536.rmeta --cap-lints=warn --crate-version 1.0.2` (exit status: 1)
[INFO] [stderr] warning: build failed, waiting for other jobs to finish...
[INFO] [stdout] error: aborting due to 4 previous errors; 1 warning emitted
[INFO] [stdout] 
[INFO] [stdout] 
[INFO] [stdout] For more information about this error, try `rustc --explain E0554`.
[INFO] [stdout] 
[INFO] [stderr] error: build failed
[INFO] running `Command { std: "docker" "inspect" "ca17c681d9ff9abcc85762e1c032883b2537418e8c4304746efc2fc1c222b1d3", kill_on_drop: false }`
[INFO] running `Command { std: "docker" "rm" "-f" "ca17c681d9ff9abcc85762e1c032883b2537418e8c4304746efc2fc1c222b1d3", kill_on_drop: false }`
[INFO] [stdout] ca17c681d9ff9abcc85762e1c032883b2537418e8c4304746efc2fc1c222b1d3
