[INFO] fetching crate vmulti-client 0.3.4...
[INFO] documenting vmulti-client-0.3.4 against 1.54.0 for beta-1.55-rustdoc-1
[INFO] extracting crate vmulti-client 0.3.4 into /workspace/builds/worker-111/source
[INFO] validating manifest of crates.io crate vmulti-client 0.3.4 on toolchain 1.54.0
[INFO] running `Command { std: "/workspace/cargo-home/bin/cargo" "+1.54.0" "metadata" "--manifest-path" "Cargo.toml" "--no-deps", kill_on_drop: false }`
[INFO] started tweaking crates.io crate vmulti-client 0.3.4
[INFO] finished tweaking crates.io crate vmulti-client 0.3.4
[INFO] tweaked toml for crates.io crate vmulti-client 0.3.4 written to /workspace/builds/worker-111/source/Cargo.toml
[INFO] crate crates.io crate vmulti-client 0.3.4 already has a lockfile, it will not be regenerated
[INFO] running `Command { std: "/workspace/cargo-home/bin/cargo" "+1.54.0" "fetch" "--manifest-path" "Cargo.toml", kill_on_drop: false }`
[INFO] [stderr]     Blocking waiting for file lock on package cache
[INFO] [stderr]     Blocking waiting for file lock on package cache
[INFO] [stderr]  Downloading crates ...
[INFO] [stderr]   Downloaded serde_test v1.0.114
[INFO] running `Command { std: "docker" "create" "-v" "/var/lib/crater-agent-workspace/builds/worker-111/target:/opt/rustwide/target:rw,Z" "-v" "/var/lib/crater-agent-workspace/builds/worker-111/source:/opt/rustwide/workdir:ro,Z" "-v" "/var/lib/crater-agent-workspace/cargo-home:/opt/rustwide/cargo-home:ro,Z" "-v" "/var/lib/crater-agent-workspace/rustup-home:/opt/rustwide/rustup-home:ro,Z" "-e" "SOURCE_DIR=/opt/rustwide/workdir" "-e" "CARGO_TARGET_DIR=/opt/rustwide/target" "-e" "CARGO_HOME=/opt/rustwide/cargo-home" "-e" "RUSTUP_HOME=/opt/rustwide/rustup-home" "-w" "/opt/rustwide/workdir" "-m" "1610612736" "--user" "0:0" "--network" "none" "ghcr.io/rust-lang/crates-build-env/linux@sha256:34b6a614d2c27851fe6cbf88fbd1137609cefab8b10d0615aaeb6fd47975d74e" "/opt/rustwide/cargo-home/bin/cargo" "+1.54.0" "metadata" "--no-deps" "--format-version=1", kill_on_drop: false }`
[INFO] [stdout] 4870500ffe75fc29c170b1143823a2faa9530bd841338cdd20b882ac5cb5f252
[INFO] running `Command { std: "docker" "start" "-a" "4870500ffe75fc29c170b1143823a2faa9530bd841338cdd20b882ac5cb5f252", kill_on_drop: false }`
[INFO] running `Command { std: "docker" "inspect" "4870500ffe75fc29c170b1143823a2faa9530bd841338cdd20b882ac5cb5f252", kill_on_drop: false }`
[INFO] running `Command { std: "docker" "rm" "-f" "4870500ffe75fc29c170b1143823a2faa9530bd841338cdd20b882ac5cb5f252", kill_on_drop: false }`
[INFO] [stdout] 4870500ffe75fc29c170b1143823a2faa9530bd841338cdd20b882ac5cb5f252
[INFO] running `Command { std: "docker" "create" "-v" "/var/lib/crater-agent-workspace/builds/worker-111/target:/opt/rustwide/target:rw,Z" "-v" "/var/lib/crater-agent-workspace/builds/worker-111/source:/opt/rustwide/workdir:ro,Z" "-v" "/var/lib/crater-agent-workspace/cargo-home:/opt/rustwide/cargo-home:ro,Z" "-v" "/var/lib/crater-agent-workspace/rustup-home:/opt/rustwide/rustup-home:ro,Z" "-e" "SOURCE_DIR=/opt/rustwide/workdir" "-e" "CARGO_TARGET_DIR=/opt/rustwide/target" "-e" "CARGO_INCREMENTAL=0" "-e" "RUST_BACKTRACE=full" "-e" "RUSTDOCFLAGS=--cap-lints=warn" "-e" "CARGO_HOME=/opt/rustwide/cargo-home" "-e" "RUSTUP_HOME=/opt/rustwide/rustup-home" "-w" "/opt/rustwide/workdir" "-m" "1610612736" "--user" "0:0" "--network" "none" "ghcr.io/rust-lang/crates-build-env/linux@sha256:34b6a614d2c27851fe6cbf88fbd1137609cefab8b10d0615aaeb6fd47975d74e" "/opt/rustwide/cargo-home/bin/cargo" "+1.54.0" "doc" "--frozen" "--no-deps" "--document-private-items" "--message-format=json", kill_on_drop: false }`
[INFO] [stdout] 576b698601e6a48d8ac73f5b03a58cb9b61f334dcff01a6d7efd61f440586d85
[INFO] running `Command { std: "docker" "start" "-a" "576b698601e6a48d8ac73f5b03a58cb9b61f334dcff01a6d7efd61f440586d85", kill_on_drop: false }`
[INFO] [stderr]    Compiling winapi v0.3.8
[INFO] [stderr]     Checking either v1.5.3
[INFO] [stderr]     Checking itertools v0.9.0
[INFO] [stderr]  Documenting vmulti-client v0.3.4 (/opt/rustwide/workdir)
[INFO] [stdout] error[E0433]: failed to resolve: could not find `shared` in `winapi`
[INFO] [stdout]  --> src/device.rs:4:13
[INFO] [stdout]   |
[INFO] [stdout] 4 | use winapi::shared::guiddef::GUID;
[INFO] [stdout]   |             ^^^^^^ could not find `shared` in `winapi`
[INFO] [stdout] 
[INFO] [stdout] 
[INFO] [stdout] error[E0433]: failed to resolve: could not find `shared` in `winapi`
[INFO] [stdout]  --> src/device.rs:5:13
[INFO] [stdout]   |
[INFO] [stdout] 5 | use winapi::shared::hidpi::{HidP_GetCaps, PHIDP_PREPARSED_DATA};
[INFO] [stdout]   |             ^^^^^^ could not find `shared` in `winapi`
[INFO] [stdout] 
[INFO] [stdout] 
[INFO] [stdout] error[E0433]: failed to resolve: could not find `shared` in `winapi`
[INFO] [stdout]  --> src/device.rs:6:13
[INFO] [stdout]   |
[INFO] [stdout] 6 | use winapi::shared::hidpi::{HIDP_CAPS, HIDP_STATUS_SUCCESS};
[INFO] [stdout]   |             ^^^^^^ could not find `shared` in `winapi`
[INFO] [stdout] 
[INFO] [stdout] 
[INFO] [stdout] error[E0433]: failed to resolve: could not find `shared` in `winapi`
[INFO] [stdout]  --> src/device.rs:7:13
[INFO] [stdout]   |
[INFO] [stdout] 7 | use winapi::shared::hidsdi::{HidD_GetAttributes, HidD_GetHidGuid};
[INFO] [stdout]   |             ^^^^^^ could not find `shared` in `winapi`
[INFO] [stdout] 
[INFO] [stdout] 
[INFO] [stdout] error[E0433]: failed to resolve: could not find `shared` in `winapi`
[INFO] [stdout]  --> src/device.rs:8:13
[INFO] [stdout]   |
[INFO] [stdout] 8 | use winapi::shared::hidsdi::{HidD_GetPreparsedData, HIDD_ATTRIBUTES};
[INFO] [stdout]   |             ^^^^^^ could not find `shared` in `winapi`
[INFO] [stdout] 
[INFO] [stdout] 
[INFO] [stdout] error[E0433]: failed to resolve: could not find `shared` in `winapi`
[INFO] [stdout]  --> src/device.rs:9:13
[INFO] [stdout]   |
[INFO] [stdout] 9 | use winapi::shared::minwindef::DWORD;
[INFO] [stdout]   |             ^^^^^^ could not find `shared` in `winapi`
[INFO] [stdout] 
[INFO] [stdout] 
[INFO] [stdout] error[E0433]: failed to resolve: could not find `shared` in `winapi`
[INFO] [stdout]   --> src/device.rs:10:13
[INFO] [stdout]    |
[INFO] [stdout] 10 | use winapi::shared::ntdef::{HANDLE, PVOID, ULONG};
[INFO] [stdout]    |             ^^^^^^ could not find `shared` in `winapi`
[INFO] [stdout] 
[INFO] [stdout] 
[INFO] [stdout] error[E0433]: failed to resolve: could not find `um` in `winapi`
[INFO] [stdout]   --> src/device.rs:11:13
[INFO] [stdout]    |
[INFO] [stdout] 11 | use winapi::um::cfgmgr32::{
[INFO] [stdout]    |             ^^ could not find `um` in `winapi`
[INFO] [stdout] 
[INFO] [stdout] 
[INFO] [stdout] error[E0433]: failed to resolve: could not find `um` in `winapi`
[INFO] [stdout]   --> src/device.rs:15:13
[INFO] [stdout]    |
[INFO] [stdout] 15 | use winapi::um::fileapi::OPEN_EXISTING;
[INFO] [stdout]    |             ^^ could not find `um` in `winapi`
[INFO] [stdout] 
[INFO] [stdout] 
[INFO] [stdout] error[E0433]: failed to resolve: could not find `um` in `winapi`
[INFO] [stdout]   --> src/device.rs:16:13
[INFO] [stdout]    |
[INFO] [stdout] 16 | use winapi::um::fileapi::{CreateFileA, WriteFile};
[INFO] [stdout]    |             ^^ could not find `um` in `winapi`
[INFO] [stdout] 
[INFO] [stdout] 
[INFO] [stdout] error[E0433]: failed to resolve: could not find `um` in `winapi`
[INFO] [stdout]   --> src/device.rs:17:13
[INFO] [stdout]    |
[INFO] [stdout] 17 | use winapi::um::handleapi::{CloseHandle, INVALID_HANDLE_VALUE};
[INFO] [stdout]    |             ^^ could not find `um` in `winapi`
[INFO] [stdout] 
[INFO] [stdout] 
[INFO] [stdout] error[E0433]: failed to resolve: could not find `um` in `winapi`
[INFO] [stdout]   --> src/device.rs:18:13
[INFO] [stdout]    |
[INFO] [stdout] 18 | use winapi::um::winnt::FILE_SHARE_WRITE;
[INFO] [stdout]    |             ^^ could not find `um` in `winapi`
[INFO] [stdout] 
[INFO] [stdout] 
[INFO] [stdout] error[E0433]: failed to resolve: could not find `um` in `winapi`
[INFO] [stdout]   --> src/device.rs:19:13
[INFO] [stdout]    |
[INFO] [stdout] 19 | use winapi::um::winnt::GENERIC_WRITE;
[INFO] [stdout]    |             ^^ could not find `um` in `winapi`
[INFO] [stdout] 
[INFO] [stdout] 
[INFO] [stdout] error[E0433]: failed to resolve: could not find `shared` in `winapi`
[INFO] [stdout]  --> src/display.rs:3:13
[INFO] [stdout]   |
[INFO] [stdout] 3 | use winapi::shared::minwindef::BOOL;
[INFO] [stdout]   |             ^^^^^^ could not find `shared` in `winapi`
[INFO] [stdout] 
[INFO] [stdout] 
[INFO] [stdout] error[E0433]: failed to resolve: could not find `shared` in `winapi`
[INFO] [stdout]  --> src/display.rs:4:13
[INFO] [stdout]   |
[INFO] [stdout] 4 | use winapi::shared::minwindef::LPARAM;
[INFO] [stdout]   |             ^^^^^^ could not find `shared` in `winapi`
[INFO] [stdout] 
[INFO] [stdout] 
[INFO] [stdout] error[E0433]: failed to resolve: could not find `shared` in `winapi`
[INFO] [stdout]  --> src/display.rs:5:13
[INFO] [stdout]   |
[INFO] [stdout] 5 | use winapi::shared::windef::HDC;
[INFO] [stdout]   |             ^^^^^^ could not find `shared` in `winapi`
[INFO] [stdout] 
[INFO] [stdout] 
[INFO] [stdout] error[E0433]: failed to resolve: could not find `shared` in `winapi`
[INFO] [stdout]  --> src/display.rs:6:13
[INFO] [stdout]   |
[INFO] [stdout] 6 | use winapi::shared::windef::HMONITOR;
[INFO] [stdout]   |             ^^^^^^ could not find `shared` in `winapi`
[INFO] [stdout] 
[INFO] [stdout] 
[INFO] [stdout] error[E0433]: failed to resolve: could not find `shared` in `winapi`
[INFO] [stdout]  --> src/display.rs:7:13
[INFO] [stdout]   |
[INFO] [stdout] 7 | use winapi::shared::windef::LPRECT;
[INFO] [stdout]   |             ^^^^^^ could not find `shared` in `winapi`
[INFO] [stdout] 
[INFO] [stdout] 
[INFO] [stdout] error[E0433]: failed to resolve: could not find `shared` in `winapi`
[INFO] [stdout]  --> src/display.rs:8:13
[INFO] [stdout]   |
[INFO] [stdout] 8 | use winapi::shared::windef::RECT;
[INFO] [stdout]   |             ^^^^^^ could not find `shared` in `winapi`
[INFO] [stdout] 
[INFO] [stdout] 
[INFO] [stdout] error[E0433]: failed to resolve: could not find `um` in `winapi`
[INFO] [stdout]  --> src/display.rs:9:13
[INFO] [stdout]   |
[INFO] [stdout] 9 | use winapi::um::winuser::MONITORINFO;
[INFO] [stdout]   |             ^^ could not find `um` in `winapi`
[INFO] [stdout] 
[INFO] [stdout] 
[INFO] [stdout] error[E0433]: failed to resolve: could not find `um` in `winapi`
[INFO] [stdout]   --> src/display.rs:10:13
[INFO] [stdout]    |
[INFO] [stdout] 10 | use winapi::um::winuser::{EnumDisplayMonitors, GetMonitorInfoW};
[INFO] [stdout]    |             ^^ could not find `um` in `winapi`
[INFO] [stdout] 
[INFO] [stdout] 
[INFO] [stdout] error[E0433]: failed to resolve: could not find `_core` in `winapi`
[INFO] [stdout]  --> src/keyboard.rs:7:13
[INFO] [stdout]   |
[INFO] [stdout] 7 | use winapi::_core::fmt::{Error, Formatter};
[INFO] [stdout]   |             ^^^^^ could not find `_core` in `winapi`
[INFO] [stdout] 
[INFO] [stdout] 
[INFO] [stdout] error[E0432]: unresolved import `winapi::ctypes`
[INFO] [stdout]  --> src/keyboard.rs:8:13
[INFO] [stdout]   |
[INFO] [stdout] 8 | use winapi::ctypes::c_void;
[INFO] [stdout]   |             ^^^^^^ could not find `ctypes` in `winapi`
[INFO] [stdout] 
[INFO] [stdout] 
[INFO] [stdout] error[E0433]: failed to resolve: could not find `shared` in `winapi`
[INFO] [stdout]  --> src/mouse.rs:5:13
[INFO] [stdout]   |
[INFO] [stdout] 5 | use winapi::shared::windef::POINT;
[INFO] [stdout]   |             ^^^^^^ could not find `shared` in `winapi`
[INFO] [stdout] 
[INFO] [stdout] 
[INFO] [stdout] error[E0433]: failed to resolve: could not find `um` in `winapi`
[INFO] [stdout]  --> src/mouse.rs:6:13
[INFO] [stdout]   |
[INFO] [stdout] 6 | use winapi::um::winuser::GetCursorPos;
[INFO] [stdout]   |             ^^ could not find `um` in `winapi`
[INFO] [stdout] 
[INFO] [stdout] 
[INFO] [stdout] error[E0432]: unresolved import `winapi::ctypes`
[INFO] [stdout]  --> src/mouse.rs:4:13
[INFO] [stdout]   |
[INFO] [stdout] 4 | use winapi::ctypes::c_void;
[INFO] [stdout]   |             ^^^^^^ could not find `ctypes` in `winapi`
[INFO] [stdout] 
[INFO] [stdout] 
[INFO] [stdout] error[E0412]: cannot find type `HANDLE` in this scope
[INFO] [stdout]   --> src/device.rs:40:13
[INFO] [stdout]    |
[INFO] [stdout] 40 |     handle: HANDLE,
[INFO] [stdout]    |             ^^^^^^ not found in this scope
[INFO] [stdout] 
[INFO] [stdout] 
[INFO] [stdout] error[E0412]: cannot find type `PVOID` in this scope
[INFO] [stdout]   --> src/device.rs:44:44
[INFO] [stdout]    |
[INFO] [stdout] 44 |     pub(crate) fn send_report(&self, data: PVOID) -> bool {
[INFO] [stdout]    |                                            ^^^^^ not found in this scope
[INFO] [stdout] 
[INFO] [stdout] 
[INFO] [stdout] error[E0412]: cannot find type `GUID` in this scope
[INFO] [stdout]   --> src/device.rs:77:33
[INFO] [stdout]    |
[INFO] [stdout] 77 | unsafe fn find_handle(mut guid: GUID) -> Result<HANDLE, DeviceError> {
[INFO] [stdout]    |                                 ^^^^ not found in this scope
[INFO] [stdout] 
[INFO] [stdout] 
[INFO] [stdout] error[E0412]: cannot find type `HANDLE` in this scope
[INFO] [stdout]   --> src/device.rs:77:49
[INFO] [stdout]    |
[INFO] [stdout] 77 | unsafe fn find_handle(mut guid: GUID) -> Result<HANDLE, DeviceError> {
[INFO] [stdout]    |                      -                          ^^^^^^ not found in this scope
[INFO] [stdout]    |                      |
[INFO] [stdout]    |                      help: you might be missing a type parameter: `<HANDLE>`
[INFO] [stdout] 
[INFO] [stdout] 
[INFO] [stdout] error[E0412]: cannot find type `HANDLE` in this scope
[INFO] [stdout]    --> src/device.rs:150:33
[INFO] [stdout]     |
[INFO] [stdout] 150 | unsafe fn is_our_device(handle: HANDLE) -> bool {
[INFO] [stdout]     |                                 ^^^^^^ not found in this scope
[INFO] [stdout] 
[INFO] [stdout] 
[INFO] [stdout] error[E0412]: cannot find type `HMONITOR` in this scope
[INFO] [stdout]   --> src/display.rs:44:14
[INFO] [stdout]    |
[INFO] [stdout] 44 |     monitor: HMONITOR,
[INFO] [stdout]    |              ^^^^^^^^ not found in this scope
[INFO] [stdout] 
[INFO] [stdout] 
[INFO] [stdout] error[E0412]: cannot find type `HDC` in this scope
[INFO] [stdout]   --> src/display.rs:45:11
[INFO] [stdout]    |
[INFO] [stdout] 45 |     _hdc: HDC,
[INFO] [stdout]    |           ^^^ not found in this scope
[INFO] [stdout] 
[INFO] [stdout] 
[INFO] [stdout] error[E0412]: cannot find type `LPRECT` in this scope
[INFO] [stdout]   --> src/display.rs:46:15
[INFO] [stdout]    |
[INFO] [stdout] 46 |     rect_ptr: LPRECT,
[INFO] [stdout]    |               ^^^^^^ not found in this scope
[INFO] [stdout] 
[INFO] [stdout] 
[INFO] [stdout] error[E0412]: cannot find type `LPARAM` in this scope
[INFO] [stdout]   --> src/display.rs:47:14
[INFO] [stdout]    |
[INFO] [stdout] 47 |     dw_data: LPARAM,
[INFO] [stdout]    |              ^^^^^^ not found in this scope
[INFO] [stdout] 
[INFO] [stdout] 
[INFO] [stdout] error[E0412]: cannot find type `BOOL` in this scope
[INFO] [stdout]   --> src/display.rs:48:6
[INFO] [stdout]    |
[INFO] [stdout] 48 | ) -> BOOL {
[INFO] [stdout]    |      ^^^^ not found in this scope
[INFO] [stdout] 
[INFO] [stdout] 
[INFO] [stdout] error[E0412]: cannot find type `Formatter` in this scope
[INFO] [stdout]    --> src/keyboard.rs:262:27
[INFO] [stdout]     |
[INFO] [stdout] 262 |     fn fmt(&self, f: &mut Formatter<'_>) -> Result<(), Error> {
[INFO] [stdout]     |                           ^^^^^^^^^ not found in this scope
[INFO] [stdout]     |
[INFO] [stdout] help: consider importing one of these items
[INFO] [stdout]     |
[INFO] [stdout] 1   | use core::fmt::Formatter;
[INFO] [stdout]     |
[INFO] [stdout] 1   | use std::fmt::Formatter;
[INFO] [stdout]     |
[INFO] [stdout] 
[INFO] [stdout] 
[INFO] [stdout] error[E0412]: cannot find type `Error` in this scope
[INFO] [stdout]    --> src/keyboard.rs:262:56
[INFO] [stdout]     |
[INFO] [stdout] 262 |     fn fmt(&self, f: &mut Formatter<'_>) -> Result<(), Error> {
[INFO] [stdout]     |                                                        ^^^^^ not found in this scope
[INFO] [stdout]     |
[INFO] [stdout] help: consider importing one of these items
[INFO] [stdout]     |
[INFO] [stdout] 1   | use core::fmt::Error;
[INFO] [stdout]     |
[INFO] [stdout] 1   | use std::error::Error;
[INFO] [stdout]     |
[INFO] [stdout] 1   | use std::fmt::Error;
[INFO] [stdout]     |
[INFO] [stdout] 1   | use std::io::Error;
[INFO] [stdout]     |
[INFO] [stdout] 
[INFO] [stdout] 
[INFO] [stdout] error[E0412]: cannot find type `Formatter` in this scope
[INFO] [stdout]    --> src/keyboard.rs:312:27
[INFO] [stdout]     |
[INFO] [stdout] 312 |     fn fmt(&self, f: &mut Formatter<'_>) -> Result<(), Error> {
[INFO] [stdout]     |                           ^^^^^^^^^ not found in this scope
[INFO] [stdout]     |
[INFO] [stdout] help: consider importing one of these items
[INFO] [stdout]     |
[INFO] [stdout] 1   | use core::fmt::Formatter;
[INFO] [stdout]     |
[INFO] [stdout] 1   | use std::fmt::Formatter;
[INFO] [stdout]     |
[INFO] [stdout] 
[INFO] [stdout] 
[INFO] [stdout] error[E0412]: cannot find type `Error` in this scope
[INFO] [stdout]    --> src/keyboard.rs:312:56
[INFO] [stdout]     |
[INFO] [stdout] 312 |     fn fmt(&self, f: &mut Formatter<'_>) -> Result<(), Error> {
[INFO] [stdout]     |                                                        ^^^^^ not found in this scope
[INFO] [stdout]     |
[INFO] [stdout] help: consider importing one of these items
[INFO] [stdout]     |
[INFO] [stdout] 1   | use core::fmt::Error;
[INFO] [stdout]     |
[INFO] [stdout] 1   | use std::error::Error;
[INFO] [stdout]     |
[INFO] [stdout] 1   | use std::fmt::Error;
[INFO] [stdout]     |
[INFO] [stdout] 1   | use std::io::Error;
[INFO] [stdout]     |
[INFO] [stdout] 
[INFO] [stdout] 
[INFO] [stdout] error[E0412]: cannot find type `Formatter` in this scope
[INFO] [stdout]    --> src/keyboard.rs:329:27
[INFO] [stdout]     |
[INFO] [stdout] 329 |     fn fmt(&self, f: &mut Formatter<'_>) -> Result<(), Error> {
[INFO] [stdout]     |                           ^^^^^^^^^ not found in this scope
[INFO] [stdout]     |
[INFO] [stdout] help: consider importing one of these items
[INFO] [stdout]     |
[INFO] [stdout] 1   | use core::fmt::Formatter;
[INFO] [stdout]     |
[INFO] [stdout] 1   | use std::fmt::Formatter;
[INFO] [stdout]     |
[INFO] [stdout] 
[INFO] [stdout] 
[INFO] [stdout] error[E0412]: cannot find type `Error` in this scope
[INFO] [stdout]    --> src/keyboard.rs:329:56
[INFO] [stdout]     |
[INFO] [stdout] 329 |     fn fmt(&self, f: &mut Formatter<'_>) -> Result<(), Error> {
[INFO] [stdout]     |                                                        ^^^^^ not found in this scope
[INFO] [stdout]     |
[INFO] [stdout] help: consider importing one of these items
[INFO] [stdout]     |
[INFO] [stdout] 1   | use core::fmt::Error;
[INFO] [stdout]     |
[INFO] [stdout] 1   | use std::error::Error;
[INFO] [stdout]     |
[INFO] [stdout] 1   | use std::fmt::Error;
[INFO] [stdout]     |
[INFO] [stdout] 1   | use std::io::Error;
[INFO] [stdout]     |
[INFO] [stdout] 
[INFO] [stdout] 
[INFO] [stdout] error: Compilation failed, aborting rustdoc
[INFO] [stdout] 
[INFO] [stdout] 
[INFO] [stdout] error: aborting due to 43 previous errors
[INFO] [stdout] 
[INFO] [stdout] 
[INFO] [stdout] Some errors have detailed explanations: E0412, E0432, E0433.
[INFO] [stdout] 
[INFO] [stdout] For more information about an error, try `rustc --explain E0412`.
[INFO] [stdout] 
[INFO] [stderr] error: could not document `vmulti-client`
[INFO] [stderr] 
[INFO] [stderr] Caused by:
[INFO] [stderr]   process didn't exit successfully: `rustdoc --edition=2018 --crate-type lib --crate-name vmulti_client src/lib.rs -o /opt/rustwide/target/doc --error-format=json --json=diagnostic-rendered-ansi --document-private-items -L dependency=/opt/rustwide/target/debug/deps --extern itertools=/opt/rustwide/target/debug/deps/libitertools-0afb4b0f5d1f045c.rmeta --extern winapi=/opt/rustwide/target/debug/deps/libwinapi-bb767d546c85748d.rmeta --cap-lints=warn --crate-version 0.3.4` (exit status: 1)
[INFO] running `Command { std: "docker" "inspect" "576b698601e6a48d8ac73f5b03a58cb9b61f334dcff01a6d7efd61f440586d85", kill_on_drop: false }`
[INFO] running `Command { std: "docker" "rm" "-f" "576b698601e6a48d8ac73f5b03a58cb9b61f334dcff01a6d7efd61f440586d85", kill_on_drop: false }`
[INFO] [stdout] 576b698601e6a48d8ac73f5b03a58cb9b61f334dcff01a6d7efd61f440586d85
