[INFO] fetching crate ublox-cellular-rs 0.1.0...
[INFO] documenting ublox-cellular-rs-0.1.0 against 1.54.0 for beta-1.55-rustdoc-1
[INFO] extracting crate ublox-cellular-rs 0.1.0 into /workspace/builds/worker-32/source
[INFO] validating manifest of crates.io crate ublox-cellular-rs 0.1.0 on toolchain 1.54.0
[INFO] running `Command { std: "/workspace/cargo-home/bin/cargo" "+1.54.0" "metadata" "--manifest-path" "Cargo.toml" "--no-deps", kill_on_drop: false }`
[INFO] started tweaking crates.io crate ublox-cellular-rs 0.1.0
[INFO] finished tweaking crates.io crate ublox-cellular-rs 0.1.0
[INFO] tweaked toml for crates.io crate ublox-cellular-rs 0.1.0 written to /workspace/builds/worker-32/source/Cargo.toml
[INFO] running `Command { std: "/workspace/cargo-home/bin/cargo" "+1.54.0" "generate-lockfile" "--manifest-path" "Cargo.toml" "-Zno-index-update", kill_on_drop: false }`
[INFO] [stderr]     Blocking waiting for file lock on package cache
[INFO] running `Command { std: "/workspace/cargo-home/bin/cargo" "+1.54.0" "fetch" "--manifest-path" "Cargo.toml", kill_on_drop: false }`
[INFO] [stderr]     Blocking waiting for file lock on package cache
[INFO] [stderr]     Blocking waiting for file lock on package cache
[INFO] [stderr]  Downloading crates ...
[INFO] [stderr]   Downloaded defmt-parser v0.1.0
[INFO] [stderr]   Downloaded hash32-derive v0.1.1
[INFO] [stderr]   Downloaded defmt v0.1.3
[INFO] [stderr]   Downloaded defmt-macros v0.1.1
[INFO] [stderr]   Downloaded serde_at v0.6.0
[INFO] [stderr]   Downloaded atat_derive v0.6.0
[INFO] [stderr]   Downloaded atat v0.6.0
[INFO] running `Command { std: "docker" "create" "-v" "/var/lib/crater-agent-workspace/builds/worker-32/target:/opt/rustwide/target:rw,Z" "-v" "/var/lib/crater-agent-workspace/builds/worker-32/source:/opt/rustwide/workdir:ro,Z" "-v" "/var/lib/crater-agent-workspace/cargo-home:/opt/rustwide/cargo-home:ro,Z" "-v" "/var/lib/crater-agent-workspace/rustup-home:/opt/rustwide/rustup-home:ro,Z" "-e" "SOURCE_DIR=/opt/rustwide/workdir" "-e" "CARGO_TARGET_DIR=/opt/rustwide/target" "-e" "CARGO_HOME=/opt/rustwide/cargo-home" "-e" "RUSTUP_HOME=/opt/rustwide/rustup-home" "-w" "/opt/rustwide/workdir" "-m" "1610612736" "--user" "0:0" "--network" "none" "ghcr.io/rust-lang/crates-build-env/linux@sha256:34b6a614d2c27851fe6cbf88fbd1137609cefab8b10d0615aaeb6fd47975d74e" "/opt/rustwide/cargo-home/bin/cargo" "+1.54.0" "metadata" "--no-deps" "--format-version=1", kill_on_drop: false }`
[INFO] [stdout] 03e0b1197b0d8065d11775fe4bcd20a0684d4f33033b51eae50ac14d91693cae
[INFO] running `Command { std: "docker" "start" "-a" "03e0b1197b0d8065d11775fe4bcd20a0684d4f33033b51eae50ac14d91693cae", kill_on_drop: false }`
[INFO] running `Command { std: "docker" "inspect" "03e0b1197b0d8065d11775fe4bcd20a0684d4f33033b51eae50ac14d91693cae", kill_on_drop: false }`
[INFO] running `Command { std: "docker" "rm" "-f" "03e0b1197b0d8065d11775fe4bcd20a0684d4f33033b51eae50ac14d91693cae", kill_on_drop: false }`
[INFO] [stdout] 03e0b1197b0d8065d11775fe4bcd20a0684d4f33033b51eae50ac14d91693cae
[INFO] running `Command { std: "docker" "create" "-v" "/var/lib/crater-agent-workspace/builds/worker-32/target:/opt/rustwide/target:rw,Z" "-v" "/var/lib/crater-agent-workspace/builds/worker-32/source:/opt/rustwide/workdir:ro,Z" "-v" "/var/lib/crater-agent-workspace/cargo-home:/opt/rustwide/cargo-home:ro,Z" "-v" "/var/lib/crater-agent-workspace/rustup-home:/opt/rustwide/rustup-home:ro,Z" "-e" "SOURCE_DIR=/opt/rustwide/workdir" "-e" "CARGO_TARGET_DIR=/opt/rustwide/target" "-e" "CARGO_INCREMENTAL=0" "-e" "RUST_BACKTRACE=full" "-e" "RUSTDOCFLAGS=--cap-lints=warn" "-e" "CARGO_HOME=/opt/rustwide/cargo-home" "-e" "RUSTUP_HOME=/opt/rustwide/rustup-home" "-w" "/opt/rustwide/workdir" "-m" "1610612736" "--user" "0:0" "--network" "none" "ghcr.io/rust-lang/crates-build-env/linux@sha256:34b6a614d2c27851fe6cbf88fbd1137609cefab8b10d0615aaeb6fd47975d74e" "/opt/rustwide/cargo-home/bin/cargo" "+1.54.0" "doc" "--frozen" "--no-deps" "--document-private-items" "--message-format=json", kill_on_drop: false }`
[INFO] [stdout] 366efe9ff48eba865f3718b52914cc21543bfcf69da9c044e6e47871b01bd041
[INFO] running `Command { std: "docker" "start" "-a" "366efe9ff48eba865f3718b52914cc21543bfcf69da9c044e6e47871b01bd041", kill_on_drop: false }`
[INFO] [stderr]     Blocking waiting for file lock on package cache
[INFO] [stderr]     Blocking waiting for file lock on package cache
[INFO] [stderr]     Blocking waiting for file lock on package cache
[INFO] [stderr]    Compiling serde v1.0.127
[INFO] [stderr]    Compiling heapless v0.5.6
[INFO] [stderr]    Compiling ucd-trie v0.1.3
[INFO] [stderr]    Compiling stable_deref_trait v1.2.0
[INFO] [stderr]    Compiling byteorder v1.4.3
[INFO] [stderr]    Compiling defmt-parser v0.1.0
[INFO] [stderr]    Compiling typenum v1.13.0
[INFO] [stderr]     Checking hash32 v0.1.1
[INFO] [stderr]     Checking embedded-hal v1.0.0-alpha.4
[INFO] [stderr]    Compiling hash32-derive v0.1.1
[INFO] [stderr]    Compiling pest v2.1.3
[INFO] [stderr]    Compiling defmt-macros v0.1.1
[INFO] [stderr]    Compiling generic-array v0.13.3
[INFO] [stderr]    Compiling generic-array v0.14.4
[INFO] [stderr]    Compiling generic-array v0.12.4
[INFO] [stderr]    Compiling semver-parser v0.10.2
[INFO] [stderr]    Compiling as-slice v0.1.5
[INFO] [stderr]    Compiling semver v0.11.0
[INFO] [stderr]    Compiling defmt v0.1.3
[INFO] [stderr]     Checking no-std-net v0.4.0
[INFO] [stderr]    Compiling serde_at v0.6.0
[INFO] [stderr]     Checking embedded-nal v0.2.0
[INFO] [stdout] error[E0603]: module `export` is private
[INFO] [stdout]    --> /opt/rustwide/cargo-home/registry/src/github.com-1ecc6299db9ec823/serde_at-0.6.0/src/de/mod.rs:7:13
[INFO] [stdout]     |
[INFO] [stdout] 7   | use serde::{export, Deserialize};
[INFO] [stdout]     |             ^^^^^^ private module
[INFO] [stdout]     |
[INFO] [stdout] note: the module `export` is defined here
[INFO] [stdout]    --> /opt/rustwide/cargo-home/registry/src/github.com-1ecc6299db9ec823/serde-1.0.127/src/lib.rs:275:5
[INFO] [stdout]     |
[INFO] [stdout] 275 | use self::__private as export;
[INFO] [stdout]     |     ^^^^^^^^^^^^^^^^^^^^^^^^^
[INFO] [stdout] 
[INFO] [stdout] 
[INFO] [stdout] error[E0603]: module `export` is private
[INFO] [stdout]    --> /opt/rustwide/cargo-home/registry/src/github.com-1ecc6299db9ec823/serde_at-0.6.0/src/ser/mod.rs:52:53
[INFO] [stdout]     |
[INFO] [stdout] 52  |     fn serialize<S>(&self, serializer: S) -> serde::export::Result<S::Ok, S::Error>
[INFO] [stdout]     |                                                     ^^^^^^ private module
[INFO] [stdout]     |
[INFO] [stdout] note: the module `export` is defined here
[INFO] [stdout]    --> /opt/rustwide/cargo-home/registry/src/github.com-1ecc6299db9ec823/serde-1.0.127/src/lib.rs:275:5
[INFO] [stdout]     |
[INFO] [stdout] 275 | use self::__private as export;
[INFO] [stdout]     |     ^^^^^^^^^^^^^^^^^^^^^^^^^
[INFO] [stdout] 
[INFO] [stdout] 
[INFO] [stdout] error[E0603]: module `export` is private
[INFO] [stdout]    --> /opt/rustwide/cargo-home/registry/src/github.com-1ecc6299db9ec823/serde_at-0.6.0/src/de/mod.rs:7:13
[INFO] [stdout]     |
[INFO] [stdout] 7   | use serde::{export, Deserialize};
[INFO] [stdout]     |             ^^^^^^ private module
[INFO] [stdout]     |
[INFO] [stdout] note: the module `export` is defined here
[INFO] [stdout]    --> /opt/rustwide/cargo-home/registry/src/github.com-1ecc6299db9ec823/serde-1.0.127/src/lib.rs:275:5
[INFO] [stdout]     |
[INFO] [stdout] 275 | use self::__private as export;
[INFO] [stdout]     |     ^^^^^^^^^^^^^^^^^^^^^^^^^
[INFO] [stdout] 
[INFO] [stdout] 
[INFO] [stdout] error[E0603]: module `export` is private
[INFO] [stdout]    --> /opt/rustwide/cargo-home/registry/src/github.com-1ecc6299db9ec823/serde_at-0.6.0/src/ser/mod.rs:52:53
[INFO] [stdout]     |
[INFO] [stdout] 52  |     fn serialize<S>(&self, serializer: S) -> serde::export::Result<S::Ok, S::Error>
[INFO] [stdout]     |                                                     ^^^^^^ private module
[INFO] [stdout]     |
[INFO] [stdout] note: the module `export` is defined here
[INFO] [stdout]    --> /opt/rustwide/cargo-home/registry/src/github.com-1ecc6299db9ec823/serde-1.0.127/src/lib.rs:275:5
[INFO] [stdout]     |
[INFO] [stdout] 275 | use self::__private as export;
[INFO] [stdout]     |     ^^^^^^^^^^^^^^^^^^^^^^^^^
[INFO] [stdout] 
[INFO] [stdout] 
[INFO] [stdout] error: aborting due to 2 previous errors
[INFO] [stdout] 
[INFO] [stdout] 
[INFO] [stdout] For more information about this error, try `rustc --explain E0603`.
[INFO] [stdout] 
[INFO] [stderr] error: could not compile `serde_at`
[INFO] [stderr] 
[INFO] [stderr] To learn more, run the command again with --verbose.
[INFO] [stderr] warning: build failed, waiting for other jobs to finish...
[INFO] [stdout] error: aborting due to 2 previous errors
[INFO] [stdout] 
[INFO] [stdout] 
[INFO] [stdout] For more information about this error, try `rustc --explain E0603`.
[INFO] [stdout] 
[INFO] [stderr] error: build failed
[INFO] running `Command { std: "docker" "inspect" "366efe9ff48eba865f3718b52914cc21543bfcf69da9c044e6e47871b01bd041", kill_on_drop: false }`
[INFO] running `Command { std: "docker" "rm" "-f" "366efe9ff48eba865f3718b52914cc21543bfcf69da9c044e6e47871b01bd041", kill_on_drop: false }`
[INFO] [stdout] 366efe9ff48eba865f3718b52914cc21543bfcf69da9c044e6e47871b01bd041
