[INFO] fetching crate twre_ecs 0.0.2...
[INFO] documenting twre_ecs-0.0.2 against beta-2021-08-01 for beta-1.55-rustdoc-1
[INFO] extracting crate twre_ecs 0.0.2 into /workspace/builds/worker-12/source
[INFO] validating manifest of crates.io crate twre_ecs 0.0.2 on toolchain beta-2021-08-01
[INFO] running `Command { std: "/workspace/cargo-home/bin/cargo" "+beta-2021-08-01" "metadata" "--manifest-path" "Cargo.toml" "--no-deps", kill_on_drop: false }`
[INFO] started tweaking crates.io crate twre_ecs 0.0.2
[INFO] finished tweaking crates.io crate twre_ecs 0.0.2
[INFO] tweaked toml for crates.io crate twre_ecs 0.0.2 written to /workspace/builds/worker-12/source/Cargo.toml
[INFO] running `Command { std: "/workspace/cargo-home/bin/cargo" "+beta-2021-08-01" "generate-lockfile" "--manifest-path" "Cargo.toml" "-Zno-index-update", kill_on_drop: false }`
[INFO] [stderr]     Blocking waiting for file lock on package cache
[INFO] running `Command { std: "/workspace/cargo-home/bin/cargo" "+beta-2021-08-01" "fetch" "--manifest-path" "Cargo.toml", kill_on_drop: false }`
[INFO] [stderr]     Blocking waiting for file lock on package cache
[INFO] [stderr]     Blocking waiting for file lock on package cache
[INFO] running `Command { std: "docker" "create" "-v" "/var/lib/crater-agent-workspace/builds/worker-12/target:/opt/rustwide/target:rw,Z" "-v" "/var/lib/crater-agent-workspace/builds/worker-12/source:/opt/rustwide/workdir:ro,Z" "-v" "/var/lib/crater-agent-workspace/cargo-home:/opt/rustwide/cargo-home:ro,Z" "-v" "/var/lib/crater-agent-workspace/rustup-home:/opt/rustwide/rustup-home:ro,Z" "-e" "SOURCE_DIR=/opt/rustwide/workdir" "-e" "CARGO_TARGET_DIR=/opt/rustwide/target" "-e" "CARGO_HOME=/opt/rustwide/cargo-home" "-e" "RUSTUP_HOME=/opt/rustwide/rustup-home" "-w" "/opt/rustwide/workdir" "-m" "1610612736" "--user" "0:0" "--network" "none" "ghcr.io/rust-lang/crates-build-env/linux@sha256:34b6a614d2c27851fe6cbf88fbd1137609cefab8b10d0615aaeb6fd47975d74e" "/opt/rustwide/cargo-home/bin/cargo" "+beta-2021-08-01" "metadata" "--no-deps" "--format-version=1", kill_on_drop: false }`
[INFO] [stdout] 0c2f67d19a01091f1b75b492f6946458e65b7ea19263bf8937e41b96cb158cc6
[INFO] running `Command { std: "docker" "start" "-a" "0c2f67d19a01091f1b75b492f6946458e65b7ea19263bf8937e41b96cb158cc6", kill_on_drop: false }`
[INFO] running `Command { std: "docker" "inspect" "0c2f67d19a01091f1b75b492f6946458e65b7ea19263bf8937e41b96cb158cc6", kill_on_drop: false }`
[INFO] running `Command { std: "docker" "rm" "-f" "0c2f67d19a01091f1b75b492f6946458e65b7ea19263bf8937e41b96cb158cc6", kill_on_drop: false }`
[INFO] [stdout] 0c2f67d19a01091f1b75b492f6946458e65b7ea19263bf8937e41b96cb158cc6
[INFO] running `Command { std: "docker" "create" "-v" "/var/lib/crater-agent-workspace/builds/worker-12/target:/opt/rustwide/target:rw,Z" "-v" "/var/lib/crater-agent-workspace/builds/worker-12/source:/opt/rustwide/workdir:ro,Z" "-v" "/var/lib/crater-agent-workspace/cargo-home:/opt/rustwide/cargo-home:ro,Z" "-v" "/var/lib/crater-agent-workspace/rustup-home:/opt/rustwide/rustup-home:ro,Z" "-e" "SOURCE_DIR=/opt/rustwide/workdir" "-e" "CARGO_TARGET_DIR=/opt/rustwide/target" "-e" "CARGO_INCREMENTAL=0" "-e" "RUST_BACKTRACE=full" "-e" "RUSTDOCFLAGS=--cap-lints=warn" "-e" "CARGO_HOME=/opt/rustwide/cargo-home" "-e" "RUSTUP_HOME=/opt/rustwide/rustup-home" "-w" "/opt/rustwide/workdir" "-m" "1610612736" "--user" "0:0" "--network" "none" "ghcr.io/rust-lang/crates-build-env/linux@sha256:34b6a614d2c27851fe6cbf88fbd1137609cefab8b10d0615aaeb6fd47975d74e" "/opt/rustwide/cargo-home/bin/cargo" "+beta-2021-08-01" "doc" "--frozen" "--no-deps" "--document-private-items" "--message-format=json", kill_on_drop: false }`
[INFO] [stdout] 09f6267c18def389a6aa9f8e416e5a144635b24ed845fb76337f3731cbbfcbbc
[INFO] running `Command { std: "docker" "start" "-a" "09f6267c18def389a6aa9f8e416e5a144635b24ed845fb76337f3731cbbfcbbc", kill_on_drop: false }`
[INFO] [stderr]     Blocking waiting for file lock on package cache
[INFO] [stderr]  Documenting twre_ecs v0.0.2 (/opt/rustwide/workdir)
[INFO] [stdout] error[E0432]: unresolved imports `std::marker::Reflect`, `std::marker::MarkerTrait`
[INFO] [stdout]  --> src/core/component.rs:3:19
[INFO] [stdout]   |
[INFO] [stdout] 3 | use std::marker::{Reflect, MarkerTrait};
[INFO] [stdout]   |                   ^^^^^^^  ^^^^^^^^^^^ no `MarkerTrait` in `marker`
[INFO] [stdout]   |                   |
[INFO] [stdout]   |                   no `Reflect` in `marker`
[INFO] [stdout] 
[INFO] [stdout] 
[INFO] [stdout] error[E0432]: unresolved import `std::marker::Reflect`
[INFO] [stdout]  --> src/core/store.rs:3:5
[INFO] [stdout]   |
[INFO] [stdout] 3 | use std::marker::Reflect;
[INFO] [stdout]   |     ^^^^^^^^^^^^^^^^^^^^ no `Reflect` in `marker`
[INFO] [stdout] 
[INFO] [stdout] 
[INFO] [stdout] error[E0432]: unresolved import `std::raw`
[INFO] [stdout]  --> src/core/store_array.rs:6:24
[INFO] [stdout]   |
[INFO] [stdout] 6 | use std::{iter, slice, raw, mem};
[INFO] [stdout]   |                        ^^^ no `raw` in the root
[INFO] [stdout] 
[INFO] [stdout] 
[INFO] [stdout] error[E0432]: unresolved imports `std::collections::vec_map`, `std::collections::vec_map`
[INFO] [stdout]  --> src/vec_map.rs:2:23
[INFO] [stdout]   |
[INFO] [stdout] 2 | use std::collections::vec_map::{self, VecMap};
[INFO] [stdout]   |                       ^^^^^^^   ^^^^ no `vec_map` in `collections`
[INFO] [stdout]   |                       |
[INFO] [stdout]   |                       could not find `vec_map` in `collections`
[INFO] [stdout] 
[INFO] [stdout] 
[INFO] [stdout] error[E0432]: unresolved import `std::collections::BitSet`
[INFO] [stdout]  --> src/bit_set.rs:3:5
[INFO] [stdout]   |
[INFO] [stdout] 3 | use std::collections::BitSet;
[INFO] [stdout]   |     ^^^^^^^^^^^^^^^^^^^^^^^^ no `BitSet` in `collections`
[INFO] [stdout] 
[INFO] [stdout] 
[INFO] [stdout] error[E0554]: `#![feature]` may not be used on the beta release channel
[INFO] [stdout]  --> src/lib.rs:1:1
[INFO] [stdout]   |
[INFO] [stdout] 1 | #![feature(core)]
[INFO] [stdout]   | ^^^^^^^^^^^^^^^^^
[INFO] [stdout] 
[INFO] [stdout] 
[INFO] [stdout] error[E0554]: `#![feature]` may not be used on the beta release channel
[INFO] [stdout]  --> src/lib.rs:2:1
[INFO] [stdout]   |
[INFO] [stdout] 2 | #![feature(collections)]
[INFO] [stdout]   | ^^^^^^^^^^^^^^^^^^^^^^^^
[INFO] [stdout] 
[INFO] [stdout] 
[INFO] [stdout] error: Compilation failed, aborting rustdoc
[INFO] [stdout] 
[INFO] [stdout] 
[INFO] [stdout] error: aborting due to 8 previous errors
[INFO] [stdout] 
[INFO] [stdout] 
[INFO] [stdout] Some errors have detailed explanations: E0432, E0554.
[INFO] [stdout] 
[INFO] [stdout] For more information about an error, try `rustc --explain E0432`.
[INFO] [stdout] 
[INFO] [stderr] error: could not document `twre_ecs`
[INFO] [stderr] 
[INFO] [stderr] Caused by:
[INFO] [stderr]   process didn't exit successfully: `rustdoc --crate-type lib --crate-name twre_ecs src/lib.rs -o /opt/rustwide/target/doc --error-format=json --json=diagnostic-rendered-ansi --document-private-items -L dependency=/opt/rustwide/target/debug/deps --extern rustc_serialize=/opt/rustwide/target/debug/deps/librustc_serialize-ee311ccec3574ca0.rmeta --cap-lints=warn --crate-version 0.0.2` (exit status: 1)
[INFO] running `Command { std: "docker" "inspect" "09f6267c18def389a6aa9f8e416e5a144635b24ed845fb76337f3731cbbfcbbc", kill_on_drop: false }`
[INFO] running `Command { std: "docker" "rm" "-f" "09f6267c18def389a6aa9f8e416e5a144635b24ed845fb76337f3731cbbfcbbc", kill_on_drop: false }`
[INFO] [stdout] 09f6267c18def389a6aa9f8e416e5a144635b24ed845fb76337f3731cbbfcbbc
