[INFO] fetching crate tofu 0.1.11...
[INFO] documenting tofu-0.1.11 against beta-2021-08-01 for beta-1.55-rustdoc-1
[INFO] extracting crate tofu 0.1.11 into /workspace/builds/worker-1/source
[INFO] validating manifest of crates.io crate tofu 0.1.11 on toolchain beta-2021-08-01
[INFO] running `Command { std: "/workspace/cargo-home/bin/cargo" "+beta-2021-08-01" "metadata" "--manifest-path" "Cargo.toml" "--no-deps", kill_on_drop: false }`
[INFO] started tweaking crates.io crate tofu 0.1.11
[INFO] finished tweaking crates.io crate tofu 0.1.11
[INFO] tweaked toml for crates.io crate tofu 0.1.11 written to /workspace/builds/worker-1/source/Cargo.toml
[INFO] running `Command { std: "/workspace/cargo-home/bin/cargo" "+beta-2021-08-01" "generate-lockfile" "--manifest-path" "Cargo.toml" "-Zno-index-update", kill_on_drop: false }`
[INFO] running `Command { std: "/workspace/cargo-home/bin/cargo" "+beta-2021-08-01" "fetch" "--manifest-path" "Cargo.toml", kill_on_drop: false }`
[INFO] [stderr]  Downloading crates ...
[INFO] [stderr]   Downloaded odds v0.4.0
[INFO] running `Command { std: "docker" "create" "-v" "/var/lib/crater-agent-workspace/builds/worker-1/target:/opt/rustwide/target:rw,Z" "-v" "/var/lib/crater-agent-workspace/builds/worker-1/source:/opt/rustwide/workdir:ro,Z" "-v" "/var/lib/crater-agent-workspace/cargo-home:/opt/rustwide/cargo-home:ro,Z" "-v" "/var/lib/crater-agent-workspace/rustup-home:/opt/rustwide/rustup-home:ro,Z" "-e" "SOURCE_DIR=/opt/rustwide/workdir" "-e" "CARGO_TARGET_DIR=/opt/rustwide/target" "-e" "CARGO_HOME=/opt/rustwide/cargo-home" "-e" "RUSTUP_HOME=/opt/rustwide/rustup-home" "-w" "/opt/rustwide/workdir" "-m" "1610612736" "--user" "0:0" "--network" "none" "ghcr.io/rust-lang/crates-build-env/linux@sha256:34b6a614d2c27851fe6cbf88fbd1137609cefab8b10d0615aaeb6fd47975d74e" "/opt/rustwide/cargo-home/bin/cargo" "+beta-2021-08-01" "metadata" "--no-deps" "--format-version=1", kill_on_drop: false }`
[INFO] [stdout] b4f21c70e49f7c9555b3e9d8ab2f8bbe17ca3f61b8bdd9b334a359660bc950b3
[INFO] [stderr] WARNING: Your kernel does not support swap limit capabilities or the cgroup is not mounted. Memory limited without swap.
[INFO] running `Command { std: "docker" "start" "-a" "b4f21c70e49f7c9555b3e9d8ab2f8bbe17ca3f61b8bdd9b334a359660bc950b3", kill_on_drop: false }`
[INFO] running `Command { std: "docker" "inspect" "b4f21c70e49f7c9555b3e9d8ab2f8bbe17ca3f61b8bdd9b334a359660bc950b3", kill_on_drop: false }`
[INFO] running `Command { std: "docker" "rm" "-f" "b4f21c70e49f7c9555b3e9d8ab2f8bbe17ca3f61b8bdd9b334a359660bc950b3", kill_on_drop: false }`
[INFO] [stdout] b4f21c70e49f7c9555b3e9d8ab2f8bbe17ca3f61b8bdd9b334a359660bc950b3
[INFO] running `Command { std: "docker" "create" "-v" "/var/lib/crater-agent-workspace/builds/worker-1/target:/opt/rustwide/target:rw,Z" "-v" "/var/lib/crater-agent-workspace/builds/worker-1/source:/opt/rustwide/workdir:ro,Z" "-v" "/var/lib/crater-agent-workspace/cargo-home:/opt/rustwide/cargo-home:ro,Z" "-v" "/var/lib/crater-agent-workspace/rustup-home:/opt/rustwide/rustup-home:ro,Z" "-e" "SOURCE_DIR=/opt/rustwide/workdir" "-e" "CARGO_TARGET_DIR=/opt/rustwide/target" "-e" "CARGO_INCREMENTAL=0" "-e" "RUST_BACKTRACE=full" "-e" "RUSTDOCFLAGS=--cap-lints=warn" "-e" "CARGO_HOME=/opt/rustwide/cargo-home" "-e" "RUSTUP_HOME=/opt/rustwide/rustup-home" "-w" "/opt/rustwide/workdir" "-m" "1610612736" "--user" "0:0" "--network" "none" "ghcr.io/rust-lang/crates-build-env/linux@sha256:34b6a614d2c27851fe6cbf88fbd1137609cefab8b10d0615aaeb6fd47975d74e" "/opt/rustwide/cargo-home/bin/cargo" "+beta-2021-08-01" "doc" "--frozen" "--no-deps" "--document-private-items" "--message-format=json", kill_on_drop: false }`
[INFO] [stderr] WARNING: Your kernel does not support swap limit capabilities or the cgroup is not mounted. Memory limited without swap.
[INFO] [stdout] 967ad71cd78b24847e44699e08f587c1bb1b1ff582033013451d35cad7ae29d5
[INFO] running `Command { std: "docker" "start" "-a" "967ad71cd78b24847e44699e08f587c1bb1b1ff582033013451d35cad7ae29d5", kill_on_drop: false }`
[INFO] [stderr]  Documenting tofu v0.1.11 (/opt/rustwide/workdir)
[INFO] [stdout] error[E0433]: failed to resolve: could not find `crypto` in `openssl`
[INFO] [stdout]   --> src/lib.rs:15:18
[INFO] [stdout]    |
[INFO] [stdout] 15 | pub use openssl::crypto::pkey::PKey as Key;
[INFO] [stdout]    |                  ^^^^^^ could not find `crypto` in `openssl`
[INFO] [stdout] 
[INFO] [stdout] 
[INFO] [stdout] error[E0433]: failed to resolve: could not find `crypto` in `openssl`
[INFO] [stdout]    --> src/lib.rs:204:22
[INFO] [stdout]     |
[INFO] [stdout] 204 |         use openssl::crypto::hash::Type;
[INFO] [stdout]     |                      ^^^^^^ could not find `crypto` in `openssl`
[INFO] [stdout] 
[INFO] [stdout] 
[INFO] [stdout] error[E0433]: failed to resolve: could not find `crypto` in `openssl`
[INFO] [stdout]    --> src/lib.rs:239:22
[INFO] [stdout]     |
[INFO] [stdout] 239 |         use openssl::crypto::hash::Type;
[INFO] [stdout]     |                      ^^^^^^ could not find `crypto` in `openssl`
[INFO] [stdout] 
[INFO] [stdout] 
[INFO] [stdout] error[E0432]: unresolved imports `openssl::ssl::error::SslError`, `super::SslError`
[INFO] [stdout]    --> src/lib.rs:18:9
[INFO] [stdout]     |
[INFO] [stdout] 18  | pub use openssl::ssl::error::SslError;
[INFO] [stdout]     |         ^^^^^^^^^^^^^^^^^^^^^--------
[INFO] [stdout]     |         |                    |
[INFO] [stdout]     |         |                    help: a similar name exists in the module: `StdError`
[INFO] [stdout]     |         no `SslError` in `ssl::error`
[INFO] [stdout] ...
[INFO] [stdout] 122 |     use super::SslError;
[INFO] [stdout]     |         ^^^^^^^^^^^^^^^
[INFO] [stdout] 
[INFO] [stdout] 
[INFO] [stdout] error[E0412]: cannot find type `Key` in this scope
[INFO] [stdout]    --> src/lib.rs:228:14
[INFO] [stdout]     |
[INFO] [stdout] 228 |     pub key: Key,
[INFO] [stdout]     |              ^^^ not found in this scope
[INFO] [stdout] 
[INFO] [stdout] 
[INFO] [stdout] error[E0412]: cannot find type `Key` in this scope
[INFO] [stdout]    --> src/lib.rs:305:52
[INFO] [stdout]     |
[INFO] [stdout] 305 |     pub fn from(name: String, cert: Cert<'a>, key: Key) -> Self {
[INFO] [stdout]     |                                                    ^^^ not found in this scope
[INFO] [stdout] 
[INFO] [stdout] 
[INFO] [stdout] error[E0412]: cannot find type `Key` in this scope
[INFO] [stdout]    --> src/lib.rs:619:37
[INFO] [stdout]     |
[INFO] [stdout] 619 | pub type CtxCreate = Box<Fn(&Cert, &Key) -> Result<SslContext, SslError> + Send + 'static + Sync>;
[INFO] [stdout]     |                   -                 ^^^ not found in this scope
[INFO] [stdout]     |                   |
[INFO] [stdout]     |                   help: you might be missing a type parameter: `<Key>`
[INFO] [stdout] 
[INFO] [stdout] 
[INFO] [stdout] error[E0412]: cannot find type `Key` in this scope
[INFO] [stdout]    --> src/lib.rs:643:53
[INFO] [stdout]     |
[INFO] [stdout] 643 |     fn ctx_create<'a>(&self, cert: &Cert<'a>, key: &Key) -> Result<SslContext, SslError>
[INFO] [stdout]     |                                                     ^^^ not found in this scope
[INFO] [stdout] 
[INFO] [stdout] 
[INFO] [stdout] error[E0412]: cannot find type `Key` in this scope
[INFO] [stdout]    --> src/lib.rs:673:61
[INFO] [stdout]     |
[INFO] [stdout] 673 |     pub fn insert(&mut self, name: String, cert: Cert, key: Key) -> Result<u64, KeyStoreErr<'cert>>
[INFO] [stdout]     |                                                             ^^^ not found in this scope
[INFO] [stdout] 
[INFO] [stdout] 
[INFO] [stdout] error[E0603]: module `error` is private
[INFO] [stdout]    --> src/lib.rs:18:23
[INFO] [stdout]     |
[INFO] [stdout] 18  | pub use openssl::ssl::error::SslError;
[INFO] [stdout]     |                       ^^^^^ private module
[INFO] [stdout]     |
[INFO] [stdout] note: the module `error` is defined here
[INFO] [stdout]    --> /opt/rustwide/cargo-home/registry/src/github.com-1ecc6299db9ec823/openssl-0.10.35/src/ssl/mod.rs:113:1
[INFO] [stdout]     |
[INFO] [stdout] 113 | mod error;
[INFO] [stdout]     | ^^^^^^^^^^
[INFO] [stdout] 
[INFO] [stdout] 
[INFO] [stdout] error: Compilation failed, aborting rustdoc
[INFO] [stdout] 
[INFO] [stdout] 
[INFO] [stdout] error: aborting due to 11 previous errors
[INFO] [stdout] 
[INFO] [stdout] 
[INFO] [stdout] Some errors have detailed explanations: E0412, E0432, E0433, E0603.
[INFO] [stdout] 
[INFO] [stdout] For more information about an error, try `rustc --explain E0412`.
[INFO] [stdout] 
[INFO] [stderr] error: could not document `tofu`
[INFO] [stderr] 
[INFO] [stderr] Caused by:
[INFO] [stderr]   process didn't exit successfully: `rustdoc --crate-type lib --crate-name tofu src/lib.rs -o /opt/rustwide/target/doc --error-format=json --json=diagnostic-rendered-ansi --document-private-items -L dependency=/opt/rustwide/target/debug/deps --extern log=/opt/rustwide/target/debug/deps/liblog-56a705720bafac8d.rmeta --extern openssl=/opt/rustwide/target/debug/deps/libopenssl-4233496c52fc0690.rmeta --extern tempdir=/opt/rustwide/target/debug/deps/libtempdir-85b20b722da98386.rmeta --cap-lints=warn --crate-version 0.1.11` (exit status: 1)
[INFO] running `Command { std: "docker" "inspect" "967ad71cd78b24847e44699e08f587c1bb1b1ff582033013451d35cad7ae29d5", kill_on_drop: false }`
[INFO] running `Command { std: "docker" "rm" "-f" "967ad71cd78b24847e44699e08f587c1bb1b1ff582033013451d35cad7ae29d5", kill_on_drop: false }`
[INFO] [stdout] 967ad71cd78b24847e44699e08f587c1bb1b1ff582033013451d35cad7ae29d5
