[INFO] fetching crate systemd-crontab-generator 1.0.2...
[INFO] documenting systemd-crontab-generator-1.0.2 against 1.54.0 for beta-1.55-rustdoc-1
[INFO] extracting crate systemd-crontab-generator 1.0.2 into /workspace/builds/worker-10/source
[INFO] validating manifest of crates.io crate systemd-crontab-generator 1.0.2 on toolchain 1.54.0
[INFO] running `Command { std: "/workspace/cargo-home/bin/cargo" "+1.54.0" "metadata" "--manifest-path" "Cargo.toml" "--no-deps", kill_on_drop: false }`
[INFO] started tweaking crates.io crate systemd-crontab-generator 1.0.2
[INFO] finished tweaking crates.io crate systemd-crontab-generator 1.0.2
[INFO] tweaked toml for crates.io crate systemd-crontab-generator 1.0.2 written to /workspace/builds/worker-10/source/Cargo.toml
[INFO] running `Command { std: "/workspace/cargo-home/bin/cargo" "+1.54.0" "generate-lockfile" "--manifest-path" "Cargo.toml" "-Zno-index-update", kill_on_drop: false }`
[INFO] running `Command { std: "/workspace/cargo-home/bin/cargo" "+1.54.0" "fetch" "--manifest-path" "Cargo.toml", kill_on_drop: false }`
[INFO] [stderr]  Downloading crates ...
[INFO] [stderr]   Downloaded cronparse v0.5.1
[INFO] [stderr]   Downloaded kernlog v0.2.1
[INFO] [stderr]   Downloaded pgs-files v0.0.6
[INFO] [stderr]   Downloaded md5 v0.1.1
[INFO] [stderr]   Downloaded users v0.5.3
[INFO] [stderr]   Downloaded handlebars v0.12.1
[INFO] [stderr]   Downloaded skeptic v0.5.0
[INFO] running `Command { std: "docker" "create" "-v" "/var/lib/crater-agent-workspace/builds/worker-10/target:/opt/rustwide/target:rw,Z" "-v" "/var/lib/crater-agent-workspace/builds/worker-10/source:/opt/rustwide/workdir:ro,Z" "-v" "/var/lib/crater-agent-workspace/cargo-home:/opt/rustwide/cargo-home:ro,Z" "-v" "/var/lib/crater-agent-workspace/rustup-home:/opt/rustwide/rustup-home:ro,Z" "-e" "SOURCE_DIR=/opt/rustwide/workdir" "-e" "CARGO_TARGET_DIR=/opt/rustwide/target" "-e" "CARGO_HOME=/opt/rustwide/cargo-home" "-e" "RUSTUP_HOME=/opt/rustwide/rustup-home" "-w" "/opt/rustwide/workdir" "-m" "1610612736" "--user" "0:0" "--network" "none" "ghcr.io/rust-lang/crates-build-env/linux@sha256:34b6a614d2c27851fe6cbf88fbd1137609cefab8b10d0615aaeb6fd47975d74e" "/opt/rustwide/cargo-home/bin/cargo" "+1.54.0" "metadata" "--no-deps" "--format-version=1", kill_on_drop: false }`
[INFO] [stderr] WARNING: Your kernel does not support swap limit capabilities or the cgroup is not mounted. Memory limited without swap.
[INFO] [stdout] 050310d36df95d9f11cbd3036ff3a8c7d0a1a5e53da51d84f20f22421143bda9
[INFO] running `Command { std: "docker" "start" "-a" "050310d36df95d9f11cbd3036ff3a8c7d0a1a5e53da51d84f20f22421143bda9", kill_on_drop: false }`
[INFO] running `Command { std: "docker" "inspect" "050310d36df95d9f11cbd3036ff3a8c7d0a1a5e53da51d84f20f22421143bda9", kill_on_drop: false }`
[INFO] running `Command { std: "docker" "rm" "-f" "050310d36df95d9f11cbd3036ff3a8c7d0a1a5e53da51d84f20f22421143bda9", kill_on_drop: false }`
[INFO] [stdout] 050310d36df95d9f11cbd3036ff3a8c7d0a1a5e53da51d84f20f22421143bda9
[INFO] running `Command { std: "docker" "create" "-v" "/var/lib/crater-agent-workspace/builds/worker-10/target:/opt/rustwide/target:rw,Z" "-v" "/var/lib/crater-agent-workspace/builds/worker-10/source:/opt/rustwide/workdir:ro,Z" "-v" "/var/lib/crater-agent-workspace/cargo-home:/opt/rustwide/cargo-home:ro,Z" "-v" "/var/lib/crater-agent-workspace/rustup-home:/opt/rustwide/rustup-home:ro,Z" "-e" "SOURCE_DIR=/opt/rustwide/workdir" "-e" "CARGO_TARGET_DIR=/opt/rustwide/target" "-e" "CARGO_INCREMENTAL=0" "-e" "RUST_BACKTRACE=full" "-e" "RUSTDOCFLAGS=--cap-lints=warn" "-e" "CARGO_HOME=/opt/rustwide/cargo-home" "-e" "RUSTUP_HOME=/opt/rustwide/rustup-home" "-w" "/opt/rustwide/workdir" "-m" "1610612736" "--user" "0:0" "--network" "none" "ghcr.io/rust-lang/crates-build-env/linux@sha256:34b6a614d2c27851fe6cbf88fbd1137609cefab8b10d0615aaeb6fd47975d74e" "/opt/rustwide/cargo-home/bin/cargo" "+1.54.0" "doc" "--frozen" "--no-deps" "--document-private-items" "--message-format=json", kill_on_drop: false }`
[INFO] [stdout] 91e2664e3bf8aee5265d19276dbbf69edb03c0036f0b33e16916068e88a31a9d
[INFO] [stderr] WARNING: Your kernel does not support swap limit capabilities or the cgroup is not mounted. Memory limited without swap.
[INFO] running `Command { std: "docker" "start" "-a" "91e2664e3bf8aee5265d19276dbbf69edb03c0036f0b33e16916068e88a31a9d", kill_on_drop: false }`
[INFO] [stderr]    Compiling quick-error v0.1.4
[INFO] [stderr]    Compiling lazy_static v0.1.16
[INFO] [stderr]     Checking md5 v0.1.1
[INFO] [stderr]    Compiling getopts v0.2.21
[INFO] [stderr]     Checking pgs-files v0.0.6
[INFO] [stderr]    Compiling num-traits v0.2.14
[INFO] [stderr]     Checking kernlog v0.2.1
[INFO] [stderr]     Checking users v0.5.3
[INFO] [stderr]     Checking tempfile v1.1.3
[INFO] [stderr]    Compiling regex v0.1.80
[INFO] [stdout] error[E0432]: unresolved imports `log::LogMetadata`, `log::LogRecord`, `log::LogLevel`, `log::MaxLogLevelFilter`, `log::LogLevelFilter`
[INFO] [stdout]   --> /opt/rustwide/cargo-home/registry/src/github.com-1ecc6299db9ec823/kernlog-0.2.1/src/lib.rs:54:16
[INFO] [stdout]    |
[INFO] [stdout] 54 | use log::{Log, LogMetadata, LogRecord, LogLevel, MaxLogLevelFilter, LogLevelFilter, SetLoggerError};
[INFO] [stdout]    |                ^^^^^^^^^^^  ^^^^^^^^^  ^^^^^^^^  ^^^^^^^^^^^^^^^^^  ^^^^^^^^^^^^^^ no `LogLevelFilter` in the root
[INFO] [stdout]    |                |            |          |         |
[INFO] [stdout]    |                |            |          |         no `MaxLogLevelFilter` in the root
[INFO] [stdout]    |                |            |          no `LogLevel` in the root
[INFO] [stdout]    |                |            no `LogRecord` in the root
[INFO] [stdout]    |                no `LogMetadata` in the root
[INFO] [stdout]    |
[INFO] [stdout] help: a similar name exists in the module
[INFO] [stdout]    |
[INFO] [stdout] 54 | use log::{Log, Metadata, LogRecord, LogLevel, MaxLogLevelFilter, LogLevelFilter, SetLoggerError};
[INFO] [stdout]    |                ^^^^^^^^
[INFO] [stdout] help: a similar name exists in the module
[INFO] [stdout]    |
[INFO] [stdout] 54 | use log::{Log, LogMetadata, Record, LogLevel, MaxLogLevelFilter, LogLevelFilter, SetLoggerError};
[INFO] [stdout]    |                             ^^^^^^
[INFO] [stdout] help: a similar name exists in the module
[INFO] [stdout]    |
[INFO] [stdout] 54 | use log::{Log, LogMetadata, LogRecord, LogLevel, MaxLogLevelFilter, LevelFilter, SetLoggerError};
[INFO] [stdout]    |                                                                     ^^^^^^^^^^^
[INFO] [stdout] 
[INFO] [stdout] 
[INFO] [stdout] error[E0046]: not all trait items implemented, missing: `flush`
[INFO] [stdout]    --> /opt/rustwide/cargo-home/registry/src/github.com-1ecc6299db9ec823/kernlog-0.2.1/src/lib.rs:101:1
[INFO] [stdout]     |
[INFO] [stdout] 101 | impl Log for KernelLog {
[INFO] [stdout]     | ^^^^^^^^^^^^^^^^^^^^^^ missing `flush` in implementation
[INFO] [stdout]     |
[INFO] [stdout]     = help: implement the missing item: `fn flush(&self) { todo!() }`
[INFO] [stdout] 
[INFO] [stdout] 
[INFO] [stdout] error[E0308]: mismatched types
[INFO] [stdout]    --> /opt/rustwide/cargo-home/registry/src/github.com-1ecc6299db9ec823/kernlog-0.2.1/src/lib.rs:157:21
[INFO] [stdout]     |
[INFO] [stdout] 157 |     log::set_logger(KernelLog::init)
[INFO] [stdout]     |                     ^^^^^^^^^^^^^^^
[INFO] [stdout]     |                     |
[INFO] [stdout]     |                     expected reference, found fn item
[INFO] [stdout]     |                     help: consider borrowing here: `&KernelLog::init`
[INFO] [stdout]     |
[INFO] [stdout]     = note: expected reference `&'static (dyn Log + 'static)`
[INFO] [stdout]                  found fn item `fn([type error]) -> Box<(dyn Log + 'static)> {KernelLog::init}`
[INFO] [stdout] 
[INFO] [stdout] 
[INFO] [stdout] error: aborting due to 3 previous errors
[INFO] [stdout] 
[INFO] [stdout] 
[INFO] [stdout] Some errors have detailed explanations: E0046, E0308, E0432.
[INFO] [stdout] 
[INFO] [stdout] For more information about an error, try `rustc --explain E0046`.
[INFO] [stdout] 
[INFO] [stderr] error: could not compile `kernlog`
[INFO] [stderr] 
[INFO] [stderr] To learn more, run the command again with --verbose.
[INFO] [stderr] warning: build failed, waiting for other jobs to finish...
[INFO] [stderr] error: build failed
[INFO] running `Command { std: "docker" "inspect" "91e2664e3bf8aee5265d19276dbbf69edb03c0036f0b33e16916068e88a31a9d", kill_on_drop: false }`
[INFO] running `Command { std: "docker" "rm" "-f" "91e2664e3bf8aee5265d19276dbbf69edb03c0036f0b33e16916068e88a31a9d", kill_on_drop: false }`
[INFO] [stdout] 91e2664e3bf8aee5265d19276dbbf69edb03c0036f0b33e16916068e88a31a9d
