[INFO] fetching crate syringe 0.1.0...
[INFO] documenting syringe-0.1.0 against 1.54.0 for beta-1.55-rustdoc-1
[INFO] extracting crate syringe 0.1.0 into /workspace/builds/worker-4/source
[INFO] validating manifest of crates.io crate syringe 0.1.0 on toolchain 1.54.0
[INFO] running `Command { std: "/workspace/cargo-home/bin/cargo" "+1.54.0" "metadata" "--manifest-path" "Cargo.toml" "--no-deps", kill_on_drop: false }`
[INFO] started tweaking crates.io crate syringe 0.1.0
[INFO] finished tweaking crates.io crate syringe 0.1.0
[INFO] tweaked toml for crates.io crate syringe 0.1.0 written to /workspace/builds/worker-4/source/Cargo.toml
[INFO] crate crates.io crate syringe 0.1.0 already has a lockfile, it will not be regenerated
[INFO] running `Command { std: "/workspace/cargo-home/bin/cargo" "+1.54.0" "fetch" "--manifest-path" "Cargo.toml", kill_on_drop: false }`
[INFO] running `Command { std: "docker" "create" "-v" "/var/lib/crater-agent-workspace/builds/worker-4/target:/opt/rustwide/target:rw,Z" "-v" "/var/lib/crater-agent-workspace/builds/worker-4/source:/opt/rustwide/workdir:ro,Z" "-v" "/var/lib/crater-agent-workspace/cargo-home:/opt/rustwide/cargo-home:ro,Z" "-v" "/var/lib/crater-agent-workspace/rustup-home:/opt/rustwide/rustup-home:ro,Z" "-e" "SOURCE_DIR=/opt/rustwide/workdir" "-e" "CARGO_TARGET_DIR=/opt/rustwide/target" "-e" "CARGO_HOME=/opt/rustwide/cargo-home" "-e" "RUSTUP_HOME=/opt/rustwide/rustup-home" "-w" "/opt/rustwide/workdir" "-m" "1610612736" "--user" "0:0" "--network" "none" "ghcr.io/rust-lang/crates-build-env/linux@sha256:34b6a614d2c27851fe6cbf88fbd1137609cefab8b10d0615aaeb6fd47975d74e" "/opt/rustwide/cargo-home/bin/cargo" "+1.54.0" "metadata" "--no-deps" "--format-version=1", kill_on_drop: false }`
[INFO] [stdout] 126dd1db0b797e3066d1932399d6793887eb5a98d7357d8bceaeeaf53e654195
[INFO] [stderr] WARNING: Your kernel does not support swap limit capabilities or the cgroup is not mounted. Memory limited without swap.
[INFO] running `Command { std: "docker" "start" "-a" "126dd1db0b797e3066d1932399d6793887eb5a98d7357d8bceaeeaf53e654195", kill_on_drop: false }`
[INFO] running `Command { std: "docker" "inspect" "126dd1db0b797e3066d1932399d6793887eb5a98d7357d8bceaeeaf53e654195", kill_on_drop: false }`
[INFO] running `Command { std: "docker" "rm" "-f" "126dd1db0b797e3066d1932399d6793887eb5a98d7357d8bceaeeaf53e654195", kill_on_drop: false }`
[INFO] [stdout] 126dd1db0b797e3066d1932399d6793887eb5a98d7357d8bceaeeaf53e654195
[INFO] running `Command { std: "docker" "create" "-v" "/var/lib/crater-agent-workspace/builds/worker-4/target:/opt/rustwide/target:rw,Z" "-v" "/var/lib/crater-agent-workspace/builds/worker-4/source:/opt/rustwide/workdir:ro,Z" "-v" "/var/lib/crater-agent-workspace/cargo-home:/opt/rustwide/cargo-home:ro,Z" "-v" "/var/lib/crater-agent-workspace/rustup-home:/opt/rustwide/rustup-home:ro,Z" "-e" "SOURCE_DIR=/opt/rustwide/workdir" "-e" "CARGO_TARGET_DIR=/opt/rustwide/target" "-e" "CARGO_INCREMENTAL=0" "-e" "RUST_BACKTRACE=full" "-e" "RUSTDOCFLAGS=--cap-lints=warn" "-e" "CARGO_HOME=/opt/rustwide/cargo-home" "-e" "RUSTUP_HOME=/opt/rustwide/rustup-home" "-w" "/opt/rustwide/workdir" "-m" "1610612736" "--user" "0:0" "--network" "none" "ghcr.io/rust-lang/crates-build-env/linux@sha256:34b6a614d2c27851fe6cbf88fbd1137609cefab8b10d0615aaeb6fd47975d74e" "/opt/rustwide/cargo-home/bin/cargo" "+1.54.0" "doc" "--frozen" "--no-deps" "--document-private-items" "--message-format=json", kill_on_drop: false }`
[INFO] [stderr] WARNING: Your kernel does not support swap limit capabilities or the cgroup is not mounted. Memory limited without swap.
[INFO] [stdout] 62467beae817ee554da706713bda9214017536746f1f82f69ffeed15841085b0
[INFO] running `Command { std: "docker" "start" "-a" "62467beae817ee554da706713bda9214017536746f1f82f69ffeed15841085b0", kill_on_drop: false }`
[INFO] [stderr]    Compiling syn v1.0.48
[INFO] [stderr]    Compiling libc v0.2.80
[INFO] [stderr]    Compiling winapi v0.3.9
[INFO] [stderr]     Checking dunce v1.0.1
[INFO] [stderr]     Checking atty v0.2.14
[INFO] [stderr]     Checking clap v2.33.3
[INFO] [stderr]    Compiling proc-macro-error v1.0.4
[INFO] [stderr]    Compiling thiserror-impl v1.0.21
[INFO] [stderr]    Compiling structopt-derive v0.4.13
[INFO] [stderr]     Checking thiserror v1.0.21
[INFO] [stderr]     Checking structopt v0.3.20
[INFO] [stderr]  Documenting syringe v0.1.0 (/opt/rustwide/workdir)
[INFO] [stdout] error[E0433]: failed to resolve: could not find `windows` in `os`
[INFO] [stdout]   --> src/lib.rs:11:14
[INFO] [stdout]    |
[INFO] [stdout] 11 | use std::os::windows::ffi::{OsStrExt, OsStringExt};
[INFO] [stdout]    |              ^^^^^^^ could not find `windows` in `os`
[INFO] [stdout] 
[INFO] [stdout] 
[INFO] [stdout] error[E0433]: failed to resolve: could not find `shared` in `winapi`
[INFO] [stdout]   --> src/lib.rs:16:13
[INFO] [stdout]    |
[INFO] [stdout] 16 | use winapi::shared::minwindef::*;
[INFO] [stdout]    |             ^^^^^^ could not find `shared` in `winapi`
[INFO] [stdout] 
[INFO] [stdout] 
[INFO] [stdout] error[E0433]: failed to resolve: could not find `um` in `winapi`
[INFO] [stdout]   --> src/lib.rs:17:13
[INFO] [stdout]    |
[INFO] [stdout] 17 | use winapi::um::{
[INFO] [stdout]    |             ^^ could not find `um` in `winapi`
[INFO] [stdout] 
[INFO] [stdout] 
[INFO] [stdout] error[E0432]: unresolved import `dunce`
[INFO] [stdout]   --> src/lib.rs:15:5
[INFO] [stdout]    |
[INFO] [stdout] 15 | use dunce;
[INFO] [stdout]    |     ^^^^^
[INFO] [stdout] 
[INFO] [stdout] 
[INFO] [stdout] error[E0433]: failed to resolve: could not find `ctypes` in `winapi`
[INFO] [stdout]   --> src/lib.rs:35:70
[INFO] [stdout]    |
[INFO] [stdout] 35 | type LPThreadStartRoutineFn = unsafe extern "system" fn(*mut winapi::ctypes::c_void) -> u32;
[INFO] [stdout]    |                                                                      ^^^^^^ could not find `ctypes` in `winapi`
[INFO] [stdout] 
[INFO] [stdout] 
[INFO] [stdout] error[E0412]: cannot find type `DWORD` in this scope
[INFO] [stdout]   --> src/lib.rs:38:17
[INFO] [stdout]    |
[INFO] [stdout] 38 |     process_id: DWORD,
[INFO] [stdout]    |                 ^^^^^ not found in this scope
[INFO] [stdout] 
[INFO] [stdout] 
[INFO] [stdout] error[E0412]: cannot find type `DWORD` in this scope
[INFO] [stdout]   --> src/lib.rs:45:21
[INFO] [stdout]    |
[INFO] [stdout] 45 |         process_id: DWORD,
[INFO] [stdout]    |                     ^^^^^ not found in this scope
[INFO] [stdout] 
[INFO] [stdout] 
[INFO] [stdout] error[E0412]: cannot find type `DWORD` in this scope
[INFO] [stdout]    --> src/lib.rs:209:44
[INFO] [stdout]     |
[INFO] [stdout] 209 | fn get_pid_from_name(name: &str) -> Option<DWORD> {
[INFO] [stdout]     |                     -                      ^^^^^ not found in this scope
[INFO] [stdout]     |                     |
[INFO] [stdout]     |                     help: you might be missing a type parameter: `<DWORD>`
[INFO] [stdout] 
[INFO] [stdout] 
[INFO] [stdout] error: Compilation failed, aborting rustdoc
[INFO] [stdout] 
[INFO] [stdout] 
[INFO] [stdout] error: aborting due to 9 previous errors
[INFO] [stdout] 
[INFO] [stdout] 
[INFO] [stdout] Some errors have detailed explanations: E0412, E0432, E0433.
[INFO] [stdout] 
[INFO] [stdout] For more information about an error, try `rustc --explain E0412`.
[INFO] [stdout] 
[INFO] [stderr] error: could not document `syringe`
[INFO] [stderr] 
[INFO] [stderr] Caused by:
[INFO] [stderr]   process didn't exit successfully: `rustdoc --edition=2018 --crate-type lib --crate-name syringe src/lib.rs -o /opt/rustwide/target/doc --error-format=json --json=diagnostic-rendered-ansi --document-private-items -L dependency=/opt/rustwide/target/debug/deps --extern dunce=/opt/rustwide/target/debug/deps/libdunce-f420d9d7dc8abcb1.rmeta --extern structopt=/opt/rustwide/target/debug/deps/libstructopt-d98158d1a6702a3e.rmeta --extern thiserror=/opt/rustwide/target/debug/deps/libthiserror-0424a258b2f4a17a.rmeta --extern winapi=/opt/rustwide/target/debug/deps/libwinapi-abe3b3188f51c68c.rmeta --cap-lints=warn --crate-version 0.1.0` (exit status: 1)
[INFO] running `Command { std: "docker" "inspect" "62467beae817ee554da706713bda9214017536746f1f82f69ffeed15841085b0", kill_on_drop: false }`
[INFO] running `Command { std: "docker" "rm" "-f" "62467beae817ee554da706713bda9214017536746f1f82f69ffeed15841085b0", kill_on_drop: false }`
[INFO] [stdout] 62467beae817ee554da706713bda9214017536746f1f82f69ffeed15841085b0
