[INFO] fetching crate syntaxdot 0.4.0...
[INFO] documenting syntaxdot-0.4.0 against 1.54.0 for beta-1.55-rustdoc-1
[INFO] extracting crate syntaxdot 0.4.0 into /workspace/builds/worker-3/source
[INFO] validating manifest of crates.io crate syntaxdot 0.4.0 on toolchain 1.54.0
[INFO] running `Command { std: "/workspace/cargo-home/bin/cargo" "+1.54.0" "metadata" "--manifest-path" "Cargo.toml" "--no-deps", kill_on_drop: false }`
[INFO] started tweaking crates.io crate syntaxdot 0.4.0
[INFO] finished tweaking crates.io crate syntaxdot 0.4.0
[INFO] tweaked toml for crates.io crate syntaxdot 0.4.0 written to /workspace/builds/worker-3/source/Cargo.toml
[INFO] running `Command { std: "/workspace/cargo-home/bin/cargo" "+1.54.0" "generate-lockfile" "--manifest-path" "Cargo.toml" "-Zno-index-update", kill_on_drop: false }`
[INFO] running `Command { std: "/workspace/cargo-home/bin/cargo" "+1.54.0" "fetch" "--manifest-path" "Cargo.toml", kill_on_drop: false }`
[INFO] running `Command { std: "docker" "create" "-v" "/var/lib/crater-agent-workspace/builds/worker-3/target:/opt/rustwide/target:rw,Z" "-v" "/var/lib/crater-agent-workspace/builds/worker-3/source:/opt/rustwide/workdir:ro,Z" "-v" "/var/lib/crater-agent-workspace/cargo-home:/opt/rustwide/cargo-home:ro,Z" "-v" "/var/lib/crater-agent-workspace/rustup-home:/opt/rustwide/rustup-home:ro,Z" "-e" "SOURCE_DIR=/opt/rustwide/workdir" "-e" "CARGO_TARGET_DIR=/opt/rustwide/target" "-e" "CARGO_HOME=/opt/rustwide/cargo-home" "-e" "RUSTUP_HOME=/opt/rustwide/rustup-home" "-w" "/opt/rustwide/workdir" "-m" "1610612736" "--user" "0:0" "--network" "none" "ghcr.io/rust-lang/crates-build-env/linux@sha256:34b6a614d2c27851fe6cbf88fbd1137609cefab8b10d0615aaeb6fd47975d74e" "/opt/rustwide/cargo-home/bin/cargo" "+1.54.0" "metadata" "--no-deps" "--format-version=1", kill_on_drop: false }`
[INFO] [stdout] a325adbf4a86c73cb83ef0e8653c83b58d9a52c703bb5e8f0765a5692e2b5f8c
[INFO] [stderr] WARNING: Your kernel does not support swap limit capabilities or the cgroup is not mounted. Memory limited without swap.
[INFO] running `Command { std: "docker" "start" "-a" "a325adbf4a86c73cb83ef0e8653c83b58d9a52c703bb5e8f0765a5692e2b5f8c", kill_on_drop: false }`
[INFO] running `Command { std: "docker" "inspect" "a325adbf4a86c73cb83ef0e8653c83b58d9a52c703bb5e8f0765a5692e2b5f8c", kill_on_drop: false }`
[INFO] running `Command { std: "docker" "rm" "-f" "a325adbf4a86c73cb83ef0e8653c83b58d9a52c703bb5e8f0765a5692e2b5f8c", kill_on_drop: false }`
[INFO] [stdout] a325adbf4a86c73cb83ef0e8653c83b58d9a52c703bb5e8f0765a5692e2b5f8c
[INFO] running `Command { std: "docker" "create" "-v" "/var/lib/crater-agent-workspace/builds/worker-3/target:/opt/rustwide/target:rw,Z" "-v" "/var/lib/crater-agent-workspace/builds/worker-3/source:/opt/rustwide/workdir:ro,Z" "-v" "/var/lib/crater-agent-workspace/cargo-home:/opt/rustwide/cargo-home:ro,Z" "-v" "/var/lib/crater-agent-workspace/rustup-home:/opt/rustwide/rustup-home:ro,Z" "-e" "SOURCE_DIR=/opt/rustwide/workdir" "-e" "CARGO_TARGET_DIR=/opt/rustwide/target" "-e" "CARGO_INCREMENTAL=0" "-e" "RUST_BACKTRACE=full" "-e" "RUSTDOCFLAGS=--cap-lints=warn" "-e" "CARGO_HOME=/opt/rustwide/cargo-home" "-e" "RUSTUP_HOME=/opt/rustwide/rustup-home" "-w" "/opt/rustwide/workdir" "-m" "1610612736" "--user" "0:0" "--network" "none" "ghcr.io/rust-lang/crates-build-env/linux@sha256:34b6a614d2c27851fe6cbf88fbd1137609cefab8b10d0615aaeb6fd47975d74e" "/opt/rustwide/cargo-home/bin/cargo" "+1.54.0" "doc" "--frozen" "--no-deps" "--document-private-items" "--message-format=json", kill_on_drop: false }`
[INFO] [stdout] 6ff66f160466de2cc4e33c08cd0c403baf0bc70fc0c93899009e7a0b1df8f17b
[INFO] [stderr] WARNING: Your kernel does not support swap limit capabilities or the cgroup is not mounted. Memory limited without swap.
[INFO] running `Command { std: "docker" "start" "-a" "6ff66f160466de2cc4e33c08cd0c403baf0bc70fc0c93899009e7a0b1df8f17b", kill_on_drop: false }`
[INFO] [stderr]    Compiling fst v0.4.7
[INFO] [stderr]     Checking bytes v1.0.1
[INFO] [stderr]     Checking seqalign v0.2.2
[INFO] [stderr]    Compiling libz-sys v1.1.3
[INFO] [stderr]    Compiling curl-sys v0.4.45+curl-7.78.0
[INFO] [stderr]    Compiling sentencepiece-sys v0.7.1
[INFO] [stderr]    Compiling bzip2-sys v0.1.11+1.0.8
[INFO] [stderr]    Compiling time v0.1.43
[INFO] [stderr]    Compiling socket2 v0.4.1
[INFO] [stderr]    Compiling openssl-sys v0.9.65
[INFO] [stderr]    Compiling flate2 v1.0.20
[INFO] [stderr]     Checking ordered-float v2.7.0
[INFO] [stderr]    Compiling prost-derive v0.8.0
[INFO] [stderr]    Compiling num-derive v0.3.3
[INFO] [stderr]     Checking udgraph v0.7.0
[INFO] [stderr]    Compiling caseless v0.2.1
[INFO] [stderr]     Checking zip v0.5.13
[INFO] [stderr]     Checking numberer v0.2.0
[INFO] [stderr]     Checking serde_json v1.0.66
[INFO] [stderr]     Checking toml v0.5.8
[INFO] [stderr]    Compiling bzip2 v0.4.3
[INFO] [stderr]     Checking conllu v0.7.0
[INFO] [stderr]     Checking wordpieces v0.5.0
[INFO] [stderr]     Checking ohnomore v0.4.0
[INFO] [stderr]     Checking syntaxdot-encoders v0.4.0
[INFO] [stderr]     Checking prost v0.8.0
[INFO] [stderr]    Compiling curl v0.4.38
[INFO] [stderr]    Compiling torch-sys v0.5.0
[INFO] [stderr] error: failed to run custom build command for `sentencepiece-sys v0.7.1`
[INFO] [stderr] 
[INFO] [stderr] Caused by:
[INFO] [stderr]   process didn't exit successfully: `/opt/rustwide/target/debug/build/sentencepiece-sys-171060628f0f944a/build-script-build` (exit status: 101)
[INFO] [stderr]   --- stdout
[INFO] [stderr]   cargo:rerun-if-env-changed=SENTENCEPIECE_NO_PKG_CONFIG
[INFO] [stderr]   cargo:rerun-if-env-changed=PKG_CONFIG
[INFO] [stderr]   cargo:rerun-if-env-changed=SENTENCEPIECE_STATIC
[INFO] [stderr]   cargo:rerun-if-env-changed=SENTENCEPIECE_DYNAMIC
[INFO] [stderr]   cargo:rerun-if-env-changed=PKG_CONFIG_ALL_STATIC
[INFO] [stderr]   cargo:rerun-if-env-changed=PKG_CONFIG_ALL_DYNAMIC
[INFO] [stderr]   cargo:rerun-if-env-changed=PKG_CONFIG_PATH_x86_64-unknown-linux-gnu
[INFO] [stderr]   cargo:rerun-if-env-changed=PKG_CONFIG_PATH_x86_64_unknown_linux_gnu
[INFO] [stderr]   cargo:rerun-if-env-changed=HOST_PKG_CONFIG_PATH
[INFO] [stderr]   cargo:rerun-if-env-changed=PKG_CONFIG_PATH
[INFO] [stderr]   cargo:rerun-if-env-changed=PKG_CONFIG_LIBDIR_x86_64-unknown-linux-gnu
[INFO] [stderr]   cargo:rerun-if-env-changed=PKG_CONFIG_LIBDIR_x86_64_unknown_linux_gnu
[INFO] [stderr]   cargo:rerun-if-env-changed=HOST_PKG_CONFIG_LIBDIR
[INFO] [stderr]   cargo:rerun-if-env-changed=PKG_CONFIG_LIBDIR
[INFO] [stderr]   cargo:rerun-if-env-changed=PKG_CONFIG_SYSROOT_DIR_x86_64-unknown-linux-gnu
[INFO] [stderr]   cargo:rerun-if-env-changed=PKG_CONFIG_SYSROOT_DIR_x86_64_unknown_linux_gnu
[INFO] [stderr]   cargo:rerun-if-env-changed=HOST_PKG_CONFIG_SYSROOT_DIR
[INFO] [stderr]   cargo:rerun-if-env-changed=PKG_CONFIG_SYSROOT_DIR
[INFO] [stderr]   running: "cmake" "/opt/rustwide/cargo-home/registry/src/github.com-1ecc6299db9ec823/sentencepiece-sys-0.7.1/source" "-DCMAKE_INSTALL_PREFIX=/opt/rustwide/target/debug/build/sentencepiece-sys-22ec230a37d9125a/out" "-DCMAKE_C_FLAGS= -ffunction-sections -fdata-sections -fPIC -m64" "-DCMAKE_C_COMPILER=/usr/bin/cc" "-DCMAKE_CXX_FLAGS= -ffunction-sections -fdata-sections -fPIC -m64" "-DCMAKE_CXX_COMPILER=/usr/bin/c++" "-DCMAKE_ASM_FLAGS= -ffunction-sections -fdata-sections -fPIC -m64" "-DCMAKE_ASM_COMPILER=/usr/bin/cc" "-DCMAKE_BUILD_TYPE=Debug"
[INFO] [stderr]   -- VERSION: 0.1.96
[INFO] [stderr]   -- The C compiler identification is GNU 9.3.0
[INFO] [stderr]   -- The CXX compiler identification is GNU 9.3.0
[INFO] [stderr]   -- Check for working C compiler: /usr/bin/cc
[INFO] [stderr]   -- Check for working C compiler: /usr/bin/cc -- works
[INFO] [stderr]   -- Detecting C compiler ABI info
[INFO] [stderr]   -- Detecting C compiler ABI info - done
[INFO] [stderr]   -- Detecting C compile features
[INFO] [stderr]   -- Detecting C compile features - done
[INFO] [stderr]   -- Check for working CXX compiler: /usr/bin/c++
[INFO] [stderr]   -- Check for working CXX compiler: /usr/bin/c++ -- works
[INFO] [stderr]   -- Detecting CXX compiler ABI info
[INFO] [stderr]   -- Detecting CXX compiler ABI info - done
[INFO] [stderr]   -- Detecting CXX compile features
[INFO] [stderr]   -- Detecting CXX compile features - done
[INFO] [stderr]   -- Looking for pthread.h
[INFO] [stderr]   -- Looking for pthread.h - found
[INFO] [stderr]   -- Performing Test CMAKE_HAVE_LIBC_PTHREAD
[INFO] [stderr]   -- Performing Test CMAKE_HAVE_LIBC_PTHREAD - Failed
[INFO] [stderr]   -- Looking for pthread_create in pthreads
[INFO] [stderr]   -- Looking for pthread_create in pthreads - not found
[INFO] [stderr]   -- Looking for pthread_create in pthread
[INFO] [stderr]   -- Looking for pthread_create in pthread - found
[INFO] [stderr]   -- Found Threads: TRUE  
[INFO] [stderr]   -- Not Found TCMalloc: TCMALLOC_LIB-NOTFOUND
[INFO] [stderr]   -- Configuring done
[INFO] [stderr]   -- Generating done
[INFO] [stderr]   -- Build files have been written to: /opt/rustwide/target/debug/build/sentencepiece-sys-22ec230a37d9125a/out/build
[INFO] [stderr]   running: "cmake" "--build" "." "--target" "install" "--config" "Debug" "--"
[INFO] [stderr]   Scanning dependencies of target sentencepiece-static
[INFO] [stderr]   Scanning dependencies of target sentencepiece
[INFO] [stderr]   Scanning dependencies of target sentencepiece_train-static
[INFO] [stderr]   [  1%] Building CXX object src/CMakeFiles/sentencepiece-static.dir/__/third_party/protobuf-lite/arena.cc.o
[INFO] [stderr]   [  2%] Building CXX object src/CMakeFiles/sentencepiece-static.dir/__/third_party/protobuf-lite/common.cc.o
[INFO] [stderr]   [  3%] Building CXX object src/CMakeFiles/sentencepiece-static.dir/__/third_party/protobuf-lite/bytestream.cc.o
[INFO] [stderr]   [  4%] Building CXX object src/CMakeFiles/sentencepiece-static.dir/__/third_party/protobuf-lite/extension_set.cc.o
[INFO] [stderr]   [  4%] Building CXX object src/CMakeFiles/sentencepiece-static.dir/__/third_party/protobuf-lite/arenastring.cc.o
[INFO] [stderr]   [  5%] Building CXX object src/CMakeFiles/sentencepiece-static.dir/__/third_party/protobuf-lite/coded_stream.cc.o
[INFO] [stderr]   [  6%] Building CXX object src/CMakeFiles/sentencepiece-static.dir/__/third_party/protobuf-lite/generated_enum_util.cc.o
[INFO] [stderr]   [  6%] Building CXX object src/CMakeFiles/sentencepiece-static.dir/__/third_party/protobuf-lite/generated_message_util.cc.o
[INFO] [stderr]   [  6%] Building CXX object src/CMakeFiles/sentencepiece.dir/__/third_party/protobuf-lite/arena.cc.o
[INFO] [stderr]   [  7%] Building CXX object src/CMakeFiles/sentencepiece-static.dir/__/third_party/protobuf-lite/generated_message_table_driven_lite.cc.o
[INFO] [stderr]   [  8%] Building CXX object src/CMakeFiles/sentencepiece_train-static.dir/builder.cc.o
[INFO] [stderr]   [  9%] Building CXX object src/CMakeFiles/sentencepiece_train-static.dir/unicode_script.cc.o
[INFO] [stderr]   [ 10%] Building CXX object src/CMakeFiles/sentencepiece-static.dir/__/third_party/protobuf-lite/implicit_weak_message.cc.o
[INFO] [stderr]   [ 11%] Building CXX object src/CMakeFiles/sentencepiece-static.dir/__/third_party/protobuf-lite/int128.cc.o
[INFO] [stderr]   [ 12%] Building CXX object src/CMakeFiles/sentencepiece-static.dir/__/third_party/protobuf-lite/io_win32.cc.o
[INFO] [stderr]   [ 13%] Building CXX object src/CMakeFiles/sentencepiece-static.dir/__/third_party/protobuf-lite/message_lite.cc.o
[INFO] [stderr]   [ 14%] Building CXX object src/CMakeFiles/sentencepiece.dir/__/third_party/protobuf-lite/arenastring.cc.o
[INFO] [stderr]   [ 15%] Building CXX object src/CMakeFiles/sentencepiece-static.dir/__/third_party/protobuf-lite/parse_context.cc.o
[INFO] [stderr]   [ 16%] Building CXX object src/CMakeFiles/sentencepiece-static.dir/__/third_party/protobuf-lite/repeated_field.cc.o
[INFO] [stderr]   [ 17%] Building CXX object src/CMakeFiles/sentencepiece-static.dir/__/third_party/protobuf-lite/status.cc.o
[INFO] [stderr]   [ 17%] Building CXX object src/CMakeFiles/sentencepiece-static.dir/__/third_party/protobuf-lite/statusor.cc.o
[INFO] [stderr]   [ 18%] Building CXX object src/CMakeFiles/sentencepiece-static.dir/__/third_party/protobuf-lite/stringpiece.cc.o
[INFO] [stderr]   [ 19%] Building CXX object src/CMakeFiles/sentencepiece-static.dir/__/third_party/protobuf-lite/stringprintf.cc.o
[INFO] [stderr]   [ 20%] Building CXX object src/CMakeFiles/sentencepiece-static.dir/__/third_party/protobuf-lite/structurally_valid.cc.o
[INFO] [stderr]   [ 21%] Building CXX object src/CMakeFiles/sentencepiece-static.dir/__/third_party/protobuf-lite/strutil.cc.o
[INFO] [stderr]   [ 22%] Building CXX object src/CMakeFiles/sentencepiece-static.dir/__/third_party/protobuf-lite/time.cc.o
[INFO] [stderr]   [ 23%] Building CXX object src/CMakeFiles/sentencepiece-static.dir/__/third_party/protobuf-lite/wire_format_lite.cc.o
[INFO] [stderr]   [ 23%] Building CXX object src/CMakeFiles/sentencepiece-static.dir/__/third_party/protobuf-lite/zero_copy_stream.cc.o
[INFO] [stderr]   [ 24%] Building CXX object src/CMakeFiles/sentencepiece-static.dir/__/third_party/protobuf-lite/zero_copy_stream_impl.cc.o
[INFO] [stderr]   [ 25%] Building CXX object src/CMakeFiles/sentencepiece.dir/__/third_party/protobuf-lite/bytestream.cc.o
[INFO] [stderr]   [ 26%] Building CXX object src/CMakeFiles/sentencepiece-static.dir/__/third_party/protobuf-lite/zero_copy_stream_impl_lite.cc.o
[INFO] [stderr]   [ 27%] Building CXX object src/CMakeFiles/sentencepiece-static.dir/builtin_pb/sentencepiece.pb.cc.o
[INFO] [stderr]   [ 28%] Building CXX object src/CMakeFiles/sentencepiece.dir/__/third_party/protobuf-lite/coded_stream.cc.o
[INFO] [stderr]   [ 29%] Building CXX object src/CMakeFiles/sentencepiece-static.dir/builtin_pb/sentencepiece_model.pb.cc.o
[INFO] [stderr]   [ 30%] Building CXX object src/CMakeFiles/sentencepiece.dir/__/third_party/protobuf-lite/common.cc.o
[INFO] [stderr]   [ 31%] Building CXX object src/CMakeFiles/sentencepiece-static.dir/bpe_model.cc.o
[INFO] [stderr]   [ 32%] Building CXX object src/CMakeFiles/sentencepiece-static.dir/char_model.cc.o
[INFO] [stderr]   [ 32%] Building CXX object src/CMakeFiles/sentencepiece-static.dir/error.cc.o
[INFO] [stderr]   [ 33%] Building CXX object src/CMakeFiles/sentencepiece-static.dir/filesystem.cc.o
[INFO] [stderr]   [ 34%] Building CXX object src/CMakeFiles/sentencepiece-static.dir/model_factory.cc.o
[INFO] [stderr]   [ 35%] Building CXX object src/CMakeFiles/sentencepiece.dir/__/third_party/protobuf-lite/extension_set.cc.o
[INFO] [stderr]   [ 36%] Building CXX object src/CMakeFiles/sentencepiece.dir/__/third_party/protobuf-lite/generated_enum_util.cc.o
[INFO] [stderr]   [ 36%] Building CXX object src/CMakeFiles/sentencepiece.dir/__/third_party/protobuf-lite/generated_message_table_driven_lite.cc.o
[INFO] [stderr]   [ 37%] Building CXX object src/CMakeFiles/sentencepiece.dir/__/third_party/protobuf-lite/generated_message_util.cc.o
[INFO] [stderr]   [ 38%] Building CXX object src/CMakeFiles/sentencepiece.dir/__/third_party/protobuf-lite/int128.cc.o
[INFO] [stderr]   [ 39%] Building CXX object src/CMakeFiles/sentencepiece.dir/__/third_party/protobuf-lite/implicit_weak_message.cc.o
[INFO] [stderr]   [ 40%] Building CXX object src/CMakeFiles/sentencepiece.dir/__/third_party/protobuf-lite/io_win32.cc.o
[INFO] [stderr]   [ 41%] Building CXX object src/CMakeFiles/sentencepiece.dir/__/third_party/protobuf-lite/message_lite.cc.o
[INFO] [stderr]   [ 42%] Building CXX object src/CMakeFiles/sentencepiece.dir/__/third_party/protobuf-lite/parse_context.cc.o
[INFO] [stderr]   [ 42%] Building CXX object src/CMakeFiles/sentencepiece.dir/__/third_party/protobuf-lite/repeated_field.cc.o
[INFO] [stderr]   [ 43%] Building CXX object src/CMakeFiles/sentencepiece.dir/__/third_party/protobuf-lite/status.cc.o
[INFO] [stderr]   [ 44%] Building CXX object src/CMakeFiles/sentencepiece.dir/__/third_party/protobuf-lite/statusor.cc.o
[INFO] [stderr]   [ 45%] Building CXX object src/CMakeFiles/sentencepiece.dir/__/third_party/protobuf-lite/stringpiece.cc.o
[INFO] [stderr]   [ 46%] Building CXX object src/CMakeFiles/sentencepiece.dir/__/third_party/protobuf-lite/stringprintf.cc.o
[INFO] [stderr] 
[INFO] [stderr]   --- stderr
[INFO] [stderr]   CMake Warning:
[INFO] [stderr]     Manually-specified variables were not used by the project:
[INFO] [stderr] 
[INFO] [stderr]       CMAKE_ASM_COMPILER
[INFO] [stderr]       CMAKE_ASM_FLAGS
[INFO] [stderr] 
[INFO] [stderr] 
[INFO] [stderr]   c++: fatal error: Killed signal terminated program cc1plus
[INFO] [stderr]   compilation terminated.
[INFO] [stderr]   make[2]: *** [src/CMakeFiles/sentencepiece_train-static.dir/build.make:63: src/CMakeFiles/sentencepiece_train-static.dir/builder.cc.o] Error 1
[INFO] [stderr]   make[2]: *** Waiting for unfinished jobs....
[INFO] [stderr]   In file included from /usr/include/string.h:495,
[INFO] [stderr]                    from /opt/rustwide/cargo-home/registry/src/github.com-1ecc6299db9ec823/sentencepiece-sys-0.7.1/source/src/../third_party/protobuf-lite/google/protobuf/stubs/port.h:39,
[INFO] [stderr]                    from /opt/rustwide/cargo-home/registry/src/github.com-1ecc6299db9ec823/sentencepiece-sys-0.7.1/source/src/../third_party/protobuf-lite/google/protobuf/stubs/macros.h:34,
[INFO] [stderr]                    from /opt/rustwide/cargo-home/registry/src/github.com-1ecc6299db9ec823/sentencepiece-sys-0.7.1/source/src/../third_party/protobuf-lite/google/protobuf/stubs/common.h:46,
[INFO] [stderr]                    from /opt/rustwide/cargo-home/registry/src/github.com-1ecc6299db9ec823/sentencepiece-sys-0.7.1/source/src/../third_party/protobuf-lite/google/protobuf/message_lite.h:45,
[INFO] [stderr]                    from /opt/rustwide/cargo-home/registry/src/github.com-1ecc6299db9ec823/sentencepiece-sys-0.7.1/source/third_party/protobuf-lite/message_lite.cc:36:
[INFO] [stderr]   In function 'void* memcpy(void*, const void*, size_t)',
[INFO] [stderr]       inlined from 'google::protobuf::uint8* google::protobuf::io::EpsCopyOutputStream::WriteRaw(const void*, int, google::protobuf::uint8*)' at /opt/rustwide/cargo-home/registry/src/github.com-1ecc6299db9ec823/sentencepiece-sys-0.7.1/source/src/../third_party/protobuf-lite/google/protobuf/io/coded_stream.h:699:16,
[INFO] [stderr]       inlined from 'virtual google::protobuf::uint8* google::protobuf::internal::ImplicitWeakMessage::_InternalSerialize(google::protobuf::uint8*, google::protobuf::io::EpsCopyOutputStream*) const' at /opt/rustwide/cargo-home/registry/src/github.com-1ecc6299db9ec823/sentencepiece-sys-0.7.1/source/src/../third_party/protobuf-lite/google/protobuf/implicit_weak_message.h:85:28,
[INFO] [stderr]       inlined from 'bool google::protobuf::MessageLite::SerializePartialToZeroCopyStream(google::protobuf::io::ZeroCopyOutputStream*) const' at /opt/rustwide/cargo-home/registry/src/github.com-1ecc6299db9ec823/sentencepiece-sys-0.7.1/source/third_party/protobuf-lite/message_lite.cc:419:30:
[INFO] [stderr]   /usr/include/x86_64-linux-gnu/bits/string_fortified.h:34:33: warning: 'void* __builtin___memcpy_chk(void*, const void*, long unsigned int, long unsigned int)' specified size between 18446744071562067968 and 18446744073709551615 exceeds maximum object size 9223372036854775807 [-Wstringop-overflow=]
[INFO] [stderr]      34 |   return __builtin___memcpy_chk (__dest, __src, __len, __bos0 (__dest));
[INFO] [stderr]         |          ~~~~~~~~~~~~~~~~~~~~~~~^~~~~~~~~~~~~~~~~~~~~~~~~~~~~~~~~~~~~~~
[INFO] [stderr]   c++: fatal error: Killed signal terminated program cc1plus
[INFO] [stderr]   compilation terminated.
[INFO] [stderr]   make[2]: *** [src/CMakeFiles/sentencepiece_train-static.dir/build.make:76: src/CMakeFiles/sentencepiece_train-static.dir/unicode_script.cc.o] Error 1
[INFO] [stderr]   make[1]: *** [CMakeFiles/Makefile2:185: src/CMakeFiles/sentencepiece_train-static.dir/all] Error 2
[INFO] [stderr]   make[1]: *** Waiting for unfinished jobs....
[INFO] [stderr]   c++: fatal error: Killed signal terminated program cc1plus
[INFO] [stderr]   compilation terminated.
[INFO] [stderr]   make[2]: *** [src/CMakeFiles/sentencepiece-static.dir/build.make:128: src/CMakeFiles/sentencepiece-static.dir/__/third_party/protobuf-lite/extension_set.cc.o] Error 1
[INFO] [stderr]   make[2]: *** Waiting for unfinished jobs....
[INFO] [stderr]   c++: fatal error: Killed signal terminated program cc1plus
[INFO] [stderr]   compilation terminated.
[INFO] [stderr]   make[2]: *** [src/CMakeFiles/sentencepiece-static.dir/build.make:167: src/CMakeFiles/sentencepiece-static.dir/__/third_party/protobuf-lite/generated_message_util.cc.o] Error 1
[INFO] [stderr]   c++: fatal error: Killed signal terminated program cc1plus
[INFO] [stderr]   compilation terminated.
[INFO] [stderr]   make[2]: *** [src/CMakeFiles/sentencepiece-static.dir/build.make:154: src/CMakeFiles/sentencepiece-static.dir/__/third_party/protobuf-lite/generated_message_table_driven_lite.cc.o] Error 1
[INFO] [stderr]   c++: fatal error: Killed signal terminated program cc1plus
[INFO] [stderr]   compilation terminated.
[INFO] [stderr]   make[2]: *** [src/CMakeFiles/sentencepiece-static.dir/build.make:245: src/CMakeFiles/sentencepiece-static.dir/__/third_party/protobuf-lite/repeated_field.cc.o] Error 1
[INFO] [stderr]   c++: fatal error: Killed signal terminated program cc1plus
[INFO] [stderr]   compilation terminated.
[INFO] [stderr]   make[2]: *** [src/CMakeFiles/sentencepiece-static.dir/build.make:427: src/CMakeFiles/sentencepiece-static.dir/bpe_model.cc.o] Error 1
[INFO] [stderr]   c++: fatal error: Killed signal terminated program cc1plus
[INFO] [stderr]   compilation terminated.
[INFO] [stderr]   c++: fatal error: Killed signal terminated program cc1plus
[INFO] [stderr]   compilation terminated.
[INFO] [stderr]   c++: fatal error: Killed signal terminated program cc1plus
[INFO] [stderr]   compilation terminated.
[INFO] [stderr]   make[2]: *** [src/CMakeFiles/sentencepiece-static.dir/build.make:414: src/CMakeFiles/sentencepiece-static.dir/builtin_pb/sentencepiece_model.pb.cc.o] Error 1
[INFO] [stderr]   make[2]: *** [src/CMakeFiles/sentencepiece.dir/build.make:128: src/CMakeFiles/sentencepiece.dir/__/third_party/protobuf-lite/extension_set.cc.o] Error 1
[INFO] [stderr]   make[2]: *** Waiting for unfinished jobs....
[INFO] [stderr]   make[2]: *** [src/CMakeFiles/sentencepiece-static.dir/build.make:440: src/CMakeFiles/sentencepiece-static.dir/char_model.cc.o] Error 1
[INFO] [stderr]   In file included from /usr/include/string.h:495,
[INFO] [stderr]                    from /opt/rustwide/cargo-home/registry/src/github.com-1ecc6299db9ec823/sentencepiece-sys-0.7.1/source/src/../third_party/protobuf-lite/google/protobuf/stubs/port.h:39,
[INFO] [stderr]                    from /opt/rustwide/cargo-home/registry/src/github.com-1ecc6299db9ec823/sentencepiece-sys-0.7.1/source/src/../third_party/protobuf-lite/google/protobuf/stubs/macros.h:34,
[INFO] [stderr]                    from /opt/rustwide/cargo-home/registry/src/github.com-1ecc6299db9ec823/sentencepiece-sys-0.7.1/source/src/../third_party/protobuf-lite/google/protobuf/stubs/common.h:46,
[INFO] [stderr]                    from /opt/rustwide/cargo-home/registry/src/github.com-1ecc6299db9ec823/sentencepiece-sys-0.7.1/source/src/../third_party/protobuf-lite/google/protobuf/message_lite.h:45,
[INFO] [stderr]                    from /opt/rustwide/cargo-home/registry/src/github.com-1ecc6299db9ec823/sentencepiece-sys-0.7.1/source/third_party/protobuf-lite/message_lite.cc:36:
[INFO] [stderr]   In function 'void* memcpy(void*, const void*, size_t)',
[INFO] [stderr]       inlined from 'google::protobuf::uint8* google::protobuf::io::EpsCopyOutputStream::WriteRaw(const void*, int, google::protobuf::uint8*)' at /opt/rustwide/cargo-home/registry/src/github.com-1ecc6299db9ec823/sentencepiece-sys-0.7.1/source/src/../third_party/protobuf-lite/google/protobuf/io/coded_stream.h:699:16,
[INFO] [stderr]       inlined from 'virtual google::protobuf::uint8* google::protobuf::internal::ImplicitWeakMessage::_InternalSerialize(google::protobuf::uint8*, google::protobuf::io::EpsCopyOutputStream*) const' at /opt/rustwide/cargo-home/registry/src/github.com-1ecc6299db9ec823/sentencepiece-sys-0.7.1/source/src/../third_party/protobuf-lite/google/protobuf/implicit_weak_message.h:85:28,
[INFO] [stderr]       inlined from 'bool google::protobuf::MessageLite::SerializePartialToZeroCopyStream(google::protobuf::io::ZeroCopyOutputStream*) const' at /opt/rustwide/cargo-home/registry/src/github.com-1ecc6299db9ec823/sentencepiece-sys-0.7.1/source/third_party/protobuf-lite/message_lite.cc:419:30:
[INFO] [stderr]   /usr/include/x86_64-linux-gnu/bits/string_fortified.h:34:33: warning: 'void* __builtin___memcpy_chk(void*, const void*, long unsigned int, long unsigned int)' specified size between 18446744071562067968 and 18446744073709551615 exceeds maximum object size 9223372036854775807 [-Wstringop-overflow=]
[INFO] [stderr]      34 |   return __builtin___memcpy_chk (__dest, __src, __len, __bos0 (__dest));
[INFO] [stderr]         |          ~~~~~~~~~~~~~~~~~~~~~~~^~~~~~~~~~~~~~~~~~~~~~~~~~~~~~~~~~~~~~~
[INFO] [stderr]   make[1]: *** [CMakeFiles/Makefile2:212: src/CMakeFiles/sentencepiece-static.dir/all] Error 2
[INFO] [stderr]   make[1]: *** [CMakeFiles/Makefile2:131: src/CMakeFiles/sentencepiece.dir/all] Error 2
[INFO] [stderr]   make: *** [Makefile:152: all] Error 2
[INFO] [stderr]   thread 'main' panicked at '
[INFO] [stderr]   command did not execute successfully, got: exit status: 2
[INFO] [stderr] 
[INFO] [stderr]   build script failed, must exit now', /opt/rustwide/cargo-home/registry/src/github.com-1ecc6299db9ec823/cmake-0.1.45/src/lib.rs:894:5
[INFO] [stderr]   stack backtrace:
[INFO] [stderr]      0:     0x5606e0e26670 - std::backtrace_rs::backtrace::libunwind::trace::h34055254b57d8e79
[INFO] [stderr]                                  at /rustc/a178d0322ce20e33eac124758e837cbd80a6f633/library/std/src/../../backtrace/src/backtrace/libunwind.rs:90:5
[INFO] [stderr]      1:     0x5606e0e26670 - std::backtrace_rs::backtrace::trace_unsynchronized::h8f1e3fbd9afff6ec
[INFO] [stderr]                                  at /rustc/a178d0322ce20e33eac124758e837cbd80a6f633/library/std/src/../../backtrace/src/backtrace/mod.rs:66:5
[INFO] [stderr]      2:     0x5606e0e26670 - std::sys_common::backtrace::_print_fmt::h3a99a796b770c360
[INFO] [stderr]                                  at /rustc/a178d0322ce20e33eac124758e837cbd80a6f633/library/std/src/sys_common/backtrace.rs:67:5
[INFO] [stderr]      3:     0x5606e0e26670 - <std::sys_common::backtrace::_print::DisplayBacktrace as core::fmt::Display>::fmt::h32d1f94a80615d18
[INFO] [stderr]                                  at /rustc/a178d0322ce20e33eac124758e837cbd80a6f633/library/std/src/sys_common/backtrace.rs:46:22
[INFO] [stderr]      4:     0x5606e0e4715c - core::fmt::write::h306731c068f7162c
[INFO] [stderr]                                  at /rustc/a178d0322ce20e33eac124758e837cbd80a6f633/library/core/src/fmt/mod.rs:1110:17
[INFO] [stderr]      5:     0x5606e0e22ed5 - std::io::Write::write_fmt::hd2fa90334eee2a21
[INFO] [stderr]                                  at /rustc/a178d0322ce20e33eac124758e837cbd80a6f633/library/std/src/io/mod.rs:1588:15
[INFO] [stderr]      6:     0x5606e0e28cbb - std::sys_common::backtrace::_print::h5abaa2601a852287
[INFO] [stderr]                                  at /rustc/a178d0322ce20e33eac124758e837cbd80a6f633/library/std/src/sys_common/backtrace.rs:49:5
[INFO] [stderr]      7:     0x5606e0e28cbb - std::sys_common::backtrace::print::h8d81445442bb638f
[INFO] [stderr]                                  at /rustc/a178d0322ce20e33eac124758e837cbd80a6f633/library/std/src/sys_common/backtrace.rs:36:9
[INFO] [stderr]      8:     0x5606e0e28cbb - std::panicking::default_hook::{{closure}}::hcfe804496a9fa747
[INFO] [stderr]                                  at /rustc/a178d0322ce20e33eac124758e837cbd80a6f633/library/std/src/panicking.rs:208:50
[INFO] [stderr]      9:     0x5606e0e28791 - std::panicking::default_hook::hbea8e3ccf2ba8901
[INFO] [stderr]                                  at /rustc/a178d0322ce20e33eac124758e837cbd80a6f633/library/std/src/panicking.rs:225:9
[INFO] [stderr]     10:     0x5606e0e29384 - std::panicking::rust_panic_with_hook::h7ee9e1a2d0f8975a
[INFO] [stderr]                                  at /rustc/a178d0322ce20e33eac124758e837cbd80a6f633/library/std/src/panicking.rs:622:17
[INFO] [stderr]     11:     0x5606e0e28e67 - std::panicking::begin_panic_handler::{{closure}}::h8ab3b4491718b2c7
[INFO] [stderr]                                  at /rustc/a178d0322ce20e33eac124758e837cbd80a6f633/library/std/src/panicking.rs:519:13
[INFO] [stderr]     12:     0x5606e0e26b6c - std::sys_common::backtrace::__rust_end_short_backtrace::hd489062ffa586a9f
[INFO] [stderr]                                  at /rustc/a178d0322ce20e33eac124758e837cbd80a6f633/library/std/src/sys_common/backtrace.rs:141:18
[INFO] [stderr]     13:     0x5606e0e28dc9 - rust_begin_unwind
[INFO] [stderr]                                  at /rustc/a178d0322ce20e33eac124758e837cbd80a6f633/library/std/src/panicking.rs:515:5
[INFO] [stderr]     14:     0x5606e0d70c4b - std::panicking::begin_panic_fmt::h5479575e112541f8
[INFO] [stderr]                                  at /rustc/a178d0322ce20e33eac124758e837cbd80a6f633/library/std/src/panicking.rs:457:5
[INFO] [stderr]     15:     0x5606e0da2453 - cmake::fail::ha1cc8d11909fbc7e
[INFO] [stderr]                                  at /opt/rustwide/cargo-home/registry/src/github.com-1ecc6299db9ec823/cmake-0.1.45/src/lib.rs:894:5
[INFO] [stderr]     16:     0x5606e0da1e61 - cmake::run::hdc59bf284b822c8e
[INFO] [stderr]                                  at /opt/rustwide/cargo-home/registry/src/github.com-1ecc6299db9ec823/cmake-0.1.45/src/lib.rs:872:9
[INFO] [stderr]     17:     0x5606e0d9f891 - cmake::Config::build::hf6738867fda55e0d
[INFO] [stderr]                                  at /opt/rustwide/cargo-home/registry/src/github.com-1ecc6299db9ec823/cmake-0.1.45/src/lib.rs:778:9
[INFO] [stderr]     18:     0x5606e0d71d4a - cmake::build::h4d873eebb316fef5
[INFO] [stderr]                                  at /opt/rustwide/cargo-home/registry/src/github.com-1ecc6299db9ec823/cmake-0.1.45/src/lib.rs:99:5
[INFO] [stderr]     19:     0x5606e0d7285a - build_script_build::build_sentencepiece::ha228865b45a1988d
[INFO] [stderr]                                  at /opt/rustwide/cargo-home/registry/src/github.com-1ecc6299db9ec823/sentencepiece-sys-0.7.1/build.rs:8:15
[INFO] [stderr]     20:     0x5606e0d72ede - build_script_build::main::hfe8d572140405ca2
[INFO] [stderr]                                  at /opt/rustwide/cargo-home/registry/src/github.com-1ecc6299db9ec823/sentencepiece-sys-0.7.1/build.rs:38:9
[INFO] [stderr]     21:     0x5606e0d723cb - core::ops::function::FnOnce::call_once::hbd53e14dc1379495
[INFO] [stderr]                                  at /rustc/a178d0322ce20e33eac124758e837cbd80a6f633/library/core/src/ops/function.rs:227:5
[INFO] [stderr]     22:     0x5606e0d71c9e - std::sys_common::backtrace::__rust_begin_short_backtrace::head2aa9cb3d92e49
[INFO] [stderr]                                  at /rustc/a178d0322ce20e33eac124758e837cbd80a6f633/library/std/src/sys_common/backtrace.rs:125:18
[INFO] [stderr]     23:     0x5606e0d71c71 - std::rt::lang_start::{{closure}}::h44a98ca4cb2af18b
[INFO] [stderr]                                  at /rustc/a178d0322ce20e33eac124758e837cbd80a6f633/library/std/src/rt.rs:49:18
[INFO] [stderr]     24:     0x5606e0e29889 - core::ops::function::impls::<impl core::ops::function::FnOnce<A> for &F>::call_once::h2aabc384aab89b7b
[INFO] [stderr]                                  at /rustc/a178d0322ce20e33eac124758e837cbd80a6f633/library/core/src/ops/function.rs:259:13
[INFO] [stderr]     25:     0x5606e0e29889 - std::panicking::try::do_call::hc5fcacb7a85fc7b1
[INFO] [stderr]                                  at /rustc/a178d0322ce20e33eac124758e837cbd80a6f633/library/std/src/panicking.rs:401:40
[INFO] [stderr]     26:     0x5606e0e29889 - std::panicking::try::hb5d9603af3abbe3a
[INFO] [stderr]                                  at /rustc/a178d0322ce20e33eac124758e837cbd80a6f633/library/std/src/panicking.rs:365:19
[INFO] [stderr]     27:     0x5606e0e29889 - std::panic::catch_unwind::h98fe6ac3925e64b4
[INFO] [stderr]                                  at /rustc/a178d0322ce20e33eac124758e837cbd80a6f633/library/std/src/panic.rs:434:14
[INFO] [stderr]     28:     0x5606e0e29889 - std::rt::lang_start_internal::h22ac7383c516f93e
[INFO] [stderr]                                  at /rustc/a178d0322ce20e33eac124758e837cbd80a6f633/library/std/src/rt.rs:34:21
[INFO] [stderr]     29:     0x5606e0d71c50 - std::rt::lang_start::h1346e725c7e9888a
[INFO] [stderr]                                  at /rustc/a178d0322ce20e33eac124758e837cbd80a6f633/library/std/src/rt.rs:48:5
[INFO] [stderr]     30:     0x5606e0d72fbc - main
[INFO] [stderr]     31:     0x7f61888270b3 - __libc_start_main
[INFO] [stderr]     32:     0x5606e0d71b5e - _start
[INFO] [stderr]     33:                0x0 - <unknown>
[INFO] [stderr] warning: build failed, waiting for other jobs to finish...
[INFO] [stderr] error: build failed
[INFO] running `Command { std: "docker" "inspect" "6ff66f160466de2cc4e33c08cd0c403baf0bc70fc0c93899009e7a0b1df8f17b", kill_on_drop: false }`
[INFO] running `Command { std: "docker" "rm" "-f" "6ff66f160466de2cc4e33c08cd0c403baf0bc70fc0c93899009e7a0b1df8f17b", kill_on_drop: false }`
[INFO] [stdout] 6ff66f160466de2cc4e33c08cd0c403baf0bc70fc0c93899009e7a0b1df8f17b
