[INFO] fetching crate stpl 0.5.0...
[INFO] documenting stpl-0.5.0 against beta-2021-08-01 for beta-1.55-rustdoc-1
[INFO] extracting crate stpl 0.5.0 into /workspace/builds/worker-15/source
[INFO] validating manifest of crates.io crate stpl 0.5.0 on toolchain beta-2021-08-01
[INFO] running `Command { std: "/workspace/cargo-home/bin/cargo" "+beta-2021-08-01" "metadata" "--manifest-path" "Cargo.toml" "--no-deps", kill_on_drop: false }`
[INFO] started tweaking crates.io crate stpl 0.5.0
[INFO] finished tweaking crates.io crate stpl 0.5.0
[INFO] tweaked toml for crates.io crate stpl 0.5.0 written to /workspace/builds/worker-15/source/Cargo.toml
[INFO] running `Command { std: "/workspace/cargo-home/bin/cargo" "+beta-2021-08-01" "generate-lockfile" "--manifest-path" "Cargo.toml" "-Zno-index-update", kill_on_drop: false }`
[INFO] running `Command { std: "/workspace/cargo-home/bin/cargo" "+beta-2021-08-01" "fetch" "--manifest-path" "Cargo.toml", kill_on_drop: false }`
[INFO] running `Command { std: "docker" "create" "-v" "/var/lib/crater-agent-workspace/builds/worker-15/target:/opt/rustwide/target:rw,Z" "-v" "/var/lib/crater-agent-workspace/builds/worker-15/source:/opt/rustwide/workdir:ro,Z" "-v" "/var/lib/crater-agent-workspace/cargo-home:/opt/rustwide/cargo-home:ro,Z" "-v" "/var/lib/crater-agent-workspace/rustup-home:/opt/rustwide/rustup-home:ro,Z" "-e" "SOURCE_DIR=/opt/rustwide/workdir" "-e" "CARGO_TARGET_DIR=/opt/rustwide/target" "-e" "CARGO_HOME=/opt/rustwide/cargo-home" "-e" "RUSTUP_HOME=/opt/rustwide/rustup-home" "-w" "/opt/rustwide/workdir" "-m" "1610612736" "--user" "0:0" "--network" "none" "ghcr.io/rust-lang/crates-build-env/linux@sha256:34b6a614d2c27851fe6cbf88fbd1137609cefab8b10d0615aaeb6fd47975d74e" "/opt/rustwide/cargo-home/bin/cargo" "+beta-2021-08-01" "metadata" "--no-deps" "--format-version=1", kill_on_drop: false }`
[INFO] [stdout] 3f8fc6cf442b7733c3674d6dc8127a949ef50b57b3d8718dce0680fe48a9895e
[INFO] running `Command { std: "docker" "start" "-a" "3f8fc6cf442b7733c3674d6dc8127a949ef50b57b3d8718dce0680fe48a9895e", kill_on_drop: false }`
[INFO] running `Command { std: "docker" "inspect" "3f8fc6cf442b7733c3674d6dc8127a949ef50b57b3d8718dce0680fe48a9895e", kill_on_drop: false }`
[INFO] running `Command { std: "docker" "rm" "-f" "3f8fc6cf442b7733c3674d6dc8127a949ef50b57b3d8718dce0680fe48a9895e", kill_on_drop: false }`
[INFO] [stdout] 3f8fc6cf442b7733c3674d6dc8127a949ef50b57b3d8718dce0680fe48a9895e
[INFO] running `Command { std: "docker" "create" "-v" "/var/lib/crater-agent-workspace/builds/worker-15/target:/opt/rustwide/target:rw,Z" "-v" "/var/lib/crater-agent-workspace/builds/worker-15/source:/opt/rustwide/workdir:ro,Z" "-v" "/var/lib/crater-agent-workspace/cargo-home:/opt/rustwide/cargo-home:ro,Z" "-v" "/var/lib/crater-agent-workspace/rustup-home:/opt/rustwide/rustup-home:ro,Z" "-e" "SOURCE_DIR=/opt/rustwide/workdir" "-e" "CARGO_TARGET_DIR=/opt/rustwide/target" "-e" "CARGO_INCREMENTAL=0" "-e" "RUST_BACKTRACE=full" "-e" "RUSTDOCFLAGS=--cap-lints=warn" "-e" "CARGO_HOME=/opt/rustwide/cargo-home" "-e" "RUSTUP_HOME=/opt/rustwide/rustup-home" "-w" "/opt/rustwide/workdir" "-m" "1610612736" "--user" "0:0" "--network" "none" "ghcr.io/rust-lang/crates-build-env/linux@sha256:34b6a614d2c27851fe6cbf88fbd1137609cefab8b10d0615aaeb6fd47975d74e" "/opt/rustwide/cargo-home/bin/cargo" "+beta-2021-08-01" "doc" "--frozen" "--no-deps" "--document-private-items" "--message-format=json", kill_on_drop: false }`
[INFO] [stdout] 8a2657998c6dd6875856defcb0a9970d56aa59a1a2a79305d97bf02d29e983e8
[INFO] running `Command { std: "docker" "start" "-a" "8a2657998c6dd6875856defcb0a9970d56aa59a1a2a79305d97bf02d29e983e8", kill_on_drop: false }`
[INFO] [stderr]     Blocking waiting for file lock on package cache
[INFO] [stderr]     Blocking waiting for file lock on package cache
[INFO] [stderr]    Compiling syn v1.0.74
[INFO] [stderr]    Compiling memchr v2.4.0
[INFO] [stderr]    Compiling libc v0.2.98
[INFO] [stderr]    Compiling cc v1.0.69
[INFO] [stderr]     Checking adler v1.0.2
[INFO] [stderr]    Compiling failure_derive v0.1.8
[INFO] [stderr]     Checking gimli v0.25.0
[INFO] [stderr]     Checking rustc-demangle v0.1.20
[INFO] [stderr]    Compiling miniz_oxide v0.4.4
[INFO] [stderr]     Checking bincode v0.9.2
[INFO] [stderr]     Checking object v0.26.0
[INFO] [stderr]    Compiling backtrace v0.3.61
[INFO] [stderr]     Checking addr2line v0.16.0
[INFO] [stderr]    Compiling synstructure v0.12.5
[INFO] [stderr]     Checking failure v0.1.8
[INFO] [stderr]  Documenting stpl v0.5.0 (/opt/rustwide/workdir)
[INFO] [stdout] error[E0554]: `#![feature]` may not be used on the beta release channel
[INFO] [stdout]    --> src/lib.rs:155:1
[INFO] [stdout]     |
[INFO] [stdout] 155 | #![feature(universal_impl_trait)]
[INFO] [stdout]     | ^^^^^^^^^^^^^^^^^^^^^^^^^^^^^^^^^ help: remove the attribute
[INFO] [stdout]     |
[INFO] [stdout]     = help: the feature `universal_impl_trait` has been stable since 1.26.0 and no longer requires an attribute to enable
[INFO] [stdout] 
[INFO] [stdout] 
[INFO] [stdout] error[E0554]: `#![feature]` may not be used on the beta release channel
[INFO] [stdout]    --> src/lib.rs:156:1
[INFO] [stdout]     |
[INFO] [stdout] 156 | #![feature(conservative_impl_trait)]
[INFO] [stdout]     | ^^^^^^^^^^^^^^^^^^^^^^^^^^^^^^^^^^^^ help: remove the attribute
[INFO] [stdout]     |
[INFO] [stdout]     = help: the feature `conservative_impl_trait` has been stable since 1.26.0 and no longer requires an attribute to enable
[INFO] [stdout] 
[INFO] [stdout] 
[INFO] [stdout] error[E0554]: `#![feature]` may not be used on the beta release channel
[INFO] [stdout]    --> src/lib.rs:157:1
[INFO] [stdout]     |
[INFO] [stdout] 157 | #![feature(unboxed_closures)]
[INFO] [stdout]     | ^^^^^^^^^^^^^^^^^^^^^^^^^^^^^
[INFO] [stdout] 
[INFO] [stdout] 
[INFO] [stdout] error[E0554]: `#![feature]` may not be used on the beta release channel
[INFO] [stdout]    --> src/lib.rs:158:1
[INFO] [stdout]     |
[INFO] [stdout] 158 | #![feature(fn_traits)]
[INFO] [stdout]     | ^^^^^^^^^^^^^^^^^^^^^^
[INFO] [stdout] 
[INFO] [stdout] 
[INFO] [stdout] error: Compilation failed, aborting rustdoc
[INFO] [stdout] 
[INFO] [stdout] 
[INFO] [stdout] error: aborting due to 5 previous errors
[INFO] [stdout] 
[INFO] [stdout] 
[INFO] [stdout] For more information about this error, try `rustc --explain E0554`.
[INFO] [stdout] 
[INFO] [stderr] error: could not document `stpl`
[INFO] [stderr] 
[INFO] [stderr] Caused by:
[INFO] [stderr]   process didn't exit successfully: `rustdoc --crate-type lib --crate-name stpl src/lib.rs -o /opt/rustwide/target/doc --error-format=json --json=diagnostic-rendered-ansi --document-private-items -L dependency=/opt/rustwide/target/debug/deps --extern bincode=/opt/rustwide/target/debug/deps/libbincode-adaece0d8ead82c7.rmeta --extern failure=/opt/rustwide/target/debug/deps/libfailure-537f9e48e8e2277a.rmeta --extern lazy_static=/opt/rustwide/target/debug/deps/liblazy_static-5e37eee3e84fafab.rmeta --extern serde=/opt/rustwide/target/debug/deps/libserde-6a5809dcce96c926.rmeta --cap-lints=warn --crate-version 0.5.0` (exit status: 1)
[INFO] running `Command { std: "docker" "inspect" "8a2657998c6dd6875856defcb0a9970d56aa59a1a2a79305d97bf02d29e983e8", kill_on_drop: false }`
[INFO] running `Command { std: "docker" "rm" "-f" "8a2657998c6dd6875856defcb0a9970d56aa59a1a2a79305d97bf02d29e983e8", kill_on_drop: false }`
[INFO] [stdout] 8a2657998c6dd6875856defcb0a9970d56aa59a1a2a79305d97bf02d29e983e8
