[INFO] fetching crate sonic_spin 0.1.0...
[INFO] documenting sonic_spin-0.1.0 against beta-2021-08-01 for beta-1.55-rustdoc-1
[INFO] extracting crate sonic_spin 0.1.0 into /workspace/builds/worker-18/source
[INFO] validating manifest of crates.io crate sonic_spin 0.1.0 on toolchain beta-2021-08-01
[INFO] running `Command { std: "/workspace/cargo-home/bin/cargo" "+beta-2021-08-01" "metadata" "--manifest-path" "Cargo.toml" "--no-deps", kill_on_drop: false }`
[INFO] started tweaking crates.io crate sonic_spin 0.1.0
[INFO] finished tweaking crates.io crate sonic_spin 0.1.0
[INFO] tweaked toml for crates.io crate sonic_spin 0.1.0 written to /workspace/builds/worker-18/source/Cargo.toml
[INFO] running `Command { std: "/workspace/cargo-home/bin/cargo" "+beta-2021-08-01" "generate-lockfile" "--manifest-path" "Cargo.toml" "-Zno-index-update", kill_on_drop: false }`
[INFO] [stderr]     Blocking waiting for file lock on package cache
[INFO] running `Command { std: "/workspace/cargo-home/bin/cargo" "+beta-2021-08-01" "fetch" "--manifest-path" "Cargo.toml", kill_on_drop: false }`
[INFO] [stderr]     Blocking waiting for file lock on package cache
[INFO] [stderr]     Blocking waiting for file lock on package cache
[INFO] [stderr]  Downloading crates ...
[INFO] [stderr]   Downloaded syn-pub-items v0.15.30
[INFO] running `Command { std: "docker" "create" "-v" "/var/lib/crater-agent-workspace/builds/worker-18/target:/opt/rustwide/target:rw,Z" "-v" "/var/lib/crater-agent-workspace/builds/worker-18/source:/opt/rustwide/workdir:ro,Z" "-v" "/var/lib/crater-agent-workspace/cargo-home:/opt/rustwide/cargo-home:ro,Z" "-v" "/var/lib/crater-agent-workspace/rustup-home:/opt/rustwide/rustup-home:ro,Z" "-e" "SOURCE_DIR=/opt/rustwide/workdir" "-e" "CARGO_TARGET_DIR=/opt/rustwide/target" "-e" "CARGO_HOME=/opt/rustwide/cargo-home" "-e" "RUSTUP_HOME=/opt/rustwide/rustup-home" "-w" "/opt/rustwide/workdir" "-m" "1610612736" "--user" "0:0" "--network" "none" "ghcr.io/rust-lang/crates-build-env/linux@sha256:34b6a614d2c27851fe6cbf88fbd1137609cefab8b10d0615aaeb6fd47975d74e" "/opt/rustwide/cargo-home/bin/cargo" "+beta-2021-08-01" "metadata" "--no-deps" "--format-version=1", kill_on_drop: false }`
[INFO] [stdout] 4a0680cdef6f41f715dd33456bdd1e72bea256554030f595c4820439e9923bf8
[INFO] running `Command { std: "docker" "start" "-a" "4a0680cdef6f41f715dd33456bdd1e72bea256554030f595c4820439e9923bf8", kill_on_drop: false }`
[INFO] running `Command { std: "docker" "inspect" "4a0680cdef6f41f715dd33456bdd1e72bea256554030f595c4820439e9923bf8", kill_on_drop: false }`
[INFO] running `Command { std: "docker" "rm" "-f" "4a0680cdef6f41f715dd33456bdd1e72bea256554030f595c4820439e9923bf8", kill_on_drop: false }`
[INFO] [stdout] 4a0680cdef6f41f715dd33456bdd1e72bea256554030f595c4820439e9923bf8
[INFO] running `Command { std: "docker" "create" "-v" "/var/lib/crater-agent-workspace/builds/worker-18/target:/opt/rustwide/target:rw,Z" "-v" "/var/lib/crater-agent-workspace/builds/worker-18/source:/opt/rustwide/workdir:ro,Z" "-v" "/var/lib/crater-agent-workspace/cargo-home:/opt/rustwide/cargo-home:ro,Z" "-v" "/var/lib/crater-agent-workspace/rustup-home:/opt/rustwide/rustup-home:ro,Z" "-e" "SOURCE_DIR=/opt/rustwide/workdir" "-e" "CARGO_TARGET_DIR=/opt/rustwide/target" "-e" "CARGO_INCREMENTAL=0" "-e" "RUST_BACKTRACE=full" "-e" "RUSTDOCFLAGS=--cap-lints=warn" "-e" "CARGO_HOME=/opt/rustwide/cargo-home" "-e" "RUSTUP_HOME=/opt/rustwide/rustup-home" "-w" "/opt/rustwide/workdir" "-m" "1610612736" "--user" "0:0" "--network" "none" "ghcr.io/rust-lang/crates-build-env/linux@sha256:34b6a614d2c27851fe6cbf88fbd1137609cefab8b10d0615aaeb6fd47975d74e" "/opt/rustwide/cargo-home/bin/cargo" "+beta-2021-08-01" "doc" "--frozen" "--no-deps" "--document-private-items" "--message-format=json", kill_on_drop: false }`
[INFO] [stdout] 38f6762f6276b48a8cfec71da42f59754f39a911631ed7750a7b0d3dd60a5bce
[INFO] running `Command { std: "docker" "start" "-a" "38f6762f6276b48a8cfec71da42f59754f39a911631ed7750a7b0d3dd60a5bce", kill_on_drop: false }`
[INFO] [stderr]     Blocking waiting for file lock on package cache
[INFO] [stderr]    Compiling syn-pub-items v0.15.30
[INFO] [stderr]     Checking quote v0.6.13
[INFO] [stderr]  Documenting sonic_spin v0.1.0 (/opt/rustwide/workdir)
[INFO] [stdout] error[E0557]: feature has been removed
[INFO] [stdout]  --> src/lib.rs:2:12
[INFO] [stdout]   |
[INFO] [stdout] 2 | #![feature(external_doc)]
[INFO] [stdout]   |            ^^^^^^^^^^^^ feature has been removed
[INFO] [stdout]   |
[INFO] [stdout]   = note: use #[doc = include_str!("filename")] instead, which handles macro invocations
[INFO] [stdout] 
[INFO] [stdout] 
[INFO] [stdout] error[E0554]: `#![feature]` may not be used on the beta release channel
[INFO] [stdout]  --> src/lib.rs:1:1
[INFO] [stdout]   |
[INFO] [stdout] 1 | #![feature(proc_macro_hygiene)]
[INFO] [stdout]   | ^^^^^^^^^^^^^^^^^^^^^^^^^^^^^^^
[INFO] [stdout] 
[INFO] [stdout] 
[INFO] [stdout] error[E0554]: `#![feature]` may not be used on the beta release channel
[INFO] [stdout]  --> src/lib.rs:2:1
[INFO] [stdout]   |
[INFO] [stdout] 2 | #![feature(external_doc)]
[INFO] [stdout]   | ^^^^^^^^^^^^^^^^^^^^^^^^^
[INFO] [stdout] 
[INFO] [stdout] 
[INFO] [stdout] error: Compilation failed, aborting rustdoc
[INFO] [stdout] 
[INFO] [stdout] 
[INFO] [stdout] error: aborting due to 4 previous errors
[INFO] [stdout] 
[INFO] [stdout] 
[INFO] [stdout] Some errors have detailed explanations: E0554, E0557.
[INFO] [stdout] 
[INFO] [stdout] For more information about an error, try `rustc --explain E0554`.
[INFO] [stdout] 
[INFO] [stderr] error: could not document `sonic_spin`
[INFO] [stderr] 
[INFO] [stderr] Caused by:
[INFO] [stderr]   process didn't exit successfully: `rustdoc --edition=2018 --crate-type proc-macro --crate-name sonic_spin src/lib.rs -o /opt/rustwide/target/doc --cfg 'feature="clone-impls"' --cfg 'feature="default"' --cfg 'feature="derive"' --cfg 'feature="full"' --cfg 'feature="parsing"' --cfg 'feature="printing"' --error-format=json --json=diagnostic-rendered-ansi --document-private-items -L dependency=/opt/rustwide/target/debug/deps --extern proc_macro2=/opt/rustwide/target/debug/deps/libproc_macro2-ba8fc624f880a633.rmeta --extern quote=/opt/rustwide/target/debug/deps/libquote-e19abcb5bb1d65c5.rmeta --extern syn=/opt/rustwide/target/debug/deps/libsyn_pub_items-94deb0c70c4848ff.rmeta --extern proc_macro --cap-lints=warn --crate-version 0.1.0` (exit status: 1)
[INFO] running `Command { std: "docker" "inspect" "38f6762f6276b48a8cfec71da42f59754f39a911631ed7750a7b0d3dd60a5bce", kill_on_drop: false }`
[INFO] running `Command { std: "docker" "rm" "-f" "38f6762f6276b48a8cfec71da42f59754f39a911631ed7750a7b0d3dd60a5bce", kill_on_drop: false }`
[INFO] [stdout] 38f6762f6276b48a8cfec71da42f59754f39a911631ed7750a7b0d3dd60a5bce
